[INFO] fetching crate webaves-app 0.1.0...
[INFO] testing webaves-app-0.1.0 against nightly-2025-01-18+rustflags=-Zrandomize-layout for randomize-layout-2
[INFO] extracting crate webaves-app 0.1.0 into /workspace/builds/worker-4-tc2/source
[INFO] validating manifest of crates.io crate webaves-app 0.1.0 on toolchain nightly-2025-01-18
[INFO] running `Command { std: CARGO_HOME="/workspace/cargo-home" RUSTUP_HOME="/workspace/rustup-home" "/workspace/cargo-home/bin/cargo" "+nightly-2025-01-18" "metadata" "--manifest-path" "Cargo.toml" "--no-deps", kill_on_drop: false }`
[INFO] started tweaking crates.io crate webaves-app 0.1.0
[INFO] finished tweaking crates.io crate webaves-app 0.1.0
[INFO] tweaked toml for crates.io crate webaves-app 0.1.0 written to /workspace/builds/worker-4-tc2/source/Cargo.toml
[INFO] crate crates.io crate webaves-app 0.1.0 already has a lockfile, it will not be regenerated
[INFO] running `Command { std: CARGO_HOME="/workspace/cargo-home" RUSTUP_HOME="/workspace/rustup-home" "/workspace/cargo-home/bin/cargo" "+nightly-2025-01-18" "fetch" "--manifest-path" "Cargo.toml", kill_on_drop: false }`
[INFO] running `Command { std: "docker" "create" "-v" "/var/lib/crater-agent-workspace/builds/worker-4-tc2/target:/opt/rustwide/target:rw,Z" "-v" "/var/lib/crater-agent-workspace/builds/worker-4-tc2/source:/opt/rustwide/workdir:ro,Z" "-v" "/var/lib/crater-agent-workspace/cargo-home:/opt/rustwide/cargo-home:ro,Z" "-v" "/var/lib/crater-agent-workspace/rustup-home:/opt/rustwide/rustup-home:ro,Z" "-e" "SOURCE_DIR=/opt/rustwide/workdir" "-e" "CARGO_TARGET_DIR=/opt/rustwide/target" "-e" "CARGO_HOME=/opt/rustwide/cargo-home" "-e" "RUSTUP_HOME=/opt/rustwide/rustup-home" "-w" "/opt/rustwide/workdir" "-m" "1610612736" "--user" "0:0" "--network" "none" "ghcr.io/rust-lang/crates-build-env/linux@sha256:819108c5571ea2e421544af4d832f968d213c87fbe3707a016657f43d2f853bc" "/opt/rustwide/cargo-home/bin/cargo" "+nightly-2025-01-18" "metadata" "--no-deps" "--format-version=1", kill_on_drop: false }`
[INFO] [stdout] 6e25be23157d172faa00716766996758d3ed7e9fbbab2f0d30ec755cf0c0172d
[INFO] running `Command { std: "docker" "start" "-a" "6e25be23157d172faa00716766996758d3ed7e9fbbab2f0d30ec755cf0c0172d", kill_on_drop: false }`
[INFO] running `Command { std: "docker" "inspect" "6e25be23157d172faa00716766996758d3ed7e9fbbab2f0d30ec755cf0c0172d", kill_on_drop: false }`
[INFO] running `Command { std: "docker" "rm" "-f" "6e25be23157d172faa00716766996758d3ed7e9fbbab2f0d30ec755cf0c0172d", kill_on_drop: false }`
[INFO] [stdout] 6e25be23157d172faa00716766996758d3ed7e9fbbab2f0d30ec755cf0c0172d
[INFO] running `Command { std: "docker" "create" "-v" "/var/lib/crater-agent-workspace/builds/worker-4-tc2/target:/opt/rustwide/target:rw,Z" "-v" "/var/lib/crater-agent-workspace/builds/worker-4-tc2/source:/opt/rustwide/workdir:ro,Z" "-v" "/var/lib/crater-agent-workspace/cargo-home:/opt/rustwide/cargo-home:ro,Z" "-v" "/var/lib/crater-agent-workspace/rustup-home:/opt/rustwide/rustup-home:ro,Z" "-e" "SOURCE_DIR=/opt/rustwide/workdir" "-e" "CARGO_TARGET_DIR=/opt/rustwide/target" "-e" "CARGO_INCREMENTAL=0" "-e" "RUST_BACKTRACE=full" "-e" "RUSTFLAGS=--cap-lints=forbid -Zrandomize-layout" "-e" "RUSTDOCFLAGS=--cap-lints=forbid" "-e" "CARGO_HOME=/opt/rustwide/cargo-home" "-e" "RUSTUP_HOME=/opt/rustwide/rustup-home" "-w" "/opt/rustwide/workdir" "-m" "1610612736" "--user" "0:0" "--network" "none" "ghcr.io/rust-lang/crates-build-env/linux@sha256:819108c5571ea2e421544af4d832f968d213c87fbe3707a016657f43d2f853bc" "/opt/rustwide/cargo-home/bin/cargo" "+nightly-2025-01-18" "build" "--frozen" "--message-format=json", kill_on_drop: false }`
[INFO] [stdout] 3e89bfbd9439af94083f2fb934005c5093d0677eaf3b6229b09f5e77a0851ac2
[INFO] running `Command { std: "docker" "start" "-a" "3e89bfbd9439af94083f2fb934005c5093d0677eaf3b6229b09f5e77a0851ac2", kill_on_drop: false }`
[INFO] [stderr]    Compiling libc v0.2.126
[INFO] [stderr]    Compiling proc-macro2 v1.0.40
[INFO] [stderr]    Compiling unicode-ident v1.0.1
[INFO] [stderr]    Compiling quote v1.0.20
[INFO] [stderr]    Compiling syn v1.0.98
[INFO] [stderr]    Compiling autocfg v1.1.0
[INFO] [stderr]    Compiling cfg-if v1.0.0
[INFO] [stderr]    Compiling memchr v2.5.0
[INFO] [stderr]    Compiling once_cell v1.13.0
[INFO] [stderr]    Compiling version_check v0.9.4
[INFO] [stderr]    Compiling log v0.4.17
[INFO] [stderr]    Compiling serde_derive v1.0.138
[INFO] [stderr]    Compiling serde v1.0.138
[INFO] [stderr]    Compiling pin-project-lite v0.2.9
[INFO] [stderr]    Compiling futures-core v0.3.21
[INFO] [stderr]    Compiling futures-sink v0.3.21
[INFO] [stderr]    Compiling smallvec v1.9.0
[INFO] [stderr]    Compiling lock_api v0.4.7
[INFO] [stderr]    Compiling typenum v1.15.0
[INFO] [stderr]    Compiling futures-channel v0.3.21
[INFO] [stderr]    Compiling futures-task v0.3.21
[INFO] [stderr]    Compiling parking_lot_core v0.9.3
[INFO] [stderr]    Compiling generic-array v0.14.5
[INFO] [stderr]    Compiling tracing-core v0.1.28
[INFO] [stderr]    Compiling slab v0.4.6
[INFO] [stderr]    Compiling jobserver v0.1.24
[INFO] [stderr]    Compiling lazy_static v1.4.0
[INFO] [stderr]    Compiling regex-syntax v0.6.27
[INFO] [stderr]    Compiling scopeguard v1.1.0
[INFO] [stderr]    Compiling bytes v1.1.0
[INFO] [stderr]    Compiling futures-util v0.3.21
[INFO] [stderr]    Compiling cc v1.0.73
[INFO] [stderr]    Compiling getrandom v0.2.7
[INFO] [stderr]    Compiling pin-utils v0.1.0
[INFO] [stderr]    Compiling futures-io v0.3.21
[INFO] [stderr]    Compiling rand_core v0.6.3
[INFO] [stderr]    Compiling parking_lot v0.12.1
[INFO] [stderr]    Compiling mio v0.8.4
[INFO] [stderr]    Compiling socket2 v0.4.4
[INFO] [stderr]    Compiling num_cpus v1.13.1
[INFO] [stderr]    Compiling signal-hook-registry v1.4.0
[INFO] [stderr]    Compiling ring v0.16.20
[INFO] [stderr]    Compiling num-traits v0.2.15
[INFO] [stderr]    Compiling itoa v1.0.2
[INFO] [stderr]    Compiling ryu v1.0.10
[INFO] [stderr]    Compiling untrusted v0.7.1
[INFO] [stderr]    Compiling spin v0.5.2
[INFO] [stderr]    Compiling num-integer v0.1.45
[INFO] [stderr]    Compiling ppv-lite86 v0.2.16
[INFO] [stderr]    Compiling percent-encoding v2.1.0
[INFO] [stderr]    Compiling encoding_index_tests v0.1.4
[INFO] [stderr]    Compiling async-trait v0.1.56
[INFO] [stderr]    Compiling tinyvec_macros v0.1.0
[INFO] [stderr]    Compiling tinyvec v1.6.0
[INFO] [stderr]    Compiling crypto-common v0.1.4
[INFO] [stderr]    Compiling block-buffer v0.10.2
[INFO] [stderr]    Compiling aho-corasick v0.7.18
[INFO] [stderr]    Compiling indexmap v1.9.1
[INFO] [stderr]    Compiling num-bigint v0.4.3
[INFO] [stderr]    Compiling rand_chacha v0.3.1
[INFO] [stderr]    Compiling crossbeam-utils v0.8.10
[INFO] [stderr]    Compiling matches v0.1.9
[INFO] [stderr]    Compiling subtle v2.4.1
[INFO] [stderr]    Compiling regex-automata v0.1.10
[INFO] [stderr]    Compiling digest v0.10.3
[INFO] [stderr]    Compiling regex v1.6.0
[INFO] [stderr]    Compiling rand v0.8.5
[INFO] [stderr]    Compiling unicode-normalization v0.1.21
[INFO] [stderr]    Compiling zstd-sys v2.0.1+zstd.1.5.2
[INFO] [stderr]    Compiling radium v0.5.3
[INFO] [stderr]    Compiling fnv v1.0.7
[INFO] [stderr]    Compiling adler v1.0.2
[INFO] [stderr]    Compiling unicode-bidi v0.3.8
[INFO] [stderr]    Compiling serde_json v1.0.82
[INFO] [stderr]    Compiling hashbrown v0.12.1
[INFO] [stderr]    Compiling rustls v0.20.6
[INFO] [stderr]    Compiling miniz_oxide v0.5.3
[INFO] [stderr]    Compiling idna v0.2.3
[INFO] [stderr]    Compiling webpki v0.22.0
[INFO] [stderr]    Compiling sct v0.7.0
[INFO] [stderr]    Compiling backtrace v0.3.65
[INFO] [stderr]    Compiling lexical-core v0.7.6
[INFO] [stderr]    Compiling static_assertions v1.1.0
[INFO] [stderr]    Compiling base64 v0.13.0
[INFO] [stderr]    Compiling gimli v0.26.1
[INFO] [stderr]    Compiling bitflags v1.3.2
[INFO] [stderr]    Compiling crossbeam-channel v0.5.5
[INFO] [stderr]    Compiling http v0.2.8
[INFO] [stderr]    Compiling matchers v0.1.0
[INFO] [stderr]    Compiling form_urlencoded v1.0.1
[INFO] [stderr]    Compiling tracing-log v0.1.3
[INFO] [stderr]    Compiling object v0.28.4
[INFO] [stderr]    Compiling sharded-slab v0.1.4
[INFO] [stderr]    Compiling terminal_size v0.1.17
[INFO] [stderr]    Compiling nom v6.1.2
[INFO] [stderr]    Compiling thread_local v1.1.4
[INFO] [stderr]    Compiling unicode-width v0.1.9
[INFO] [stderr]    Compiling heck v0.4.0
[INFO] [stderr]    Compiling funty v1.1.0
[INFO] [stderr]    Compiling futures-macro v0.3.21
[INFO] [stderr]    Compiling tracing-attributes v0.1.22
[INFO] [stderr]    Compiling tokio-macros v1.8.0
[INFO] [stdout] error: failed to write /tmp/rustcZD6HjA/lib.rmeta: No space left on device (os error 28)
[INFO] [stdout] 
[INFO] [stdout] 
[INFO] [stderr] error: could not compile `funty` (lib) due to 1 previous error
[INFO] [stderr] warning: build failed, waiting for other jobs to finish...
[INFO] [stderr] rustc-LLVM ERROR: IO failure on output stream: No space left on device
[INFO] [stderr] error: could not compile `tokio-macros` (lib)
[INFO] [stderr] 
[INFO] [stderr] Caused by:
[INFO] [stderr]   No space left on device (os error 28)
[INFO] [stderr] 
[INFO] [stderr] Caused by:
[INFO] [stderr]   failed to parse process output: `/opt/rustwide/rustup-home/toolchains/nightly-2025-01-18-x86_64-unknown-linux-gnu/bin/rustc --crate-name tokio_macros --edition=2018 /opt/rustwide/cargo-home/registry/src/index.crates.io-1949cf8c6b5b557f/tokio-macros-1.8.0/src/lib.rs --error-format=json --json=diagnostic-rendered-ansi,artifacts,future-incompat --crate-type proc-macro --emit=dep-info,link -C prefer-dynamic -C embed-bitcode=no --check-cfg 'cfg(docsrs,test)' --check-cfg 'cfg(feature, values())' -C metadata=69e5690207acd861 -C extra-filename=-4a7c68021a349a08 --out-dir /opt/rustwide/target/debug/deps -L dependency=/opt/rustwide/target/debug/deps --extern proc_macro2=/opt/rustwide/target/debug/deps/libproc_macro2-78e54bf25fcd64cd.rlib --extern quote=/opt/rustwide/target/debug/deps/libquote-b006bd993c797343.rlib --extern syn=/opt/rustwide/target/debug/deps/libsyn-3a043530565c651b.rlib --extern proc_macro --cap-lints allow --cap-lints=forbid -Zrandomize-layout` (exit status: 101)
[INFO] [stderr] rustc-LLVM ERROR: IO failure on output stream: No space left on device
[INFO] [stderr] error: could not compile `futures-macro` (lib)
[INFO] [stderr] 
[INFO] [stderr] Caused by:
[INFO] [stderr]   No space left on device (os error 28)
[INFO] [stderr] 
[INFO] [stderr] Caused by:
[INFO] [stderr]   failed to parse process output: `/opt/rustwide/rustup-home/toolchains/nightly-2025-01-18-x86_64-unknown-linux-gnu/bin/rustc --crate-name futures_macro --edition=2018 /opt/rustwide/cargo-home/registry/src/index.crates.io-1949cf8c6b5b557f/futures-macro-0.3.21/src/lib.rs --error-format=json --json=diagnostic-rendered-ansi,artifacts,future-incompat --crate-type proc-macro --emit=dep-info,link -C prefer-dynamic -C embed-bitcode=no --check-cfg 'cfg(docsrs,test)' --check-cfg 'cfg(feature, values())' -C metadata=cba6d6a2bd42b403 -C extra-filename=-1cd0fa22bf96a6f5 --out-dir /opt/rustwide/target/debug/deps -L dependency=/opt/rustwide/target/debug/deps --extern proc_macro2=/opt/rustwide/target/debug/deps/libproc_macro2-78e54bf25fcd64cd.rlib --extern quote=/opt/rustwide/target/debug/deps/libquote-b006bd993c797343.rlib --extern syn=/opt/rustwide/target/debug/deps/libsyn-3a043530565c651b.rlib --extern proc_macro --cap-lints allow --cap-lints=forbid -Zrandomize-layout` (exit status: 101)
[INFO] [stdout] error: error writing metadata object file: No space left on device (os error 28)
[INFO] [stdout] 
[INFO] [stdout] 
[INFO] [stderr] error: could not compile `tracing-attributes` (lib) due to 1 previous error
[INFO] [stderr] warning: zstd-sys@2.0.1+zstd.1.5.2: zstd/lib/common/threading.c:21:1: fatal error: error closing /tmp/ccycoDUf.s: No space left on device
[INFO] [stderr] warning: zstd-sys@2.0.1+zstd.1.5.2:    21 | int g_ZSTD_threading_useless_symbol;
[INFO] [stderr] warning: zstd-sys@2.0.1+zstd.1.5.2:       | ^~~
[INFO] [stderr] warning: zstd-sys@2.0.1+zstd.1.5.2: compilation terminated.
[INFO] [stderr] warning: zstd-sys@2.0.1+zstd.1.5.2: zstd/lib/common/debug.c:24:1: fatal error: error closing /tmp/ccfhuxDL.s: No space left on device
[INFO] [stderr] warning: zstd-sys@2.0.1+zstd.1.5.2:    24 | int g_debuglevel = DEBUGLEVEL;
[INFO] [stderr] warning: zstd-sys@2.0.1+zstd.1.5.2:       | ^~~
[INFO] [stderr] warning: zstd-sys@2.0.1+zstd.1.5.2: compilation terminated.
[INFO] [stderr] warning: zstd-sys@2.0.1+zstd.1.5.2: zstd/lib/common/pool.c:353:1: fatal error: error writing to /tmp/ccWR6Z40.s: No space left on device
[INFO] [stderr] warning: zstd-sys@2.0.1+zstd.1.5.2:   353 | }
[INFO] [stderr] warning: zstd-sys@2.0.1+zstd.1.5.2:       | ^
[INFO] [stderr] warning: zstd-sys@2.0.1+zstd.1.5.2: compilation terminated.
[INFO] [stderr] warning: zstd-sys@2.0.1+zstd.1.5.2: zstd/lib/common/entropy_common.c:368:1: fatal error: error writing to /tmp/ccQaHl35.s: No space left on device
[INFO] [stderr] warning: zstd-sys@2.0.1+zstd.1.5.2:   368 | }
[INFO] [stderr] warning: zstd-sys@2.0.1+zstd.1.5.2:       | ^
[INFO] [stderr] warning: zstd-sys@2.0.1+zstd.1.5.2: compilation terminated.
[INFO] [stderr] error: failed to run custom build command for `zstd-sys v2.0.1+zstd.1.5.2`
[INFO] [stderr] note: To improve backtraces for build dependencies, set the CARGO_PROFILE_DEV_BUILD_OVERRIDE_DEBUG=true environment variable to enable debug information generation.
[INFO] [stderr] 
[INFO] [stderr] Caused by:
[INFO] [stderr]   process didn't exit successfully: `/opt/rustwide/target/debug/build/zstd-sys-fc65b3bb9e0df7dc/build-script-build` (exit status: 1)
[INFO] [stderr]   --- stdout
[INFO] [stderr]   TARGET = Some("x86_64-unknown-linux-gnu")
[INFO] [stderr]   HOST = Some("x86_64-unknown-linux-gnu")
[INFO] [stderr]   CC_x86_64-unknown-linux-gnu = None
[INFO] [stderr]   CC_x86_64_unknown_linux_gnu = None
[INFO] [stderr]   HOST_CC = None
[INFO] [stderr]   CC = None
[INFO] [stderr]   CFLAGS_x86_64-unknown-linux-gnu = None
[INFO] [stderr]   CFLAGS_x86_64_unknown_linux_gnu = None
[INFO] [stderr]   HOST_CFLAGS = None
[INFO] [stderr]   CFLAGS = None
[INFO] [stderr]   CRATE_CC_NO_DEFAULTS = None
[INFO] [stderr]   DEBUG = Some("true")
[INFO] [stderr]   CARGO_CFG_TARGET_FEATURE = Some("fxsr,sse,sse2,x87")
[INFO] [stderr]   running: "cc" "-O3" "-ffunction-sections" "-fdata-sections" "-fPIC" "-g" "-fno-omit-frame-pointer" "-m64" "-I" "zstd/lib/" "-I" "zstd/lib/common" "-I" "zstd/lib/legacy" "-fvisibility=hidden" "-DZSTD_LIB_DEPRECATED=0" "-DXXH_PRIVATE_API=" "-DZSTDLIB_VISIBILITY=" "-DZDICTLIB_VISIBILITY=" "-DZSTDERRORLIB_VISIBILITY=" "-DZSTD_LEGACY_SUPPORT=1" "-o" "/opt/rustwide/target/debug/build/zstd-sys-c4a94a07a943db68/out/zstd/lib/common/entropy_common.o" "-c" "zstd/lib/common/entropy_common.c"
[INFO] [stderr]   running: "cc" "-O3" "-ffunction-sections" "-fdata-sections" "-fPIC" "-g" "-fno-omit-frame-pointer" "-m64" "-I" "zstd/lib/" "-I" "zstd/lib/common" "-I" "zstd/lib/legacy" "-fvisibility=hidden" "-DZSTD_LIB_DEPRECATED=0" "-DXXH_PRIVATE_API=" "-DZSTDLIB_VISIBILITY=" "-DZDICTLIB_VISIBILITY=" "-DZSTDERRORLIB_VISIBILITY=" "-DZSTD_LEGACY_SUPPORT=1" "-o" "/opt/rustwide/target/debug/build/zstd-sys-c4a94a07a943db68/out/zstd/lib/common/pool.o" "-c" "zstd/lib/common/pool.c"
[INFO] [stderr]   running: "cc" "-O3" "-ffunction-sections" "-fdata-sections" "-fPIC" "-g" "-fno-omit-frame-pointer" "-m64" "-I" "zstd/lib/" "-I" "zstd/lib/common" "-I" "zstd/lib/legacy" "-fvisibility=hidden" "-DZSTD_LIB_DEPRECATED=0" "-DXXH_PRIVATE_API=" "-DZSTDLIB_VISIBILITY=" "-DZDICTLIB_VISIBILITY=" "-DZSTDERRORLIB_VISIBILITY=" "-DZSTD_LEGACY_SUPPORT=1" "-o" "/opt/rustwide/target/debug/build/zstd-sys-c4a94a07a943db68/out/zstd/lib/common/threading.o" "-c" "zstd/lib/common/threading.c"
[INFO] [stderr]   cargo:warning=zstd/lib/common/threading.c:21:1: fatal error: error closing /tmp/ccycoDUf.s: No space left on device
[INFO] [stderr]   cargo:warning=   21 | int g_ZSTD_threading_useless_symbol;
[INFO] [stderr]   cargo:warning=      | ^~~
[INFO] [stderr]   cargo:warning=compilation terminated.
[INFO] [stderr]   exit status: 1
[INFO] [stderr]   running: "cc" "-O3" "-ffunction-sections" "-fdata-sections" "-fPIC" "-g" "-fno-omit-frame-pointer" "-m64" "-I" "zstd/lib/" "-I" "zstd/lib/common" "-I" "zstd/lib/legacy" "-fvisibility=hidden" "-DZSTD_LIB_DEPRECATED=0" "-DXXH_PRIVATE_API=" "-DZSTDLIB_VISIBILITY=" "-DZDICTLIB_VISIBILITY=" "-DZSTDERRORLIB_VISIBILITY=" "-DZSTD_LEGACY_SUPPORT=1" "-o" "/opt/rustwide/target/debug/build/zstd-sys-c4a94a07a943db68/out/zstd/lib/common/debug.o" "-c" "zstd/lib/common/debug.c"
[INFO] [stderr]   cargo:warning=zstd/lib/common/debug.c:24:1: fatal error: error closing /tmp/ccfhuxDL.s: No space left on device
[INFO] [stderr]   cargo:warning=   24 | int g_debuglevel = DEBUGLEVEL;
[INFO] [stderr]   cargo:warning=      | ^~~
[INFO] [stderr]   cargo:warning=compilation terminated.
[INFO] [stderr]   exit status: 1
[INFO] [stderr]   cargo:warning=zstd/lib/common/pool.c:353:1: fatal error: error writing to /tmp/ccWR6Z40.s: No space left on device
[INFO] [stderr]   cargo:warning=  353 | }
[INFO] [stderr]   cargo:warning=      | ^
[INFO] [stderr]   cargo:warning=compilation terminated.
[INFO] [stderr]   exit status: 1
[INFO] [stderr]   cargo:warning=zstd/lib/common/entropy_common.c:368:1: fatal error: error writing to /tmp/ccQaHl35.s: No space left on device
[INFO] [stderr]   cargo:warning=  368 | }
[INFO] [stderr]   cargo:warning=      | ^
[INFO] [stderr]   cargo:warning=compilation terminated.
[INFO] [stderr]   exit status: 1
[INFO] [stderr] 
[INFO] [stderr]   --- stderr
[INFO] [stderr] 
[INFO] [stderr] 
[INFO] [stderr]   error occurred: Command "cc" "-O3" "-ffunction-sections" "-fdata-sections" "-fPIC" "-g" "-fno-omit-frame-pointer" "-m64" "-I" "zstd/lib/" "-I" "zstd/lib/common" "-I" "zstd/lib/legacy" "-fvisibility=hidden" "-DZSTD_LIB_DEPRECATED=0" "-DXXH_PRIVATE_API=" "-DZSTDLIB_VISIBILITY=" "-DZDICTLIB_VISIBILITY=" "-DZSTDERRORLIB_VISIBILITY=" "-DZSTD_LEGACY_SUPPORT=1" "-o" "/opt/rustwide/target/debug/build/zstd-sys-c4a94a07a943db68/out/zstd/lib/common/entropy_common.o" "-c" "zstd/lib/common/entropy_common.c" with args "cc" did not execute successfully (status code exit status: 1).
[INFO] [stderr] 
[INFO] [stderr] 
[INFO] [stdout] error: failed to write to `/opt/rustwide/target/debug/deps/rmetams2Muq/lib.rmeta`: No space left on device (os error 28)
[INFO] [stdout] 
[INFO] [stdout] 
[INFO] [stderr] error: could not compile `rustls` (lib) due to 1 previous error
[INFO] [stdout] error: failed to write to `/opt/rustwide/target/debug/deps/rmetaSUK1TX/lib.rmeta`: No space left on device (os error 28)
[INFO] [stdout] 
[INFO] [stdout] 
[INFO] [stderr] error: could not compile `gimli` (lib) due to 1 previous error
[INFO] [stdout] error: failed to write to `/opt/rustwide/target/debug/deps/rmetaxOzv3Y/lib.rmeta`: No space left on device (os error 28)
[INFO] [stdout] 
[INFO] [stdout] 
[INFO] [stderr] error: could not compile `object` (lib) due to 1 previous error
[INFO] [stderr] rustc-LLVM ERROR: IO failure on output stream: No space left on device
[INFO] [stderr] error: could not compile `serde_derive` (lib)
[INFO] [stderr] 
[INFO] [stderr] Caused by:
[INFO] [stderr]   No space left on device (os error 28)
[INFO] [stderr] 
[INFO] [stderr] Caused by:
[INFO] [stderr]   failed to parse process output: `/opt/rustwide/rustup-home/toolchains/nightly-2025-01-18-x86_64-unknown-linux-gnu/bin/rustc --crate-name serde_derive --edition=2015 /opt/rustwide/cargo-home/registry/src/index.crates.io-1949cf8c6b5b557f/serde_derive-1.0.138/src/lib.rs --error-format=json --json=diagnostic-rendered-ansi,artifacts,future-incompat --crate-type proc-macro --emit=dep-info,link -C prefer-dynamic -C embed-bitcode=no --cfg 'feature="default"' --check-cfg 'cfg(docsrs,test)' --check-cfg 'cfg(feature, values("default", "deserialize_in_place"))' -C metadata=3094754711e8ee25 -C extra-filename=-1150b2ddc0b4a729 --out-dir /opt/rustwide/target/debug/deps -L dependency=/opt/rustwide/target/debug/deps --extern proc_macro2=/opt/rustwide/target/debug/deps/libproc_macro2-78e54bf25fcd64cd.rlib --extern quote=/opt/rustwide/target/debug/deps/libquote-b006bd993c797343.rlib --extern syn=/opt/rustwide/target/debug/deps/libsyn-3a043530565c651b.rlib --extern proc_macro --cap-lints allow --cap-lints=forbid -Zrandomize-layout --cfg underscore_consts --cfg ptr_addr_of` (exit status: 101)
[INFO] running `Command { std: "docker" "inspect" "3e89bfbd9439af94083f2fb934005c5093d0677eaf3b6229b09f5e77a0851ac2", kill_on_drop: false }`
[INFO] running `Command { std: "docker" "rm" "-f" "3e89bfbd9439af94083f2fb934005c5093d0677eaf3b6229b09f5e77a0851ac2", kill_on_drop: false }`
[INFO] [stdout] 3e89bfbd9439af94083f2fb934005c5093d0677eaf3b6229b09f5e77a0851ac2
