[INFO] fetching crate r-extcap 0.2.5...
[INFO] testing r-extcap-0.2.5 against nightly-2025-01-18 for randomize-layout-2
[INFO] extracting crate r-extcap 0.2.5 into /workspace/builds/worker-4-tc1/source
[INFO] validating manifest of crates.io crate r-extcap 0.2.5 on toolchain nightly-2025-01-18
[INFO] running `Command { std: CARGO_HOME="/workspace/cargo-home" RUSTUP_HOME="/workspace/rustup-home" "/workspace/cargo-home/bin/cargo" "+nightly-2025-01-18" "metadata" "--manifest-path" "Cargo.toml" "--no-deps", kill_on_drop: false }`
[INFO] started tweaking crates.io crate r-extcap 0.2.5
[INFO] finished tweaking crates.io crate r-extcap 0.2.5
[INFO] tweaked toml for crates.io crate r-extcap 0.2.5 written to /workspace/builds/worker-4-tc1/source/Cargo.toml
[INFO] running `Command { std: CARGO_HOME="/workspace/cargo-home" RUSTUP_HOME="/workspace/rustup-home" "/workspace/cargo-home/bin/cargo" "+nightly-2025-01-18" "generate-lockfile" "--manifest-path" "Cargo.toml", kill_on_drop: false }`
[INFO] [stderr]     Updating crates.io index
[INFO] [stderr]      Locking 86 packages to latest compatible versions
[INFO] [stderr]       Adding env_logger v0.10.2 (available: v0.11.6)
[INFO] [stderr]       Adding typed-builder v0.14.0 (available: v0.20.0)
[INFO] running `Command { std: CARGO_HOME="/workspace/cargo-home" RUSTUP_HOME="/workspace/rustup-home" "/workspace/cargo-home/bin/cargo" "+nightly-2025-01-18" "fetch" "--manifest-path" "Cargo.toml", kill_on_drop: false }`
[INFO] [stderr]  Downloading crates ...
[INFO] [stderr]   Downloaded byteorder_slice v3.0.0
[INFO] [stderr]   Downloaded pcap-file v2.0.0
[INFO] running `Command { std: "docker" "create" "-v" "/var/lib/crater-agent-workspace/builds/worker-4-tc1/target:/opt/rustwide/target:rw,Z" "-v" "/var/lib/crater-agent-workspace/builds/worker-4-tc1/source:/opt/rustwide/workdir:ro,Z" "-v" "/var/lib/crater-agent-workspace/cargo-home:/opt/rustwide/cargo-home:ro,Z" "-v" "/var/lib/crater-agent-workspace/rustup-home:/opt/rustwide/rustup-home:ro,Z" "-e" "SOURCE_DIR=/opt/rustwide/workdir" "-e" "CARGO_TARGET_DIR=/opt/rustwide/target" "-e" "CARGO_HOME=/opt/rustwide/cargo-home" "-e" "RUSTUP_HOME=/opt/rustwide/rustup-home" "-w" "/opt/rustwide/workdir" "-m" "1610612736" "--user" "0:0" "--network" "none" "ghcr.io/rust-lang/crates-build-env/linux@sha256:819108c5571ea2e421544af4d832f968d213c87fbe3707a016657f43d2f853bc" "/opt/rustwide/cargo-home/bin/cargo" "+nightly-2025-01-18" "metadata" "--no-deps" "--format-version=1", kill_on_drop: false }`
[INFO] [stdout] e30cd78a0fd3ce9c0aa6952831b7e71917cc9e4c318cb82ca8d764c70b34afa1
[INFO] running `Command { std: "docker" "start" "-a" "e30cd78a0fd3ce9c0aa6952831b7e71917cc9e4c318cb82ca8d764c70b34afa1", kill_on_drop: false }`
[INFO] running `Command { std: "docker" "inspect" "e30cd78a0fd3ce9c0aa6952831b7e71917cc9e4c318cb82ca8d764c70b34afa1", kill_on_drop: false }`
[INFO] running `Command { std: "docker" "rm" "-f" "e30cd78a0fd3ce9c0aa6952831b7e71917cc9e4c318cb82ca8d764c70b34afa1", kill_on_drop: false }`
[INFO] [stdout] e30cd78a0fd3ce9c0aa6952831b7e71917cc9e4c318cb82ca8d764c70b34afa1
[INFO] running `Command { std: "docker" "create" "-v" "/var/lib/crater-agent-workspace/builds/worker-4-tc1/target:/opt/rustwide/target:rw,Z" "-v" "/var/lib/crater-agent-workspace/builds/worker-4-tc1/source:/opt/rustwide/workdir:ro,Z" "-v" "/var/lib/crater-agent-workspace/cargo-home:/opt/rustwide/cargo-home:ro,Z" "-v" "/var/lib/crater-agent-workspace/rustup-home:/opt/rustwide/rustup-home:ro,Z" "-e" "SOURCE_DIR=/opt/rustwide/workdir" "-e" "CARGO_TARGET_DIR=/opt/rustwide/target" "-e" "CARGO_INCREMENTAL=0" "-e" "RUST_BACKTRACE=full" "-e" "RUSTFLAGS=--cap-lints=forbid" "-e" "RUSTDOCFLAGS=--cap-lints=forbid" "-e" "CARGO_HOME=/opt/rustwide/cargo-home" "-e" "RUSTUP_HOME=/opt/rustwide/rustup-home" "-w" "/opt/rustwide/workdir" "-m" "1610612736" "--user" "0:0" "--network" "none" "ghcr.io/rust-lang/crates-build-env/linux@sha256:819108c5571ea2e421544af4d832f968d213c87fbe3707a016657f43d2f853bc" "/opt/rustwide/cargo-home/bin/cargo" "+nightly-2025-01-18" "build" "--frozen" "--message-format=json", kill_on_drop: false }`
[INFO] [stdout] 2452a98d665b32ac3853f917debcd70c7ee7d69eea08389a347f85d2be48b621
[INFO] running `Command { std: "docker" "start" "-a" "2452a98d665b32ac3853f917debcd70c7ee7d69eea08389a347f85d2be48b621", kill_on_drop: false }`
[INFO] [stderr]    Compiling proc-macro2 v1.0.93
[INFO] [stderr]    Compiling unicode-ident v1.0.14
[INFO] [stderr]    Compiling libc v0.2.169
[INFO] [stderr]    Compiling syn v1.0.109
[INFO] [stderr]    Compiling autocfg v1.4.0
[INFO] [stderr]    Compiling parking_lot_core v0.9.10
[INFO] [stderr]    Compiling utf8parse v0.2.2
[INFO] [stderr]    Compiling is_terminal_polyfill v1.70.1
[INFO] [stderr]    Compiling thiserror v1.0.69
[INFO] [stderr]    Compiling rustversion v1.0.19
[INFO] [stderr]    Compiling smallvec v1.13.2
[INFO] [stderr]    Compiling colorchoice v1.0.3
[INFO] [stderr]    Compiling scopeguard v1.2.0
[INFO] [stderr]    Compiling anstyle v1.0.10
[INFO] [stderr]    Compiling anstyle-query v1.1.2
[INFO] [stderr]    Compiling cfg-if v1.0.0
[INFO] [stderr]    Compiling heck v0.5.0
[INFO] [stderr]    Compiling byteorder v1.5.0
[INFO] [stderr]    Compiling clap_lex v0.7.4
[INFO] [stderr]    Compiling minimal-lexical v0.2.1
[INFO] [stderr]    Compiling anyhow v1.0.95
[INFO] [stderr]    Compiling anstyle-parse v0.2.6
[INFO] [stderr]    Compiling memchr v2.7.4
[INFO] [stderr]    Compiling thiserror v2.0.11
[INFO] [stderr]    Compiling strsim v0.11.1
[INFO] [stderr]    Compiling byteorder_slice v3.0.0
[INFO] [stderr]    Compiling anstream v0.6.18
[INFO] [stderr]    Compiling pin-project-lite v0.2.16
[INFO] [stderr]    Compiling bytes v1.9.0
[INFO] [stderr]    Compiling log v0.4.25
[INFO] [stderr]    Compiling nom v7.1.3
[INFO] [stderr]    Compiling lock_api v0.4.12
[INFO] [stderr]    Compiling clap_builder v4.5.27
[INFO] [stderr]    Compiling quote v1.0.38
[INFO] [stderr]    Compiling syn v2.0.96
[INFO] [stderr]    Compiling signal-hook-registry v1.4.2
[INFO] [stderr]    Compiling socket2 v0.5.8
[INFO] [stderr]    Compiling mio v1.0.3
[INFO] [stderr]    Compiling parking_lot v0.12.3
[INFO] [stderr]    Compiling thiserror-impl v1.0.69
[INFO] [stderr]    Compiling tokio-macros v2.5.0
[INFO] [stderr]    Compiling thiserror-impl v2.0.11
[INFO] [stderr]    Compiling clap_derive v4.5.24
[INFO] [stderr]    Compiling async-trait v0.1.85
[INFO] [stderr]    Compiling nom-derive-impl v0.10.1
[INFO] [stderr]    Compiling derive-into-owned v0.2.0
[INFO] [stderr]    Compiling typed-builder v0.14.0
[INFO] [stderr]    Compiling tokio v1.43.0
[INFO] [stderr]    Compiling pcap-file v2.0.0
[INFO] [stderr]    Compiling nom-derive v0.10.1
[INFO] [stderr]    Compiling clap v4.5.27
[INFO] [stderr]    Compiling r-extcap v0.2.5 (/opt/rustwide/workdir)
[INFO] [stderr]     Finished `dev` profile [unoptimized + debuginfo] target(s) in 15.45s
[INFO] running `Command { std: "docker" "inspect" "2452a98d665b32ac3853f917debcd70c7ee7d69eea08389a347f85d2be48b621", kill_on_drop: false }`
[INFO] running `Command { std: "docker" "rm" "-f" "2452a98d665b32ac3853f917debcd70c7ee7d69eea08389a347f85d2be48b621", kill_on_drop: false }`
[INFO] [stdout] 2452a98d665b32ac3853f917debcd70c7ee7d69eea08389a347f85d2be48b621
[INFO] running `Command { std: "docker" "create" "-v" "/var/lib/crater-agent-workspace/builds/worker-4-tc1/target:/opt/rustwide/target:rw,Z" "-v" "/var/lib/crater-agent-workspace/builds/worker-4-tc1/source:/opt/rustwide/workdir:ro,Z" "-v" "/var/lib/crater-agent-workspace/cargo-home:/opt/rustwide/cargo-home:ro,Z" "-v" "/var/lib/crater-agent-workspace/rustup-home:/opt/rustwide/rustup-home:ro,Z" "-e" "SOURCE_DIR=/opt/rustwide/workdir" "-e" "CARGO_TARGET_DIR=/opt/rustwide/target" "-e" "CARGO_INCREMENTAL=0" "-e" "RUST_BACKTRACE=full" "-e" "RUSTFLAGS=--cap-lints=forbid" "-e" "RUSTDOCFLAGS=--cap-lints=forbid" "-e" "CARGO_HOME=/opt/rustwide/cargo-home" "-e" "RUSTUP_HOME=/opt/rustwide/rustup-home" "-w" "/opt/rustwide/workdir" "-m" "1610612736" "--user" "0:0" "--network" "none" "ghcr.io/rust-lang/crates-build-env/linux@sha256:819108c5571ea2e421544af4d832f968d213c87fbe3707a016657f43d2f853bc" "/opt/rustwide/cargo-home/bin/cargo" "+nightly-2025-01-18" "test" "--frozen" "--no-run" "--message-format=json", kill_on_drop: false }`
[INFO] [stdout] 768eaafd049a04c37e3f4e81072a0ba520034c8fedadac03fe183762cfa5bdb5
[INFO] running `Command { std: "docker" "start" "-a" "768eaafd049a04c37e3f4e81072a0ba520034c8fedadac03fe183762cfa5bdb5", kill_on_drop: false }`
[INFO] [stderr]    Compiling aho-corasick v1.1.3
[INFO] [stderr]    Compiling regex-syntax v0.8.5
[INFO] [stderr]    Compiling log v0.4.25
[INFO] [stderr]    Compiling humantime v2.1.0
[INFO] [stderr]    Compiling termcolor v1.4.1
[INFO] [stderr]    Compiling is-terminal v0.4.13
[INFO] [stderr]    Compiling indoc v2.0.5
[INFO] [stderr]    Compiling lazy_static v1.5.0
[INFO] [stderr]    Compiling r-extcap v0.2.5 (/opt/rustwide/workdir)
[INFO] [stderr]    Compiling regex-automata v0.4.9
[INFO] [stderr]    Compiling regex v1.11.1
[INFO] [stderr]    Compiling env_logger v0.10.2
[INFO] [stderr]     Finished `test` profile [unoptimized + debuginfo] target(s) in 8.31s
[INFO] running `Command { std: "docker" "inspect" "768eaafd049a04c37e3f4e81072a0ba520034c8fedadac03fe183762cfa5bdb5", kill_on_drop: false }`
[INFO] running `Command { std: "docker" "rm" "-f" "768eaafd049a04c37e3f4e81072a0ba520034c8fedadac03fe183762cfa5bdb5", kill_on_drop: false }`
[INFO] [stdout] 768eaafd049a04c37e3f4e81072a0ba520034c8fedadac03fe183762cfa5bdb5
[INFO] running `Command { std: "docker" "create" "-v" "/var/lib/crater-agent-workspace/builds/worker-4-tc1/target:/opt/rustwide/target:rw,Z" "-v" "/var/lib/crater-agent-workspace/builds/worker-4-tc1/source:/opt/rustwide/workdir:ro,Z" "-v" "/var/lib/crater-agent-workspace/cargo-home:/opt/rustwide/cargo-home:ro,Z" "-v" "/var/lib/crater-agent-workspace/rustup-home:/opt/rustwide/rustup-home:ro,Z" "-e" "SOURCE_DIR=/opt/rustwide/workdir" "-e" "CARGO_TARGET_DIR=/opt/rustwide/target" "-e" "CARGO_INCREMENTAL=0" "-e" "RUST_BACKTRACE=full" "-e" "RUSTFLAGS=--cap-lints=forbid" "-e" "RUSTDOCFLAGS=--cap-lints=forbid" "-e" "CARGO_HOME=/opt/rustwide/cargo-home" "-e" "RUSTUP_HOME=/opt/rustwide/rustup-home" "-w" "/opt/rustwide/workdir" "-m" "1610612736" "--user" "0:0" "--network" "none" "ghcr.io/rust-lang/crates-build-env/linux@sha256:819108c5571ea2e421544af4d832f968d213c87fbe3707a016657f43d2f853bc" "/opt/rustwide/cargo-home/bin/cargo" "+nightly-2025-01-18" "test" "--frozen", kill_on_drop: false }`
[INFO] [stdout] 41b2f920cc3334f43d252fe38cdb1174874d2dd4d567806a22a10c0b48d51406
[INFO] running `Command { std: "docker" "start" "-a" "41b2f920cc3334f43d252fe38cdb1174874d2dd4d567806a22a10c0b48d51406", kill_on_drop: false }`
[INFO] [stderr]     Finished `test` profile [unoptimized + debuginfo] target(s) in 0.07s
[INFO] [stderr]      Running unittests src/lib.rs (/opt/rustwide/target/debug/deps/r_extcap-56fd97b49fb1adf1)
[INFO] [stdout] 
[INFO] [stdout] running 10 tests
[INFO] [stderr]    Doc-tests r_extcap
[INFO] [stdout] test controls::asynchronous::util::test::try_read_exact_long_success ... ok
[INFO] [stdout] test controls::asynchronous::util::test::try_read_exact_none ... ok
[INFO] [stdout] test controls::asynchronous::util::test::try_read_exact_success ... ok
[INFO] [stdout] test controls::synchronous::util::test::try_read_exact_long_success ... ok
[INFO] [stdout] test controls::synchronous::util::test::try_read_exact_success ... ok
[INFO] [stdout] test controls::synchronous::util::test::try_read_exact_none ... ok
[INFO] [stdout] test controls::asynchronous::util::test::try_read_exact_unexpected_eof ... ok
[INFO] [stdout] test controls::synchronous::util::test::try_read_exact_unexpected_eof ... ok
[INFO] [stdout] test controls::test::test_to_bytes ... ok
[INFO] [stdout] test test::assert_args ... ok
[INFO] [stdout] 
[INFO] [stdout] test result: ok. 10 passed; 0 failed; 0 ignored; 0 measured; 0 filtered out; finished in 0.00s
[INFO] [stdout] 
[INFO] [stdout] 
[INFO] [stdout] running 24 tests
[INFO] [stdout] test src/config.rs - config::MultiCheckConfig (line 254) ... ignored
[INFO] [stdout] test src/controls/asynchronous/mod.rs - controls::asynchronous::ChannelExtcapControlReader (line 85) ... ignored
[INFO] [stdout] test src/controls/synchronous/mod.rs - controls::synchronous::ChannelExtcapControlReader (line 81) ... ignored
[INFO] [stdout] test src/lib.rs - (line 33) ... ok
[INFO] [stdout] test src/lib.rs - (line 75) - compile ... FAILED
[INFO] [stdout] test src/config.rs - config::DoubleConfig (line 581) ... FAILED
[INFO] [stdout] test src/config.rs - config::SelectorConfig (line 53) ... FAILED
[INFO] [stdout] test src/config.rs - config::TimestampConfig (line 840) ... FAILED
[INFO] [stdout] test src/config.rs - config::LongConfig (line 362) ... FAILED
[INFO] [stdout] test src/config.rs - config::UnsignedConfig (line 508) ... FAILED
[INFO] [stdout] test src/lib.rs - ExtcapFormatter (line 863) ... FAILED
[INFO] [stdout] test src/config.rs - config::PasswordConfig (line 758) ... FAILED
[INFO] [stdout] test src/interface.rs - interface::Interface (line 79) ... FAILED
[INFO] [stdout] test src/config.rs - config::RadioConfig (line 143) ... FAILED
[INFO] [stdout] test src/config.rs - config::BooleanConfig (line 986) ... FAILED
[INFO] [stdout] test src/config.rs - config::IntegerConfig (line 435) ... FAILED
[INFO] [stdout] test src/config.rs - config::StringConfig (line 653) ... FAILED
[INFO] [stdout] test src/lib.rs - ExtcapArgs (line 160) ... FAILED
[INFO] [stdout] test src/interface.rs - interface::Dlt (line 127) ... FAILED
[INFO] [stdout] test src/lib.rs - ExtcapArgs::extcap_reload_option (line 302) ... FAILED
[INFO] [stdout] test src/lib.rs - installation_instructions (line 457) ... FAILED
[INFO] [stdout] test src/config.rs - config::FileSelectConfig (line 902) ... FAILED
[INFO] [stdout] test src/config.rs - config::MultiCheckConfig (line 223) ... FAILED
[INFO] [stdout] test src/interface.rs - interface::Metadata (line 32) ... FAILED
[INFO] [stdout] 
[INFO] [stdout] failures:
[INFO] [stdout] 
[INFO] [stdout] ---- src/lib.rs - (line 75) stdout ----
[INFO] [stdout] error: couldn't create a temp dir: No space left on device (os error 28) at path "/tmp/rustdoctestwjfqYf/rmetaHkPMop"
[INFO] [stdout] 
[INFO] [stdout] error: aborting due to 1 previous error
[INFO] [stdout] 
[INFO] [stdout] Couldn't compile the test.
[INFO] [stdout] ---- src/config.rs - config::DoubleConfig (line 581) stdout ----
[INFO] [stdout] error: linking with `cc` failed: exit status: 1
[INFO] [stdout]   |
[INFO] [stdout]   = note: LC_ALL="C" PATH="/opt/rustwide/rustup-home/toolchains/nightly-2025-01-18-x86_64-unknown-linux-gnu/lib/rustlib/x86_64-unknown-linux-gnu/bin:/opt/rustwide/rustup-home/toolchains/nightly-2025-01-18-x86_64-unknown-linux-gnu/lib/rustlib/x86_64-unknown-linux-gnu/bin/self-contained:/opt/rustwide/cargo-home/bin:/usr/local/sbin:/usr/local/bin:/usr/sbin:/usr/bin:/sbin:/bin" VSLANG="1033" "cc" "-m64" "/tmp/rustc6JYoy1/symbols.o" "<2 object files omitted>" "-Wl,--as-needed" "-Wl,-Bstatic" "/opt/rustwide/target/debug/deps/{libr_extcap-31072ab2c1b5c7a7.rlib,libpcap_file-e8d0035fb3c6226e.rlib,libthiserror-92b0182c617b7665.rlib,libbyteorder_slice-769fc56b4b3c40b6.rlib,libbyteorder-1efcbe4f07366651.rlib,libtokio-4853e16824d4f8f4.rlib,libsignal_hook_registry-3cc9fd60c2bdc8b4.rlib,libsocket2-df6f17dbfe9497f6.rlib,libbytes-485c92da441bbc40.rlib,libmio-d6d51dd0359711c1.rlib,libparking_lot-962de9da014f886a.rlib,libparking_lot_core-ec3d50db475070e7.rlib,liblibc-60646f2741300933.rlib,libcfg_if-33ef6c02a07f9fec.rlib,libsmallvec-8045c56aeb050430.rlib,liblock_api-0fd539a479e0f355.rlib,libscopeguard-d52bd00767847e44.rlib,libpin_project_lite-bedc6e0acd72ff2a.rlib,liblog-8df7809bc4bc4dee.rlib,libnom_derive-9f97306de50bcaf8.rlib,libnom-ad9297965177f1dd.rlib,libmemchr-4f0714dc45d95749.rlib,libthiserror-9e760a7c4d2c73e5.rlib,libclap-2a88357f97421847.rlib,libclap_builder-ecf15a13cc8ed789.rlib,libstrsim-24acdad2526b95b7.rlib,libanstream-3a5850ea78bcd0e3.rlib,libanstyle_query-f0be367a66cb0b02.rlib,libis_terminal_polyfill-c14c9d53c4f80a97.rlib,libcolorchoice-dfb6701820ae12a0.rlib,libanstyle_parse-80647c630cc5391e.rlib,libutf8parse-8828ddbb63eb8bad.rlib,libclap_lex-8f7e36dc12b04c16.rlib,libanstyle-df82d657645c4a5c.rlib}" "/opt/rustwide/rustup-home/toolchains/nightly-2025-01-18-x86_64-unknown-linux-gnu/lib/rustlib/x86_64-unknown-linux-gnu/lib/{libstd-006123e2ce67e99d.rlib,libpanic_unwind-e1447e1efa6f1e57.rlib,libobject-f6963a4916fcf097.rlib,libmemchr-49a2d9af912f4524.rlib,libaddr2line-04d19aad3936869d.rlib,libgimli-483c235edb789db0.rlib,librustc_demangle-294281af50b8f748.rlib,libstd_detect-3b08295250aabc2a.rlib,libhashbrown-4472d1e05ba0dfaf.rlib,librustc_std_workspace_alloc-2ef099fac590e457.rlib,libminiz_oxide-8a51f5e848546c29.rlib,libadler2-3d3fa22b868db521.rlib,libunwind-0ffda8b08e22dbea.rlib,libcfg_if-b08f62458fdd43b9.rlib,liblibc-559675126e63b890.rlib,liballoc-fcf21c8d1c9c7b75.rlib,librustc_std_workspace_core-e0b0460135bcf21d.rlib,libcore-d4097fdcbddd3bc7.rlib,libcompiler_builtins-fea484ac1eed7881.rlib}" "-Wl,-Bdynamic" "-lgcc_s" "-lutil" "-lrt" "-lpthread" "-lm" "-ldl" "-lc" "-B/opt/rustwide/rustup-home/toolchains/nightly-2025-01-18-x86_64-unknown-linux-gnu/lib/rustlib/x86_64-unknown-linux-gnu/bin/gcc-ld" "-fuse-ld=lld" "-Wl,--eh-frame-hdr" "-Wl,-z,noexecstack" "-L" "/opt/rustwide/rustup-home/toolchains/nightly-2025-01-18-x86_64-unknown-linux-gnu/lib/rustlib/x86_64-unknown-linux-gnu/lib" "-o" "/tmp/rustdoctesteqmF9d/rust_out" "-Wl,--gc-sections" "-pie" "-Wl,-z,relro,-z,now" "-nodefaultlibs"
[INFO] [stdout]   = note: some arguments are omitted. use `--verbose` to show all linker arguments
[INFO] [stdout]   = note: collect2: fatal error: ld terminated with signal 7 [Bus error], core dumped
[INFO] [stdout]           compilation terminated.
[INFO] [stdout]           
[INFO] [stdout] 
[INFO] [stdout] error: aborting due to 1 previous error
[INFO] [stdout] 
[INFO] [stdout] Couldn't compile the test.
[INFO] [stdout] ---- src/config.rs - config::SelectorConfig (line 53) stdout ----
[INFO] [stdout] error: linking with `cc` failed: exit status: 1
[INFO] [stdout]   |
[INFO] [stdout]   = note: LC_ALL="C" PATH="/opt/rustwide/rustup-home/toolchains/nightly-2025-01-18-x86_64-unknown-linux-gnu/lib/rustlib/x86_64-unknown-linux-gnu/bin:/opt/rustwide/rustup-home/toolchains/nightly-2025-01-18-x86_64-unknown-linux-gnu/lib/rustlib/x86_64-unknown-linux-gnu/bin/self-contained:/opt/rustwide/cargo-home/bin:/usr/local/sbin:/usr/local/bin:/usr/sbin:/usr/bin:/sbin:/bin" VSLANG="1033" "cc" "-m64" "/tmp/rustcaWGIOn/symbols.o" "<2 object files omitted>" "-Wl,--as-needed" "-Wl,-Bstatic" "/opt/rustwide/target/debug/deps/{libr_extcap-31072ab2c1b5c7a7.rlib,libpcap_file-e8d0035fb3c6226e.rlib,libthiserror-92b0182c617b7665.rlib,libbyteorder_slice-769fc56b4b3c40b6.rlib,libbyteorder-1efcbe4f07366651.rlib,libtokio-4853e16824d4f8f4.rlib,libsignal_hook_registry-3cc9fd60c2bdc8b4.rlib,libsocket2-df6f17dbfe9497f6.rlib,libbytes-485c92da441bbc40.rlib,libmio-d6d51dd0359711c1.rlib,libparking_lot-962de9da014f886a.rlib,libparking_lot_core-ec3d50db475070e7.rlib,liblibc-60646f2741300933.rlib,libcfg_if-33ef6c02a07f9fec.rlib,libsmallvec-8045c56aeb050430.rlib,liblock_api-0fd539a479e0f355.rlib,libscopeguard-d52bd00767847e44.rlib,libpin_project_lite-bedc6e0acd72ff2a.rlib,liblog-8df7809bc4bc4dee.rlib,libnom_derive-9f97306de50bcaf8.rlib,libnom-ad9297965177f1dd.rlib,libmemchr-4f0714dc45d95749.rlib,libthiserror-9e760a7c4d2c73e5.rlib,libclap-2a88357f97421847.rlib,libclap_builder-ecf15a13cc8ed789.rlib,libstrsim-24acdad2526b95b7.rlib,libanstream-3a5850ea78bcd0e3.rlib,libanstyle_query-f0be367a66cb0b02.rlib,libis_terminal_polyfill-c14c9d53c4f80a97.rlib,libcolorchoice-dfb6701820ae12a0.rlib,libanstyle_parse-80647c630cc5391e.rlib,libutf8parse-8828ddbb63eb8bad.rlib,libclap_lex-8f7e36dc12b04c16.rlib,libanstyle-df82d657645c4a5c.rlib}" "/opt/rustwide/rustup-home/toolchains/nightly-2025-01-18-x86_64-unknown-linux-gnu/lib/rustlib/x86_64-unknown-linux-gnu/lib/{libstd-006123e2ce67e99d.rlib,libpanic_unwind-e1447e1efa6f1e57.rlib,libobject-f6963a4916fcf097.rlib,libmemchr-49a2d9af912f4524.rlib,libaddr2line-04d19aad3936869d.rlib,libgimli-483c235edb789db0.rlib,librustc_demangle-294281af50b8f748.rlib,libstd_detect-3b08295250aabc2a.rlib,libhashbrown-4472d1e05ba0dfaf.rlib,librustc_std_workspace_alloc-2ef099fac590e457.rlib,libminiz_oxide-8a51f5e848546c29.rlib,libadler2-3d3fa22b868db521.rlib,libunwind-0ffda8b08e22dbea.rlib,libcfg_if-b08f62458fdd43b9.rlib,liblibc-559675126e63b890.rlib,liballoc-fcf21c8d1c9c7b75.rlib,librustc_std_workspace_core-e0b0460135bcf21d.rlib,libcore-d4097fdcbddd3bc7.rlib,libcompiler_builtins-fea484ac1eed7881.rlib}" "-Wl,-Bdynamic" "-lgcc_s" "-lutil" "-lrt" "-lpthread" "-lm" "-ldl" "-lc" "-B/opt/rustwide/rustup-home/toolchains/nightly-2025-01-18-x86_64-unknown-linux-gnu/lib/rustlib/x86_64-unknown-linux-gnu/bin/gcc-ld" "-fuse-ld=lld" "-Wl,--eh-frame-hdr" "-Wl,-z,noexecstack" "-L" "/opt/rustwide/rustup-home/toolchains/nightly-2025-01-18-x86_64-unknown-linux-gnu/lib/rustlib/x86_64-unknown-linux-gnu/lib" "-o" "/tmp/rustdoctestOqEC4c/rust_out" "-Wl,--gc-sections" "-pie" "-Wl,-z,relro,-z,now" "-nodefaultlibs"
[INFO] [stdout]   = note: some arguments are omitted. use `--verbose` to show all linker arguments
[INFO] [stdout]   = note: PLEASE submit a bug report to https://github.com/llvm/llvm-project/issues/ and include the crash backtrace.
[INFO] [stdout]           collect2: fatal error: ld terminated with signal 7 [Bus error], core dumped
[INFO] [stdout]           compilation terminated.
[INFO] [stdout]           
[INFO] [stdout] 
[INFO] [stdout] error: aborting due to 1 previous error
[INFO] [stdout] 
[INFO] [stdout] Couldn't compile the test.
[INFO] [stdout] ---- src/config.rs - config::TimestampConfig (line 840) stdout ----
[INFO] [stdout] error: linking with `cc` failed: exit status: 1
[INFO] [stdout]   |
[INFO] [stdout]   = note: LC_ALL="C" PATH="/opt/rustwide/rustup-home/toolchains/nightly-2025-01-18-x86_64-unknown-linux-gnu/lib/rustlib/x86_64-unknown-linux-gnu/bin:/opt/rustwide/rustup-home/toolchains/nightly-2025-01-18-x86_64-unknown-linux-gnu/lib/rustlib/x86_64-unknown-linux-gnu/bin/self-contained:/opt/rustwide/cargo-home/bin:/usr/local/sbin:/usr/local/bin:/usr/sbin:/usr/bin:/sbin:/bin" VSLANG="1033" "cc" "-m64" "/tmp/rustcgI9kJE/symbols.o" "<2 object files omitted>" "-Wl,--as-needed" "-Wl,-Bstatic" "/opt/rustwide/target/debug/deps/{libr_extcap-31072ab2c1b5c7a7.rlib,libpcap_file-e8d0035fb3c6226e.rlib,libthiserror-92b0182c617b7665.rlib,libbyteorder_slice-769fc56b4b3c40b6.rlib,libbyteorder-1efcbe4f07366651.rlib,libtokio-4853e16824d4f8f4.rlib,libsignal_hook_registry-3cc9fd60c2bdc8b4.rlib,libsocket2-df6f17dbfe9497f6.rlib,libbytes-485c92da441bbc40.rlib,libmio-d6d51dd0359711c1.rlib,libparking_lot-962de9da014f886a.rlib,libparking_lot_core-ec3d50db475070e7.rlib,liblibc-60646f2741300933.rlib,libcfg_if-33ef6c02a07f9fec.rlib,libsmallvec-8045c56aeb050430.rlib,liblock_api-0fd539a479e0f355.rlib,libscopeguard-d52bd00767847e44.rlib,libpin_project_lite-bedc6e0acd72ff2a.rlib,liblog-8df7809bc4bc4dee.rlib,libnom_derive-9f97306de50bcaf8.rlib,libnom-ad9297965177f1dd.rlib,libmemchr-4f0714dc45d95749.rlib,libthiserror-9e760a7c4d2c73e5.rlib,libclap-2a88357f97421847.rlib,libclap_builder-ecf15a13cc8ed789.rlib,libstrsim-24acdad2526b95b7.rlib,libanstream-3a5850ea78bcd0e3.rlib,libanstyle_query-f0be367a66cb0b02.rlib,libis_terminal_polyfill-c14c9d53c4f80a97.rlib,libcolorchoice-dfb6701820ae12a0.rlib,libanstyle_parse-80647c630cc5391e.rlib,libutf8parse-8828ddbb63eb8bad.rlib,libclap_lex-8f7e36dc12b04c16.rlib,libanstyle-df82d657645c4a5c.rlib}" "/opt/rustwide/rustup-home/toolchains/nightly-2025-01-18-x86_64-unknown-linux-gnu/lib/rustlib/x86_64-unknown-linux-gnu/lib/{libstd-006123e2ce67e99d.rlib,libpanic_unwind-e1447e1efa6f1e57.rlib,libobject-f6963a4916fcf097.rlib,libmemchr-49a2d9af912f4524.rlib,libaddr2line-04d19aad3936869d.rlib,libgimli-483c235edb789db0.rlib,librustc_demangle-294281af50b8f748.rlib,libstd_detect-3b08295250aabc2a.rlib,libhashbrown-4472d1e05ba0dfaf.rlib,librustc_std_workspace_alloc-2ef099fac590e457.rlib,libminiz_oxide-8a51f5e848546c29.rlib,libadler2-3d3fa22b868db521.rlib,libunwind-0ffda8b08e22dbea.rlib,libcfg_if-b08f62458fdd43b9.rlib,liblibc-559675126e63b890.rlib,liballoc-fcf21c8d1c9c7b75.rlib,librustc_std_workspace_core-e0b0460135bcf21d.rlib,libcore-d4097fdcbddd3bc7.rlib,libcompiler_builtins-fea484ac1eed7881.rlib}" "-Wl,-Bdynamic" "-lgcc_s" "-lutil" "-lrt" "-lpthread" "-lm" "-ldl" "-lc" "-B/opt/rustwide/rustup-home/toolchains/nightly-2025-01-18-x86_64-unknown-linux-gnu/lib/rustlib/x86_64-unknown-linux-gnu/bin/gcc-ld" "-fuse-ld=lld" "-Wl,--eh-frame-hdr" "-Wl,-z,noexecstack" "-L" "/opt/rustwide/rustup-home/toolchains/nightly-2025-01-18-x86_64-unknown-linux-gnu/lib/rustlib/x86_64-unknown-linux-gnu/lib" "-o" "/tmp/rustdoctestbWG1GA/rust_out" "-Wl,--gc-sections" "-pie" "-Wl,-z,relro,-z,now" "-nodefaultlibs"
[INFO] [stdout]   = note: some arguments are omitted. use `--verbose` to show all linker arguments
[INFO] [stdout]   = note: PLEASE submit a bug report to https://github.com/llvm/llvm-project/issues/ and include the crash backtrace.
[INFO] [stdout]           collect2: fatal error: ld terminated with signal 7 [Bus error], core dumped
[INFO] [stdout]           compilation terminated.
[INFO] [stdout]           
[INFO] [stdout] 
[INFO] [stdout] error: aborting due to 1 previous error
[INFO] [stdout] 
[INFO] [stdout] Couldn't compile the test.
[INFO] [stdout] ---- src/config.rs - config::LongConfig (line 362) stdout ----
[INFO] [stdout] error: linking with `cc` failed: exit status: 1
[INFO] [stdout]   |
[INFO] [stdout]   = note: LC_ALL="C" PATH="/opt/rustwide/rustup-home/toolchains/nightly-2025-01-18-x86_64-unknown-linux-gnu/lib/rustlib/x86_64-unknown-linux-gnu/bin:/opt/rustwide/rustup-home/toolchains/nightly-2025-01-18-x86_64-unknown-linux-gnu/lib/rustlib/x86_64-unknown-linux-gnu/bin/self-contained:/opt/rustwide/cargo-home/bin:/usr/local/sbin:/usr/local/bin:/usr/sbin:/usr/bin:/sbin:/bin" VSLANG="1033" "cc" "-m64" "/tmp/rustcDoCgTi/symbols.o" "<2 object files omitted>" "-Wl,--as-needed" "-Wl,-Bstatic" "/opt/rustwide/target/debug/deps/{libr_extcap-31072ab2c1b5c7a7.rlib,libpcap_file-e8d0035fb3c6226e.rlib,libthiserror-92b0182c617b7665.rlib,libbyteorder_slice-769fc56b4b3c40b6.rlib,libbyteorder-1efcbe4f07366651.rlib,libtokio-4853e16824d4f8f4.rlib,libsignal_hook_registry-3cc9fd60c2bdc8b4.rlib,libsocket2-df6f17dbfe9497f6.rlib,libbytes-485c92da441bbc40.rlib,libmio-d6d51dd0359711c1.rlib,libparking_lot-962de9da014f886a.rlib,libparking_lot_core-ec3d50db475070e7.rlib,liblibc-60646f2741300933.rlib,libcfg_if-33ef6c02a07f9fec.rlib,libsmallvec-8045c56aeb050430.rlib,liblock_api-0fd539a479e0f355.rlib,libscopeguard-d52bd00767847e44.rlib,libpin_project_lite-bedc6e0acd72ff2a.rlib,liblog-8df7809bc4bc4dee.rlib,libnom_derive-9f97306de50bcaf8.rlib,libnom-ad9297965177f1dd.rlib,libmemchr-4f0714dc45d95749.rlib,libthiserror-9e760a7c4d2c73e5.rlib,libclap-2a88357f97421847.rlib,libclap_builder-ecf15a13cc8ed789.rlib,libstrsim-24acdad2526b95b7.rlib,libanstream-3a5850ea78bcd0e3.rlib,libanstyle_query-f0be367a66cb0b02.rlib,libis_terminal_polyfill-c14c9d53c4f80a97.rlib,libcolorchoice-dfb6701820ae12a0.rlib,libanstyle_parse-80647c630cc5391e.rlib,libutf8parse-8828ddbb63eb8bad.rlib,libclap_lex-8f7e36dc12b04c16.rlib,libanstyle-df82d657645c4a5c.rlib}" "/opt/rustwide/rustup-home/toolchains/nightly-2025-01-18-x86_64-unknown-linux-gnu/lib/rustlib/x86_64-unknown-linux-gnu/lib/{libstd-006123e2ce67e99d.rlib,libpanic_unwind-e1447e1efa6f1e57.rlib,libobject-f6963a4916fcf097.rlib,libmemchr-49a2d9af912f4524.rlib,libaddr2line-04d19aad3936869d.rlib,libgimli-483c235edb789db0.rlib,librustc_demangle-294281af50b8f748.rlib,libstd_detect-3b08295250aabc2a.rlib,libhashbrown-4472d1e05ba0dfaf.rlib,librustc_std_workspace_alloc-2ef099fac590e457.rlib,libminiz_oxide-8a51f5e848546c29.rlib,libadler2-3d3fa22b868db521.rlib,libunwind-0ffda8b08e22dbea.rlib,libcfg_if-b08f62458fdd43b9.rlib,liblibc-559675126e63b890.rlib,liballoc-fcf21c8d1c9c7b75.rlib,librustc_std_workspace_core-e0b0460135bcf21d.rlib,libcore-d4097fdcbddd3bc7.rlib,libcompiler_builtins-fea484ac1eed7881.rlib}" "-Wl,-Bdynamic" "-lgcc_s" "-lutil" "-lrt" "-lpthread" "-lm" "-ldl" "-lc" "-B/opt/rustwide/rustup-home/toolchains/nightly-2025-01-18-x86_64-unknown-linux-gnu/lib/rustlib/x86_64-unknown-linux-gnu/bin/gcc-ld" "-fuse-ld=lld" "-Wl,--eh-frame-hdr" "-Wl,-z,noexecstack" "-L" "/opt/rustwide/rustup-home/toolchains/nightly-2025-01-18-x86_64-unknown-linux-gnu/lib/rustlib/x86_64-unknown-linux-gnu/lib" "-o" "/tmp/rustdoctestW1lZGU/rust_out" "-Wl,--gc-sections" "-pie" "-Wl,-z,relro,-z,now" "-nodefaultlibs"
[INFO] [stdout]   = note: some arguments are omitted. use `--verbose` to show all linker arguments
[INFO] [stdout]   = note: collect2: fatal error: ld terminated with signal 7 [Bus error], core dumped
[INFO] [stdout]           compilation terminated.
[INFO] [stdout]           
[INFO] [stdout] 
[INFO] [stdout] error: aborting due to 1 previous error
[INFO] [stdout] 
[INFO] [stdout] Couldn't compile the test.
[INFO] [stdout] ---- src/config.rs - config::UnsignedConfig (line 508) stdout ----
[INFO] [stdout] error: linking with `cc` failed: exit status: 1
[INFO] [stdout]   |
[INFO] [stdout]   = note: LC_ALL="C" PATH="/opt/rustwide/rustup-home/toolchains/nightly-2025-01-18-x86_64-unknown-linux-gnu/lib/rustlib/x86_64-unknown-linux-gnu/bin:/opt/rustwide/rustup-home/toolchains/nightly-2025-01-18-x86_64-unknown-linux-gnu/lib/rustlib/x86_64-unknown-linux-gnu/bin/self-contained:/opt/rustwide/cargo-home/bin:/usr/local/sbin:/usr/local/bin:/usr/sbin:/usr/bin:/sbin:/bin" VSLANG="1033" "cc" "-m64" "/tmp/rustcYGrHkI/symbols.o" "<2 object files omitted>" "-Wl,--as-needed" "-Wl,-Bstatic" "/opt/rustwide/target/debug/deps/{libr_extcap-31072ab2c1b5c7a7.rlib,libpcap_file-e8d0035fb3c6226e.rlib,libthiserror-92b0182c617b7665.rlib,libbyteorder_slice-769fc56b4b3c40b6.rlib,libbyteorder-1efcbe4f07366651.rlib,libtokio-4853e16824d4f8f4.rlib,libsignal_hook_registry-3cc9fd60c2bdc8b4.rlib,libsocket2-df6f17dbfe9497f6.rlib,libbytes-485c92da441bbc40.rlib,libmio-d6d51dd0359711c1.rlib,libparking_lot-962de9da014f886a.rlib,libparking_lot_core-ec3d50db475070e7.rlib,liblibc-60646f2741300933.rlib,libcfg_if-33ef6c02a07f9fec.rlib,libsmallvec-8045c56aeb050430.rlib,liblock_api-0fd539a479e0f355.rlib,libscopeguard-d52bd00767847e44.rlib,libpin_project_lite-bedc6e0acd72ff2a.rlib,liblog-8df7809bc4bc4dee.rlib,libnom_derive-9f97306de50bcaf8.rlib,libnom-ad9297965177f1dd.rlib,libmemchr-4f0714dc45d95749.rlib,libthiserror-9e760a7c4d2c73e5.rlib,libclap-2a88357f97421847.rlib,libclap_builder-ecf15a13cc8ed789.rlib,libstrsim-24acdad2526b95b7.rlib,libanstream-3a5850ea78bcd0e3.rlib,libanstyle_query-f0be367a66cb0b02.rlib,libis_terminal_polyfill-c14c9d53c4f80a97.rlib,libcolorchoice-dfb6701820ae12a0.rlib,libanstyle_parse-80647c630cc5391e.rlib,libutf8parse-8828ddbb63eb8bad.rlib,libclap_lex-8f7e36dc12b04c16.rlib,libanstyle-df82d657645c4a5c.rlib}" "/opt/rustwide/rustup-home/toolchains/nightly-2025-01-18-x86_64-unknown-linux-gnu/lib/rustlib/x86_64-unknown-linux-gnu/lib/{libstd-006123e2ce67e99d.rlib,libpanic_unwind-e1447e1efa6f1e57.rlib,libobject-f6963a4916fcf097.rlib,libmemchr-49a2d9af912f4524.rlib,libaddr2line-04d19aad3936869d.rlib,libgimli-483c235edb789db0.rlib,librustc_demangle-294281af50b8f748.rlib,libstd_detect-3b08295250aabc2a.rlib,libhashbrown-4472d1e05ba0dfaf.rlib,librustc_std_workspace_alloc-2ef099fac590e457.rlib,libminiz_oxide-8a51f5e848546c29.rlib,libadler2-3d3fa22b868db521.rlib,libunwind-0ffda8b08e22dbea.rlib,libcfg_if-b08f62458fdd43b9.rlib,liblibc-559675126e63b890.rlib,liballoc-fcf21c8d1c9c7b75.rlib,librustc_std_workspace_core-e0b0460135bcf21d.rlib,libcore-d4097fdcbddd3bc7.rlib,libcompiler_builtins-fea484ac1eed7881.rlib}" "-Wl,-Bdynamic" "-lgcc_s" "-lutil" "-lrt" "-lpthread" "-lm" "-ldl" "-lc" "-B/opt/rustwide/rustup-home/toolchains/nightly-2025-01-18-x86_64-unknown-linux-gnu/lib/rustlib/x86_64-unknown-linux-gnu/bin/gcc-ld" "-fuse-ld=lld" "-Wl,--eh-frame-hdr" "-Wl,-z,noexecstack" "-L" "/opt/rustwide/rustup-home/toolchains/nightly-2025-01-18-x86_64-unknown-linux-gnu/lib/rustlib/x86_64-unknown-linux-gnu/lib" "-o" "/tmp/rustdoctestIQOwTl/rust_out" "-Wl,--gc-sections" "-pie" "-Wl,-z,relro,-z,now" "-nodefaultlibs"
[INFO] [stdout]   = note: some arguments are omitted. use `--verbose` to show all linker arguments
[INFO] [stdout]   = note: PLEASE submit a bug report to https://github.com/llvm/llvm-project/issues/ and include the crash backtrace.
[INFO] [stdout]           collect2: fatal error: ld terminated with signal 7 [Bus error], core dumped
[INFO] [stdout]           compilation terminated.
[INFO] [stdout]           
[INFO] [stdout] 
[INFO] [stdout] error: aborting due to 1 previous error
[INFO] [stdout] 
[INFO] [stdout] Couldn't compile the test.
[INFO] [stdout] ---- src/lib.rs - ExtcapFormatter (line 863) stdout ----
[INFO] [stdout] rustc-LLVM ERROR: IO failure on output stream: No space left on device
[INFO] [stdout] Couldn't compile the test.
[INFO] [stdout] ---- src/config.rs - config::PasswordConfig (line 758) stdout ----
[INFO] [stdout] error: linking with `cc` failed: exit status: 1
[INFO] [stdout]   |
[INFO] [stdout]   = note: LC_ALL="C" PATH="/opt/rustwide/rustup-home/toolchains/nightly-2025-01-18-x86_64-unknown-linux-gnu/lib/rustlib/x86_64-unknown-linux-gnu/bin:/opt/rustwide/rustup-home/toolchains/nightly-2025-01-18-x86_64-unknown-linux-gnu/lib/rustlib/x86_64-unknown-linux-gnu/bin/self-contained:/opt/rustwide/cargo-home/bin:/usr/local/sbin:/usr/local/bin:/usr/sbin:/usr/bin:/sbin:/bin" VSLANG="1033" "cc" "-m64" "/tmp/rustctso0H2/symbols.o" "<2 object files omitted>" "-Wl,--as-needed" "-Wl,-Bstatic" "/opt/rustwide/target/debug/deps/{libr_extcap-31072ab2c1b5c7a7.rlib,libpcap_file-e8d0035fb3c6226e.rlib,libthiserror-92b0182c617b7665.rlib,libbyteorder_slice-769fc56b4b3c40b6.rlib,libbyteorder-1efcbe4f07366651.rlib,libtokio-4853e16824d4f8f4.rlib,libsignal_hook_registry-3cc9fd60c2bdc8b4.rlib,libsocket2-df6f17dbfe9497f6.rlib,libbytes-485c92da441bbc40.rlib,libmio-d6d51dd0359711c1.rlib,libparking_lot-962de9da014f886a.rlib,libparking_lot_core-ec3d50db475070e7.rlib,liblibc-60646f2741300933.rlib,libcfg_if-33ef6c02a07f9fec.rlib,libsmallvec-8045c56aeb050430.rlib,liblock_api-0fd539a479e0f355.rlib,libscopeguard-d52bd00767847e44.rlib,libpin_project_lite-bedc6e0acd72ff2a.rlib,liblog-8df7809bc4bc4dee.rlib,libnom_derive-9f97306de50bcaf8.rlib,libnom-ad9297965177f1dd.rlib,libmemchr-4f0714dc45d95749.rlib,libthiserror-9e760a7c4d2c73e5.rlib,libclap-2a88357f97421847.rlib,libclap_builder-ecf15a13cc8ed789.rlib,libstrsim-24acdad2526b95b7.rlib,libanstream-3a5850ea78bcd0e3.rlib,libanstyle_query-f0be367a66cb0b02.rlib,libis_terminal_polyfill-c14c9d53c4f80a97.rlib,libcolorchoice-dfb6701820ae12a0.rlib,libanstyle_parse-80647c630cc5391e.rlib,libutf8parse-8828ddbb63eb8bad.rlib,libclap_lex-8f7e36dc12b04c16.rlib,libanstyle-df82d657645c4a5c.rlib}" "/opt/rustwide/rustup-home/toolchains/nightly-2025-01-18-x86_64-unknown-linux-gnu/lib/rustlib/x86_64-unknown-linux-gnu/lib/{libstd-006123e2ce67e99d.rlib,libpanic_unwind-e1447e1efa6f1e57.rlib,libobject-f6963a4916fcf097.rlib,libmemchr-49a2d9af912f4524.rlib,libaddr2line-04d19aad3936869d.rlib,libgimli-483c235edb789db0.rlib,librustc_demangle-294281af50b8f748.rlib,libstd_detect-3b08295250aabc2a.rlib,libhashbrown-4472d1e05ba0dfaf.rlib,librustc_std_workspace_alloc-2ef099fac590e457.rlib,libminiz_oxide-8a51f5e848546c29.rlib,libadler2-3d3fa22b868db521.rlib,libunwind-0ffda8b08e22dbea.rlib,libcfg_if-b08f62458fdd43b9.rlib,liblibc-559675126e63b890.rlib,liballoc-fcf21c8d1c9c7b75.rlib,librustc_std_workspace_core-e0b0460135bcf21d.rlib,libcore-d4097fdcbddd3bc7.rlib,libcompiler_builtins-fea484ac1eed7881.rlib}" "-Wl,-Bdynamic" "-lgcc_s" "-lutil" "-lrt" "-lpthread" "-lm" "-ldl" "-lc" "-B/opt/rustwide/rustup-home/toolchains/nightly-2025-01-18-x86_64-unknown-linux-gnu/lib/rustlib/x86_64-unknown-linux-gnu/bin/gcc-ld" "-fuse-ld=lld" "-Wl,--eh-frame-hdr" "-Wl,-z,noexecstack" "-L" "/opt/rustwide/rustup-home/toolchains/nightly-2025-01-18-x86_64-unknown-linux-gnu/lib/rustlib/x86_64-unknown-linux-gnu/lib" "-o" "/tmp/rustdoctest9ThCXZ/rust_out" "-Wl,--gc-sections" "-pie" "-Wl,-z,relro,-z,now" "-nodefaultlibs"
[INFO] [stdout]   = note: some arguments are omitted. use `--verbose` to show all linker arguments
[INFO] [stdout]   = note: collect2: fatal error: ld terminated with signal 7 [Bus error], core dumped
[INFO] [stdout]           compilation terminated.
[INFO] [stdout]           
[INFO] [stdout] 
[INFO] [stdout] error: aborting due to 1 previous error
[INFO] [stdout] 
[INFO] [stdout] Couldn't compile the test.
[INFO] [stdout] ---- src/interface.rs - interface::Interface (line 79) stdout ----
[INFO] [stdout] error: linking with `cc` failed: exit status: 1
[INFO] [stdout]   |
[INFO] [stdout]   = note: LC_ALL="C" PATH="/opt/rustwide/rustup-home/toolchains/nightly-2025-01-18-x86_64-unknown-linux-gnu/lib/rustlib/x86_64-unknown-linux-gnu/bin:/opt/rustwide/rustup-home/toolchains/nightly-2025-01-18-x86_64-unknown-linux-gnu/lib/rustlib/x86_64-unknown-linux-gnu/bin/self-contained:/opt/rustwide/cargo-home/bin:/usr/local/sbin:/usr/local/bin:/usr/sbin:/usr/bin:/sbin:/bin" VSLANG="1033" "cc" "-m64" "/tmp/rustc4hbeNC/symbols.o" "<2 object files omitted>" "-Wl,--as-needed" "-Wl,-Bstatic" "/opt/rustwide/target/debug/deps/{libr_extcap-31072ab2c1b5c7a7.rlib,libpcap_file-e8d0035fb3c6226e.rlib,libthiserror-92b0182c617b7665.rlib,libbyteorder_slice-769fc56b4b3c40b6.rlib,libbyteorder-1efcbe4f07366651.rlib,libtokio-4853e16824d4f8f4.rlib,libsignal_hook_registry-3cc9fd60c2bdc8b4.rlib,libsocket2-df6f17dbfe9497f6.rlib,libbytes-485c92da441bbc40.rlib,libmio-d6d51dd0359711c1.rlib,libparking_lot-962de9da014f886a.rlib,libparking_lot_core-ec3d50db475070e7.rlib,liblibc-60646f2741300933.rlib,libcfg_if-33ef6c02a07f9fec.rlib,libsmallvec-8045c56aeb050430.rlib,liblock_api-0fd539a479e0f355.rlib,libscopeguard-d52bd00767847e44.rlib,libpin_project_lite-bedc6e0acd72ff2a.rlib,liblog-8df7809bc4bc4dee.rlib,libnom_derive-9f97306de50bcaf8.rlib,libnom-ad9297965177f1dd.rlib,libmemchr-4f0714dc45d95749.rlib,libthiserror-9e760a7c4d2c73e5.rlib,libclap-2a88357f97421847.rlib,libclap_builder-ecf15a13cc8ed789.rlib,libstrsim-24acdad2526b95b7.rlib,libanstream-3a5850ea78bcd0e3.rlib,libanstyle_query-f0be367a66cb0b02.rlib,libis_terminal_polyfill-c14c9d53c4f80a97.rlib,libcolorchoice-dfb6701820ae12a0.rlib,libanstyle_parse-80647c630cc5391e.rlib,libutf8parse-8828ddbb63eb8bad.rlib,libclap_lex-8f7e36dc12b04c16.rlib,libanstyle-df82d657645c4a5c.rlib}" "/opt/rustwide/rustup-home/toolchains/nightly-2025-01-18-x86_64-unknown-linux-gnu/lib/rustlib/x86_64-unknown-linux-gnu/lib/{libstd-006123e2ce67e99d.rlib,libpanic_unwind-e1447e1efa6f1e57.rlib,libobject-f6963a4916fcf097.rlib,libmemchr-49a2d9af912f4524.rlib,libaddr2line-04d19aad3936869d.rlib,libgimli-483c235edb789db0.rlib,librustc_demangle-294281af50b8f748.rlib,libstd_detect-3b08295250aabc2a.rlib,libhashbrown-4472d1e05ba0dfaf.rlib,librustc_std_workspace_alloc-2ef099fac590e457.rlib,libminiz_oxide-8a51f5e848546c29.rlib,libadler2-3d3fa22b868db521.rlib,libunwind-0ffda8b08e22dbea.rlib,libcfg_if-b08f62458fdd43b9.rlib,liblibc-559675126e63b890.rlib,liballoc-fcf21c8d1c9c7b75.rlib,librustc_std_workspace_core-e0b0460135bcf21d.rlib,libcore-d4097fdcbddd3bc7.rlib,libcompiler_builtins-fea484ac1eed7881.rlib}" "-Wl,-Bdynamic" "-lgcc_s" "-lutil" "-lrt" "-lpthread" "-lm" "-ldl" "-lc" "-B/opt/rustwide/rustup-home/toolchains/nightly-2025-01-18-x86_64-unknown-linux-gnu/lib/rustlib/x86_64-unknown-linux-gnu/bin/gcc-ld" "-fuse-ld=lld" "-Wl,--eh-frame-hdr" "-Wl,-z,noexecstack" "-L" "/opt/rustwide/rustup-home/toolchains/nightly-2025-01-18-x86_64-unknown-linux-gnu/lib/rustlib/x86_64-unknown-linux-gnu/lib" "-o" "/tmp/rustdoctest3Owl9s/rust_out" "-Wl,--gc-sections" "-pie" "-Wl,-z,relro,-z,now" "-nodefaultlibs"
[INFO] [stdout]   = note: some arguments are omitted. use `--verbose` to show all linker arguments
[INFO] [stdout]   = note: PLEASE submit a bug report to https://github.com/llvm/llvm-project/issues/ and include the crash backtrace.
[INFO] [stdout]           collect2: fatal error: ld terminated with signal 7 [Bus error], core dumped
[INFO] [stdout]           compilation terminated.
[INFO] [stdout]           
[INFO] [stdout] 
[INFO] [stdout] error: aborting due to 1 previous error
[INFO] [stdout] 
[INFO] [stdout] Couldn't compile the test.
[INFO] [stdout] ---- src/config.rs - config::RadioConfig (line 143) stdout ----
[INFO] [stdout] error: linking with `cc` failed: exit status: 1
[INFO] [stdout]   |
[INFO] [stdout]   = note: LC_ALL="C" PATH="/opt/rustwide/rustup-home/toolchains/nightly-2025-01-18-x86_64-unknown-linux-gnu/lib/rustlib/x86_64-unknown-linux-gnu/bin:/opt/rustwide/rustup-home/toolchains/nightly-2025-01-18-x86_64-unknown-linux-gnu/lib/rustlib/x86_64-unknown-linux-gnu/bin/self-contained:/opt/rustwide/cargo-home/bin:/usr/local/sbin:/usr/local/bin:/usr/sbin:/usr/bin:/sbin:/bin" VSLANG="1033" "cc" "-m64" "/tmp/rustcyhoNP8/symbols.o" "<2 object files omitted>" "-Wl,--as-needed" "-Wl,-Bstatic" "/opt/rustwide/target/debug/deps/{libr_extcap-31072ab2c1b5c7a7.rlib,libpcap_file-e8d0035fb3c6226e.rlib,libthiserror-92b0182c617b7665.rlib,libbyteorder_slice-769fc56b4b3c40b6.rlib,libbyteorder-1efcbe4f07366651.rlib,libtokio-4853e16824d4f8f4.rlib,libsignal_hook_registry-3cc9fd60c2bdc8b4.rlib,libsocket2-df6f17dbfe9497f6.rlib,libbytes-485c92da441bbc40.rlib,libmio-d6d51dd0359711c1.rlib,libparking_lot-962de9da014f886a.rlib,libparking_lot_core-ec3d50db475070e7.rlib,liblibc-60646f2741300933.rlib,libcfg_if-33ef6c02a07f9fec.rlib,libsmallvec-8045c56aeb050430.rlib,liblock_api-0fd539a479e0f355.rlib,libscopeguard-d52bd00767847e44.rlib,libpin_project_lite-bedc6e0acd72ff2a.rlib,liblog-8df7809bc4bc4dee.rlib,libnom_derive-9f97306de50bcaf8.rlib,libnom-ad9297965177f1dd.rlib,libmemchr-4f0714dc45d95749.rlib,libthiserror-9e760a7c4d2c73e5.rlib,libclap-2a88357f97421847.rlib,libclap_builder-ecf15a13cc8ed789.rlib,libstrsim-24acdad2526b95b7.rlib,libanstream-3a5850ea78bcd0e3.rlib,libanstyle_query-f0be367a66cb0b02.rlib,libis_terminal_polyfill-c14c9d53c4f80a97.rlib,libcolorchoice-dfb6701820ae12a0.rlib,libanstyle_parse-80647c630cc5391e.rlib,libutf8parse-8828ddbb63eb8bad.rlib,libclap_lex-8f7e36dc12b04c16.rlib,libanstyle-df82d657645c4a5c.rlib}" "/opt/rustwide/rustup-home/toolchains/nightly-2025-01-18-x86_64-unknown-linux-gnu/lib/rustlib/x86_64-unknown-linux-gnu/lib/{libstd-006123e2ce67e99d.rlib,libpanic_unwind-e1447e1efa6f1e57.rlib,libobject-f6963a4916fcf097.rlib,libmemchr-49a2d9af912f4524.rlib,libaddr2line-04d19aad3936869d.rlib,libgimli-483c235edb789db0.rlib,librustc_demangle-294281af50b8f748.rlib,libstd_detect-3b08295250aabc2a.rlib,libhashbrown-4472d1e05ba0dfaf.rlib,librustc_std_workspace_alloc-2ef099fac590e457.rlib,libminiz_oxide-8a51f5e848546c29.rlib,libadler2-3d3fa22b868db521.rlib,libunwind-0ffda8b08e22dbea.rlib,libcfg_if-b08f62458fdd43b9.rlib,liblibc-559675126e63b890.rlib,liballoc-fcf21c8d1c9c7b75.rlib,librustc_std_workspace_core-e0b0460135bcf21d.rlib,libcore-d4097fdcbddd3bc7.rlib,libcompiler_builtins-fea484ac1eed7881.rlib}" "-Wl,-Bdynamic" "-lgcc_s" "-lutil" "-lrt" "-lpthread" "-lm" "-ldl" "-lc" "-B/opt/rustwide/rustup-home/toolchains/nightly-2025-01-18-x86_64-unknown-linux-gnu/lib/rustlib/x86_64-unknown-linux-gnu/bin/gcc-ld" "-fuse-ld=lld" "-Wl,--eh-frame-hdr" "-Wl,-z,noexecstack" "-L" "/opt/rustwide/rustup-home/toolchains/nightly-2025-01-18-x86_64-unknown-linux-gnu/lib/rustlib/x86_64-unknown-linux-gnu/lib" "-o" "/tmp/rustdoctest8EvlEf/rust_out" "-Wl,--gc-sections" "-pie" "-Wl,-z,relro,-z,now" "-nodefaultlibs"
[INFO] [stdout]   = note: some arguments are omitted. use `--verbose` to show all linker arguments
[INFO] [stdout]   = note: PLEASE submit a bug report to https://github.com/llvm/llvm-project/issues/ and include the crash backtrace.
[INFO] [stdout]           collect2: fatal error: ld terminated with signal 7 [Bus error], core dumped
[INFO] [stdout]           compilation terminated.
[INFO] [stdout]           
[INFO] [stdout] 
[INFO] [stdout] error: aborting due to 1 previous error
[INFO] [stdout] 
[INFO] [stdout] Couldn't compile the test.
[INFO] [stdout] ---- src/config.rs - config::BooleanConfig (line 986) stdout ----
[INFO] [stdout] error: linking with `cc` failed: exit status: 1
[INFO] [stdout]   |
[INFO] [stdout]   = note: LC_ALL="C" PATH="/opt/rustwide/rustup-home/toolchains/nightly-2025-01-18-x86_64-unknown-linux-gnu/lib/rustlib/x86_64-unknown-linux-gnu/bin:/opt/rustwide/rustup-home/toolchains/nightly-2025-01-18-x86_64-unknown-linux-gnu/lib/rustlib/x86_64-unknown-linux-gnu/bin/self-contained:/opt/rustwide/cargo-home/bin:/usr/local/sbin:/usr/local/bin:/usr/sbin:/usr/bin:/sbin:/bin" VSLANG="1033" "cc" "-m64" "/tmp/rustcwB5hwp/symbols.o" "<2 object files omitted>" "-Wl,--as-needed" "-Wl,-Bstatic" "/opt/rustwide/target/debug/deps/{libr_extcap-31072ab2c1b5c7a7.rlib,libpcap_file-e8d0035fb3c6226e.rlib,libthiserror-92b0182c617b7665.rlib,libbyteorder_slice-769fc56b4b3c40b6.rlib,libbyteorder-1efcbe4f07366651.rlib,libtokio-4853e16824d4f8f4.rlib,libsignal_hook_registry-3cc9fd60c2bdc8b4.rlib,libsocket2-df6f17dbfe9497f6.rlib,libbytes-485c92da441bbc40.rlib,libmio-d6d51dd0359711c1.rlib,libparking_lot-962de9da014f886a.rlib,libparking_lot_core-ec3d50db475070e7.rlib,liblibc-60646f2741300933.rlib,libcfg_if-33ef6c02a07f9fec.rlib,libsmallvec-8045c56aeb050430.rlib,liblock_api-0fd539a479e0f355.rlib,libscopeguard-d52bd00767847e44.rlib,libpin_project_lite-bedc6e0acd72ff2a.rlib,liblog-8df7809bc4bc4dee.rlib,libnom_derive-9f97306de50bcaf8.rlib,libnom-ad9297965177f1dd.rlib,libmemchr-4f0714dc45d95749.rlib,libthiserror-9e760a7c4d2c73e5.rlib,libclap-2a88357f97421847.rlib,libclap_builder-ecf15a13cc8ed789.rlib,libstrsim-24acdad2526b95b7.rlib,libanstream-3a5850ea78bcd0e3.rlib,libanstyle_query-f0be367a66cb0b02.rlib,libis_terminal_polyfill-c14c9d53c4f80a97.rlib,libcolorchoice-dfb6701820ae12a0.rlib,libanstyle_parse-80647c630cc5391e.rlib,libutf8parse-8828ddbb63eb8bad.rlib,libclap_lex-8f7e36dc12b04c16.rlib,libanstyle-df82d657645c4a5c.rlib}" "/opt/rustwide/rustup-home/toolchains/nightly-2025-01-18-x86_64-unknown-linux-gnu/lib/rustlib/x86_64-unknown-linux-gnu/lib/{libstd-006123e2ce67e99d.rlib,libpanic_unwind-e1447e1efa6f1e57.rlib,libobject-f6963a4916fcf097.rlib,libmemchr-49a2d9af912f4524.rlib,libaddr2line-04d19aad3936869d.rlib,libgimli-483c235edb789db0.rlib,librustc_demangle-294281af50b8f748.rlib,libstd_detect-3b08295250aabc2a.rlib,libhashbrown-4472d1e05ba0dfaf.rlib,librustc_std_workspace_alloc-2ef099fac590e457.rlib,libminiz_oxide-8a51f5e848546c29.rlib,libadler2-3d3fa22b868db521.rlib,libunwind-0ffda8b08e22dbea.rlib,libcfg_if-b08f62458fdd43b9.rlib,liblibc-559675126e63b890.rlib,liballoc-fcf21c8d1c9c7b75.rlib,librustc_std_workspace_core-e0b0460135bcf21d.rlib,libcore-d4097fdcbddd3bc7.rlib,libcompiler_builtins-fea484ac1eed7881.rlib}" "-Wl,-Bdynamic" "-lgcc_s" "-lutil" "-lrt" "-lpthread" "-lm" "-ldl" "-lc" "-B/opt/rustwide/rustup-home/toolchains/nightly-2025-01-18-x86_64-unknown-linux-gnu/lib/rustlib/x86_64-unknown-linux-gnu/bin/gcc-ld" "-fuse-ld=lld" "-Wl,--eh-frame-hdr" "-Wl,-z,noexecstack" "-L" "/opt/rustwide/rustup-home/toolchains/nightly-2025-01-18-x86_64-unknown-linux-gnu/lib/rustlib/x86_64-unknown-linux-gnu/lib" "-o" "/tmp/rustdoctestrf2b3D/rust_out" "-Wl,--gc-sections" "-pie" "-Wl,-z,relro,-z,now" "-nodefaultlibs"
[INFO] [stdout]   = note: some arguments are omitted. use `--verbose` to show all linker arguments
[INFO] [stdout]   = note: collect2: fatal error: ld terminated with signal 7 [Bus error], core dumped
[INFO] [stdout]           compilation terminated.
[INFO] [stdout]           
[INFO] [stdout] 
[INFO] [stdout] error: aborting due to 1 previous error
[INFO] [stdout] 
[INFO] [stdout] Couldn't compile the test.
[INFO] [stdout] ---- src/config.rs - config::IntegerConfig (line 435) stdout ----
[INFO] [stdout] error: linking with `cc` failed: exit status: 1
[INFO] [stdout]   |
[INFO] [stdout]   = note: LC_ALL="C" PATH="/opt/rustwide/rustup-home/toolchains/nightly-2025-01-18-x86_64-unknown-linux-gnu/lib/rustlib/x86_64-unknown-linux-gnu/bin:/opt/rustwide/rustup-home/toolchains/nightly-2025-01-18-x86_64-unknown-linux-gnu/lib/rustlib/x86_64-unknown-linux-gnu/bin/self-contained:/opt/rustwide/cargo-home/bin:/usr/local/sbin:/usr/local/bin:/usr/sbin:/usr/bin:/sbin:/bin" VSLANG="1033" "cc" "-m64" "/tmp/rustcP5o2NP/symbols.o" "<2 object files omitted>" "-Wl,--as-needed" "-Wl,-Bstatic" "/opt/rustwide/target/debug/deps/{libr_extcap-31072ab2c1b5c7a7.rlib,libpcap_file-e8d0035fb3c6226e.rlib,libthiserror-92b0182c617b7665.rlib,libbyteorder_slice-769fc56b4b3c40b6.rlib,libbyteorder-1efcbe4f07366651.rlib,libtokio-4853e16824d4f8f4.rlib,libsignal_hook_registry-3cc9fd60c2bdc8b4.rlib,libsocket2-df6f17dbfe9497f6.rlib,libbytes-485c92da441bbc40.rlib,libmio-d6d51dd0359711c1.rlib,libparking_lot-962de9da014f886a.rlib,libparking_lot_core-ec3d50db475070e7.rlib,liblibc-60646f2741300933.rlib,libcfg_if-33ef6c02a07f9fec.rlib,libsmallvec-8045c56aeb050430.rlib,liblock_api-0fd539a479e0f355.rlib,libscopeguard-d52bd00767847e44.rlib,libpin_project_lite-bedc6e0acd72ff2a.rlib,liblog-8df7809bc4bc4dee.rlib,libnom_derive-9f97306de50bcaf8.rlib,libnom-ad9297965177f1dd.rlib,libmemchr-4f0714dc45d95749.rlib,libthiserror-9e760a7c4d2c73e5.rlib,libclap-2a88357f97421847.rlib,libclap_builder-ecf15a13cc8ed789.rlib,libstrsim-24acdad2526b95b7.rlib,libanstream-3a5850ea78bcd0e3.rlib,libanstyle_query-f0be367a66cb0b02.rlib,libis_terminal_polyfill-c14c9d53c4f80a97.rlib,libcolorchoice-dfb6701820ae12a0.rlib,libanstyle_parse-80647c630cc5391e.rlib,libutf8parse-8828ddbb63eb8bad.rlib,libclap_lex-8f7e36dc12b04c16.rlib,libanstyle-df82d657645c4a5c.rlib}" "/opt/rustwide/rustup-home/toolchains/nightly-2025-01-18-x86_64-unknown-linux-gnu/lib/rustlib/x86_64-unknown-linux-gnu/lib/{libstd-006123e2ce67e99d.rlib,libpanic_unwind-e1447e1efa6f1e57.rlib,libobject-f6963a4916fcf097.rlib,libmemchr-49a2d9af912f4524.rlib,libaddr2line-04d19aad3936869d.rlib,libgimli-483c235edb789db0.rlib,librustc_demangle-294281af50b8f748.rlib,libstd_detect-3b08295250aabc2a.rlib,libhashbrown-4472d1e05ba0dfaf.rlib,librustc_std_workspace_alloc-2ef099fac590e457.rlib,libminiz_oxide-8a51f5e848546c29.rlib,libadler2-3d3fa22b868db521.rlib,libunwind-0ffda8b08e22dbea.rlib,libcfg_if-b08f62458fdd43b9.rlib,liblibc-559675126e63b890.rlib,liballoc-fcf21c8d1c9c7b75.rlib,librustc_std_workspace_core-e0b0460135bcf21d.rlib,libcore-d4097fdcbddd3bc7.rlib,libcompiler_builtins-fea484ac1eed7881.rlib}" "-Wl,-Bdynamic" "-lgcc_s" "-lutil" "-lrt" "-lpthread" "-lm" "-ldl" "-lc" "-B/opt/rustwide/rustup-home/toolchains/nightly-2025-01-18-x86_64-unknown-linux-gnu/lib/rustlib/x86_64-unknown-linux-gnu/bin/gcc-ld" "-fuse-ld=lld" "-Wl,--eh-frame-hdr" "-Wl,-z,noexecstack" "-L" "/opt/rustwide/rustup-home/toolchains/nightly-2025-01-18-x86_64-unknown-linux-gnu/lib/rustlib/x86_64-unknown-linux-gnu/lib" "-o" "/tmp/rustdoctest215ENk/rust_out" "-Wl,--gc-sections" "-pie" "-Wl,-z,relro,-z,now" "-nodefaultlibs"
[INFO] [stdout]   = note: some arguments are omitted. use `--verbose` to show all linker arguments
[INFO] [stdout]   = note: collect2: fatal error: ld terminated with signal 7 [Bus error], core dumped
[INFO] [stdout]           compilation terminated.
[INFO] [stdout]           
[INFO] [stdout] 
[INFO] [stdout] error: aborting due to 1 previous error
[INFO] [stdout] 
[INFO] [stdout] Couldn't compile the test.
[INFO] [stdout] ---- src/config.rs - config::StringConfig (line 653) stdout ----
[INFO] [stdout] error: linking with `cc` failed: exit status: 1
[INFO] [stdout]   |
[INFO] [stdout]   = note: LC_ALL="C" PATH="/opt/rustwide/rustup-home/toolchains/nightly-2025-01-18-x86_64-unknown-linux-gnu/lib/rustlib/x86_64-unknown-linux-gnu/bin:/opt/rustwide/rustup-home/toolchains/nightly-2025-01-18-x86_64-unknown-linux-gnu/lib/rustlib/x86_64-unknown-linux-gnu/bin/self-contained:/opt/rustwide/cargo-home/bin:/usr/local/sbin:/usr/local/bin:/usr/sbin:/usr/bin:/sbin:/bin" VSLANG="1033" "cc" "-m64" "/tmp/rustcaWKOaW/symbols.o" "<2 object files omitted>" "-Wl,--as-needed" "-Wl,-Bstatic" "/opt/rustwide/target/debug/deps/{libr_extcap-31072ab2c1b5c7a7.rlib,libpcap_file-e8d0035fb3c6226e.rlib,libthiserror-92b0182c617b7665.rlib,libbyteorder_slice-769fc56b4b3c40b6.rlib,libbyteorder-1efcbe4f07366651.rlib,libtokio-4853e16824d4f8f4.rlib,libsignal_hook_registry-3cc9fd60c2bdc8b4.rlib,libsocket2-df6f17dbfe9497f6.rlib,libbytes-485c92da441bbc40.rlib,libmio-d6d51dd0359711c1.rlib,libparking_lot-962de9da014f886a.rlib,libparking_lot_core-ec3d50db475070e7.rlib,liblibc-60646f2741300933.rlib,libcfg_if-33ef6c02a07f9fec.rlib,libsmallvec-8045c56aeb050430.rlib,liblock_api-0fd539a479e0f355.rlib,libscopeguard-d52bd00767847e44.rlib,libpin_project_lite-bedc6e0acd72ff2a.rlib,liblog-8df7809bc4bc4dee.rlib,libnom_derive-9f97306de50bcaf8.rlib,libnom-ad9297965177f1dd.rlib,libmemchr-4f0714dc45d95749.rlib,libthiserror-9e760a7c4d2c73e5.rlib,libclap-2a88357f97421847.rlib,libclap_builder-ecf15a13cc8ed789.rlib,libstrsim-24acdad2526b95b7.rlib,libanstream-3a5850ea78bcd0e3.rlib,libanstyle_query-f0be367a66cb0b02.rlib,libis_terminal_polyfill-c14c9d53c4f80a97.rlib,libcolorchoice-dfb6701820ae12a0.rlib,libanstyle_parse-80647c630cc5391e.rlib,libutf8parse-8828ddbb63eb8bad.rlib,libclap_lex-8f7e36dc12b04c16.rlib,libanstyle-df82d657645c4a5c.rlib}" "/opt/rustwide/rustup-home/toolchains/nightly-2025-01-18-x86_64-unknown-linux-gnu/lib/rustlib/x86_64-unknown-linux-gnu/lib/{libstd-006123e2ce67e99d.rlib,libpanic_unwind-e1447e1efa6f1e57.rlib,libobject-f6963a4916fcf097.rlib,libmemchr-49a2d9af912f4524.rlib,libaddr2line-04d19aad3936869d.rlib,libgimli-483c235edb789db0.rlib,librustc_demangle-294281af50b8f748.rlib,libstd_detect-3b08295250aabc2a.rlib,libhashbrown-4472d1e05ba0dfaf.rlib,librustc_std_workspace_alloc-2ef099fac590e457.rlib,libminiz_oxide-8a51f5e848546c29.rlib,libadler2-3d3fa22b868db521.rlib,libunwind-0ffda8b08e22dbea.rlib,libcfg_if-b08f62458fdd43b9.rlib,liblibc-559675126e63b890.rlib,liballoc-fcf21c8d1c9c7b75.rlib,librustc_std_workspace_core-e0b0460135bcf21d.rlib,libcore-d4097fdcbddd3bc7.rlib,libcompiler_builtins-fea484ac1eed7881.rlib}" "-Wl,-Bdynamic" "-lgcc_s" "-lutil" "-lrt" "-lpthread" "-lm" "-ldl" "-lc" "-B/opt/rustwide/rustup-home/toolchains/nightly-2025-01-18-x86_64-unknown-linux-gnu/lib/rustlib/x86_64-unknown-linux-gnu/bin/gcc-ld" "-fuse-ld=lld" "-Wl,--eh-frame-hdr" "-Wl,-z,noexecstack" "-L" "/opt/rustwide/rustup-home/toolchains/nightly-2025-01-18-x86_64-unknown-linux-gnu/lib/rustlib/x86_64-unknown-linux-gnu/lib" "-o" "/tmp/rustdoctestFIrZgR/rust_out" "-Wl,--gc-sections" "-pie" "-Wl,-z,relro,-z,now" "-nodefaultlibs"
[INFO] [stdout]   = note: some arguments are omitted. use `--verbose` to show all linker arguments
[INFO] [stdout]   = note: collect2: fatal error: ld terminated with signal 7 [Bus error], core dumped
[INFO] [stdout]           compilation terminated.
[INFO] [stdout]           
[INFO] [stdout] 
[INFO] [stdout] error: aborting due to 1 previous error
[INFO] [stdout] 
[INFO] [stdout] Couldn't compile the test.
[INFO] [stdout] ---- src/lib.rs - ExtcapArgs (line 160) stdout ----
[INFO] [stdout] error: linking with `cc` failed: exit status: 1
[INFO] [stdout]   |
[INFO] [stdout]   = note: LC_ALL="C" PATH="/opt/rustwide/rustup-home/toolchains/nightly-2025-01-18-x86_64-unknown-linux-gnu/lib/rustlib/x86_64-unknown-linux-gnu/bin:/opt/rustwide/rustup-home/toolchains/nightly-2025-01-18-x86_64-unknown-linux-gnu/lib/rustlib/x86_64-unknown-linux-gnu/bin/self-contained:/opt/rustwide/cargo-home/bin:/usr/local/sbin:/usr/local/bin:/usr/sbin:/usr/bin:/sbin:/bin" VSLANG="1033" "cc" "-m64" "/tmp/rustcERxBqd/symbols.o" "<2 object files omitted>" "-Wl,--as-needed" "-Wl,-Bstatic" "/opt/rustwide/target/debug/deps/{libr_extcap-31072ab2c1b5c7a7.rlib,libpcap_file-e8d0035fb3c6226e.rlib,libthiserror-92b0182c617b7665.rlib,libbyteorder_slice-769fc56b4b3c40b6.rlib,libbyteorder-1efcbe4f07366651.rlib,libtokio-4853e16824d4f8f4.rlib,libsignal_hook_registry-3cc9fd60c2bdc8b4.rlib,libsocket2-df6f17dbfe9497f6.rlib,libbytes-485c92da441bbc40.rlib,libmio-d6d51dd0359711c1.rlib,libparking_lot-962de9da014f886a.rlib,libparking_lot_core-ec3d50db475070e7.rlib,liblibc-60646f2741300933.rlib,libcfg_if-33ef6c02a07f9fec.rlib,libsmallvec-8045c56aeb050430.rlib,liblock_api-0fd539a479e0f355.rlib,libscopeguard-d52bd00767847e44.rlib,libpin_project_lite-bedc6e0acd72ff2a.rlib,liblog-8df7809bc4bc4dee.rlib,libnom_derive-9f97306de50bcaf8.rlib,libnom-ad9297965177f1dd.rlib,libmemchr-4f0714dc45d95749.rlib,libthiserror-9e760a7c4d2c73e5.rlib,libclap-2a88357f97421847.rlib,libclap_builder-ecf15a13cc8ed789.rlib,libstrsim-24acdad2526b95b7.rlib,libanstream-3a5850ea78bcd0e3.rlib,libanstyle_query-f0be367a66cb0b02.rlib,libis_terminal_polyfill-c14c9d53c4f80a97.rlib,libcolorchoice-dfb6701820ae12a0.rlib,libanstyle_parse-80647c630cc5391e.rlib,libutf8parse-8828ddbb63eb8bad.rlib,libclap_lex-8f7e36dc12b04c16.rlib,libanstyle-df82d657645c4a5c.rlib}" "/opt/rustwide/rustup-home/toolchains/nightly-2025-01-18-x86_64-unknown-linux-gnu/lib/rustlib/x86_64-unknown-linux-gnu/lib/{libstd-006123e2ce67e99d.rlib,libpanic_unwind-e1447e1efa6f1e57.rlib,libobject-f6963a4916fcf097.rlib,libmemchr-49a2d9af912f4524.rlib,libaddr2line-04d19aad3936869d.rlib,libgimli-483c235edb789db0.rlib,librustc_demangle-294281af50b8f748.rlib,libstd_detect-3b08295250aabc2a.rlib,libhashbrown-4472d1e05ba0dfaf.rlib,librustc_std_workspace_alloc-2ef099fac590e457.rlib,libminiz_oxide-8a51f5e848546c29.rlib,libadler2-3d3fa22b868db521.rlib,libunwind-0ffda8b08e22dbea.rlib,libcfg_if-b08f62458fdd43b9.rlib,liblibc-559675126e63b890.rlib,liballoc-fcf21c8d1c9c7b75.rlib,librustc_std_workspace_core-e0b0460135bcf21d.rlib,libcore-d4097fdcbddd3bc7.rlib,libcompiler_builtins-fea484ac1eed7881.rlib}" "-Wl,-Bdynamic" "-lgcc_s" "-lutil" "-lrt" "-lpthread" "-lm" "-ldl" "-lc" "-B/opt/rustwide/rustup-home/toolchains/nightly-2025-01-18-x86_64-unknown-linux-gnu/lib/rustlib/x86_64-unknown-linux-gnu/bin/gcc-ld" "-fuse-ld=lld" "-Wl,--eh-frame-hdr" "-Wl,-z,noexecstack" "-L" "/opt/rustwide/rustup-home/toolchains/nightly-2025-01-18-x86_64-unknown-linux-gnu/lib/rustlib/x86_64-unknown-linux-gnu/lib" "-o" "/tmp/rustdoctestdp2zE0/rust_out" "-Wl,--gc-sections" "-pie" "-Wl,-z,relro,-z,now" "-nodefaultlibs"
[INFO] [stdout]   = note: some arguments are omitted. use `--verbose` to show all linker arguments
[INFO] [stdout]   = note: PLEASE submit a bug report to https://github.com/llvm/llvm-project/issues/ and include the crash backtrace.
[INFO] [stdout]           LLVM ERROR: IO failure on output stream: No space left on device
[INFO] [stdout]           collect2: fatal error: ld terminated with signal 7 [Bus error], core dumped
[INFO] [stdout]           compilation terminated.
[INFO] [stdout]           
[INFO] [stdout] 
[INFO] [stdout] error: aborting due to 1 previous error
[INFO] [stdout] 
[INFO] [stdout] Couldn't compile the test.
[INFO] [stdout] ---- src/interface.rs - interface::Dlt (line 127) stdout ----
[INFO] [stdout] error: linking with `cc` failed: exit status: 1
[INFO] [stdout]   |
[INFO] [stdout]   = note: LC_ALL="C" PATH="/opt/rustwide/rustup-home/toolchains/nightly-2025-01-18-x86_64-unknown-linux-gnu/lib/rustlib/x86_64-unknown-linux-gnu/bin:/opt/rustwide/rustup-home/toolchains/nightly-2025-01-18-x86_64-unknown-linux-gnu/lib/rustlib/x86_64-unknown-linux-gnu/bin/self-contained:/opt/rustwide/cargo-home/bin:/usr/local/sbin:/usr/local/bin:/usr/sbin:/usr/bin:/sbin:/bin" VSLANG="1033" "cc" "-m64" "/tmp/rustcm64hXI/symbols.o" "<2 object files omitted>" "-Wl,--as-needed" "-Wl,-Bstatic" "/opt/rustwide/target/debug/deps/{libr_extcap-31072ab2c1b5c7a7.rlib,libpcap_file-e8d0035fb3c6226e.rlib,libthiserror-92b0182c617b7665.rlib,libbyteorder_slice-769fc56b4b3c40b6.rlib,libbyteorder-1efcbe4f07366651.rlib,libtokio-4853e16824d4f8f4.rlib,libsignal_hook_registry-3cc9fd60c2bdc8b4.rlib,libsocket2-df6f17dbfe9497f6.rlib,libbytes-485c92da441bbc40.rlib,libmio-d6d51dd0359711c1.rlib,libparking_lot-962de9da014f886a.rlib,libparking_lot_core-ec3d50db475070e7.rlib,liblibc-60646f2741300933.rlib,libcfg_if-33ef6c02a07f9fec.rlib,libsmallvec-8045c56aeb050430.rlib,liblock_api-0fd539a479e0f355.rlib,libscopeguard-d52bd00767847e44.rlib,libpin_project_lite-bedc6e0acd72ff2a.rlib,liblog-8df7809bc4bc4dee.rlib,libnom_derive-9f97306de50bcaf8.rlib,libnom-ad9297965177f1dd.rlib,libmemchr-4f0714dc45d95749.rlib,libthiserror-9e760a7c4d2c73e5.rlib,libclap-2a88357f97421847.rlib,libclap_builder-ecf15a13cc8ed789.rlib,libstrsim-24acdad2526b95b7.rlib,libanstream-3a5850ea78bcd0e3.rlib,libanstyle_query-f0be367a66cb0b02.rlib,libis_terminal_polyfill-c14c9d53c4f80a97.rlib,libcolorchoice-dfb6701820ae12a0.rlib,libanstyle_parse-80647c630cc5391e.rlib,libutf8parse-8828ddbb63eb8bad.rlib,libclap_lex-8f7e36dc12b04c16.rlib,libanstyle-df82d657645c4a5c.rlib}" "/opt/rustwide/rustup-home/toolchains/nightly-2025-01-18-x86_64-unknown-linux-gnu/lib/rustlib/x86_64-unknown-linux-gnu/lib/{libstd-006123e2ce67e99d.rlib,libpanic_unwind-e1447e1efa6f1e57.rlib,libobject-f6963a4916fcf097.rlib,libmemchr-49a2d9af912f4524.rlib,libaddr2line-04d19aad3936869d.rlib,libgimli-483c235edb789db0.rlib,librustc_demangle-294281af50b8f748.rlib,libstd_detect-3b08295250aabc2a.rlib,libhashbrown-4472d1e05ba0dfaf.rlib,librustc_std_workspace_alloc-2ef099fac590e457.rlib,libminiz_oxide-8a51f5e848546c29.rlib,libadler2-3d3fa22b868db521.rlib,libunwind-0ffda8b08e22dbea.rlib,libcfg_if-b08f62458fdd43b9.rlib,liblibc-559675126e63b890.rlib,liballoc-fcf21c8d1c9c7b75.rlib,librustc_std_workspace_core-e0b0460135bcf21d.rlib,libcore-d4097fdcbddd3bc7.rlib,libcompiler_builtins-fea484ac1eed7881.rlib}" "-Wl,-Bdynamic" "-lgcc_s" "-lutil" "-lrt" "-lpthread" "-lm" "-ldl" "-lc" "-B/opt/rustwide/rustup-home/toolchains/nightly-2025-01-18-x86_64-unknown-linux-gnu/lib/rustlib/x86_64-unknown-linux-gnu/bin/gcc-ld" "-fuse-ld=lld" "-Wl,--eh-frame-hdr" "-Wl,-z,noexecstack" "-L" "/opt/rustwide/rustup-home/toolchains/nightly-2025-01-18-x86_64-unknown-linux-gnu/lib/rustlib/x86_64-unknown-linux-gnu/lib" "-o" "/tmp/rustdoctestIJv2Uj/rust_out" "-Wl,--gc-sections" "-pie" "-Wl,-z,relro,-z,now" "-nodefaultlibs"
[INFO] [stdout]   = note: some arguments are omitted. use `--verbose` to show all linker arguments
[INFO] [stdout]   = note: PLEASE submit a bug report to https://github.com/llvm/llvm-project/issues/ and include the crash backtrace.
[INFO] [stdout]           LLVM ERROR: IO failure on output stream: No space left on device
[INFO] [stdout]           collect2: fatal error: ld terminated with signal 7 [Bus error], core dumped
[INFO] [stdout]           compilation terminated.
[INFO] [stdout]           
[INFO] [stdout] 
[INFO] [stdout] error: aborting due to 1 previous error
[INFO] [stdout] 
[INFO] [stdout] Couldn't compile the test.
[INFO] [stdout] ---- src/lib.rs - ExtcapArgs::extcap_reload_option (line 302) stdout ----
[INFO] [stdout] error: linking with `cc` failed: exit status: 1
[INFO] [stdout]   |
[INFO] [stdout]   = note: LC_ALL="C" PATH="/opt/rustwide/rustup-home/toolchains/nightly-2025-01-18-x86_64-unknown-linux-gnu/lib/rustlib/x86_64-unknown-linux-gnu/bin:/opt/rustwide/rustup-home/toolchains/nightly-2025-01-18-x86_64-unknown-linux-gnu/lib/rustlib/x86_64-unknown-linux-gnu/bin/self-contained:/opt/rustwide/cargo-home/bin:/usr/local/sbin:/usr/local/bin:/usr/sbin:/usr/bin:/sbin:/bin" VSLANG="1033" "cc" "-m64" "/tmp/rustcMznq8K/symbols.o" "<2 object files omitted>" "-Wl,--as-needed" "-Wl,-Bstatic" "/opt/rustwide/target/debug/deps/{libr_extcap-31072ab2c1b5c7a7.rlib,libpcap_file-e8d0035fb3c6226e.rlib,libthiserror-92b0182c617b7665.rlib,libbyteorder_slice-769fc56b4b3c40b6.rlib,libbyteorder-1efcbe4f07366651.rlib,libtokio-4853e16824d4f8f4.rlib,libsignal_hook_registry-3cc9fd60c2bdc8b4.rlib,libsocket2-df6f17dbfe9497f6.rlib,libbytes-485c92da441bbc40.rlib,libmio-d6d51dd0359711c1.rlib,libparking_lot-962de9da014f886a.rlib,libparking_lot_core-ec3d50db475070e7.rlib,liblibc-60646f2741300933.rlib,libcfg_if-33ef6c02a07f9fec.rlib,libsmallvec-8045c56aeb050430.rlib,liblock_api-0fd539a479e0f355.rlib,libscopeguard-d52bd00767847e44.rlib,libpin_project_lite-bedc6e0acd72ff2a.rlib,liblog-8df7809bc4bc4dee.rlib,libnom_derive-9f97306de50bcaf8.rlib,libnom-ad9297965177f1dd.rlib,libmemchr-4f0714dc45d95749.rlib,libthiserror-9e760a7c4d2c73e5.rlib,libclap-2a88357f97421847.rlib,libclap_builder-ecf15a13cc8ed789.rlib,libstrsim-24acdad2526b95b7.rlib,libanstream-3a5850ea78bcd0e3.rlib,libanstyle_query-f0be367a66cb0b02.rlib,libis_terminal_polyfill-c14c9d53c4f80a97.rlib,libcolorchoice-dfb6701820ae12a0.rlib,libanstyle_parse-80647c630cc5391e.rlib,libutf8parse-8828ddbb63eb8bad.rlib,libclap_lex-8f7e36dc12b04c16.rlib,libanstyle-df82d657645c4a5c.rlib}" "/opt/rustwide/rustup-home/toolchains/nightly-2025-01-18-x86_64-unknown-linux-gnu/lib/rustlib/x86_64-unknown-linux-gnu/lib/{libstd-006123e2ce67e99d.rlib,libpanic_unwind-e1447e1efa6f1e57.rlib,libobject-f6963a4916fcf097.rlib,libmemchr-49a2d9af912f4524.rlib,libaddr2line-04d19aad3936869d.rlib,libgimli-483c235edb789db0.rlib,librustc_demangle-294281af50b8f748.rlib,libstd_detect-3b08295250aabc2a.rlib,libhashbrown-4472d1e05ba0dfaf.rlib,librustc_std_workspace_alloc-2ef099fac590e457.rlib,libminiz_oxide-8a51f5e848546c29.rlib,libadler2-3d3fa22b868db521.rlib,libunwind-0ffda8b08e22dbea.rlib,libcfg_if-b08f62458fdd43b9.rlib,liblibc-559675126e63b890.rlib,liballoc-fcf21c8d1c9c7b75.rlib,librustc_std_workspace_core-e0b0460135bcf21d.rlib,libcore-d4097fdcbddd3bc7.rlib,libcompiler_builtins-fea484ac1eed7881.rlib}" "-Wl,-Bdynamic" "-lgcc_s" "-lutil" "-lrt" "-lpthread" "-lm" "-ldl" "-lc" "-B/opt/rustwide/rustup-home/toolchains/nightly-2025-01-18-x86_64-unknown-linux-gnu/lib/rustlib/x86_64-unknown-linux-gnu/bin/gcc-ld" "-fuse-ld=lld" "-Wl,--eh-frame-hdr" "-Wl,-z,noexecstack" "-L" "/opt/rustwide/rustup-home/toolchains/nightly-2025-01-18-x86_64-unknown-linux-gnu/lib/rustlib/x86_64-unknown-linux-gnu/lib" "-o" "/tmp/rustdoctestiomgOR/rust_out" "-Wl,--gc-sections" "-pie" "-Wl,-z,relro,-z,now" "-nodefaultlibs"
[INFO] [stdout]   = note: some arguments are omitted. use `--verbose` to show all linker arguments
[INFO] [stdout]   = note: collect2: fatal error: ld terminated with signal 7 [Bus error], core dumped
[INFO] [stdout]           compilation terminated.
[INFO] [stdout]           
[INFO] [stdout] 
[INFO] [stdout] error: aborting due to 1 previous error
[INFO] [stdout] 
[INFO] [stdout] Couldn't compile the test.
[INFO] [stdout] ---- src/lib.rs - installation_instructions (line 457) stdout ----
[INFO] [stdout] error: linking with `cc` failed: exit status: 1
[INFO] [stdout]   |
[INFO] [stdout]   = note: LC_ALL="C" PATH="/opt/rustwide/rustup-home/toolchains/nightly-2025-01-18-x86_64-unknown-linux-gnu/lib/rustlib/x86_64-unknown-linux-gnu/bin:/opt/rustwide/rustup-home/toolchains/nightly-2025-01-18-x86_64-unknown-linux-gnu/lib/rustlib/x86_64-unknown-linux-gnu/bin/self-contained:/opt/rustwide/cargo-home/bin:/usr/local/sbin:/usr/local/bin:/usr/sbin:/usr/bin:/sbin:/bin" VSLANG="1033" "cc" "-m64" "/tmp/rustcYQL74Z/symbols.o" "<2 object files omitted>" "-Wl,--as-needed" "-Wl,-Bstatic" "/opt/rustwide/target/debug/deps/{libr_extcap-31072ab2c1b5c7a7.rlib,libpcap_file-e8d0035fb3c6226e.rlib,libthiserror-92b0182c617b7665.rlib,libbyteorder_slice-769fc56b4b3c40b6.rlib,libbyteorder-1efcbe4f07366651.rlib,libtokio-4853e16824d4f8f4.rlib,libsignal_hook_registry-3cc9fd60c2bdc8b4.rlib,libsocket2-df6f17dbfe9497f6.rlib,libbytes-485c92da441bbc40.rlib,libmio-d6d51dd0359711c1.rlib,libparking_lot-962de9da014f886a.rlib,libparking_lot_core-ec3d50db475070e7.rlib,liblibc-60646f2741300933.rlib,libcfg_if-33ef6c02a07f9fec.rlib,libsmallvec-8045c56aeb050430.rlib,liblock_api-0fd539a479e0f355.rlib,libscopeguard-d52bd00767847e44.rlib,libpin_project_lite-bedc6e0acd72ff2a.rlib,liblog-8df7809bc4bc4dee.rlib,libnom_derive-9f97306de50bcaf8.rlib,libnom-ad9297965177f1dd.rlib,libmemchr-4f0714dc45d95749.rlib,libthiserror-9e760a7c4d2c73e5.rlib,libclap-2a88357f97421847.rlib,libclap_builder-ecf15a13cc8ed789.rlib,libstrsim-24acdad2526b95b7.rlib,libanstream-3a5850ea78bcd0e3.rlib,libanstyle_query-f0be367a66cb0b02.rlib,libis_terminal_polyfill-c14c9d53c4f80a97.rlib,libcolorchoice-dfb6701820ae12a0.rlib,libanstyle_parse-80647c630cc5391e.rlib,libutf8parse-8828ddbb63eb8bad.rlib,libclap_lex-8f7e36dc12b04c16.rlib,libanstyle-df82d657645c4a5c.rlib}" "/opt/rustwide/rustup-home/toolchains/nightly-2025-01-18-x86_64-unknown-linux-gnu/lib/rustlib/x86_64-unknown-linux-gnu/lib/{libstd-006123e2ce67e99d.rlib,libpanic_unwind-e1447e1efa6f1e57.rlib,libobject-f6963a4916fcf097.rlib,libmemchr-49a2d9af912f4524.rlib,libaddr2line-04d19aad3936869d.rlib,libgimli-483c235edb789db0.rlib,librustc_demangle-294281af50b8f748.rlib,libstd_detect-3b08295250aabc2a.rlib,libhashbrown-4472d1e05ba0dfaf.rlib,librustc_std_workspace_alloc-2ef099fac590e457.rlib,libminiz_oxide-8a51f5e848546c29.rlib,libadler2-3d3fa22b868db521.rlib,libunwind-0ffda8b08e22dbea.rlib,libcfg_if-b08f62458fdd43b9.rlib,liblibc-559675126e63b890.rlib,liballoc-fcf21c8d1c9c7b75.rlib,librustc_std_workspace_core-e0b0460135bcf21d.rlib,libcore-d4097fdcbddd3bc7.rlib,libcompiler_builtins-fea484ac1eed7881.rlib}" "-Wl,-Bdynamic" "-lgcc_s" "-lutil" "-lrt" "-lpthread" "-lm" "-ldl" "-lc" "-B/opt/rustwide/rustup-home/toolchains/nightly-2025-01-18-x86_64-unknown-linux-gnu/lib/rustlib/x86_64-unknown-linux-gnu/bin/gcc-ld" "-fuse-ld=lld" "-Wl,--eh-frame-hdr" "-Wl,-z,noexecstack" "-L" "/opt/rustwide/rustup-home/toolchains/nightly-2025-01-18-x86_64-unknown-linux-gnu/lib/rustlib/x86_64-unknown-linux-gnu/lib" "-o" "/tmp/rustdoctestBeWcae/rust_out" "-Wl,--gc-sections" "-pie" "-Wl,-z,relro,-z,now" "-nodefaultlibs"
[INFO] [stdout]   = note: some arguments are omitted. use `--verbose` to show all linker arguments
[INFO] [stdout]   = note: collect2: fatal error: ld terminated with signal 7 [Bus error], core dumped
[INFO] [stdout]           compilation terminated.
[INFO] [stdout]           
[INFO] [stdout] 
[INFO] [stdout] error: aborting due to 1 previous error
[INFO] [stdout] 
[INFO] [stdout] Couldn't compile the test.
[INFO] [stdout] ---- src/config.rs - config::FileSelectConfig (line 902) stdout ----
[INFO] [stdout] error: linking with `cc` failed: exit status: 1
[INFO] [stdout]   |
[INFO] [stdout]   = note: LC_ALL="C" PATH="/opt/rustwide/rustup-home/toolchains/nightly-2025-01-18-x86_64-unknown-linux-gnu/lib/rustlib/x86_64-unknown-linux-gnu/bin:/opt/rustwide/rustup-home/toolchains/nightly-2025-01-18-x86_64-unknown-linux-gnu/lib/rustlib/x86_64-unknown-linux-gnu/bin/self-contained:/opt/rustwide/cargo-home/bin:/usr/local/sbin:/usr/local/bin:/usr/sbin:/usr/bin:/sbin:/bin" VSLANG="1033" "cc" "-m64" "/tmp/rustcZECBKj/symbols.o" "<2 object files omitted>" "-Wl,--as-needed" "-Wl,-Bstatic" "/opt/rustwide/target/debug/deps/{libr_extcap-31072ab2c1b5c7a7.rlib,libpcap_file-e8d0035fb3c6226e.rlib,libthiserror-92b0182c617b7665.rlib,libbyteorder_slice-769fc56b4b3c40b6.rlib,libbyteorder-1efcbe4f07366651.rlib,libtokio-4853e16824d4f8f4.rlib,libsignal_hook_registry-3cc9fd60c2bdc8b4.rlib,libsocket2-df6f17dbfe9497f6.rlib,libbytes-485c92da441bbc40.rlib,libmio-d6d51dd0359711c1.rlib,libparking_lot-962de9da014f886a.rlib,libparking_lot_core-ec3d50db475070e7.rlib,liblibc-60646f2741300933.rlib,libcfg_if-33ef6c02a07f9fec.rlib,libsmallvec-8045c56aeb050430.rlib,liblock_api-0fd539a479e0f355.rlib,libscopeguard-d52bd00767847e44.rlib,libpin_project_lite-bedc6e0acd72ff2a.rlib,liblog-8df7809bc4bc4dee.rlib,libnom_derive-9f97306de50bcaf8.rlib,libnom-ad9297965177f1dd.rlib,libmemchr-4f0714dc45d95749.rlib,libthiserror-9e760a7c4d2c73e5.rlib,libclap-2a88357f97421847.rlib,libclap_builder-ecf15a13cc8ed789.rlib,libstrsim-24acdad2526b95b7.rlib,libanstream-3a5850ea78bcd0e3.rlib,libanstyle_query-f0be367a66cb0b02.rlib,libis_terminal_polyfill-c14c9d53c4f80a97.rlib,libcolorchoice-dfb6701820ae12a0.rlib,libanstyle_parse-80647c630cc5391e.rlib,libutf8parse-8828ddbb63eb8bad.rlib,libclap_lex-8f7e36dc12b04c16.rlib,libanstyle-df82d657645c4a5c.rlib}" "/opt/rustwide/rustup-home/toolchains/nightly-2025-01-18-x86_64-unknown-linux-gnu/lib/rustlib/x86_64-unknown-linux-gnu/lib/{libstd-006123e2ce67e99d.rlib,libpanic_unwind-e1447e1efa6f1e57.rlib,libobject-f6963a4916fcf097.rlib,libmemchr-49a2d9af912f4524.rlib,libaddr2line-04d19aad3936869d.rlib,libgimli-483c235edb789db0.rlib,librustc_demangle-294281af50b8f748.rlib,libstd_detect-3b08295250aabc2a.rlib,libhashbrown-4472d1e05ba0dfaf.rlib,librustc_std_workspace_alloc-2ef099fac590e457.rlib,libminiz_oxide-8a51f5e848546c29.rlib,libadler2-3d3fa22b868db521.rlib,libunwind-0ffda8b08e22dbea.rlib,libcfg_if-b08f62458fdd43b9.rlib,liblibc-559675126e63b890.rlib,liballoc-fcf21c8d1c9c7b75.rlib,librustc_std_workspace_core-e0b0460135bcf21d.rlib,libcore-d4097fdcbddd3bc7.rlib,libcompiler_builtins-fea484ac1eed7881.rlib}" "-Wl,-Bdynamic" "-lgcc_s" "-lutil" "-lrt" "-lpthread" "-lm" "-ldl" "-lc" "-B/opt/rustwide/rustup-home/toolchains/nightly-2025-01-18-x86_64-unknown-linux-gnu/lib/rustlib/x86_64-unknown-linux-gnu/bin/gcc-ld" "-fuse-ld=lld" "-Wl,--eh-frame-hdr" "-Wl,-z,noexecstack" "-L" "/opt/rustwide/rustup-home/toolchains/nightly-2025-01-18-x86_64-unknown-linux-gnu/lib/rustlib/x86_64-unknown-linux-gnu/lib" "-o" "/tmp/rustdoctest2hLinn/rust_out" "-Wl,--gc-sections" "-pie" "-Wl,-z,relro,-z,now" "-nodefaultlibs"
[INFO] [stdout]   = note: some arguments are omitted. use `--verbose` to show all linker arguments
[INFO] [stdout]   = note: PLEASE submit a bug report to https://github.com/llvm/llvm-project/issues/ and include the crash backtrace.
[INFO] [stdout]           LLVM ERROR: IO failure on output stream: No space left on device
[INFO] [stdout]           pure virtual method called
[INFO] [stdout]           terminate called without an active exception
[INFO] [stdout]           collect2: fatal error: ld terminated with signal 6 [Aborted], core dumped
[INFO] [stdout]           compilation terminated.
[INFO] [stdout]           
[INFO] [stdout] 
[INFO] [stdout] error: aborting due to 1 previous error
[INFO] [stdout] 
[INFO] [stdout] Couldn't compile the test.
[INFO] [stdout] ---- src/config.rs - config::MultiCheckConfig (line 223) stdout ----
[INFO] [stdout] error: linking with `cc` failed: exit status: 1
[INFO] [stdout]   |
[INFO] [stdout]   = note: LC_ALL="C" PATH="/opt/rustwide/rustup-home/toolchains/nightly-2025-01-18-x86_64-unknown-linux-gnu/lib/rustlib/x86_64-unknown-linux-gnu/bin:/opt/rustwide/rustup-home/toolchains/nightly-2025-01-18-x86_64-unknown-linux-gnu/lib/rustlib/x86_64-unknown-linux-gnu/bin/self-contained:/opt/rustwide/cargo-home/bin:/usr/local/sbin:/usr/local/bin:/usr/sbin:/usr/bin:/sbin:/bin" VSLANG="1033" "cc" "-m64" "/tmp/rustcsnKw6O/symbols.o" "<2 object files omitted>" "-Wl,--as-needed" "-Wl,-Bstatic" "/opt/rustwide/target/debug/deps/{libr_extcap-31072ab2c1b5c7a7.rlib,libpcap_file-e8d0035fb3c6226e.rlib,libthiserror-92b0182c617b7665.rlib,libbyteorder_slice-769fc56b4b3c40b6.rlib,libbyteorder-1efcbe4f07366651.rlib,libtokio-4853e16824d4f8f4.rlib,libsignal_hook_registry-3cc9fd60c2bdc8b4.rlib,libsocket2-df6f17dbfe9497f6.rlib,libbytes-485c92da441bbc40.rlib,libmio-d6d51dd0359711c1.rlib,libparking_lot-962de9da014f886a.rlib,libparking_lot_core-ec3d50db475070e7.rlib,liblibc-60646f2741300933.rlib,libcfg_if-33ef6c02a07f9fec.rlib,libsmallvec-8045c56aeb050430.rlib,liblock_api-0fd539a479e0f355.rlib,libscopeguard-d52bd00767847e44.rlib,libpin_project_lite-bedc6e0acd72ff2a.rlib,liblog-8df7809bc4bc4dee.rlib,libnom_derive-9f97306de50bcaf8.rlib,libnom-ad9297965177f1dd.rlib,libmemchr-4f0714dc45d95749.rlib,libthiserror-9e760a7c4d2c73e5.rlib,libclap-2a88357f97421847.rlib,libclap_builder-ecf15a13cc8ed789.rlib,libstrsim-24acdad2526b95b7.rlib,libanstream-3a5850ea78bcd0e3.rlib,libanstyle_query-f0be367a66cb0b02.rlib,libis_terminal_polyfill-c14c9d53c4f80a97.rlib,libcolorchoice-dfb6701820ae12a0.rlib,libanstyle_parse-80647c630cc5391e.rlib,libutf8parse-8828ddbb63eb8bad.rlib,libclap_lex-8f7e36dc12b04c16.rlib,libanstyle-df82d657645c4a5c.rlib}" "/opt/rustwide/rustup-home/toolchains/nightly-2025-01-18-x86_64-unknown-linux-gnu/lib/rustlib/x86_64-unknown-linux-gnu/lib/{libstd-006123e2ce67e99d.rlib,libpanic_unwind-e1447e1efa6f1e57.rlib,libobject-f6963a4916fcf097.rlib,libmemchr-49a2d9af912f4524.rlib,libaddr2line-04d19aad3936869d.rlib,libgimli-483c235edb789db0.rlib,librustc_demangle-294281af50b8f748.rlib,libstd_detect-3b08295250aabc2a.rlib,libhashbrown-4472d1e05ba0dfaf.rlib,librustc_std_workspace_alloc-2ef099fac590e457.rlib,libminiz_oxide-8a51f5e848546c29.rlib,libadler2-3d3fa22b868db521.rlib,libunwind-0ffda8b08e22dbea.rlib,libcfg_if-b08f62458fdd43b9.rlib,liblibc-559675126e63b890.rlib,liballoc-fcf21c8d1c9c7b75.rlib,librustc_std_workspace_core-e0b0460135bcf21d.rlib,libcore-d4097fdcbddd3bc7.rlib,libcompiler_builtins-fea484ac1eed7881.rlib}" "-Wl,-Bdynamic" "-lgcc_s" "-lutil" "-lrt" "-lpthread" "-lm" "-ldl" "-lc" "-B/opt/rustwide/rustup-home/toolchains/nightly-2025-01-18-x86_64-unknown-linux-gnu/lib/rustlib/x86_64-unknown-linux-gnu/bin/gcc-ld" "-fuse-ld=lld" "-Wl,--eh-frame-hdr" "-Wl,-z,noexecstack" "-L" "/opt/rustwide/rustup-home/toolchains/nightly-2025-01-18-x86_64-unknown-linux-gnu/lib/rustlib/x86_64-unknown-linux-gnu/lib" "-o" "/tmp/rustdoctestn4qSIE/rust_out" "-Wl,--gc-sections" "-pie" "-Wl,-z,relro,-z,now" "-nodefaultlibs"
[INFO] [stdout]   = note: some arguments are omitted. use `--verbose` to show all linker arguments
[INFO] [stdout]   = note: PLEASE submit a bug report to https://github.com/llvm/llvm-project/issues/ and include the crash backtrace.
[INFO] [stdout]           LLVM ERROR: IO failure on output stream: No space left on device
[INFO] [stdout]           pure virtual method called
[INFO] [stdout]           terminate called without an active exception
[INFO] [stdout]           collect2: fatal error: ld terminated with signal 6 [Aborted], core dumped
[INFO] [stdout]           compilation terminated.
[INFO] [stdout]           
[INFO] [stdout] 
[INFO] [stdout] error: aborting due to 1 previous error
[INFO] [stdout] 
[INFO] [stdout] Couldn't compile the test.
[INFO] [stdout] ---- src/interface.rs - interface::Metadata (line 32) stdout ----
[INFO] [stdout] error: linking with `cc` failed: exit status: 1
[INFO] [stdout]   |
[INFO] [stdout]   = note: LC_ALL="C" PATH="/opt/rustwide/rustup-home/toolchains/nightly-2025-01-18-x86_64-unknown-linux-gnu/lib/rustlib/x86_64-unknown-linux-gnu/bin:/opt/rustwide/rustup-home/toolchains/nightly-2025-01-18-x86_64-unknown-linux-gnu/lib/rustlib/x86_64-unknown-linux-gnu/bin/self-contained:/opt/rustwide/cargo-home/bin:/usr/local/sbin:/usr/local/bin:/usr/sbin:/usr/bin:/sbin:/bin" VSLANG="1033" "cc" "-m64" "/tmp/rustcwcr7qY/symbols.o" "<2 object files omitted>" "-Wl,--as-needed" "-Wl,-Bstatic" "/opt/rustwide/target/debug/deps/{libr_extcap-31072ab2c1b5c7a7.rlib,libpcap_file-e8d0035fb3c6226e.rlib,libthiserror-92b0182c617b7665.rlib,libbyteorder_slice-769fc56b4b3c40b6.rlib,libbyteorder-1efcbe4f07366651.rlib,libtokio-4853e16824d4f8f4.rlib,libsignal_hook_registry-3cc9fd60c2bdc8b4.rlib,libsocket2-df6f17dbfe9497f6.rlib,libbytes-485c92da441bbc40.rlib,libmio-d6d51dd0359711c1.rlib,libparking_lot-962de9da014f886a.rlib,libparking_lot_core-ec3d50db475070e7.rlib,liblibc-60646f2741300933.rlib,libcfg_if-33ef6c02a07f9fec.rlib,libsmallvec-8045c56aeb050430.rlib,liblock_api-0fd539a479e0f355.rlib,libscopeguard-d52bd00767847e44.rlib,libpin_project_lite-bedc6e0acd72ff2a.rlib,liblog-8df7809bc4bc4dee.rlib,libnom_derive-9f97306de50bcaf8.rlib,libnom-ad9297965177f1dd.rlib,libmemchr-4f0714dc45d95749.rlib,libthiserror-9e760a7c4d2c73e5.rlib,libclap-2a88357f97421847.rlib,libclap_builder-ecf15a13cc8ed789.rlib,libstrsim-24acdad2526b95b7.rlib,libanstream-3a5850ea78bcd0e3.rlib,libanstyle_query-f0be367a66cb0b02.rlib,libis_terminal_polyfill-c14c9d53c4f80a97.rlib,libcolorchoice-dfb6701820ae12a0.rlib,libanstyle_parse-80647c630cc5391e.rlib,libutf8parse-8828ddbb63eb8bad.rlib,libclap_lex-8f7e36dc12b04c16.rlib,libanstyle-df82d657645c4a5c.rlib}" "/opt/rustwide/rustup-home/toolchains/nightly-2025-01-18-x86_64-unknown-linux-gnu/lib/rustlib/x86_64-unknown-linux-gnu/lib/{libstd-006123e2ce67e99d.rlib,libpanic_unwind-e1447e1efa6f1e57.rlib,libobject-f6963a4916fcf097.rlib,libmemchr-49a2d9af912f4524.rlib,libaddr2line-04d19aad3936869d.rlib,libgimli-483c235edb789db0.rlib,librustc_demangle-294281af50b8f748.rlib,libstd_detect-3b08295250aabc2a.rlib,libhashbrown-4472d1e05ba0dfaf.rlib,librustc_std_workspace_alloc-2ef099fac590e457.rlib,libminiz_oxide-8a51f5e848546c29.rlib,libadler2-3d3fa22b868db521.rlib,libunwind-0ffda8b08e22dbea.rlib,libcfg_if-b08f62458fdd43b9.rlib,liblibc-559675126e63b890.rlib,liballoc-fcf21c8d1c9c7b75.rlib,librustc_std_workspace_core-e0b0460135bcf21d.rlib,libcore-d4097fdcbddd3bc7.rlib,libcompiler_builtins-fea484ac1eed7881.rlib}" "-Wl,-Bdynamic" "-lgcc_s" "-lutil" "-lrt" "-lpthread" "-lm" "-ldl" "-lc" "-B/opt/rustwide/rustup-home/toolchains/nightly-2025-01-18-x86_64-unknown-linux-gnu/lib/rustlib/x86_64-unknown-linux-gnu/bin/gcc-ld" "-fuse-ld=lld" "-Wl,--eh-frame-hdr" "-Wl,-z,noexecstack" "-L" "/opt/rustwide/rustup-home/toolchains/nightly-2025-01-18-x86_64-unknown-linux-gnu/lib/rustlib/x86_64-unknown-linux-gnu/lib" "-o" "/tmp/rustdoctest6bnQio/rust_out" "-Wl,--gc-sections" "-pie" "-Wl,-z,relro,-z,now" "-nodefaultlibs"
[INFO] [stdout]   = note: some arguments are omitted. use `--verbose` to show all linker arguments
[INFO] [stdout]   = note: PLEASE submit a bug report to https://github.com/llvm/llvm-project/issues/ and include the crash backtrace.
[INFO] [stdout]           collect2: fatal error: ld terminated with signal 7 [Bus error], core dumped
[INFO] [stdout]           compilation terminated.
[INFO] [stdout]           
[INFO] [stdout] 
[INFO] [stdout] error: aborting due to 1 previous error
[INFO] [stdout] 
[INFO] [stdout] Couldn't compile the test.
[INFO] [stdout] 
[INFO] [stdout] failures:
[INFO] [stdout]     src/config.rs - config::BooleanConfig (line 986)
[INFO] [stdout]     src/config.rs - config::DoubleConfig (line 581)
[INFO] [stdout]     src/config.rs - config::FileSelectConfig (line 902)
[INFO] [stdout]     src/config.rs - config::IntegerConfig (line 435)
[INFO] [stdout]     src/config.rs - config::LongConfig (line 362)
[INFO] [stdout]     src/config.rs - config::MultiCheckConfig (line 223)
[INFO] [stdout]     src/config.rs - config::PasswordConfig (line 758)
[INFO] [stdout]     src/config.rs - config::RadioConfig (line 143)
[INFO] [stdout]     src/config.rs - config::SelectorConfig (line 53)
[INFO] [stdout]     src/config.rs - config::StringConfig (line 653)
[INFO] [stdout]     src/config.rs - config::TimestampConfig (line 840)
[INFO] [stdout]     src/config.rs - config::UnsignedConfig (line 508)
[INFO] [stdout]     src/interface.rs - interface::Dlt (line 127)
[INFO] [stdout]     src/interface.rs - interface::Interface (line 79)
[INFO] [stdout]     src/interface.rs - interface::Metadata (line 32)
[INFO] [stdout]     src/lib.rs - (line 75)
[INFO] [stdout]     src/lib.rs - ExtcapArgs (line 160)
[INFO] [stdout]     src/lib.rs - ExtcapArgs::extcap_reload_option (line 302)
[INFO] [stdout]     src/lib.rs - ExtcapFormatter (line 863)
[INFO] [stdout]     src/lib.rs - installation_instructions (line 457)
[INFO] [stdout] 
[INFO] [stdout] test result: FAILED. 1 passed; 20 failed; 3 ignored; 0 measured; 0 filtered out; finished in 1.41s
[INFO] [stdout] 
[INFO] [stderr] error: doctest failed, to rerun pass `--doc`
[INFO] running `Command { std: "docker" "inspect" "41b2f920cc3334f43d252fe38cdb1174874d2dd4d567806a22a10c0b48d51406", kill_on_drop: false }`
[INFO] running `Command { std: "docker" "rm" "-f" "41b2f920cc3334f43d252fe38cdb1174874d2dd4d567806a22a10c0b48d51406", kill_on_drop: false }`
[INFO] [stdout] 41b2f920cc3334f43d252fe38cdb1174874d2dd4d567806a22a10c0b48d51406
