[INFO] fetching crate quicknotes 1.0.2...
[INFO] testing quicknotes-1.0.2 against nightly-2025-01-18+rustflags=-Zrandomize-layout for randomize-layout-2
[INFO] extracting crate quicknotes 1.0.2 into /workspace/builds/worker-0-tc2/source
[INFO] validating manifest of crates.io crate quicknotes 1.0.2 on toolchain nightly-2025-01-18
[INFO] running `Command { std: CARGO_HOME="/workspace/cargo-home" RUSTUP_HOME="/workspace/rustup-home" "/workspace/cargo-home/bin/cargo" "+nightly-2025-01-18" "metadata" "--manifest-path" "Cargo.toml" "--no-deps", kill_on_drop: false }`
[INFO] started tweaking crates.io crate quicknotes 1.0.2
[INFO] removed 0 missing tests
[INFO] finished tweaking crates.io crate quicknotes 1.0.2
[INFO] tweaked toml for crates.io crate quicknotes 1.0.2 written to /workspace/builds/worker-0-tc2/source/Cargo.toml
[INFO] crate crates.io crate quicknotes 1.0.2 already has a lockfile, it will not be regenerated
[INFO] running `Command { std: CARGO_HOME="/workspace/cargo-home" RUSTUP_HOME="/workspace/rustup-home" "/workspace/cargo-home/bin/cargo" "+nightly-2025-01-18" "fetch" "--manifest-path" "Cargo.toml", kill_on_drop: false }`
[INFO] running `Command { std: "docker" "create" "-v" "/var/lib/crater-agent-workspace/builds/worker-0-tc2/target:/opt/rustwide/target:rw,Z" "-v" "/var/lib/crater-agent-workspace/builds/worker-0-tc2/source:/opt/rustwide/workdir:ro,Z" "-v" "/var/lib/crater-agent-workspace/cargo-home:/opt/rustwide/cargo-home:ro,Z" "-v" "/var/lib/crater-agent-workspace/rustup-home:/opt/rustwide/rustup-home:ro,Z" "-e" "SOURCE_DIR=/opt/rustwide/workdir" "-e" "CARGO_TARGET_DIR=/opt/rustwide/target" "-e" "CARGO_HOME=/opt/rustwide/cargo-home" "-e" "RUSTUP_HOME=/opt/rustwide/rustup-home" "-w" "/opt/rustwide/workdir" "-m" "1610612736" "--user" "0:0" "--network" "none" "ghcr.io/rust-lang/crates-build-env/linux@sha256:819108c5571ea2e421544af4d832f968d213c87fbe3707a016657f43d2f853bc" "/opt/rustwide/cargo-home/bin/cargo" "+nightly-2025-01-18" "metadata" "--no-deps" "--format-version=1", kill_on_drop: false }`
[INFO] [stdout] 8256eaa4be25f61feb70e606e627ee0dc214279b413a7b44bf67f919c3268f74
[INFO] running `Command { std: "docker" "start" "-a" "8256eaa4be25f61feb70e606e627ee0dc214279b413a7b44bf67f919c3268f74", kill_on_drop: false }`
[INFO] running `Command { std: "docker" "inspect" "8256eaa4be25f61feb70e606e627ee0dc214279b413a7b44bf67f919c3268f74", kill_on_drop: false }`
[INFO] running `Command { std: "docker" "rm" "-f" "8256eaa4be25f61feb70e606e627ee0dc214279b413a7b44bf67f919c3268f74", kill_on_drop: false }`
[INFO] [stdout] 8256eaa4be25f61feb70e606e627ee0dc214279b413a7b44bf67f919c3268f74
[INFO] running `Command { std: "docker" "create" "-v" "/var/lib/crater-agent-workspace/builds/worker-0-tc2/target:/opt/rustwide/target:rw,Z" "-v" "/var/lib/crater-agent-workspace/builds/worker-0-tc2/source:/opt/rustwide/workdir:ro,Z" "-v" "/var/lib/crater-agent-workspace/cargo-home:/opt/rustwide/cargo-home:ro,Z" "-v" "/var/lib/crater-agent-workspace/rustup-home:/opt/rustwide/rustup-home:ro,Z" "-e" "SOURCE_DIR=/opt/rustwide/workdir" "-e" "CARGO_TARGET_DIR=/opt/rustwide/target" "-e" "CARGO_INCREMENTAL=0" "-e" "RUST_BACKTRACE=full" "-e" "RUSTFLAGS=--cap-lints=forbid -Zrandomize-layout" "-e" "RUSTDOCFLAGS=--cap-lints=forbid" "-e" "CARGO_HOME=/opt/rustwide/cargo-home" "-e" "RUSTUP_HOME=/opt/rustwide/rustup-home" "-w" "/opt/rustwide/workdir" "-m" "1610612736" "--user" "0:0" "--network" "none" "ghcr.io/rust-lang/crates-build-env/linux@sha256:819108c5571ea2e421544af4d832f968d213c87fbe3707a016657f43d2f853bc" "/opt/rustwide/cargo-home/bin/cargo" "+nightly-2025-01-18" "build" "--frozen" "--message-format=json", kill_on_drop: false }`
[INFO] [stdout] 59b4b224365478402dbbdb3f8e94fedcb0eb7bd3eb7db45bd0b8afa16cc94a24
[INFO] running `Command { std: "docker" "start" "-a" "59b4b224365478402dbbdb3f8e94fedcb0eb7bd3eb7db45bd0b8afa16cc94a24", kill_on_drop: false }`
[INFO] [stderr]    Compiling libc v0.2.169
[INFO] [stderr]    Compiling version_check v0.9.5
[INFO] [stderr]    Compiling proc-macro2 v1.0.93
[INFO] [stderr]    Compiling unicode-ident v1.0.14
[INFO] [stderr]    Compiling cfg-if v1.0.0
[INFO] [stderr]    Compiling autocfg v1.4.0
[INFO] [stderr]    Compiling crossbeam-utils v0.8.21
[INFO] [stderr]    Compiling smallvec v1.13.2
[INFO] [stderr]    Compiling typenum v1.17.0
[INFO] [stderr]    Compiling once_cell v1.20.2
[INFO] [stderr]    Compiling memchr v2.7.4
[INFO] [stderr]    Compiling bitflags v2.7.0
[INFO] [stderr]    Compiling serde v1.0.217
[INFO] [stderr]    Compiling shlex v1.3.0
[INFO] [stderr]    Compiling parking_lot_core v0.9.10
[INFO] [stderr]    Compiling scopeguard v1.2.0
[INFO] [stderr]    Compiling signal-hook v0.3.17
[INFO] [stderr]    Compiling zerocopy v0.7.35
[INFO] [stderr]    Compiling pkg-config v0.3.31
[INFO] [stderr]    Compiling cc v1.2.9
[INFO] [stderr]    Compiling rayon-core v1.12.1
[INFO] [stderr]    Compiling thiserror v1.0.69
[INFO] [stderr]    Compiling rustix v0.38.43
[INFO] [stderr]    Compiling vcpkg v0.2.15
[INFO] [stderr]    Compiling log v0.4.22
[INFO] [stderr]    Compiling linux-raw-sys v0.4.15
[INFO] [stderr]    Compiling ahash v0.8.11
[INFO] [stderr]    Compiling generic-array v0.14.7
[INFO] [stderr]    Compiling utf8parse v0.2.2
[INFO] [stderr]    Compiling either v1.13.0
[INFO] [stderr]    Compiling crossbeam-epoch v0.9.18
[INFO] [stderr]    Compiling anstyle-parse v0.2.6
[INFO] [stderr]    Compiling is_terminal_polyfill v1.70.1
[INFO] [stderr]    Compiling colorchoice v1.0.3
[INFO] [stderr]    Compiling lock_api v0.4.12
[INFO] [stderr]    Compiling num-traits v0.2.19
[INFO] [stderr]    Compiling hashbrown v0.14.5
[INFO] [stderr]    Compiling unicode-segmentation v1.12.0
[INFO] [stderr]    Compiling hashbrown v0.15.2
[INFO] [stderr]    Compiling crossbeam-deque v0.8.6
[INFO] [stderr]    Compiling equivalent v1.0.1
[INFO] [stderr]    Compiling anstyle-query v1.1.2
[INFO] [stderr]    Compiling anstyle v1.0.10
[INFO] [stderr]    Compiling aho-corasick v1.1.3
[INFO] [stderr]    Compiling fallible-iterator v0.3.0
[INFO] [stderr]    Compiling quote v1.0.38
[INFO] [stderr]    Compiling anstream v0.6.18
[INFO] [stderr]    Compiling nucleo-matcher v0.3.1
[INFO] [stderr]    Compiling regex-syntax v0.8.5
[INFO] [stderr]    Compiling strsim v0.11.1
[INFO] [stderr]    Compiling clap_lex v0.7.4
[INFO] [stderr]    Compiling syn v2.0.96
[INFO] [stderr]    Compiling hashlink v0.9.1
[INFO] [stderr]    Compiling indexmap v2.7.0
[INFO] [stderr]    Compiling fallible-streaming-iterator v0.1.9
[INFO] [stderr]    Compiling signal-hook-registry v1.4.2
[INFO] [stderr]    Compiling mio v1.0.3
[INFO] [stderr]    Compiling rusqlite_migration v1.3.1
[INFO] [stderr]    Compiling libsqlite3-sys v0.30.1
[INFO] [stderr]    Compiling parking_lot v0.12.3
[INFO] [stderr]    Compiling rayon v1.10.0
[INFO] [stderr]    Compiling thiserror v2.0.11
[INFO] [stderr]    Compiling option-ext v0.2.0
[INFO] [stderr]    Compiling anyhow v1.0.95
[INFO] [stderr]    Compiling heck v0.5.0
[INFO] [stderr]    Compiling signal-hook-mio v0.2.4
[INFO] [stderr]    Compiling iana-time-zone v0.1.61
[INFO] [stderr]    Compiling winnow v0.6.24
[INFO] [stderr]    Compiling crypto-common v0.1.6
[INFO] [stderr]    Compiling block-buffer v0.10.4
[INFO] [stderr]    Compiling dirs-sys v0.4.1
[INFO] [stderr]    Compiling chrono v0.4.39
[INFO] [stderr]    Compiling digest v0.10.7
[INFO] [stderr]    Compiling clap_builder v4.5.26
[INFO] [stderr]    Compiling getrandom v0.2.15
[INFO] [stderr]    Compiling lazy_static v1.5.0
[INFO] [stderr]    Compiling same-file v1.0.6
[INFO] [stderr]    Compiling fastrand v2.3.0
[INFO] [stderr]    Compiling unicode-width v0.2.0
[INFO] [stderr]    Compiling scanlex v0.1.4
[INFO] [stderr]    Compiling cpufeatures v0.2.16
[INFO] [stderr]    Compiling walkdir v2.5.0
[INFO] [stderr]    Compiling sha2 v0.10.8
[INFO] [stderr]    Compiling directories v5.0.1
[INFO] [stderr]    Compiling colored v2.2.0
[INFO] [stderr]    Compiling itertools v0.13.0
[INFO] [stderr]    Compiling toml_datetime v0.6.8
[INFO] [stderr]    Compiling serde_spanned v0.6.8
[INFO] [stderr]    Compiling toml_edit v0.22.22
[INFO] [stderr]    Compiling regex-automata v0.4.9
[INFO] [stderr]    Compiling nucleo v0.5.0
[INFO] [stderr]    Compiling tempfile v3.15.0
[INFO] [stderr]    Compiling chrono-english v0.1.7
[INFO] [stderr]    Compiling thiserror-impl v1.0.69
[INFO] [stderr]    Compiling thiserror-impl v2.0.11
[INFO] [stderr]    Compiling clap_derive v4.5.24
[INFO] [stderr]    Compiling serde_derive v1.0.217
[INFO] [stderr]    Compiling filedescriptor v0.8.2
[INFO] [stderr]    Compiling toml v0.8.19
[INFO] [stderr]    Compiling clap v4.5.26
[INFO] [stderr]    Compiling crossterm v0.28.1
[INFO] [stderr]    Compiling regex v1.11.1
[INFO] [stderr]    Compiling nucleo-picker v0.7.0
[INFO] [stderr]    Compiling rusqlite v0.32.1
[INFO] [stderr]    Compiling quicknotes v1.0.2 (/opt/rustwide/workdir)
[INFO] [stderr]     Finished `dev` profile [unoptimized + debuginfo] target(s) in 40.48s
[INFO] running `Command { std: "docker" "inspect" "59b4b224365478402dbbdb3f8e94fedcb0eb7bd3eb7db45bd0b8afa16cc94a24", kill_on_drop: false }`
[INFO] running `Command { std: "docker" "rm" "-f" "59b4b224365478402dbbdb3f8e94fedcb0eb7bd3eb7db45bd0b8afa16cc94a24", kill_on_drop: false }`
[INFO] [stdout] 59b4b224365478402dbbdb3f8e94fedcb0eb7bd3eb7db45bd0b8afa16cc94a24
[INFO] running `Command { std: "docker" "create" "-v" "/var/lib/crater-agent-workspace/builds/worker-0-tc2/target:/opt/rustwide/target:rw,Z" "-v" "/var/lib/crater-agent-workspace/builds/worker-0-tc2/source:/opt/rustwide/workdir:ro,Z" "-v" "/var/lib/crater-agent-workspace/cargo-home:/opt/rustwide/cargo-home:ro,Z" "-v" "/var/lib/crater-agent-workspace/rustup-home:/opt/rustwide/rustup-home:ro,Z" "-e" "SOURCE_DIR=/opt/rustwide/workdir" "-e" "CARGO_TARGET_DIR=/opt/rustwide/target" "-e" "CARGO_INCREMENTAL=0" "-e" "RUST_BACKTRACE=full" "-e" "RUSTFLAGS=--cap-lints=forbid -Zrandomize-layout" "-e" "RUSTDOCFLAGS=--cap-lints=forbid" "-e" "CARGO_HOME=/opt/rustwide/cargo-home" "-e" "RUSTUP_HOME=/opt/rustwide/rustup-home" "-w" "/opt/rustwide/workdir" "-m" "1610612736" "--user" "0:0" "--network" "none" "ghcr.io/rust-lang/crates-build-env/linux@sha256:819108c5571ea2e421544af4d832f968d213c87fbe3707a016657f43d2f853bc" "/opt/rustwide/cargo-home/bin/cargo" "+nightly-2025-01-18" "test" "--frozen" "--no-run" "--message-format=json", kill_on_drop: false }`
[INFO] [stdout] 294d0234663e39e02be482f23b5634c39d2f7726e10f486e052a84b01f2cb271
[INFO] running `Command { std: "docker" "start" "-a" "294d0234663e39e02be482f23b5634c39d2f7726e10f486e052a84b01f2cb271", kill_on_drop: false }`
[INFO] [stderr]    Compiling once_cell v1.20.2
[INFO] [stderr]    Compiling syn v2.0.96
[INFO] [stderr]    Compiling unicode-linebreak v0.1.5
[INFO] [stderr]    Compiling linked-hash-map v0.5.6
[INFO] [stderr]    Compiling similar v2.6.0
[INFO] [stderr]    Compiling unicode-width v0.1.14
[INFO] [stderr]    Compiling smawk v0.3.2
[INFO] [stderr]    Compiling stringreader v0.1.1
[INFO] [stderr]    Compiling ahash v0.8.11
[INFO] [stderr]    Compiling tempfile v3.15.0
[INFO] [stderr]    Compiling console v0.15.10
[INFO] [stderr]    Compiling textwrap v0.16.1
[INFO] [stderr]    Compiling hashbrown v0.14.5
[INFO] [stderr]    Compiling insta v1.42.0
[INFO] [stderr]    Compiling hashlink v0.9.1
[INFO] [stderr]    Compiling rusqlite v0.32.1
[INFO] [stderr]    Compiling rusqlite_migration v1.3.1
[INFO] [stderr]    Compiling test-case-core v3.3.1
[INFO] [stderr]    Compiling thiserror-impl v1.0.69
[INFO] [stderr]    Compiling clap_derive v4.5.24
[INFO] [stderr]    Compiling thiserror-impl v2.0.11
[INFO] [stderr]    Compiling serde_derive v1.0.217
[INFO] [stderr]    Compiling test-case-macros v3.3.1
[INFO] [stderr]    Compiling test-case v3.3.1
[INFO] [stderr]    Compiling thiserror v2.0.11
[INFO] [stderr]    Compiling thiserror v1.0.69
[INFO] [stderr]    Compiling filedescriptor v0.8.2
[INFO] [stderr]    Compiling crossterm v0.28.1
[INFO] [stderr]    Compiling clap v4.5.26
[INFO] [stderr]    Compiling nucleo-picker v0.7.0
[INFO] [stderr]    Compiling quicknotes v1.0.2 (/opt/rustwide/workdir)
[INFO] [stdout] error: linking with `cc` failed: exit status: 1
[INFO] [stdout]   |
[INFO] [stdout]   = note: LC_ALL="C" PATH="/opt/rustwide/rustup-home/toolchains/nightly-2025-01-18-x86_64-unknown-linux-gnu/lib/rustlib/x86_64-unknown-linux-gnu/bin:/opt/rustwide/rustup-home/toolchains/nightly-2025-01-18-x86_64-unknown-linux-gnu/lib/rustlib/x86_64-unknown-linux-gnu/bin/self-contained:/opt/rustwide/cargo-home/bin:/usr/local/sbin:/usr/local/bin:/usr/sbin:/usr/bin:/sbin:/bin" VSLANG="1033" "cc" "-m64" "/tmp/rustc3Uz0so/symbols.o" "<6 object files omitted>" "-Wl,--as-needed" "-Wl,-Bstatic" "/opt/rustwide/rustup-home/toolchains/nightly-2025-01-18-x86_64-unknown-linux-gnu/lib/rustlib/x86_64-unknown-linux-gnu/lib/{libtest-56d991603ff5adf3.rlib,libgetopts-0374f2ffd4fc2ee9.rlib,libunicode_width-3710af304f7a6204.rlib,librustc_std_workspace_std-b58fe15d3ae9c93b.rlib}" "/opt/rustwide/target/debug/deps/{libquicknotes-899c1d9a1915a29f.rlib,libsha2-091f4ed93d5efaff.rlib,libcpufeatures-f945c0fb5a5a3931.rlib,libdigest-f63dd2f77c04ea67.rlib,libblock_buffer-7a2d6f2e7510d263.rlib,libcrypto_common-582d89ab18bc20b9.rlib,libgeneric_array-aae7d271008a4538.rlib,libtypenum-9f5a8c13c03f8f3d.rlib,libregex-a7ecc48060f1f18a.rlib,libregex_automata-9359e7d99a2e0049.rlib,libaho_corasick-be0a0c36391f6c2c.rlib,libregex_syntax-37ae10d86b9e0280.rlib,libtoml-aab6909ce3057d05.rlib,libtoml_edit-a0b6ef4b383db018.rlib,libserde_spanned-c00864dc03485f93.rlib,libindexmap-463bb3755008779f.rlib,libequivalent-36fe78148bbac4ca.rlib,libhashbrown-49191a6fa1fcaf35.rlib,libwinnow-8f91660152e2c85c.rlib,libtoml_datetime-81d9ecbb3b190646.rlib,libserde-65853853aa1382b3.rlib,librusqlite_migration-ba611230dc9d501c.rlib,liblog-432729ba6130c373.rlib,libwalkdir-387d69cad9d08fd7.rlib,libsame_file-4e9259d6c48d1a5b.rlib,libthiserror-12f6919104981cca.rlib,libtempfile-0fbc11955fb8d8d5.rlib,libgetrandom-a26a8f93dd737970.rlib,libfastrand-e26e3d1c799dca82.rlib,librusqlite-af66852915a9344f.rlib,libfallible_streaming_iterator-d5e23f815d6a66a7.rlib,libfallible_iterator-e46471e6527e6d29.rlib,libhashlink-d029c47512c31450.rlib,libhashbrown-12bef3267102083a.rlib,libahash-3f2b0ac40d9720b2.rlib,libonce_cell-2bffb8f01566609a.rlib,libzerocopy-836e7e1b464d2035.rlib,liblibsqlite3_sys-65208d227367faeb.rlib,libnucleo_picker-8741d2d573e833af.rlib,libunicode_width-b863b317420f84e8.rlib,libnucleo-591fb97a010e88e3.rlib,libnucleo_matcher-1dfad3ec2c0f9872.rlib,libmemchr-c622a5b4f6a961b3.rlib,libunicode_segmentation-113a511cb2379585.rlib,librayon-d7656c9545d00094.rlib,librayon_core-fce64c3a531cc3f5.rlib,libcrossbeam_deque-212c9dee9fd6f055.rlib,libcrossbeam_epoch-d0738b58619f07e4.rlib,libcrossbeam_utils-436c9fe0f005be70.rlib,libcrossterm-7bc6e024d017cc12.rlib,libparking_lot-4d62bfc9644517d8.rlib,libparking_lot_core-5f36485f2010db85.rlib,libcfg_if-8f0231822091c729.rlib,libsmallvec-eac8be0f7215ab5a.rlib,liblock_api-a7cbdfae3a029cd7.rlib,libscopeguard-54efe0630e598d2f.rlib,libfiledescriptor-af0edbcb0fa9bfff.rlib,libthiserror-77538791167dbe36.rlib,libsignal_hook-42a1a2297d1e4bd1.rlib,libsignal_hook_registry-4c6b42223aabaf0b.rlib,librustix-96208213eaeb31ef.rlib,libbitflags-b68a23037202e5a0.rlib,liblinux_raw_sys-44db4e66ffb149d4.rlib,libitertools-d5763cb9f0ae30a5.rlib,libeither-d5b0480b68084373.rlib,libdirectories-dd6849c3c83158aa.rlib,libdirs_sys-22251e8b3f3109e1.rlib,liblibc-bc7e97405f868017.rlib,liboption_ext-9439f6175031cfba.rlib,libcolored-e125c217c5776e8c.rlib,liblazy_static-39176b38f763143b.rlib,libclap-aad02532eb9ab8a5.rlib,libclap_builder-da6f36fb199a9b3d.rlib,libstrsim-ed31791dee472a0b.rlib,libanstream-cfe6478e3597f32f.rlib,libanstyle_query-15b4a30142483fc7.rlib,libis_terminal_polyfill-c2cfc05905b41998.rlib,libcolorchoice-50b9e21d6f97279d.rlib,libanstyle_parse-5dd7e5e1cce433a1.rlib,libutf8parse-765bb9b5d0dcba2e.rlib,libclap_lex-5720c5d740c9e243.rlib,libanstyle-57aeb6edb7edbe26.rlib,libchrono_english-ca93003259f714b4.rlib,libscanlex-c63255c83fe78474.rlib,libchrono-46bb1e6fccc6fb91.rlib,libnum_traits-2212f7eb17c13752.rlib,libiana_time_zone-7b37c435906b3282.rlib,libanyhow-27c5699b16698fbd.rlib}" "/opt/rustwide/rustup-home/toolchains/nightly-2025-01-18-x86_64-unknown-linux-gnu/lib/rustlib/x86_64-unknown-linux-gnu/lib/{libstd-006123e2ce67e99d.rlib,libpanic_unwind-e1447e1efa6f1e57.rlib,libobject-f6963a4916fcf097.rlib,libmemchr-49a2d9af912f4524.rlib,libaddr2line-04d19aad3936869d.rlib,libgimli-483c235edb789db0.rlib,librustc_demangle-294281af50b8f748.rlib,libstd_detect-3b08295250aabc2a.rlib,libhashbrown-4472d1e05ba0dfaf.rlib,librustc_std_workspace_alloc-2ef099fac590e457.rlib,libminiz_oxide-8a51f5e848546c29.rlib,libadler2-3d3fa22b868db521.rlib,libunwind-0ffda8b08e22dbea.rlib,libcfg_if-b08f62458fdd43b9.rlib,liblibc-559675126e63b890.rlib,liballoc-fcf21c8d1c9c7b75.rlib,librustc_std_workspace_core-e0b0460135bcf21d.rlib,libcore-d4097fdcbddd3bc7.rlib,libcompiler_builtins-fea484ac1eed7881.rlib}" "-Wl,-Bdynamic" "-lgcc_s" "-lutil" "-lrt" "-lpthread" "-lm" "-ldl" "-lc" "-B/opt/rustwide/rustup-home/toolchains/nightly-2025-01-18-x86_64-unknown-linux-gnu/lib/rustlib/x86_64-unknown-linux-gnu/bin/gcc-ld" "-fuse-ld=lld" "-Wl,--eh-frame-hdr" "-Wl,-z,noexecstack" "-L" "/opt/rustwide/target/debug/build/libsqlite3-sys-28cbe2d2626752f4/out" "-L" "/opt/rustwide/rustup-home/toolchains/nightly-2025-01-18-x86_64-unknown-linux-gnu/lib/rustlib/x86_64-unknown-linux-gnu/lib" "-o" "/opt/rustwide/target/debug/deps/quicknotes-332617672138ec7d" "-Wl,--gc-sections" "-pie" "-Wl,-z,relro,-z,now" "-nodefaultlibs"
[INFO] [stdout]   = note: some arguments are omitted. use `--verbose` to show all linker arguments
[INFO] [stdout]   = note: PLEASE submit a bug report to https://github.com/llvm/llvm-project/issues/ and include the crash backtrace.
[INFO] [stdout]           collect2: fatal error: ld terminated with signal 7 [Bus error], core dumped
[INFO] [stdout]           compilation terminated.
[INFO] [stdout]           
[INFO] [stdout] 
[INFO] [stdout] 
[INFO] [stderr] error: could not compile `quicknotes` (bin "quicknotes" test) due to 1 previous error
[INFO] [stderr] warning: build failed, waiting for other jobs to finish...
[INFO] [stdout] error: linking with `cc` failed: exit status: 1
[INFO] [stdout]   |
[INFO] [stdout]   = note: LC_ALL="C" PATH="/opt/rustwide/rustup-home/toolchains/nightly-2025-01-18-x86_64-unknown-linux-gnu/lib/rustlib/x86_64-unknown-linux-gnu/bin:/opt/rustwide/rustup-home/toolchains/nightly-2025-01-18-x86_64-unknown-linux-gnu/lib/rustlib/x86_64-unknown-linux-gnu/bin/self-contained:/opt/rustwide/cargo-home/bin:/usr/local/sbin:/usr/local/bin:/usr/sbin:/usr/bin:/sbin:/bin" VSLANG="1033" "cc" "-m64" "/tmp/rustcfKJuyC/symbols.o" "<7 object files omitted>" "-Wl,--as-needed" "-Wl,-Bstatic" "/opt/rustwide/target/debug/deps/{libtextwrap-337881a24ac7b726.rlib,libunicode_linebreak-1ebcc83b48594609.rlib,libunicode_width-c525b0fb941e9974.rlib,libsmawk-275313e9e7210090.rlib}" "/opt/rustwide/rustup-home/toolchains/nightly-2025-01-18-x86_64-unknown-linux-gnu/lib/rustlib/x86_64-unknown-linux-gnu/lib/{libtest-56d991603ff5adf3.rlib,libgetopts-0374f2ffd4fc2ee9.rlib,libunicode_width-3710af304f7a6204.rlib,librustc_std_workspace_std-b58fe15d3ae9c93b.rlib}" "/opt/rustwide/target/debug/deps/{libquicknotes-899c1d9a1915a29f.rlib,libcolored-e125c217c5776e8c.rlib,liblazy_static-39176b38f763143b.rlib,libsha2-091f4ed93d5efaff.rlib,libcpufeatures-f945c0fb5a5a3931.rlib,libdigest-f63dd2f77c04ea67.rlib,libblock_buffer-7a2d6f2e7510d263.rlib,libcrypto_common-582d89ab18bc20b9.rlib,libgeneric_array-aae7d271008a4538.rlib,libtypenum-9f5a8c13c03f8f3d.rlib,libregex-a7ecc48060f1f18a.rlib,libregex_automata-9359e7d99a2e0049.rlib,libaho_corasick-be0a0c36391f6c2c.rlib,libmemchr-c622a5b4f6a961b3.rlib,libregex_syntax-37ae10d86b9e0280.rlib,libtoml-aab6909ce3057d05.rlib,libtoml_edit-a0b6ef4b383db018.rlib,libserde_spanned-c00864dc03485f93.rlib,libindexmap-463bb3755008779f.rlib,libequivalent-36fe78148bbac4ca.rlib,libhashbrown-49191a6fa1fcaf35.rlib,libwinnow-8f91660152e2c85c.rlib,libtoml_datetime-81d9ecbb3b190646.rlib,libserde-65853853aa1382b3.rlib,librusqlite_migration-ba611230dc9d501c.rlib,liblog-432729ba6130c373.rlib,libwalkdir-387d69cad9d08fd7.rlib,libsame_file-4e9259d6c48d1a5b.rlib,libthiserror-12f6919104981cca.rlib,libtempfile-0fbc11955fb8d8d5.rlib,libgetrandom-a26a8f93dd737970.rlib,liblibc-bc7e97405f868017.rlib,libfastrand-e26e3d1c799dca82.rlib,librustix-96208213eaeb31ef.rlib,liblinux_raw_sys-44db4e66ffb149d4.rlib,librusqlite-af66852915a9344f.rlib,libbitflags-b68a23037202e5a0.rlib,libsmallvec-eac8be0f7215ab5a.rlib,libfallible_streaming_iterator-d5e23f815d6a66a7.rlib,libfallible_iterator-e46471e6527e6d29.rlib,libhashlink-d029c47512c31450.rlib,libhashbrown-12bef3267102083a.rlib,libahash-3f2b0ac40d9720b2.rlib,libonce_cell-2bffb8f01566609a.rlib,libcfg_if-8f0231822091c729.rlib,libzerocopy-836e7e1b464d2035.rlib,liblibsqlite3_sys-65208d227367faeb.rlib,libitertools-d5763cb9f0ae30a5.rlib,libeither-d5b0480b68084373.rlib,libchrono-46bb1e6fccc6fb91.rlib,libnum_traits-2212f7eb17c13752.rlib,libiana_time_zone-7b37c435906b3282.rlib}" "/opt/rustwide/rustup-home/toolchains/nightly-2025-01-18-x86_64-unknown-linux-gnu/lib/rustlib/x86_64-unknown-linux-gnu/lib/{libstd-006123e2ce67e99d.rlib,libpanic_unwind-e1447e1efa6f1e57.rlib,libobject-f6963a4916fcf097.rlib,libmemchr-49a2d9af912f4524.rlib,libaddr2line-04d19aad3936869d.rlib,libgimli-483c235edb789db0.rlib,librustc_demangle-294281af50b8f748.rlib,libstd_detect-3b08295250aabc2a.rlib,libhashbrown-4472d1e05ba0dfaf.rlib,librustc_std_workspace_alloc-2ef099fac590e457.rlib,libminiz_oxide-8a51f5e848546c29.rlib,libadler2-3d3fa22b868db521.rlib,libunwind-0ffda8b08e22dbea.rlib,libcfg_if-b08f62458fdd43b9.rlib,liblibc-559675126e63b890.rlib,liballoc-fcf21c8d1c9c7b75.rlib,librustc_std_workspace_core-e0b0460135bcf21d.rlib,libcore-d4097fdcbddd3bc7.rlib,libcompiler_builtins-fea484ac1eed7881.rlib}" "-Wl,-Bdynamic" "-lgcc_s" "-lutil" "-lrt" "-lpthread" "-lm" "-ldl" "-lc" "-B/opt/rustwide/rustup-home/toolchains/nightly-2025-01-18-x86_64-unknown-linux-gnu/lib/rustlib/x86_64-unknown-linux-gnu/bin/gcc-ld" "-fuse-ld=lld" "-Wl,--eh-frame-hdr" "-Wl,-z,noexecstack" "-L" "/opt/rustwide/target/debug/build/libsqlite3-sys-28cbe2d2626752f4/out" "-L" "/opt/rustwide/rustup-home/toolchains/nightly-2025-01-18-x86_64-unknown-linux-gnu/lib/rustlib/x86_64-unknown-linux-gnu/lib" "-o" "/opt/rustwide/target/debug/deps/index_test-f99069b8b0c44b61" "-Wl,--gc-sections" "-pie" "-Wl,-z,relro,-z,now" "-nodefaultlibs"
[INFO] [stdout]   = note: some arguments are omitted. use `--verbose` to show all linker arguments
[INFO] [stdout]   = note: PLEASE submit a bug report to https://github.com/llvm/llvm-project/issues/ and include the crash backtrace.
[INFO] [stdout]           LLVM ERROR: IO failure on output stream: No space left on device
[INFO] [stdout]           collect2: fatal error: ld terminated with signal 7 [Bus error], core dumped
[INFO] [stdout]           compilation terminated.
[INFO] [stdout]           
[INFO] [stdout] 
[INFO] [stdout] 
[INFO] [stderr] error: could not compile `quicknotes` (test "index_test") due to 1 previous error
[INFO] [stdout] error: linking with `cc` failed: exit status: 1
[INFO] [stdout]   |
[INFO] [stdout]   = note: LC_ALL="C" PATH="/opt/rustwide/rustup-home/toolchains/nightly-2025-01-18-x86_64-unknown-linux-gnu/lib/rustlib/x86_64-unknown-linux-gnu/bin:/opt/rustwide/rustup-home/toolchains/nightly-2025-01-18-x86_64-unknown-linux-gnu/lib/rustlib/x86_64-unknown-linux-gnu/bin/self-contained:/opt/rustwide/cargo-home/bin:/usr/local/sbin:/usr/local/bin:/usr/sbin:/usr/bin:/sbin:/bin" VSLANG="1033" "cc" "-m64" "/tmp/rustc4afncU/symbols.o" "<17 object files omitted>" "-Wl,--as-needed" "-Wl,-Bstatic" "/opt/rustwide/target/debug/deps/{libquicknotes-899c1d9a1915a29f.rlib,libsha2-091f4ed93d5efaff.rlib,libcpufeatures-f945c0fb5a5a3931.rlib,libdigest-f63dd2f77c04ea67.rlib,libblock_buffer-7a2d6f2e7510d263.rlib,libcrypto_common-582d89ab18bc20b9.rlib,libgeneric_array-aae7d271008a4538.rlib,libtypenum-9f5a8c13c03f8f3d.rlib,libregex-a7ecc48060f1f18a.rlib,libregex_automata-9359e7d99a2e0049.rlib,libaho_corasick-be0a0c36391f6c2c.rlib,libregex_syntax-37ae10d86b9e0280.rlib,libtoml-aab6909ce3057d05.rlib,libtoml_edit-a0b6ef4b383db018.rlib,libserde_spanned-c00864dc03485f93.rlib,libindexmap-463bb3755008779f.rlib,libequivalent-36fe78148bbac4ca.rlib,libhashbrown-49191a6fa1fcaf35.rlib,libwinnow-8f91660152e2c85c.rlib,libtoml_datetime-81d9ecbb3b190646.rlib,libserde-65853853aa1382b3.rlib,librusqlite_migration-ba611230dc9d501c.rlib,liblog-432729ba6130c373.rlib,libwalkdir-387d69cad9d08fd7.rlib,libsame_file-4e9259d6c48d1a5b.rlib,libthiserror-12f6919104981cca.rlib,libtempfile-0fbc11955fb8d8d5.rlib,libgetrandom-a26a8f93dd737970.rlib,libfastrand-e26e3d1c799dca82.rlib,librusqlite-af66852915a9344f.rlib,libfallible_streaming_iterator-d5e23f815d6a66a7.rlib,libfallible_iterator-e46471e6527e6d29.rlib,libhashlink-d029c47512c31450.rlib,libhashbrown-12bef3267102083a.rlib,libahash-3f2b0ac40d9720b2.rlib,libonce_cell-2bffb8f01566609a.rlib,libzerocopy-836e7e1b464d2035.rlib,liblibsqlite3_sys-65208d227367faeb.rlib,libnucleo_picker-8741d2d573e833af.rlib,libunicode_width-b863b317420f84e8.rlib,libnucleo-591fb97a010e88e3.rlib,libnucleo_matcher-1dfad3ec2c0f9872.rlib,libmemchr-c622a5b4f6a961b3.rlib,libunicode_segmentation-113a511cb2379585.rlib,librayon-d7656c9545d00094.rlib,librayon_core-fce64c3a531cc3f5.rlib,libcrossbeam_deque-212c9dee9fd6f055.rlib,libcrossbeam_epoch-d0738b58619f07e4.rlib,libcrossbeam_utils-436c9fe0f005be70.rlib,libcrossterm-7bc6e024d017cc12.rlib,libparking_lot-4d62bfc9644517d8.rlib,libparking_lot_core-5f36485f2010db85.rlib,libcfg_if-8f0231822091c729.rlib,libsmallvec-eac8be0f7215ab5a.rlib,liblock_api-a7cbdfae3a029cd7.rlib,libscopeguard-54efe0630e598d2f.rlib,libfiledescriptor-af0edbcb0fa9bfff.rlib,libthiserror-77538791167dbe36.rlib,libsignal_hook-42a1a2297d1e4bd1.rlib,libsignal_hook_registry-4c6b42223aabaf0b.rlib,librustix-96208213eaeb31ef.rlib,libbitflags-b68a23037202e5a0.rlib,liblinux_raw_sys-44db4e66ffb149d4.rlib,libitertools-d5763cb9f0ae30a5.rlib,libeither-d5b0480b68084373.rlib,libdirectories-dd6849c3c83158aa.rlib,libdirs_sys-22251e8b3f3109e1.rlib,liblibc-bc7e97405f868017.rlib,liboption_ext-9439f6175031cfba.rlib,libcolored-e125c217c5776e8c.rlib,liblazy_static-39176b38f763143b.rlib,libclap-aad02532eb9ab8a5.rlib,libclap_builder-da6f36fb199a9b3d.rlib,libstrsim-ed31791dee472a0b.rlib,libanstream-cfe6478e3597f32f.rlib,libanstyle_query-15b4a30142483fc7.rlib,libis_terminal_polyfill-c2cfc05905b41998.rlib,libcolorchoice-50b9e21d6f97279d.rlib,libanstyle_parse-5dd7e5e1cce433a1.rlib,libutf8parse-765bb9b5d0dcba2e.rlib,libclap_lex-5720c5d740c9e243.rlib,libanstyle-57aeb6edb7edbe26.rlib,libchrono_english-ca93003259f714b4.rlib,libscanlex-c63255c83fe78474.rlib,libchrono-46bb1e6fccc6fb91.rlib,libnum_traits-2212f7eb17c13752.rlib,libiana_time_zone-7b37c435906b3282.rlib,libanyhow-27c5699b16698fbd.rlib}" "/opt/rustwide/rustup-home/toolchains/nightly-2025-01-18-x86_64-unknown-linux-gnu/lib/rustlib/x86_64-unknown-linux-gnu/lib/{libstd-006123e2ce67e99d.rlib,libpanic_unwind-e1447e1efa6f1e57.rlib,libobject-f6963a4916fcf097.rlib,libmemchr-49a2d9af912f4524.rlib,libaddr2line-04d19aad3936869d.rlib,libgimli-483c235edb789db0.rlib,librustc_demangle-294281af50b8f748.rlib,libstd_detect-3b08295250aabc2a.rlib,libhashbrown-4472d1e05ba0dfaf.rlib,librustc_std_workspace_alloc-2ef099fac590e457.rlib,libminiz_oxide-8a51f5e848546c29.rlib,libadler2-3d3fa22b868db521.rlib,libunwind-0ffda8b08e22dbea.rlib,libcfg_if-b08f62458fdd43b9.rlib,liblibc-559675126e63b890.rlib,liballoc-fcf21c8d1c9c7b75.rlib,librustc_std_workspace_core-e0b0460135bcf21d.rlib,libcore-d4097fdcbddd3bc7.rlib,libcompiler_builtins-fea484ac1eed7881.rlib}" "-Wl,-Bdynamic" "-lgcc_s" "-lutil" "-lrt" "-lpthread" "-lm" "-ldl" "-lc" "-B/opt/rustwide/rustup-home/toolchains/nightly-2025-01-18-x86_64-unknown-linux-gnu/lib/rustlib/x86_64-unknown-linux-gnu/bin/gcc-ld" "-fuse-ld=lld" "-Wl,--eh-frame-hdr" "-Wl,-z,noexecstack" "-L" "/opt/rustwide/target/debug/build/libsqlite3-sys-28cbe2d2626752f4/out" "-L" "/opt/rustwide/rustup-home/toolchains/nightly-2025-01-18-x86_64-unknown-linux-gnu/lib/rustlib/x86_64-unknown-linux-gnu/lib" "-o" "/opt/rustwide/target/debug/deps/quicknotes-128e1ae432b01f1b" "-Wl,--gc-sections" "-pie" "-Wl,-z,relro,-z,now" "-nodefaultlibs"
[INFO] [stdout]   = note: some arguments are omitted. use `--verbose` to show all linker arguments
[INFO] [stdout]   = note: collect2: fatal error: ld terminated with signal 7 [Bus error], core dumped
[INFO] [stdout]           compilation terminated.
[INFO] [stdout]           
[INFO] [stdout] 
[INFO] [stdout] 
[INFO] [stderr] error: could not compile `quicknotes` (bin "quicknotes") due to 1 previous error
[INFO] running `Command { std: "docker" "inspect" "294d0234663e39e02be482f23b5634c39d2f7726e10f486e052a84b01f2cb271", kill_on_drop: false }`
[INFO] running `Command { std: "docker" "rm" "-f" "294d0234663e39e02be482f23b5634c39d2f7726e10f486e052a84b01f2cb271", kill_on_drop: false }`
[INFO] [stdout] 294d0234663e39e02be482f23b5634c39d2f7726e10f486e052a84b01f2cb271
