[INFO] fetching crate quantette 0.3.0...
[INFO] testing quantette-0.3.0 against nightly-2025-01-18 for randomize-layout-2
[INFO] extracting crate quantette 0.3.0 into /workspace/builds/worker-0-tc1/source
[INFO] validating manifest of crates.io crate quantette 0.3.0 on toolchain nightly-2025-01-18
[INFO] running `Command { std: CARGO_HOME="/workspace/cargo-home" RUSTUP_HOME="/workspace/rustup-home" "/workspace/cargo-home/bin/cargo" "+nightly-2025-01-18" "metadata" "--manifest-path" "Cargo.toml" "--no-deps", kill_on_drop: false }`
[INFO] started tweaking crates.io crate quantette 0.3.0
[INFO] finished tweaking crates.io crate quantette 0.3.0
[INFO] tweaked toml for crates.io crate quantette 0.3.0 written to /workspace/builds/worker-0-tc1/source/Cargo.toml
[INFO] crate crates.io crate quantette 0.3.0 already has a lockfile, it will not be regenerated
[INFO] running `Command { std: CARGO_HOME="/workspace/cargo-home" RUSTUP_HOME="/workspace/rustup-home" "/workspace/cargo-home/bin/cargo" "+nightly-2025-01-18" "fetch" "--manifest-path" "Cargo.toml", kill_on_drop: false }`
[INFO] [stderr]     Updating crates.io index
[INFO] [stderr]  Downloading crates ...
[INFO] [stderr]   Downloaded dssim v3.3.2
[INFO] [stderr]   Downloaded ordered-float v4.2.1
[INFO] [stderr]   Downloaded ordered-channel v1.1.0
[INFO] [stderr]   Downloaded lodepng v3.10.1
[INFO] [stderr]   Downloaded exoquant v0.2.0
[INFO] [stderr]   Downloaded wide v0.7.25
[INFO] [stderr]   Downloaded lcms2 v6.1.0
[INFO] [stderr]   Downloaded rexif v0.7.3
[INFO] [stderr]   Downloaded imagequant v4.3.1
[INFO] [stderr]   Downloaded lcms2-sys v4.0.5
[INFO] [stderr]   Downloaded dssim-core v3.2.9
[INFO] [stderr]   Downloaded load_image v3.1.4
[INFO] running `Command { std: "docker" "create" "-v" "/var/lib/crater-agent-workspace/builds/worker-0-tc1/target:/opt/rustwide/target:rw,Z" "-v" "/var/lib/crater-agent-workspace/builds/worker-0-tc1/source:/opt/rustwide/workdir:ro,Z" "-v" "/var/lib/crater-agent-workspace/cargo-home:/opt/rustwide/cargo-home:ro,Z" "-v" "/var/lib/crater-agent-workspace/rustup-home:/opt/rustwide/rustup-home:ro,Z" "-e" "SOURCE_DIR=/opt/rustwide/workdir" "-e" "CARGO_TARGET_DIR=/opt/rustwide/target" "-e" "CARGO_HOME=/opt/rustwide/cargo-home" "-e" "RUSTUP_HOME=/opt/rustwide/rustup-home" "-w" "/opt/rustwide/workdir" "-m" "1610612736" "--user" "0:0" "--network" "none" "ghcr.io/rust-lang/crates-build-env/linux@sha256:819108c5571ea2e421544af4d832f968d213c87fbe3707a016657f43d2f853bc" "/opt/rustwide/cargo-home/bin/cargo" "+nightly-2025-01-18" "metadata" "--no-deps" "--format-version=1", kill_on_drop: false }`
[INFO] [stdout] aaec5f4b5a3fb81f4fa986a8bc1751ceba2124c9f82611dd668d137e0979fef9
[INFO] running `Command { std: "docker" "start" "-a" "aaec5f4b5a3fb81f4fa986a8bc1751ceba2124c9f82611dd668d137e0979fef9", kill_on_drop: false }`
[INFO] running `Command { std: "docker" "inspect" "aaec5f4b5a3fb81f4fa986a8bc1751ceba2124c9f82611dd668d137e0979fef9", kill_on_drop: false }`
[INFO] running `Command { std: "docker" "rm" "-f" "aaec5f4b5a3fb81f4fa986a8bc1751ceba2124c9f82611dd668d137e0979fef9", kill_on_drop: false }`
[INFO] [stdout] aaec5f4b5a3fb81f4fa986a8bc1751ceba2124c9f82611dd668d137e0979fef9
[INFO] running `Command { std: "docker" "create" "-v" "/var/lib/crater-agent-workspace/builds/worker-0-tc1/target:/opt/rustwide/target:rw,Z" "-v" "/var/lib/crater-agent-workspace/builds/worker-0-tc1/source:/opt/rustwide/workdir:ro,Z" "-v" "/var/lib/crater-agent-workspace/cargo-home:/opt/rustwide/cargo-home:ro,Z" "-v" "/var/lib/crater-agent-workspace/rustup-home:/opt/rustwide/rustup-home:ro,Z" "-e" "SOURCE_DIR=/opt/rustwide/workdir" "-e" "CARGO_TARGET_DIR=/opt/rustwide/target" "-e" "CARGO_INCREMENTAL=0" "-e" "RUST_BACKTRACE=full" "-e" "RUSTFLAGS=--cap-lints=forbid" "-e" "RUSTDOCFLAGS=--cap-lints=forbid" "-e" "CARGO_HOME=/opt/rustwide/cargo-home" "-e" "RUSTUP_HOME=/opt/rustwide/rustup-home" "-w" "/opt/rustwide/workdir" "-m" "1610612736" "--user" "0:0" "--network" "none" "ghcr.io/rust-lang/crates-build-env/linux@sha256:819108c5571ea2e421544af4d832f968d213c87fbe3707a016657f43d2f853bc" "/opt/rustwide/cargo-home/bin/cargo" "+nightly-2025-01-18" "build" "--frozen" "--message-format=json", kill_on_drop: false }`
[INFO] [stdout] f60461284adaacd36c9b9306f9bb0d4b7510c98b4c100706b2c5c185da6d7a04
[INFO] running `Command { std: "docker" "start" "-a" "f60461284adaacd36c9b9306f9bb0d4b7510c98b4c100706b2c5c185da6d7a04", kill_on_drop: false }`
[INFO] [stderr]    Compiling autocfg v1.3.0
[INFO] [stderr]    Compiling crossbeam-utils v0.8.20
[INFO] [stderr]    Compiling libm v0.2.8
[INFO] [stderr]    Compiling proc-macro2 v1.0.86
[INFO] [stderr]    Compiling unicode-ident v1.0.12
[INFO] [stderr]    Compiling radium v0.7.0
[INFO] [stderr]    Compiling rayon-core v1.12.1
[INFO] [stderr]    Compiling bytemuck v1.16.1
[INFO] [stderr]    Compiling rand_core v0.6.4
[INFO] [stderr]    Compiling palette v0.7.6
[INFO] [stderr]    Compiling by_address v1.2.1
[INFO] [stderr]    Compiling tap v1.0.1
[INFO] [stderr]    Compiling rand v0.8.5
[INFO] [stderr]    Compiling wyz v0.5.1
[INFO] [stderr]    Compiling safe_arch v0.7.2
[INFO] [stderr]    Compiling num-traits v0.2.19
[INFO] [stderr]    Compiling byteorder v1.5.0
[INFO] [stderr]    Compiling fast-srgb8 v1.0.0
[INFO] [stderr]    Compiling either v1.13.0
[INFO] [stderr]    Compiling funty v2.0.0
[INFO] [stderr]    Compiling wide v0.7.25
[INFO] [stderr]    Compiling rand_xoshiro v0.6.0
[INFO] [stderr]    Compiling crossbeam-epoch v0.9.18
[INFO] [stderr]    Compiling bitvec v1.0.1
[INFO] [stderr]    Compiling quote v1.0.36
[INFO] [stderr]    Compiling syn v2.0.68
[INFO] [stderr]    Compiling crossbeam-deque v0.8.5
[INFO] [stderr]    Compiling rayon v1.10.0
[INFO] [stderr]    Compiling rand_distr v0.4.3
[INFO] [stderr]    Compiling ordered-float v4.2.1
[INFO] [stderr]    Compiling image v0.25.1
[INFO] [stderr]    Compiling palette_derive v0.7.6
[INFO] [stderr]    Compiling quantette v0.3.0 (/opt/rustwide/workdir)
[INFO] [stderr]     Finished `dev` profile [unoptimized + debuginfo] target(s) in 37.81s
[INFO] running `Command { std: "docker" "inspect" "f60461284adaacd36c9b9306f9bb0d4b7510c98b4c100706b2c5c185da6d7a04", kill_on_drop: false }`
[INFO] running `Command { std: "docker" "rm" "-f" "f60461284adaacd36c9b9306f9bb0d4b7510c98b4c100706b2c5c185da6d7a04", kill_on_drop: false }`
[INFO] [stdout] f60461284adaacd36c9b9306f9bb0d4b7510c98b4c100706b2c5c185da6d7a04
[INFO] running `Command { std: "docker" "create" "-v" "/var/lib/crater-agent-workspace/builds/worker-0-tc1/target:/opt/rustwide/target:rw,Z" "-v" "/var/lib/crater-agent-workspace/builds/worker-0-tc1/source:/opt/rustwide/workdir:ro,Z" "-v" "/var/lib/crater-agent-workspace/cargo-home:/opt/rustwide/cargo-home:ro,Z" "-v" "/var/lib/crater-agent-workspace/rustup-home:/opt/rustwide/rustup-home:ro,Z" "-e" "SOURCE_DIR=/opt/rustwide/workdir" "-e" "CARGO_TARGET_DIR=/opt/rustwide/target" "-e" "CARGO_INCREMENTAL=0" "-e" "RUST_BACKTRACE=full" "-e" "RUSTFLAGS=--cap-lints=forbid" "-e" "RUSTDOCFLAGS=--cap-lints=forbid" "-e" "CARGO_HOME=/opt/rustwide/cargo-home" "-e" "RUSTUP_HOME=/opt/rustwide/rustup-home" "-w" "/opt/rustwide/workdir" "-m" "1610612736" "--user" "0:0" "--network" "none" "ghcr.io/rust-lang/crates-build-env/linux@sha256:819108c5571ea2e421544af4d832f968d213c87fbe3707a016657f43d2f853bc" "/opt/rustwide/cargo-home/bin/cargo" "+nightly-2025-01-18" "test" "--frozen" "--no-run" "--message-format=json", kill_on_drop: false }`
[INFO] [stdout] 512c408be32da1c14dd05c58a4d2d87c3a24109b3e1cbc927c25de76a52166bd
[INFO] running `Command { std: "docker" "start" "-a" "512c408be32da1c14dd05c58a4d2d87c3a24109b3e1cbc927c25de76a52166bd", kill_on_drop: false }`
[INFO] [stderr]    Compiling cfg-if v1.0.0
[INFO] [stderr]    Compiling libc v0.2.155
[INFO] [stderr]    Compiling once_cell v1.19.0
[INFO] [stderr]    Compiling num-traits v0.2.19
[INFO] [stderr]    Compiling either v1.13.0
[INFO] [stderr]    Compiling syn v2.0.68
[INFO] [stderr]    Compiling simd-adler32 v0.3.7
[INFO] [stderr]    Compiling version_check v0.9.4
[INFO] [stderr]    Compiling adler v1.0.2
[INFO] [stderr]    Compiling miniz_oxide v0.7.4
[INFO] [stderr]    Compiling crc32fast v1.4.2
[INFO] [stderr]    Compiling serde v1.0.203
[INFO] [stderr]    Compiling rayon v1.10.0
[INFO] [stderr]    Compiling pkg-config v0.3.30
[INFO] [stderr]    Compiling ahash v0.8.11
[INFO] [stderr]    Compiling zerocopy v0.7.35
[INFO] [stderr]    Compiling dunce v1.0.4
[INFO] [stderr]    Compiling rgb v0.8.40
[INFO] [stderr]    Compiling flate2 v1.0.30
[INFO] [stderr]    Compiling utf8parse v0.2.2
[INFO] [stderr]    Compiling jobserver v0.1.31
[INFO] [stderr]    Compiling num-integer v0.1.46
[INFO] [stderr]    Compiling getrandom v0.2.15
[INFO] [stderr]    Compiling anstyle-parse v0.2.4
[INFO] [stderr]    Compiling num-complex v0.4.6
[INFO] [stderr]    Compiling rand_core v0.6.4
[INFO] [stderr]    Compiling hashbrown v0.13.2
[INFO] [stderr]    Compiling anstyle-query v1.1.0
[INFO] [stderr]    Compiling serde_json v1.0.120
[INFO] [stderr]    Compiling cc v1.0.104
[INFO] [stderr]    Compiling num-bigint v0.4.6
[INFO] [stderr]    Compiling num-iter v0.1.45
[INFO] [stderr]    Compiling colorchoice v1.0.1
[INFO] [stderr]    Compiling ppv-lite86 v0.2.17
[INFO] [stderr]    Compiling is_terminal_polyfill v1.70.0
[INFO] [stderr]    Compiling foreign-types-shared v0.3.1
[INFO] [stderr]    Compiling anstyle v1.0.7
[INFO] [stderr]    Compiling half v2.4.1
[INFO] [stderr]    Compiling anstream v0.6.14
[INFO] [stderr]    Compiling fallible_collections v0.4.9
[INFO] [stderr]    Compiling fdeflate v0.3.4
[INFO] [stderr]    Compiling rand_chacha v0.3.1
[INFO] [stderr]    Compiling regex-syntax v0.8.4
[INFO] [stderr]    Compiling clap_lex v0.7.1
[INFO] [stderr]    Compiling itoa v1.0.11
[INFO] [stderr]    Compiling ryu v1.0.18
[INFO] [stderr]    Compiling zune-core v0.4.12
[INFO] [stderr]    Compiling ciborium-io v0.2.2
[INFO] [stderr]    Compiling heck v0.5.0
[INFO] [stderr]    Compiling strsim v0.11.1
[INFO] [stderr]    Compiling imgref v1.10.1
[INFO] [stderr]    Compiling num-rational v0.4.2
[INFO] [stderr]    Compiling bitflags v1.3.2
[INFO] [stderr]    Compiling plotters-backend v0.3.6
[INFO] [stderr]    Compiling lcms2-sys v4.0.5
[INFO] [stderr]    Compiling clap_builder v4.5.8
[INFO] [stderr]    Compiling plotters-svg v0.3.6
[INFO] [stderr]    Compiling png v0.17.13
[INFO] [stderr]    Compiling zune-jpeg v0.4.11
[INFO] [stderr]    Compiling ciborium-ll v0.2.2
[INFO] [stderr]    Compiling num v0.4.3
[INFO] [stderr]    Compiling rexif v0.7.3
[INFO] [stderr]    Compiling regex-automata v0.4.7
[INFO] [stderr]    Compiling jpeg-decoder v0.3.1
[INFO] [stderr]    Compiling rand v0.8.5
[INFO] [stderr]    Compiling lodepng v3.10.1
[INFO] [stderr]    Compiling itertools v0.12.1
[INFO] [stderr]    Compiling itertools v0.10.5
[INFO] [stderr]    Compiling quick-error v2.0.1
[INFO] [stderr]    Compiling unicode-width v0.1.13
[INFO] [stderr]    Compiling same-file v1.0.6
[INFO] [stderr]    Compiling cast v0.3.0
[INFO] [stderr]    Compiling walkdir v2.5.0
[INFO] [stderr]    Compiling regex v1.10.5
[INFO] [stderr]    Compiling dssim-core v3.2.9
[INFO] [stderr]    Compiling serde_derive v1.0.203
[INFO] [stderr]    Compiling foreign-types-macros v0.2.3
[INFO] [stderr]    Compiling palette_derive v0.7.6
[INFO] [stderr]    Compiling clap_derive v4.5.8
[INFO] [stderr]    Compiling foreign-types v0.5.0
[INFO] [stderr]    Compiling criterion-plot v0.5.0
[INFO] [stderr]    Compiling image v0.25.1
[INFO] [stderr]    Compiling getopts v0.2.21
[INFO] [stderr]    Compiling palette v0.7.6
[INFO] [stderr]    Compiling rand_distr v0.4.3
[INFO] [stderr]    Compiling plotters v0.3.6
[INFO] [stderr]    Compiling rand_xoshiro v0.6.0
[INFO] [stderr]    Compiling is-terminal v0.4.12
[INFO] [stderr]    Compiling lcms2 v6.1.0
[INFO] [stderr]    Compiling ordered-float v4.2.1
[INFO] [stderr]    Compiling clap v4.5.8
[INFO] [stderr]    Compiling thread_local v1.1.8
[INFO] [stderr]    Compiling crossbeam-channel v0.5.13
[INFO] [stderr]    Compiling load_image v3.1.4
[INFO] [stderr]    Compiling ordered-channel v1.1.0
[INFO] [stderr]    Compiling anes v0.1.6
[INFO] [stderr]    Compiling arrayvec v0.7.4
[INFO] [stderr]    Compiling oorandom v11.1.3
[INFO] [stderr]    Compiling imagequant v4.3.1
[INFO] [stderr]    Compiling color_quant v1.1.0
[INFO] [stderr]    Compiling exoquant v0.2.0
[INFO] [stderr]    Compiling dssim v3.3.2
[INFO] [stderr]    Compiling quantette v0.3.0 (/opt/rustwide/workdir)
[INFO] [stderr]    Compiling ciborium v0.2.2
[INFO] [stderr]    Compiling tinytemplate v1.2.1
[INFO] [stderr]    Compiling criterion v0.5.1
[INFO] [stderr]     Finished `test` profile [unoptimized + debuginfo] target(s) in 1m 45s
[INFO] running `Command { std: "docker" "inspect" "512c408be32da1c14dd05c58a4d2d87c3a24109b3e1cbc927c25de76a52166bd", kill_on_drop: false }`
[INFO] running `Command { std: "docker" "rm" "-f" "512c408be32da1c14dd05c58a4d2d87c3a24109b3e1cbc927c25de76a52166bd", kill_on_drop: false }`
[INFO] [stdout] 512c408be32da1c14dd05c58a4d2d87c3a24109b3e1cbc927c25de76a52166bd
[INFO] running `Command { std: "docker" "create" "-v" "/var/lib/crater-agent-workspace/builds/worker-0-tc1/target:/opt/rustwide/target:rw,Z" "-v" "/var/lib/crater-agent-workspace/builds/worker-0-tc1/source:/opt/rustwide/workdir:ro,Z" "-v" "/var/lib/crater-agent-workspace/cargo-home:/opt/rustwide/cargo-home:ro,Z" "-v" "/var/lib/crater-agent-workspace/rustup-home:/opt/rustwide/rustup-home:ro,Z" "-e" "SOURCE_DIR=/opt/rustwide/workdir" "-e" "CARGO_TARGET_DIR=/opt/rustwide/target" "-e" "CARGO_INCREMENTAL=0" "-e" "RUST_BACKTRACE=full" "-e" "RUSTFLAGS=--cap-lints=forbid" "-e" "RUSTDOCFLAGS=--cap-lints=forbid" "-e" "CARGO_HOME=/opt/rustwide/cargo-home" "-e" "RUSTUP_HOME=/opt/rustwide/rustup-home" "-w" "/opt/rustwide/workdir" "-m" "1610612736" "--user" "0:0" "--network" "none" "ghcr.io/rust-lang/crates-build-env/linux@sha256:819108c5571ea2e421544af4d832f968d213c87fbe3707a016657f43d2f853bc" "/opt/rustwide/cargo-home/bin/cargo" "+nightly-2025-01-18" "test" "--frozen", kill_on_drop: false }`
[INFO] [stdout] 23df2d9c71685869509031ad77c2e56600cdeee71c877634e0c3fa91b4a59e9e
[INFO] running `Command { std: "docker" "start" "-a" "23df2d9c71685869509031ad77c2e56600cdeee71c877634e0c3fa91b4a59e9e", kill_on_drop: false }`
[INFO] [stderr]     Finished `test` profile [unoptimized + debuginfo] target(s) in 0.31s
[INFO] [stderr]      Running unittests src/lib.rs (/opt/rustwide/target/debug/deps/quantette-832208450e097392)
[INFO] [stdout] 
[INFO] [stdout] running 18 tests
[INFO] [stdout] test color_counts::tests::empty_input ... ok
[INFO] [stdout] test dither::tests::empty_inputs ... ok
[INFO] [stdout] test dither::tests::distances_match_components ... ok
[INFO] [stdout] test kmeans::tests::empty_inputs ... ok
[INFO] [stdout] test dither::tests::distances_are_ascending ... ok
[INFO] [stdout] test dither::tests::components_match_indices ... ok
[INFO] [stdout] test kmeans::tests::naive_nearest_neighbor_oracle ... ok
[INFO] [stdout] test wu::tests::empty_input ... ok
[INFO] [stdout] test kmeans::tests::no_samples_gives_initial_centroids ... ok
[INFO] [stdout] test wu::tests::not_enough_colors ... ok
[INFO] [stdout] test kmeans::tests::exact_match_image_unaffected ... ok
[INFO] [stdout] test dither::tests::naive_nearest_neighbor_oracle ... ok
[INFO] [stdout] test wu::tests::exact_match_image_unaffected ... ok
[INFO] [stdout] test dither::tests::exact_match_image_unaffected ... ok
[INFO] [stdout] test wu::tests::single_and_multi_threaded_match ... ok
[INFO] [stdout] test color_counts::tests::single_and_multi_threaded_match ... ok
[INFO] [stdout] test color_counts::tests::add_duplicate_color ... ok
[INFO] [stdout] test color_counts::tests::reordered_input ... ok
[INFO] [stdout] 
[INFO] [stdout] test result: ok. 18 passed; 0 failed; 0 ignored; 0 measured; 0 filtered out; finished in 6.23s
[INFO] [stdout] 
[INFO] [stderr]    Doc-tests quantette
[INFO] [stdout] 
[INFO] [stdout] running 17 tests
[INFO] [stdout] test src/api/image_pipeline.rs - api::image_pipeline::ImagePipeline (line 107) - compile ... ok
[INFO] [stdout] test src/api/image_pipeline.rs - api::image_pipeline::ImagePipeline (line 94) - compile ... ok
[INFO] [stdout] test src/api/image_pipeline.rs - api::image_pipeline::ImagePipeline (line 39) - compile ... ok
[INFO] [stdout] test src/api/image_pipeline.rs - api::image_pipeline::ImagePipeline (line 82) - compile ... ok
[INFO] [stdout] test src/api/palette_pipeline.rs - api::palette_pipeline::PalettePipeline (line 34) - compile ... ok
[INFO] [stdout] test src/lib.rs - (line 21) - compile ... ok
[INFO] [stdout] test src/api/palette_pipeline.rs - api::palette_pipeline::PalettePipeline (line 88) - compile ... ok
[INFO] [stdout] test src/api/palette_pipeline.rs - api::palette_pipeline::PalettePipeline (line 71) - compile ... ok
[INFO] [stdout] test src/types.rs - types::ColorSlice (line 48) - compile ... ok
[INFO] [stdout] test src/types.rs - types::ColorSlice (line 37) ... ok
[INFO] [stdout] test src/api/palette_pipeline.rs - api::palette_pipeline::PalettePipeline (line 55) ... FAILED
[INFO] [stdout] test src/api/palette_pipeline.rs - api::palette_pipeline::PalettePipeline (line 44) ... FAILED
[INFO] [stdout] test src/api/image_pipeline.rs - api::image_pipeline::ImagePipeline (line 49) ... FAILED
[INFO] [stdout] test src/types.rs - types::PaletteSize (line 150) ... FAILED
[INFO] [stdout] test src/api/image_pipeline.rs - api::image_pipeline::ImagePipeline (line 66) ... FAILED
[INFO] [stdout] test src/api/quantize_method.rs - api::quantize_method::KmeansOptions (line 26) ... FAILED
[INFO] [stdout] test src/types.rs - types::PaletteSize (line 157) ... FAILED
[INFO] [stdout] 
[INFO] [stdout] failures:
[INFO] [stdout] 
[INFO] [stdout] ---- src/api/palette_pipeline.rs - api::palette_pipeline::PalettePipeline (line 55) stdout ----
[INFO] [stdout] error: linking with `cc` failed: exit status: 1
[INFO] [stdout]   |
[INFO] [stdout]   = note: LC_ALL="C" PATH="/opt/rustwide/rustup-home/toolchains/nightly-2025-01-18-x86_64-unknown-linux-gnu/lib/rustlib/x86_64-unknown-linux-gnu/bin:/opt/rustwide/rustup-home/toolchains/nightly-2025-01-18-x86_64-unknown-linux-gnu/lib/rustlib/x86_64-unknown-linux-gnu/bin/self-contained:/opt/rustwide/cargo-home/bin:/usr/local/sbin:/usr/local/bin:/usr/sbin:/usr/bin:/sbin:/bin" VSLANG="1033" "cc" "-m64" "/tmp/rustcsAljGe/symbols.o" "<2 object files omitted>" "-Wl,--as-needed" "-Wl,-Bstatic" "/opt/rustwide/target/debug/deps/{libquantette-01b9f73263203f40.rlib,librand_xoshiro-ab497091a1eef7a0.rlib,librand_distr-564ce959cefd66b1.rlib,librand-4f193d7e935238d9.rlib,librand_chacha-3cab81f139e2a969.rlib,libppv_lite86-4250c766b4729968.rlib,librand_core-73772c071ea9440d.rlib,libgetrandom-130a500c742fee17.rlib,liblibc-fe9819ecd9fb6bb5.rlib,libwide-060ca23eca3e4f36.rlib,libsafe_arch-9ed08a062ce1e51b.rlib,libordered_float-a7b4b0c211bb6d13.rlib,libimage-5126c9bd61e1141a.rlib,libbytemuck-11a326b1957631b5.rlib,libbyteorder-1efcbe4f07366651.rlib,libpng-fd228b89475cd273.rlib,libflate2-f41334977e3c1288.rlib,libminiz_oxide-7be321083b22689a.rlib,libfdeflate-2676e2396689691a.rlib,libsimd_adler32-eda01a159841bab2.rlib,libcrc32fast-ec6b1847c42b19ed.rlib,libcfg_if-33ef6c02a07f9fec.rlib,libbitflags-e2b4db6c651223da.rlib,libzune_jpeg-27f69ef2fcb5b2b5.rlib,libzune_core-e448b15fbf642cb4.rlib,libnum_traits-8b0643be04cb7b4d.rlib,librayon-f67f93ec3a198981.rlib,librayon_core-9a8f334f0de531d6.rlib,libcrossbeam_deque-337e201672f94d3a.rlib,libcrossbeam_epoch-6eaad7f981b0bedd.rlib,libcrossbeam_utils-d3f614f0e73f3455.rlib,libeither-38d43fea6173fdf6.rlib,libpalette-e5cb493bdf1c080c.rlib,libfast_srgb8-1d0b258b8d039757.rlib,libbitvec-e052441b7d13dbf0.rlib,libwyz-08b81de43180c23e.rlib,libtap-a03b11bfa148d0b2.rlib,libradium-35c80e83d2bb214a.rlib,libfunty-e395759ffae18036.rlib}" "/opt/rustwide/rustup-home/toolchains/nightly-2025-01-18-x86_64-unknown-linux-gnu/lib/rustlib/x86_64-unknown-linux-gnu/lib/{libstd-006123e2ce67e99d.rlib,libpanic_unwind-e1447e1efa6f1e57.rlib,libobject-f6963a4916fcf097.rlib,libmemchr-49a2d9af912f4524.rlib,libaddr2line-04d19aad3936869d.rlib,libgimli-483c235edb789db0.rlib,librustc_demangle-294281af50b8f748.rlib,libstd_detect-3b08295250aabc2a.rlib,libhashbrown-4472d1e05ba0dfaf.rlib,librustc_std_workspace_alloc-2ef099fac590e457.rlib,libminiz_oxide-8a51f5e848546c29.rlib,libadler2-3d3fa22b868db521.rlib,libunwind-0ffda8b08e22dbea.rlib,libcfg_if-b08f62458fdd43b9.rlib,liblibc-559675126e63b890.rlib,liballoc-fcf21c8d1c9c7b75.rlib,librustc_std_workspace_core-e0b0460135bcf21d.rlib,libcore-d4097fdcbddd3bc7.rlib,libcompiler_builtins-fea484ac1eed7881.rlib}" "-Wl,-Bdynamic" "-lgcc_s" "-lutil" "-lrt" "-lpthread" "-lm" "-ldl" "-lc" "-B/opt/rustwide/rustup-home/toolchains/nightly-2025-01-18-x86_64-unknown-linux-gnu/lib/rustlib/x86_64-unknown-linux-gnu/bin/gcc-ld" "-fuse-ld=lld" "-Wl,--eh-frame-hdr" "-Wl,-z,noexecstack" "-L" "/opt/rustwide/target/debug/build/lcms2-sys-630b380916fc4cfe/out" "-L" "/opt/rustwide/rustup-home/toolchains/nightly-2025-01-18-x86_64-unknown-linux-gnu/lib/rustlib/x86_64-unknown-linux-gnu/lib" "-o" "/tmp/rustdoctestUF1DIU/rust_out" "-Wl,--gc-sections" "-pie" "-Wl,-z,relro,-z,now" "-nodefaultlibs"
[INFO] [stdout]   = note: some arguments are omitted. use `--verbose` to show all linker arguments
[INFO] [stdout]   = note: PLEASE submit a bug report to https://github.com/llvm/llvm-project/issues/ and include the crash backtrace.
[INFO] [stdout]           LLVM ERROR: IO failure on output stream: No space left on device
[INFO] [stdout]           collect2: error: ld returned 1 exit status
[INFO] [stdout]           
[INFO] [stdout] 
[INFO] [stdout] error: aborting due to 1 previous error
[INFO] [stdout] 
[INFO] [stdout] Couldn't compile the test.
[INFO] [stdout] ---- src/api/palette_pipeline.rs - api::palette_pipeline::PalettePipeline (line 44) stdout ----
[INFO] [stdout] error: linking with `cc` failed: exit status: 1
[INFO] [stdout]   |
[INFO] [stdout]   = note: LC_ALL="C" PATH="/opt/rustwide/rustup-home/toolchains/nightly-2025-01-18-x86_64-unknown-linux-gnu/lib/rustlib/x86_64-unknown-linux-gnu/bin:/opt/rustwide/rustup-home/toolchains/nightly-2025-01-18-x86_64-unknown-linux-gnu/lib/rustlib/x86_64-unknown-linux-gnu/bin/self-contained:/opt/rustwide/cargo-home/bin:/usr/local/sbin:/usr/local/bin:/usr/sbin:/usr/bin:/sbin:/bin" VSLANG="1033" "cc" "-m64" "/tmp/rustc1gIy4Y/symbols.o" "<2 object files omitted>" "-Wl,--as-needed" "-Wl,-Bstatic" "/opt/rustwide/target/debug/deps/{libquantette-01b9f73263203f40.rlib,librand_xoshiro-ab497091a1eef7a0.rlib,librand_distr-564ce959cefd66b1.rlib,librand-4f193d7e935238d9.rlib,librand_chacha-3cab81f139e2a969.rlib,libppv_lite86-4250c766b4729968.rlib,librand_core-73772c071ea9440d.rlib,libgetrandom-130a500c742fee17.rlib,liblibc-fe9819ecd9fb6bb5.rlib,libwide-060ca23eca3e4f36.rlib,libsafe_arch-9ed08a062ce1e51b.rlib,libordered_float-a7b4b0c211bb6d13.rlib,libimage-5126c9bd61e1141a.rlib,libbytemuck-11a326b1957631b5.rlib,libbyteorder-1efcbe4f07366651.rlib,libpng-fd228b89475cd273.rlib,libflate2-f41334977e3c1288.rlib,libminiz_oxide-7be321083b22689a.rlib,libfdeflate-2676e2396689691a.rlib,libsimd_adler32-eda01a159841bab2.rlib,libcrc32fast-ec6b1847c42b19ed.rlib,libcfg_if-33ef6c02a07f9fec.rlib,libbitflags-e2b4db6c651223da.rlib,libzune_jpeg-27f69ef2fcb5b2b5.rlib,libzune_core-e448b15fbf642cb4.rlib,libnum_traits-8b0643be04cb7b4d.rlib,librayon-f67f93ec3a198981.rlib,librayon_core-9a8f334f0de531d6.rlib,libcrossbeam_deque-337e201672f94d3a.rlib,libcrossbeam_epoch-6eaad7f981b0bedd.rlib,libcrossbeam_utils-d3f614f0e73f3455.rlib,libeither-38d43fea6173fdf6.rlib,libpalette-e5cb493bdf1c080c.rlib,libfast_srgb8-1d0b258b8d039757.rlib,libbitvec-e052441b7d13dbf0.rlib,libwyz-08b81de43180c23e.rlib,libtap-a03b11bfa148d0b2.rlib,libradium-35c80e83d2bb214a.rlib,libfunty-e395759ffae18036.rlib}" "/opt/rustwide/rustup-home/toolchains/nightly-2025-01-18-x86_64-unknown-linux-gnu/lib/rustlib/x86_64-unknown-linux-gnu/lib/{libstd-006123e2ce67e99d.rlib,libpanic_unwind-e1447e1efa6f1e57.rlib,libobject-f6963a4916fcf097.rlib,libmemchr-49a2d9af912f4524.rlib,libaddr2line-04d19aad3936869d.rlib,libgimli-483c235edb789db0.rlib,librustc_demangle-294281af50b8f748.rlib,libstd_detect-3b08295250aabc2a.rlib,libhashbrown-4472d1e05ba0dfaf.rlib,librustc_std_workspace_alloc-2ef099fac590e457.rlib,libminiz_oxide-8a51f5e848546c29.rlib,libadler2-3d3fa22b868db521.rlib,libunwind-0ffda8b08e22dbea.rlib,libcfg_if-b08f62458fdd43b9.rlib,liblibc-559675126e63b890.rlib,liballoc-fcf21c8d1c9c7b75.rlib,librustc_std_workspace_core-e0b0460135bcf21d.rlib,libcore-d4097fdcbddd3bc7.rlib,libcompiler_builtins-fea484ac1eed7881.rlib}" "-Wl,-Bdynamic" "-lgcc_s" "-lutil" "-lrt" "-lpthread" "-lm" "-ldl" "-lc" "-B/opt/rustwide/rustup-home/toolchains/nightly-2025-01-18-x86_64-unknown-linux-gnu/lib/rustlib/x86_64-unknown-linux-gnu/bin/gcc-ld" "-fuse-ld=lld" "-Wl,--eh-frame-hdr" "-Wl,-z,noexecstack" "-L" "/opt/rustwide/target/debug/build/lcms2-sys-630b380916fc4cfe/out" "-L" "/opt/rustwide/rustup-home/toolchains/nightly-2025-01-18-x86_64-unknown-linux-gnu/lib/rustlib/x86_64-unknown-linux-gnu/lib" "-o" "/tmp/rustdoctestlgiSQh/rust_out" "-Wl,--gc-sections" "-pie" "-Wl,-z,relro,-z,now" "-nodefaultlibs"
[INFO] [stdout]   = note: some arguments are omitted. use `--verbose` to show all linker arguments
[INFO] [stdout]   = note: PLEASE submit a bug report to https://github.com/llvm/llvm-project/issues/ and include the crash backtrace.
[INFO] [stdout]           LLVM ERROR: IO failure on output stream: No space left on device
[INFO] [stdout]           collect2: error: ld returned 1 exit status
[INFO] [stdout]           
[INFO] [stdout] 
[INFO] [stdout] error: aborting due to 1 previous error
[INFO] [stdout] 
[INFO] [stdout] Couldn't compile the test.
[INFO] [stdout] ---- src/api/image_pipeline.rs - api::image_pipeline::ImagePipeline (line 49) stdout ----
[INFO] [stdout] error: linking with `cc` failed: exit status: 1
[INFO] [stdout]   |
[INFO] [stdout]   = note: LC_ALL="C" PATH="/opt/rustwide/rustup-home/toolchains/nightly-2025-01-18-x86_64-unknown-linux-gnu/lib/rustlib/x86_64-unknown-linux-gnu/bin:/opt/rustwide/rustup-home/toolchains/nightly-2025-01-18-x86_64-unknown-linux-gnu/lib/rustlib/x86_64-unknown-linux-gnu/bin/self-contained:/opt/rustwide/cargo-home/bin:/usr/local/sbin:/usr/local/bin:/usr/sbin:/usr/bin:/sbin:/bin" VSLANG="1033" "cc" "-m64" "/tmp/rustciB6C8P/symbols.o" "<2 object files omitted>" "-Wl,--as-needed" "-Wl,-Bstatic" "/opt/rustwide/target/debug/deps/{libquantette-01b9f73263203f40.rlib,librand_xoshiro-ab497091a1eef7a0.rlib,librand_distr-564ce959cefd66b1.rlib,librand-4f193d7e935238d9.rlib,librand_chacha-3cab81f139e2a969.rlib,libppv_lite86-4250c766b4729968.rlib,librand_core-73772c071ea9440d.rlib,libgetrandom-130a500c742fee17.rlib,liblibc-fe9819ecd9fb6bb5.rlib,libwide-060ca23eca3e4f36.rlib,libsafe_arch-9ed08a062ce1e51b.rlib,libordered_float-a7b4b0c211bb6d13.rlib,libimage-5126c9bd61e1141a.rlib,libbytemuck-11a326b1957631b5.rlib,libbyteorder-1efcbe4f07366651.rlib,libpng-fd228b89475cd273.rlib,libflate2-f41334977e3c1288.rlib,libminiz_oxide-7be321083b22689a.rlib,libfdeflate-2676e2396689691a.rlib,libsimd_adler32-eda01a159841bab2.rlib,libcrc32fast-ec6b1847c42b19ed.rlib,libcfg_if-33ef6c02a07f9fec.rlib,libbitflags-e2b4db6c651223da.rlib,libzune_jpeg-27f69ef2fcb5b2b5.rlib,libzune_core-e448b15fbf642cb4.rlib,libnum_traits-8b0643be04cb7b4d.rlib,librayon-f67f93ec3a198981.rlib,librayon_core-9a8f334f0de531d6.rlib,libcrossbeam_deque-337e201672f94d3a.rlib,libcrossbeam_epoch-6eaad7f981b0bedd.rlib,libcrossbeam_utils-d3f614f0e73f3455.rlib,libeither-38d43fea6173fdf6.rlib,libpalette-e5cb493bdf1c080c.rlib,libfast_srgb8-1d0b258b8d039757.rlib,libbitvec-e052441b7d13dbf0.rlib,libwyz-08b81de43180c23e.rlib,libtap-a03b11bfa148d0b2.rlib,libradium-35c80e83d2bb214a.rlib,libfunty-e395759ffae18036.rlib}" "/opt/rustwide/rustup-home/toolchains/nightly-2025-01-18-x86_64-unknown-linux-gnu/lib/rustlib/x86_64-unknown-linux-gnu/lib/{libstd-006123e2ce67e99d.rlib,libpanic_unwind-e1447e1efa6f1e57.rlib,libobject-f6963a4916fcf097.rlib,libmemchr-49a2d9af912f4524.rlib,libaddr2line-04d19aad3936869d.rlib,libgimli-483c235edb789db0.rlib,librustc_demangle-294281af50b8f748.rlib,libstd_detect-3b08295250aabc2a.rlib,libhashbrown-4472d1e05ba0dfaf.rlib,librustc_std_workspace_alloc-2ef099fac590e457.rlib,libminiz_oxide-8a51f5e848546c29.rlib,libadler2-3d3fa22b868db521.rlib,libunwind-0ffda8b08e22dbea.rlib,libcfg_if-b08f62458fdd43b9.rlib,liblibc-559675126e63b890.rlib,liballoc-fcf21c8d1c9c7b75.rlib,librustc_std_workspace_core-e0b0460135bcf21d.rlib,libcore-d4097fdcbddd3bc7.rlib,libcompiler_builtins-fea484ac1eed7881.rlib}" "-Wl,-Bdynamic" "-lgcc_s" "-lutil" "-lrt" "-lpthread" "-lm" "-ldl" "-lc" "-B/opt/rustwide/rustup-home/toolchains/nightly-2025-01-18-x86_64-unknown-linux-gnu/lib/rustlib/x86_64-unknown-linux-gnu/bin/gcc-ld" "-fuse-ld=lld" "-Wl,--eh-frame-hdr" "-Wl,-z,noexecstack" "-L" "/opt/rustwide/target/debug/build/lcms2-sys-630b380916fc4cfe/out" "-L" "/opt/rustwide/rustup-home/toolchains/nightly-2025-01-18-x86_64-unknown-linux-gnu/lib/rustlib/x86_64-unknown-linux-gnu/lib" "-o" "/tmp/rustdoctestjxiLdx/rust_out" "-Wl,--gc-sections" "-pie" "-Wl,-z,relro,-z,now" "-nodefaultlibs"
[INFO] [stdout]   = note: some arguments are omitted. use `--verbose` to show all linker arguments
[INFO] [stdout]   = note: PLEASE submit a bug report to https://github.com/llvm/llvm-project/issues/ and include the crash backtrace.
[INFO] [stdout]           LLVM ERROR: IO failure on output stream: No space left on device
[INFO] [stdout]           collect2: error: ld returned 1 exit status
[INFO] [stdout]           
[INFO] [stdout] 
[INFO] [stdout] error: aborting due to 1 previous error
[INFO] [stdout] 
[INFO] [stdout] Couldn't compile the test.
[INFO] [stdout] ---- src/types.rs - types::PaletteSize (line 150) stdout ----
[INFO] [stdout] error: linking with `cc` failed: exit status: 1
[INFO] [stdout]   |
[INFO] [stdout]   = note: LC_ALL="C" PATH="/opt/rustwide/rustup-home/toolchains/nightly-2025-01-18-x86_64-unknown-linux-gnu/lib/rustlib/x86_64-unknown-linux-gnu/bin:/opt/rustwide/rustup-home/toolchains/nightly-2025-01-18-x86_64-unknown-linux-gnu/lib/rustlib/x86_64-unknown-linux-gnu/bin/self-contained:/opt/rustwide/cargo-home/bin:/usr/local/sbin:/usr/local/bin:/usr/sbin:/usr/bin:/sbin:/bin" VSLANG="1033" "cc" "-m64" "/tmp/rustcnohOga/symbols.o" "<2 object files omitted>" "-Wl,--as-needed" "-Wl,-Bstatic" "/opt/rustwide/target/debug/deps/{libquantette-01b9f73263203f40.rlib,librand_xoshiro-ab497091a1eef7a0.rlib,librand_distr-564ce959cefd66b1.rlib,librand-4f193d7e935238d9.rlib,librand_chacha-3cab81f139e2a969.rlib,libppv_lite86-4250c766b4729968.rlib,librand_core-73772c071ea9440d.rlib,libgetrandom-130a500c742fee17.rlib,liblibc-fe9819ecd9fb6bb5.rlib,libwide-060ca23eca3e4f36.rlib,libsafe_arch-9ed08a062ce1e51b.rlib,libordered_float-a7b4b0c211bb6d13.rlib,libimage-5126c9bd61e1141a.rlib,libbytemuck-11a326b1957631b5.rlib,libbyteorder-1efcbe4f07366651.rlib,libpng-fd228b89475cd273.rlib,libflate2-f41334977e3c1288.rlib,libminiz_oxide-7be321083b22689a.rlib,libfdeflate-2676e2396689691a.rlib,libsimd_adler32-eda01a159841bab2.rlib,libcrc32fast-ec6b1847c42b19ed.rlib,libcfg_if-33ef6c02a07f9fec.rlib,libbitflags-e2b4db6c651223da.rlib,libzune_jpeg-27f69ef2fcb5b2b5.rlib,libzune_core-e448b15fbf642cb4.rlib,libnum_traits-8b0643be04cb7b4d.rlib,librayon-f67f93ec3a198981.rlib,librayon_core-9a8f334f0de531d6.rlib,libcrossbeam_deque-337e201672f94d3a.rlib,libcrossbeam_epoch-6eaad7f981b0bedd.rlib,libcrossbeam_utils-d3f614f0e73f3455.rlib,libeither-38d43fea6173fdf6.rlib,libpalette-e5cb493bdf1c080c.rlib,libfast_srgb8-1d0b258b8d039757.rlib,libbitvec-e052441b7d13dbf0.rlib,libwyz-08b81de43180c23e.rlib,libtap-a03b11bfa148d0b2.rlib,libradium-35c80e83d2bb214a.rlib,libfunty-e395759ffae18036.rlib}" "/opt/rustwide/rustup-home/toolchains/nightly-2025-01-18-x86_64-unknown-linux-gnu/lib/rustlib/x86_64-unknown-linux-gnu/lib/{libstd-006123e2ce67e99d.rlib,libpanic_unwind-e1447e1efa6f1e57.rlib,libobject-f6963a4916fcf097.rlib,libmemchr-49a2d9af912f4524.rlib,libaddr2line-04d19aad3936869d.rlib,libgimli-483c235edb789db0.rlib,librustc_demangle-294281af50b8f748.rlib,libstd_detect-3b08295250aabc2a.rlib,libhashbrown-4472d1e05ba0dfaf.rlib,librustc_std_workspace_alloc-2ef099fac590e457.rlib,libminiz_oxide-8a51f5e848546c29.rlib,libadler2-3d3fa22b868db521.rlib,libunwind-0ffda8b08e22dbea.rlib,libcfg_if-b08f62458fdd43b9.rlib,liblibc-559675126e63b890.rlib,liballoc-fcf21c8d1c9c7b75.rlib,librustc_std_workspace_core-e0b0460135bcf21d.rlib,libcore-d4097fdcbddd3bc7.rlib,libcompiler_builtins-fea484ac1eed7881.rlib}" "-Wl,-Bdynamic" "-lgcc_s" "-lutil" "-lrt" "-lpthread" "-lm" "-ldl" "-lc" "-B/opt/rustwide/rustup-home/toolchains/nightly-2025-01-18-x86_64-unknown-linux-gnu/lib/rustlib/x86_64-unknown-linux-gnu/bin/gcc-ld" "-fuse-ld=lld" "-Wl,--eh-frame-hdr" "-Wl,-z,noexecstack" "-L" "/opt/rustwide/target/debug/build/lcms2-sys-630b380916fc4cfe/out" "-L" "/opt/rustwide/rustup-home/toolchains/nightly-2025-01-18-x86_64-unknown-linux-gnu/lib/rustlib/x86_64-unknown-linux-gnu/lib" "-o" "/tmp/rustdoctestNTPTS3/rust_out" "-Wl,--gc-sections" "-pie" "-Wl,-z,relro,-z,now" "-nodefaultlibs"
[INFO] [stdout]   = note: some arguments are omitted. use `--verbose` to show all linker arguments
[INFO] [stdout]   = note: PLEASE submit a bug report to https://github.com/llvm/llvm-project/issues/ and include the crash backtrace.
[INFO] [stdout]           collect2: fatal error: ld terminated with signal 7 [Bus error], core dumped
[INFO] [stdout]           compilation terminated.
[INFO] [stdout]           
[INFO] [stdout] 
[INFO] [stdout] error: aborting due to 1 previous error
[INFO] [stdout] 
[INFO] [stdout] Couldn't compile the test.
[INFO] [stdout] ---- src/api/image_pipeline.rs - api::image_pipeline::ImagePipeline (line 66) stdout ----
[INFO] [stdout] error: linking with `cc` failed: exit status: 1
[INFO] [stdout]   |
[INFO] [stdout]   = note: LC_ALL="C" PATH="/opt/rustwide/rustup-home/toolchains/nightly-2025-01-18-x86_64-unknown-linux-gnu/lib/rustlib/x86_64-unknown-linux-gnu/bin:/opt/rustwide/rustup-home/toolchains/nightly-2025-01-18-x86_64-unknown-linux-gnu/lib/rustlib/x86_64-unknown-linux-gnu/bin/self-contained:/opt/rustwide/cargo-home/bin:/usr/local/sbin:/usr/local/bin:/usr/sbin:/usr/bin:/sbin:/bin" VSLANG="1033" "cc" "-m64" "/tmp/rustcRKzLOI/symbols.o" "<2 object files omitted>" "-Wl,--as-needed" "-Wl,-Bstatic" "/opt/rustwide/target/debug/deps/{libquantette-01b9f73263203f40.rlib,librand_xoshiro-ab497091a1eef7a0.rlib,librand_distr-564ce959cefd66b1.rlib,librand-4f193d7e935238d9.rlib,librand_chacha-3cab81f139e2a969.rlib,libppv_lite86-4250c766b4729968.rlib,librand_core-73772c071ea9440d.rlib,libgetrandom-130a500c742fee17.rlib,liblibc-fe9819ecd9fb6bb5.rlib,libwide-060ca23eca3e4f36.rlib,libsafe_arch-9ed08a062ce1e51b.rlib,libordered_float-a7b4b0c211bb6d13.rlib,libimage-5126c9bd61e1141a.rlib,libbytemuck-11a326b1957631b5.rlib,libbyteorder-1efcbe4f07366651.rlib,libpng-fd228b89475cd273.rlib,libflate2-f41334977e3c1288.rlib,libminiz_oxide-7be321083b22689a.rlib,libfdeflate-2676e2396689691a.rlib,libsimd_adler32-eda01a159841bab2.rlib,libcrc32fast-ec6b1847c42b19ed.rlib,libcfg_if-33ef6c02a07f9fec.rlib,libbitflags-e2b4db6c651223da.rlib,libzune_jpeg-27f69ef2fcb5b2b5.rlib,libzune_core-e448b15fbf642cb4.rlib,libnum_traits-8b0643be04cb7b4d.rlib,librayon-f67f93ec3a198981.rlib,librayon_core-9a8f334f0de531d6.rlib,libcrossbeam_deque-337e201672f94d3a.rlib,libcrossbeam_epoch-6eaad7f981b0bedd.rlib,libcrossbeam_utils-d3f614f0e73f3455.rlib,libeither-38d43fea6173fdf6.rlib,libpalette-e5cb493bdf1c080c.rlib,libfast_srgb8-1d0b258b8d039757.rlib,libbitvec-e052441b7d13dbf0.rlib,libwyz-08b81de43180c23e.rlib,libtap-a03b11bfa148d0b2.rlib,libradium-35c80e83d2bb214a.rlib,libfunty-e395759ffae18036.rlib}" "/opt/rustwide/rustup-home/toolchains/nightly-2025-01-18-x86_64-unknown-linux-gnu/lib/rustlib/x86_64-unknown-linux-gnu/lib/{libstd-006123e2ce67e99d.rlib,libpanic_unwind-e1447e1efa6f1e57.rlib,libobject-f6963a4916fcf097.rlib,libmemchr-49a2d9af912f4524.rlib,libaddr2line-04d19aad3936869d.rlib,libgimli-483c235edb789db0.rlib,librustc_demangle-294281af50b8f748.rlib,libstd_detect-3b08295250aabc2a.rlib,libhashbrown-4472d1e05ba0dfaf.rlib,librustc_std_workspace_alloc-2ef099fac590e457.rlib,libminiz_oxide-8a51f5e848546c29.rlib,libadler2-3d3fa22b868db521.rlib,libunwind-0ffda8b08e22dbea.rlib,libcfg_if-b08f62458fdd43b9.rlib,liblibc-559675126e63b890.rlib,liballoc-fcf21c8d1c9c7b75.rlib,librustc_std_workspace_core-e0b0460135bcf21d.rlib,libcore-d4097fdcbddd3bc7.rlib,libcompiler_builtins-fea484ac1eed7881.rlib}" "-Wl,-Bdynamic" "-lgcc_s" "-lutil" "-lrt" "-lpthread" "-lm" "-ldl" "-lc" "-B/opt/rustwide/rustup-home/toolchains/nightly-2025-01-18-x86_64-unknown-linux-gnu/lib/rustlib/x86_64-unknown-linux-gnu/bin/gcc-ld" "-fuse-ld=lld" "-Wl,--eh-frame-hdr" "-Wl,-z,noexecstack" "-L" "/opt/rustwide/target/debug/build/lcms2-sys-630b380916fc4cfe/out" "-L" "/opt/rustwide/rustup-home/toolchains/nightly-2025-01-18-x86_64-unknown-linux-gnu/lib/rustlib/x86_64-unknown-linux-gnu/lib" "-o" "/tmp/rustdoctestoJHt6a/rust_out" "-Wl,--gc-sections" "-pie" "-Wl,-z,relro,-z,now" "-nodefaultlibs"
[INFO] [stdout]   = note: some arguments are omitted. use `--verbose` to show all linker arguments
[INFO] [stdout]   = note: PLEASE submit a bug report to https://github.com/llvm/llvm-project/issues/ and include the crash backtrace.
[INFO] [stdout]           collect2: fatal error: ld terminated with signal 7 [Bus error], core dumped
[INFO] [stdout]           compilation terminated.
[INFO] [stdout]           
[INFO] [stdout] 
[INFO] [stdout] error: aborting due to 1 previous error
[INFO] [stdout] 
[INFO] [stdout] Couldn't compile the test.
[INFO] [stdout] ---- src/api/quantize_method.rs - api::quantize_method::KmeansOptions (line 26) stdout ----
[INFO] [stdout] error: linking with `cc` failed: exit status: 1
[INFO] [stdout]   |
[INFO] [stdout]   = note: LC_ALL="C" PATH="/opt/rustwide/rustup-home/toolchains/nightly-2025-01-18-x86_64-unknown-linux-gnu/lib/rustlib/x86_64-unknown-linux-gnu/bin:/opt/rustwide/rustup-home/toolchains/nightly-2025-01-18-x86_64-unknown-linux-gnu/lib/rustlib/x86_64-unknown-linux-gnu/bin/self-contained:/opt/rustwide/cargo-home/bin:/usr/local/sbin:/usr/local/bin:/usr/sbin:/usr/bin:/sbin:/bin" VSLANG="1033" "cc" "-m64" "/tmp/rustcLt6RnL/symbols.o" "<2 object files omitted>" "-Wl,--as-needed" "-Wl,-Bstatic" "/opt/rustwide/target/debug/deps/{libquantette-01b9f73263203f40.rlib,librand_xoshiro-ab497091a1eef7a0.rlib,librand_distr-564ce959cefd66b1.rlib,librand-4f193d7e935238d9.rlib,librand_chacha-3cab81f139e2a969.rlib,libppv_lite86-4250c766b4729968.rlib,librand_core-73772c071ea9440d.rlib,libgetrandom-130a500c742fee17.rlib,liblibc-fe9819ecd9fb6bb5.rlib,libwide-060ca23eca3e4f36.rlib,libsafe_arch-9ed08a062ce1e51b.rlib,libordered_float-a7b4b0c211bb6d13.rlib,libimage-5126c9bd61e1141a.rlib,libbytemuck-11a326b1957631b5.rlib,libbyteorder-1efcbe4f07366651.rlib,libpng-fd228b89475cd273.rlib,libflate2-f41334977e3c1288.rlib,libminiz_oxide-7be321083b22689a.rlib,libfdeflate-2676e2396689691a.rlib,libsimd_adler32-eda01a159841bab2.rlib,libcrc32fast-ec6b1847c42b19ed.rlib,libcfg_if-33ef6c02a07f9fec.rlib,libbitflags-e2b4db6c651223da.rlib,libzune_jpeg-27f69ef2fcb5b2b5.rlib,libzune_core-e448b15fbf642cb4.rlib,libnum_traits-8b0643be04cb7b4d.rlib,librayon-f67f93ec3a198981.rlib,librayon_core-9a8f334f0de531d6.rlib,libcrossbeam_deque-337e201672f94d3a.rlib,libcrossbeam_epoch-6eaad7f981b0bedd.rlib,libcrossbeam_utils-d3f614f0e73f3455.rlib,libeither-38d43fea6173fdf6.rlib,libpalette-e5cb493bdf1c080c.rlib,libfast_srgb8-1d0b258b8d039757.rlib,libbitvec-e052441b7d13dbf0.rlib,libwyz-08b81de43180c23e.rlib,libtap-a03b11bfa148d0b2.rlib,libradium-35c80e83d2bb214a.rlib,libfunty-e395759ffae18036.rlib}" "/opt/rustwide/rustup-home/toolchains/nightly-2025-01-18-x86_64-unknown-linux-gnu/lib/rustlib/x86_64-unknown-linux-gnu/lib/{libstd-006123e2ce67e99d.rlib,libpanic_unwind-e1447e1efa6f1e57.rlib,libobject-f6963a4916fcf097.rlib,libmemchr-49a2d9af912f4524.rlib,libaddr2line-04d19aad3936869d.rlib,libgimli-483c235edb789db0.rlib,librustc_demangle-294281af50b8f748.rlib,libstd_detect-3b08295250aabc2a.rlib,libhashbrown-4472d1e05ba0dfaf.rlib,librustc_std_workspace_alloc-2ef099fac590e457.rlib,libminiz_oxide-8a51f5e848546c29.rlib,libadler2-3d3fa22b868db521.rlib,libunwind-0ffda8b08e22dbea.rlib,libcfg_if-b08f62458fdd43b9.rlib,liblibc-559675126e63b890.rlib,liballoc-fcf21c8d1c9c7b75.rlib,librustc_std_workspace_core-e0b0460135bcf21d.rlib,libcore-d4097fdcbddd3bc7.rlib,libcompiler_builtins-fea484ac1eed7881.rlib}" "-Wl,-Bdynamic" "-lgcc_s" "-lutil" "-lrt" "-lpthread" "-lm" "-ldl" "-lc" "-B/opt/rustwide/rustup-home/toolchains/nightly-2025-01-18-x86_64-unknown-linux-gnu/lib/rustlib/x86_64-unknown-linux-gnu/bin/gcc-ld" "-fuse-ld=lld" "-Wl,--eh-frame-hdr" "-Wl,-z,noexecstack" "-L" "/opt/rustwide/target/debug/build/lcms2-sys-630b380916fc4cfe/out" "-L" "/opt/rustwide/rustup-home/toolchains/nightly-2025-01-18-x86_64-unknown-linux-gnu/lib/rustlib/x86_64-unknown-linux-gnu/lib" "-o" "/tmp/rustdoctestqaZGWk/rust_out" "-Wl,--gc-sections" "-pie" "-Wl,-z,relro,-z,now" "-nodefaultlibs"
[INFO] [stdout]   = note: some arguments are omitted. use `--verbose` to show all linker arguments
[INFO] [stdout]   = note: PLEASE submit a bug report to https://github.com/llvm/llvm-project/issues/ and include the crash backtrace.
[INFO] [stdout]           collect2: fatal error: ld terminated with signal 7 [Bus error], core dumped
[INFO] [stdout]           compilation terminated.
[INFO] [stdout]           
[INFO] [stdout] 
[INFO] [stdout] error: aborting due to 1 previous error
[INFO] [stdout] 
[INFO] [stdout] Couldn't compile the test.
[INFO] [stdout] ---- src/types.rs - types::PaletteSize (line 157) stdout ----
[INFO] [stdout] error: linking with `cc` failed: exit status: 1
[INFO] [stdout]   |
[INFO] [stdout]   = note: LC_ALL="C" PATH="/opt/rustwide/rustup-home/toolchains/nightly-2025-01-18-x86_64-unknown-linux-gnu/lib/rustlib/x86_64-unknown-linux-gnu/bin:/opt/rustwide/rustup-home/toolchains/nightly-2025-01-18-x86_64-unknown-linux-gnu/lib/rustlib/x86_64-unknown-linux-gnu/bin/self-contained:/opt/rustwide/cargo-home/bin:/usr/local/sbin:/usr/local/bin:/usr/sbin:/usr/bin:/sbin:/bin" VSLANG="1033" "cc" "-m64" "/tmp/rustc1psWfl/symbols.o" "<2 object files omitted>" "-Wl,--as-needed" "-Wl,-Bstatic" "/opt/rustwide/target/debug/deps/{libquantette-01b9f73263203f40.rlib,librand_xoshiro-ab497091a1eef7a0.rlib,librand_distr-564ce959cefd66b1.rlib,librand-4f193d7e935238d9.rlib,librand_chacha-3cab81f139e2a969.rlib,libppv_lite86-4250c766b4729968.rlib,librand_core-73772c071ea9440d.rlib,libgetrandom-130a500c742fee17.rlib,liblibc-fe9819ecd9fb6bb5.rlib,libwide-060ca23eca3e4f36.rlib,libsafe_arch-9ed08a062ce1e51b.rlib,libordered_float-a7b4b0c211bb6d13.rlib,libimage-5126c9bd61e1141a.rlib,libbytemuck-11a326b1957631b5.rlib,libbyteorder-1efcbe4f07366651.rlib,libpng-fd228b89475cd273.rlib,libflate2-f41334977e3c1288.rlib,libminiz_oxide-7be321083b22689a.rlib,libfdeflate-2676e2396689691a.rlib,libsimd_adler32-eda01a159841bab2.rlib,libcrc32fast-ec6b1847c42b19ed.rlib,libcfg_if-33ef6c02a07f9fec.rlib,libbitflags-e2b4db6c651223da.rlib,libzune_jpeg-27f69ef2fcb5b2b5.rlib,libzune_core-e448b15fbf642cb4.rlib,libnum_traits-8b0643be04cb7b4d.rlib,librayon-f67f93ec3a198981.rlib,librayon_core-9a8f334f0de531d6.rlib,libcrossbeam_deque-337e201672f94d3a.rlib,libcrossbeam_epoch-6eaad7f981b0bedd.rlib,libcrossbeam_utils-d3f614f0e73f3455.rlib,libeither-38d43fea6173fdf6.rlib,libpalette-e5cb493bdf1c080c.rlib,libfast_srgb8-1d0b258b8d039757.rlib,libbitvec-e052441b7d13dbf0.rlib,libwyz-08b81de43180c23e.rlib,libtap-a03b11bfa148d0b2.rlib,libradium-35c80e83d2bb214a.rlib,libfunty-e395759ffae18036.rlib}" "/opt/rustwide/rustup-home/toolchains/nightly-2025-01-18-x86_64-unknown-linux-gnu/lib/rustlib/x86_64-unknown-linux-gnu/lib/{libstd-006123e2ce67e99d.rlib,libpanic_unwind-e1447e1efa6f1e57.rlib,libobject-f6963a4916fcf097.rlib,libmemchr-49a2d9af912f4524.rlib,libaddr2line-04d19aad3936869d.rlib,libgimli-483c235edb789db0.rlib,librustc_demangle-294281af50b8f748.rlib,libstd_detect-3b08295250aabc2a.rlib,libhashbrown-4472d1e05ba0dfaf.rlib,librustc_std_workspace_alloc-2ef099fac590e457.rlib,libminiz_oxide-8a51f5e848546c29.rlib,libadler2-3d3fa22b868db521.rlib,libunwind-0ffda8b08e22dbea.rlib,libcfg_if-b08f62458fdd43b9.rlib,liblibc-559675126e63b890.rlib,liballoc-fcf21c8d1c9c7b75.rlib,librustc_std_workspace_core-e0b0460135bcf21d.rlib,libcore-d4097fdcbddd3bc7.rlib,libcompiler_builtins-fea484ac1eed7881.rlib}" "-Wl,-Bdynamic" "-lgcc_s" "-lutil" "-lrt" "-lpthread" "-lm" "-ldl" "-lc" "-B/opt/rustwide/rustup-home/toolchains/nightly-2025-01-18-x86_64-unknown-linux-gnu/lib/rustlib/x86_64-unknown-linux-gnu/bin/gcc-ld" "-fuse-ld=lld" "-Wl,--eh-frame-hdr" "-Wl,-z,noexecstack" "-L" "/opt/rustwide/target/debug/build/lcms2-sys-630b380916fc4cfe/out" "-L" "/opt/rustwide/rustup-home/toolchains/nightly-2025-01-18-x86_64-unknown-linux-gnu/lib/rustlib/x86_64-unknown-linux-gnu/lib" "-o" "/tmp/rustdoctestjqlC38/rust_out" "-Wl,--gc-sections" "-pie" "-Wl,-z,relro,-z,now" "-nodefaultlibs"
[INFO] [stdout]   = note: some arguments are omitted. use `--verbose` to show all linker arguments
[INFO] [stdout]   = note: collect2: fatal error: ld terminated with signal 7 [Bus error], core dumped
[INFO] [stdout]           compilation terminated.
[INFO] [stdout]           
[INFO] [stdout] 
[INFO] [stdout] error: aborting due to 1 previous error
[INFO] [stdout] 
[INFO] [stdout] Couldn't compile the test.
[INFO] [stdout] 
[INFO] [stdout] failures:
[INFO] [stdout]     src/api/image_pipeline.rs - api::image_pipeline::ImagePipeline (line 49)
[INFO] [stdout]     src/api/image_pipeline.rs - api::image_pipeline::ImagePipeline (line 66)
[INFO] [stdout]     src/api/palette_pipeline.rs - api::palette_pipeline::PalettePipeline (line 44)
[INFO] [stdout]     src/api/palette_pipeline.rs - api::palette_pipeline::PalettePipeline (line 55)
[INFO] [stdout]     src/api/quantize_method.rs - api::quantize_method::KmeansOptions (line 26)
[INFO] [stdout]     src/types.rs - types::PaletteSize (line 150)
[INFO] [stdout]     src/types.rs - types::PaletteSize (line 157)
[INFO] [stdout] 
[INFO] [stdout] test result: FAILED. 10 passed; 7 failed; 0 ignored; 0 measured; 0 filtered out; finished in 4.15s
[INFO] [stdout] 
[INFO] [stderr] error: doctest failed, to rerun pass `--doc`
[INFO] running `Command { std: "docker" "inspect" "23df2d9c71685869509031ad77c2e56600cdeee71c877634e0c3fa91b4a59e9e", kill_on_drop: false }`
[INFO] running `Command { std: "docker" "rm" "-f" "23df2d9c71685869509031ad77c2e56600cdeee71c877634e0c3fa91b4a59e9e", kill_on_drop: false }`
[INFO] [stdout] 23df2d9c71685869509031ad77c2e56600cdeee71c877634e0c3fa91b4a59e9e
