[INFO] fetching crate protobuf-zmq-rust-generator 0.1.1...
[INFO] testing protobuf-zmq-rust-generator-0.1.1 against nightly-2025-01-18+rustflags=-Zrandomize-layout for randomize-layout-2
[INFO] extracting crate protobuf-zmq-rust-generator 0.1.1 into /workspace/builds/worker-6-tc2/source
[INFO] validating manifest of crates.io crate protobuf-zmq-rust-generator 0.1.1 on toolchain nightly-2025-01-18
[INFO] running `Command { std: CARGO_HOME="/workspace/cargo-home" RUSTUP_HOME="/workspace/rustup-home" "/workspace/cargo-home/bin/cargo" "+nightly-2025-01-18" "metadata" "--manifest-path" "Cargo.toml" "--no-deps", kill_on_drop: false }`
[INFO] started tweaking crates.io crate protobuf-zmq-rust-generator 0.1.1
[INFO] finished tweaking crates.io crate protobuf-zmq-rust-generator 0.1.1
[INFO] tweaked toml for crates.io crate protobuf-zmq-rust-generator 0.1.1 written to /workspace/builds/worker-6-tc2/source/Cargo.toml
[INFO] running `Command { std: CARGO_HOME="/workspace/cargo-home" RUSTUP_HOME="/workspace/rustup-home" "/workspace/cargo-home/bin/cargo" "+nightly-2025-01-18" "generate-lockfile" "--manifest-path" "Cargo.toml", kill_on_drop: false }`
[INFO] [stderr]     Updating crates.io index
[INFO] [stderr]      Locking 104 packages to latest compatible versions
[INFO] [stderr]       Adding prost v0.12.6 (available: v0.13.4)
[INFO] [stderr]       Adding prost-build v0.12.6 (available: v0.13.4)
[INFO] running `Command { std: CARGO_HOME="/workspace/cargo-home" RUSTUP_HOME="/workspace/rustup-home" "/workspace/cargo-home/bin/cargo" "+nightly-2025-01-18" "fetch" "--manifest-path" "Cargo.toml", kill_on_drop: false }`
[INFO] running `Command { std: "docker" "create" "-v" "/var/lib/crater-agent-workspace/builds/worker-6-tc2/target:/opt/rustwide/target:rw,Z" "-v" "/var/lib/crater-agent-workspace/builds/worker-6-tc2/source:/opt/rustwide/workdir:ro,Z" "-v" "/var/lib/crater-agent-workspace/cargo-home:/opt/rustwide/cargo-home:ro,Z" "-v" "/var/lib/crater-agent-workspace/rustup-home:/opt/rustwide/rustup-home:ro,Z" "-e" "SOURCE_DIR=/opt/rustwide/workdir" "-e" "CARGO_TARGET_DIR=/opt/rustwide/target" "-e" "CARGO_HOME=/opt/rustwide/cargo-home" "-e" "RUSTUP_HOME=/opt/rustwide/rustup-home" "-w" "/opt/rustwide/workdir" "-m" "1610612736" "--user" "0:0" "--network" "none" "ghcr.io/rust-lang/crates-build-env/linux@sha256:819108c5571ea2e421544af4d832f968d213c87fbe3707a016657f43d2f853bc" "/opt/rustwide/cargo-home/bin/cargo" "+nightly-2025-01-18" "metadata" "--no-deps" "--format-version=1", kill_on_drop: false }`
[INFO] [stdout] 344d3374bdda6d5d0425d4ec63fe00d798462b5d31d11a96ee36fabd14e86523
[INFO] running `Command { std: "docker" "start" "-a" "344d3374bdda6d5d0425d4ec63fe00d798462b5d31d11a96ee36fabd14e86523", kill_on_drop: false }`
[INFO] running `Command { std: "docker" "inspect" "344d3374bdda6d5d0425d4ec63fe00d798462b5d31d11a96ee36fabd14e86523", kill_on_drop: false }`
[INFO] running `Command { std: "docker" "rm" "-f" "344d3374bdda6d5d0425d4ec63fe00d798462b5d31d11a96ee36fabd14e86523", kill_on_drop: false }`
[INFO] [stdout] 344d3374bdda6d5d0425d4ec63fe00d798462b5d31d11a96ee36fabd14e86523
[INFO] running `Command { std: "docker" "create" "-v" "/var/lib/crater-agent-workspace/builds/worker-6-tc2/target:/opt/rustwide/target:rw,Z" "-v" "/var/lib/crater-agent-workspace/builds/worker-6-tc2/source:/opt/rustwide/workdir:ro,Z" "-v" "/var/lib/crater-agent-workspace/cargo-home:/opt/rustwide/cargo-home:ro,Z" "-v" "/var/lib/crater-agent-workspace/rustup-home:/opt/rustwide/rustup-home:ro,Z" "-e" "SOURCE_DIR=/opt/rustwide/workdir" "-e" "CARGO_TARGET_DIR=/opt/rustwide/target" "-e" "CARGO_INCREMENTAL=0" "-e" "RUST_BACKTRACE=full" "-e" "RUSTFLAGS=--cap-lints=forbid -Zrandomize-layout" "-e" "RUSTDOCFLAGS=--cap-lints=forbid" "-e" "CARGO_HOME=/opt/rustwide/cargo-home" "-e" "RUSTUP_HOME=/opt/rustwide/rustup-home" "-w" "/opt/rustwide/workdir" "-m" "1610612736" "--user" "0:0" "--network" "none" "ghcr.io/rust-lang/crates-build-env/linux@sha256:819108c5571ea2e421544af4d832f968d213c87fbe3707a016657f43d2f853bc" "/opt/rustwide/cargo-home/bin/cargo" "+nightly-2025-01-18" "build" "--frozen" "--message-format=json", kill_on_drop: false }`
[INFO] [stdout] a8e4c954448d844c3f3dbea2bd4f5fe5ff9e55d9799c3e206812c9c60b306011
[INFO] running `Command { std: "docker" "start" "-a" "a8e4c954448d844c3f3dbea2bd4f5fe5ff9e55d9799c3e206812c9c60b306011", kill_on_drop: false }`
[INFO] [stderr]    Compiling unicode-ident v1.0.14
[INFO] [stderr]    Compiling proc-macro2 v1.0.93
[INFO] [stderr]    Compiling anyhow v1.0.95
[INFO] [stderr]    Compiling libc v0.2.169
[INFO] [stderr]    Compiling either v1.13.0
[INFO] [stderr]    Compiling rustix v0.38.43
[INFO] [stderr]    Compiling regex-syntax v0.8.5
[INFO] [stderr]    Compiling bitflags v2.8.0
[INFO] [stderr]    Compiling itertools v0.12.1
[INFO] [stderr]    Compiling linux-raw-sys v0.4.15
[INFO] [stderr]    Compiling cfg-if v1.0.0
[INFO] [stderr]    Compiling bytes v1.9.0
[INFO] [stderr]    Compiling hashbrown v0.15.2
[INFO] [stderr]    Compiling quote v1.0.38
[INFO] [stderr]    Compiling prettyplease v0.2.29
[INFO] [stderr]    Compiling equivalent v1.0.1
[INFO] [stderr]    Compiling syn v2.0.96
[INFO] [stderr]    Compiling getrandom v0.2.15
[INFO] [stderr]    Compiling fastrand v2.3.0
[INFO] [stderr]    Compiling fixedbitset v0.4.2
[INFO] [stderr]    Compiling indexmap v2.7.1
[INFO] [stderr]    Compiling regex-automata v0.4.9
[INFO] [stderr]    Compiling once_cell v1.20.2
[INFO] [stderr]    Compiling heck v0.5.0
[INFO] [stderr]    Compiling log v0.4.25
[INFO] [stderr]    Compiling multimap v0.10.0
[INFO] [stderr]    Compiling petgraph v0.6.5
[INFO] [stderr]    Compiling tempfile v3.15.0
[INFO] [stderr]    Compiling regex v1.11.1
[INFO] [stderr]    Compiling prost-derive v0.12.6
[INFO] [stderr]    Compiling prost v0.12.6
[INFO] [stderr]    Compiling prost-types v0.12.6
[INFO] [stderr]    Compiling prost-build v0.12.6
[INFO] [stderr]    Compiling protobuf-zmq-rust-generator v0.1.1 (/opt/rustwide/workdir)
[INFO] [stderr]     Finished `dev` profile [unoptimized + debuginfo] target(s) in 32.09s
[INFO] running `Command { std: "docker" "inspect" "a8e4c954448d844c3f3dbea2bd4f5fe5ff9e55d9799c3e206812c9c60b306011", kill_on_drop: false }`
[INFO] running `Command { std: "docker" "rm" "-f" "a8e4c954448d844c3f3dbea2bd4f5fe5ff9e55d9799c3e206812c9c60b306011", kill_on_drop: false }`
[INFO] [stdout] a8e4c954448d844c3f3dbea2bd4f5fe5ff9e55d9799c3e206812c9c60b306011
[INFO] running `Command { std: "docker" "create" "-v" "/var/lib/crater-agent-workspace/builds/worker-6-tc2/target:/opt/rustwide/target:rw,Z" "-v" "/var/lib/crater-agent-workspace/builds/worker-6-tc2/source:/opt/rustwide/workdir:ro,Z" "-v" "/var/lib/crater-agent-workspace/cargo-home:/opt/rustwide/cargo-home:ro,Z" "-v" "/var/lib/crater-agent-workspace/rustup-home:/opt/rustwide/rustup-home:ro,Z" "-e" "SOURCE_DIR=/opt/rustwide/workdir" "-e" "CARGO_TARGET_DIR=/opt/rustwide/target" "-e" "CARGO_INCREMENTAL=0" "-e" "RUST_BACKTRACE=full" "-e" "RUSTFLAGS=--cap-lints=forbid -Zrandomize-layout" "-e" "RUSTDOCFLAGS=--cap-lints=forbid" "-e" "CARGO_HOME=/opt/rustwide/cargo-home" "-e" "RUSTUP_HOME=/opt/rustwide/rustup-home" "-w" "/opt/rustwide/workdir" "-m" "1610612736" "--user" "0:0" "--network" "none" "ghcr.io/rust-lang/crates-build-env/linux@sha256:819108c5571ea2e421544af4d832f968d213c87fbe3707a016657f43d2f853bc" "/opt/rustwide/cargo-home/bin/cargo" "+nightly-2025-01-18" "test" "--frozen" "--no-run" "--message-format=json", kill_on_drop: false }`
[INFO] [stdout] 1e4c867e42d5cde8ce7e855f1014d0c15af3202562bda575e64a1a1fa393cb0a
[INFO] running `Command { std: "docker" "start" "-a" "1e4c867e42d5cde8ce7e855f1014d0c15af3202562bda575e64a1a1fa393cb0a", kill_on_drop: false }`
[INFO] [stderr]    Compiling crossbeam-utils v0.8.21
[INFO] [stderr]    Compiling libc v0.2.169
[INFO] [stderr]    Compiling serde v1.0.217
[INFO] [stderr]    Compiling rayon-core v1.12.1
[INFO] [stderr]    Compiling target-lexicon v0.12.16
[INFO] [stderr]    Compiling same-file v1.0.6
[INFO] [stderr]    Compiling winnow v0.6.24
[INFO] [stderr]    Compiling syn v2.0.96
[INFO] [stderr]    Compiling walkdir v2.5.0
[INFO] [stderr]    Compiling shlex v1.3.0
[INFO] [stderr]    Compiling smallvec v1.13.2
[INFO] [stderr]    Compiling autocfg v1.4.0
[INFO] [stderr]    Compiling pkg-config v0.3.31
[INFO] [stderr]    Compiling crossbeam-epoch v0.9.18
[INFO] [stderr]    Compiling crossbeam-channel v0.5.14
[INFO] [stderr]    Compiling crossbeam-queue v0.3.12
[INFO] [stderr]    Compiling cfg-expr v0.15.8
[INFO] [stderr]    Compiling crossbeam-deque v0.8.6
[INFO] [stderr]    Compiling version-compare v0.2.0
[INFO] [stderr]    Compiling crossbeam v0.8.4
[INFO] [stderr]    Compiling jobserver v0.1.32
[INFO] [stderr]    Compiling slab v0.4.9
[INFO] [stderr]    Compiling futures-sink v0.3.31
[INFO] [stderr]    Compiling futures-core v0.3.31
[INFO] [stderr]    Compiling pin-project-lite v0.2.16
[INFO] [stderr]    Compiling futures-channel v0.3.31
[INFO] [stderr]    Compiling cc v1.2.10
[INFO] [stderr]    Compiling rayon v1.10.0
[INFO] [stderr]    Compiling getrandom v0.2.15
[INFO] [stderr]    Compiling memchr v2.7.4
[INFO] [stderr]    Compiling futures-io v0.3.31
[INFO] [stderr]    Compiling futures-task v0.3.31
[INFO] [stderr]    Compiling pin-utils v0.1.0
[INFO] [stderr]    Compiling tempfile v3.15.0
[INFO] [stderr]    Compiling zmq v0.10.0
[INFO] [stderr]    Compiling path-dedot v3.1.1
[INFO] [stderr]    Compiling bitflags v1.3.2
[INFO] [stderr]    Compiling path-absolutize v3.1.1
[INFO] [stderr]    Compiling prost-derive v0.12.6
[INFO] [stderr]    Compiling futures-macro v0.3.31
[INFO] [stderr]    Compiling tokio-macros v2.5.0
[INFO] [stderr]    Compiling serde_spanned v0.6.8
[INFO] [stderr]    Compiling toml_datetime v0.6.8
[INFO] [stderr]    Compiling jwalk v0.8.1
[INFO] [stderr]    Compiling tokio v1.43.0
[INFO] [stderr]    Compiling toml_edit v0.22.22
[INFO] [stderr]    Compiling futures-util v0.3.31
[INFO] [stderr]    Compiling dircpy v0.3.19
[INFO] [stderr]    Compiling zeromq-src v0.2.6+4.3.4
[INFO] [stderr]    Compiling prost v0.12.6
[INFO] [stderr]    Compiling prost-types v0.12.6
[INFO] [stderr]    Compiling toml v0.8.19
[INFO] [stderr]    Compiling futures-executor v0.3.31
[INFO] [stderr]    Compiling system-deps v6.2.2
[INFO] [stderr]    Compiling prost-build v0.12.6
[INFO] [stderr]    Compiling futures v0.3.31
[INFO] [stderr]    Compiling protobuf-zmq-rust-generator v0.1.1 (/opt/rustwide/workdir)
[INFO] [stderr]    Compiling zmq-sys v0.12.0
[INFO] [stderr] warning: zmq-sys@0.12.0: /opt/rustwide/cargo-home/registry/src/index.crates.io-1949cf8c6b5b557f/zeromq-src-0.2.6+4.3.4/vendor/src/ctx.cpp:893:48: fatal error: error writing to /tmp/cc8Ql387.s: No space left on device
[INFO] [stderr] warning: zmq-sys@0.12.0:   893 | zmq::atomic_counter_t zmq::ctx_t::max_socket_id;
[INFO] [stderr] warning: zmq-sys@0.12.0:       |                                                ^
[INFO] [stderr] warning: zmq-sys@0.12.0: compilation terminated.
[INFO] [stderr] warning: zmq-sys@0.12.0: ToolExecError: Command LC_ALL="C" "c++" "-O0" "-ffunction-sections" "-fdata-sections" "-fPIC" "-gdwarf-4" "-fno-omit-frame-pointer" "-m64" "-I" "/opt/rustwide/cargo-home/registry/src/index.crates.io-1949cf8c6b5b557f/zeromq-src-0.2.6+4.3.4/vendor/include" "-I" "/opt/rustwide/cargo-home/registry/src/index.crates.io-1949cf8c6b5b557f/zeromq-src-0.2.6+4.3.4/vendor/src" "-I" "/opt/rustwide/cargo-home/registry/src/index.crates.io-1949cf8c6b5b557f/zeromq-src-0.2.6+4.3.4/vendor/src" "-I" "/opt/rustwide/cargo-home/registry/src/index.crates.io-1949cf8c6b5b557f/zeromq-src-0.2.6+4.3.4/vendor/external/sha1" "-I" "/opt/rustwide/target/debug/build/zmq-sys-f3f393424dedb504/out" "-Wall" "-Wextra" "-DZMQ_BUILD_TESTS=OFF" "-DZMQ_USE_CV_IMPL_STL11=1" "-DZMQ_STATIC=1" "-DZMQ_USE_BUILTIN_SHA1=1" "-DZMQ_HAVE_WS=1" "-DZMQ_IOTHREAD_POLLER_USE_EPOLL=1" "-DZMQ_POLL_BASED_ON_POLL=1" "-DZMQ_HAVE_IPC=1" "-DHAVE_STRNLEN=1" "-DZMQ_HAVE_UIO=1" "-o" "/opt/rustwide/target/debug/build/zmq-sys-f3f393424dedb504/out/lib/865b6cce7d2153e6-ctx.o" "-c" "/opt/rustwide/cargo-home/registry/src/index.crates.io-1949cf8c6b5b557f/zeromq-src-0.2.6+4.3.4/vendor/src/ctx.cpp" with args c++ did not execute successfully (status code exit status: 1).
[INFO] [stderr] warning: zmq-sys@0.12.0: /opt/rustwide/cargo-home/registry/src/index.crates.io-1949cf8c6b5b557f/zeromq-src-0.2.6+4.3.4/vendor/src/ip.cpp: In function 'void zmq::set_socket_priority(zmq::fd_t, int)':
[INFO] [stderr] warning: zmq-sys@0.12.0: /opt/rustwide/cargo-home/registry/src/index.crates.io-1949cf8c6b5b557f/zeromq-src-0.2.6+4.3.4/vendor/src/ip.cpp:233:37: warning: unused parameter 's_' [-Wunused-parameter]
[INFO] [stderr] warning: zmq-sys@0.12.0:   233 | void zmq::set_socket_priority (fd_t s_, int priority_)
[INFO] [stderr] warning: zmq-sys@0.12.0:       |                                ~~~~~^~
[INFO] [stderr] warning: zmq-sys@0.12.0: /opt/rustwide/cargo-home/registry/src/index.crates.io-1949cf8c6b5b557f/zeromq-src-0.2.6+4.3.4/vendor/src/ip.cpp:233:45: warning: unused parameter 'priority_' [-Wunused-parameter]
[INFO] [stderr] warning: zmq-sys@0.12.0:   233 | void zmq::set_socket_priority (fd_t s_, int priority_)
[INFO] [stderr] warning: zmq-sys@0.12.0:       |                                         ~~~~^~~~~~~~~
[INFO] [stderr] warning: zmq-sys@0.12.0: /opt/rustwide/cargo-home/registry/src/index.crates.io-1949cf8c6b5b557f/zeromq-src-0.2.6+4.3.4/vendor/src/session_base.cpp: In member function 'void zmq::session_base_t::engine_error(bool, zmq::i_engine::error_reason_t)':
[INFO] [stderr] warning: zmq-sys@0.12.0: /opt/rustwide/cargo-home/registry/src/index.crates.io-1949cf8c6b5b557f/zeromq-src-0.2.6+4.3.4/vendor/src/session_base.cpp:453:46: warning: unused parameter 'handshaked_' [-Wunused-parameter]
[INFO] [stderr] warning: zmq-sys@0.12.0:   453 | void zmq::session_base_t::engine_error (bool handshaked_,
[INFO] [stderr] warning: zmq-sys@0.12.0:       |                                         ~~~~~^~~~~~~~~~~
[INFO] [stderr] warning: zmq-sys@0.12.0: /opt/rustwide/cargo-home/registry/src/index.crates.io-1949cf8c6b5b557f/zeromq-src-0.2.6+4.3.4/vendor/src/session_base.cpp:481:13: warning: this statement may fall through [-Wimplicit-fallthrough=]
[INFO] [stderr] warning: zmq-sys@0.12.0:   481 |             if (_active) {
[INFO] [stderr] warning: zmq-sys@0.12.0:       |             ^~
[INFO] [stderr] warning: zmq-sys@0.12.0: /opt/rustwide/cargo-home/registry/src/index.crates.io-1949cf8c6b5b557f/zeromq-src-0.2.6+4.3.4/vendor/src/session_base.cpp:486:9: note: here
[INFO] [stderr] warning: zmq-sys@0.12.0:   486 |         case i_engine::protocol_error:
[INFO] [stderr] warning: zmq-sys@0.12.0:       |         ^~~~
[INFO] [stderr] warning: zmq-sys@0.12.0: /opt/rustwide/cargo-home/registry/src/index.crates.io-1949cf8c6b5b557f/zeromq-src-0.2.6+4.3.4/vendor/src/zmtp_engine.cpp: In member function 'bool zmq::zmtp_engine_t::handshake_v3_x(bool)':
[INFO] [stderr] warning: zmq-sys@0.12.0: /opt/rustwide/cargo-home/registry/src/index.crates.io-1949cf8c6b5b557f/zeromq-src-0.2.6+4.3.4/vendor/src/zmtp_engine.cpp:345:53: warning: unused parameter 'downgrade_sub_' [-Wunused-parameter]
[INFO] [stderr] warning: zmq-sys@0.12.0:   345 | bool zmq::zmtp_engine_t::handshake_v3_x (const bool downgrade_sub_)
[INFO] [stderr] warning: zmq-sys@0.12.0:       |                                          ~~~~~~~~~~~^~~~~~~~~~~~~~
[INFO] [stderr] error: failed to run custom build command for `zmq-sys v0.12.0`
[INFO] [stderr] note: To improve backtraces for build dependencies, set the CARGO_PROFILE_TEST_BUILD_OVERRIDE_DEBUG=true environment variable to enable debug information generation.
[INFO] [stderr] 
[INFO] [stderr] Caused by:
[INFO] [stderr]   process didn't exit successfully: `/opt/rustwide/target/debug/build/zmq-sys-5e4ea31c1f9469b2/build-script-main` (exit status: 1)
[INFO] [stderr]   --- stdout
[INFO] [stderr]   cargo:rerun-if-changed=build/main.rs
[INFO] [stderr]   cargo:rerun-if-env-changed=PROFILE
[INFO] [stderr]   cargo:rerun-if-changed=/opt/rustwide/cargo-home/registry/src/index.crates.io-1949cf8c6b5b557f/zeromq-src-0.2.6+4.3.4/src/strlcpy.c
[INFO] [stderr]   OPT_LEVEL = Some(0)
[INFO] [stderr]   OUT_DIR = Some(/opt/rustwide/target/debug/build/zmq-sys-f3f393424dedb504/out)
[INFO] [stderr]   TARGET = Some(x86_64-unknown-linux-gnu)
[INFO] [stderr]   HOST = Some(x86_64-unknown-linux-gnu)
[INFO] [stderr]   cargo:rerun-if-env-changed=CC_x86_64-unknown-linux-gnu
[INFO] [stderr]   CC_x86_64-unknown-linux-gnu = None
[INFO] [stderr]   cargo:rerun-if-env-changed=CC_x86_64_unknown_linux_gnu
[INFO] [stderr]   CC_x86_64_unknown_linux_gnu = None
[INFO] [stderr]   cargo:rerun-if-env-changed=HOST_CC
[INFO] [stderr]   HOST_CC = None
[INFO] [stderr]   cargo:rerun-if-env-changed=CC
[INFO] [stderr]   CC = None
[INFO] [stderr]   cargo:rerun-if-env-changed=CC_ENABLE_DEBUG_OUTPUT
[INFO] [stderr]   RUSTC_WRAPPER = None
[INFO] [stderr]   cargo:rerun-if-env-changed=CRATE_CC_NO_DEFAULTS
[INFO] [stderr]   CRATE_CC_NO_DEFAULTS = None
[INFO] [stderr]   DEBUG = Some(true)
[INFO] [stderr]   CARGO_CFG_TARGET_FEATURE = Some(fxsr,sse,sse2,x87)
[INFO] [stderr]   cargo:rerun-if-env-changed=CFLAGS_x86_64-unknown-linux-gnu
[INFO] [stderr]   CFLAGS_x86_64-unknown-linux-gnu = None
[INFO] [stderr]   cargo:rerun-if-env-changed=CFLAGS_x86_64_unknown_linux_gnu
[INFO] [stderr]   CFLAGS_x86_64_unknown_linux_gnu = None
[INFO] [stderr]   cargo:rerun-if-env-changed=HOST_CFLAGS
[INFO] [stderr]   HOST_CFLAGS = None
[INFO] [stderr]   cargo:rerun-if-env-changed=CFLAGS
[INFO] [stderr]   CFLAGS = None
[INFO] [stderr]   CARGO_ENCODED_RUSTFLAGS = Some(--cap-lints=forbid-Zrandomize-layout)
[INFO] [stderr]   OPT_LEVEL = Some(0)
[INFO] [stderr]   TARGET = Some(x86_64-unknown-linux-gnu)
[INFO] [stderr]   HOST = Some(x86_64-unknown-linux-gnu)
[INFO] [stderr]   cargo:rerun-if-env-changed=CXX_x86_64-unknown-linux-gnu
[INFO] [stderr]   CXX_x86_64-unknown-linux-gnu = None
[INFO] [stderr]   cargo:rerun-if-env-changed=CXX_x86_64_unknown_linux_gnu
[INFO] [stderr]   CXX_x86_64_unknown_linux_gnu = None
[INFO] [stderr]   cargo:rerun-if-env-changed=HOST_CXX
[INFO] [stderr]   HOST_CXX = None
[INFO] [stderr]   cargo:rerun-if-env-changed=CXX
[INFO] [stderr]   CXX = None
[INFO] [stderr]   cargo:rerun-if-env-changed=CC_ENABLE_DEBUG_OUTPUT
[INFO] [stderr]   RUSTC_WRAPPER = None
[INFO] [stderr]   cargo:rerun-if-env-changed=CRATE_CC_NO_DEFAULTS
[INFO] [stderr]   CRATE_CC_NO_DEFAULTS = None
[INFO] [stderr]   DEBUG = Some(true)
[INFO] [stderr]   CARGO_CFG_TARGET_FEATURE = Some(fxsr,sse,sse2,x87)
[INFO] [stderr]   cargo:rerun-if-env-changed=CXXFLAGS_x86_64-unknown-linux-gnu
[INFO] [stderr]   CXXFLAGS_x86_64-unknown-linux-gnu = None
[INFO] [stderr]   cargo:rerun-if-env-changed=CXXFLAGS_x86_64_unknown_linux_gnu
[INFO] [stderr]   CXXFLAGS_x86_64_unknown_linux_gnu = None
[INFO] [stderr]   cargo:rerun-if-env-changed=HOST_CXXFLAGS
[INFO] [stderr]   HOST_CXXFLAGS = None
[INFO] [stderr]   cargo:rerun-if-env-changed=CXXFLAGS
[INFO] [stderr]   CXXFLAGS = None
[INFO] [stderr]   CARGO_ENCODED_RUSTFLAGS = Some(--cap-lints=forbid-Zrandomize-layout)
[INFO] [stderr]   exit status: 0
[INFO] [stderr]   exit status: 0
[INFO] [stderr]   exit status: 0
[INFO] [stderr]   exit status: 0
[INFO] [stderr]   exit status: 0
[INFO] [stderr]   exit status: 0
[INFO] [stderr]   exit status: 0
[INFO] [stderr]   exit status: 0
[INFO] [stderr]   cargo:warning=/opt/rustwide/cargo-home/registry/src/index.crates.io-1949cf8c6b5b557f/zeromq-src-0.2.6+4.3.4/vendor/src/ctx.cpp:893:48: fatal error: error writing to /tmp/cc8Ql387.s: No space left on device
[INFO] [stderr]   cargo:warning=  893 | zmq::atomic_counter_t zmq::ctx_t::max_socket_id;
[INFO] [stderr]   cargo:warning=      |                                                ^
[INFO] [stderr]   cargo:warning=compilation terminated.
[INFO] [stderr]   exit status: 0
[INFO] [stderr]   exit status: 0
[INFO] [stderr]   exit status: 0
[INFO] [stderr]   exit status: 0
[INFO] [stderr]   exit status: 0
[INFO] [stderr]   exit status: 0
[INFO] [stderr]   exit status: 0
[INFO] [stderr]   exit status: 1
[INFO] [stderr]   cargo:warning=ToolExecError: Command LC_ALL="C" "c++" "-O0" "-ffunction-sections" "-fdata-sections" "-fPIC" "-gdwarf-4" "-fno-omit-frame-pointer" "-m64" "-I" "/opt/rustwide/cargo-home/registry/src/index.crates.io-1949cf8c6b5b557f/zeromq-src-0.2.6+4.3.4/vendor/include" "-I" "/opt/rustwide/cargo-home/registry/src/index.crates.io-1949cf8c6b5b557f/zeromq-src-0.2.6+4.3.4/vendor/src" "-I" "/opt/rustwide/cargo-home/registry/src/index.crates.io-1949cf8c6b5b557f/zeromq-src-0.2.6+4.3.4/vendor/src" "-I" "/opt/rustwide/cargo-home/registry/src/index.crates.io-1949cf8c6b5b557f/zeromq-src-0.2.6+4.3.4/vendor/external/sha1" "-I" "/opt/rustwide/target/debug/build/zmq-sys-f3f393424dedb504/out" "-Wall" "-Wextra" "-DZMQ_BUILD_TESTS=OFF" "-DZMQ_USE_CV_IMPL_STL11=1" "-DZMQ_STATIC=1" "-DZMQ_USE_BUILTIN_SHA1=1" "-DZMQ_HAVE_WS=1" "-DZMQ_IOTHREAD_POLLER_USE_EPOLL=1" "-DZMQ_POLL_BASED_ON_POLL=1" "-DZMQ_HAVE_IPC=1" "-DHAVE_STRNLEN=1" "-DZMQ_HAVE_UIO=1" "-o" "/opt/rustwide/target/debug/build/zmq-sys-f3f393424dedb504/out/lib/865b6cce7d2153e6-ctx.o" "-c" "/opt/rustwide/cargo-home/registry/src/index.crates.io-1949cf8c6b5b557f/zeromq-src-0.2.6+4.3.4/vendor/src/ctx.cpp" with args c++ did not execute successfully (status code exit status: 1).
[INFO] [stderr]   exit status: 0
[INFO] [stderr]   exit status: 0
[INFO] [stderr]   exit status: 0
[INFO] [stderr]   exit status: 0
[INFO] [stderr]   exit status: 0
[INFO] [stderr]   exit status: 0
[INFO] [stderr]   exit status: 0
[INFO] [stderr]   exit status: 0
[INFO] [stderr]   cargo:warning=/opt/rustwide/cargo-home/registry/src/index.crates.io-1949cf8c6b5b557f/zeromq-src-0.2.6+4.3.4/vendor/src/ip.cpp: In function 'void zmq::set_socket_priority(zmq::fd_t, int)':
[INFO] [stderr]   cargo:warning=/opt/rustwide/cargo-home/registry/src/index.crates.io-1949cf8c6b5b557f/zeromq-src-0.2.6+4.3.4/vendor/src/ip.cpp:233:37: warning: unused parameter 's_' [-Wunused-parameter]
[INFO] [stderr]   cargo:warning=  233 | void zmq::set_socket_priority (fd_t s_, int priority_)
[INFO] [stderr]   cargo:warning=      |                                ~~~~~^~
[INFO] [stderr]   cargo:warning=/opt/rustwide/cargo-home/registry/src/index.crates.io-1949cf8c6b5b557f/zeromq-src-0.2.6+4.3.4/vendor/src/ip.cpp:233:45: warning: unused parameter 'priority_' [-Wunused-parameter]
[INFO] [stderr]   cargo:warning=  233 | void zmq::set_socket_priority (fd_t s_, int priority_)
[INFO] [stderr]   cargo:warning=      |                                         ~~~~^~~~~~~~~
[INFO] [stderr]   exit status: 0
[INFO] [stderr]   exit status: 0
[INFO] [stderr]   exit status: 0
[INFO] [stderr]   exit status: 0
[INFO] [stderr]   exit status: 0
[INFO] [stderr]   exit status: 0
[INFO] [stderr]   exit status: 0
[INFO] [stderr]   exit status: 0
[INFO] [stderr]   exit status: 0
[INFO] [stderr]   exit status: 0
[INFO] [stderr]   exit status: 0
[INFO] [stderr]   exit status: 0
[INFO] [stderr]   exit status: 0
[INFO] [stderr]   exit status: 0
[INFO] [stderr]   exit status: 0
[INFO] [stderr]   exit status: 0
[INFO] [stderr]   exit status: 0
[INFO] [stderr]   exit status: 0
[INFO] [stderr]   exit status: 0
[INFO] [stderr]   exit status: 0
[INFO] [stderr]   exit status: 0
[INFO] [stderr]   exit status: 0
[INFO] [stderr]   exit status: 0
[INFO] [stderr]   exit status: 0
[INFO] [stderr]   exit status: 0
[INFO] [stderr]   exit status: 0
[INFO] [stderr]   exit status: 0
[INFO] [stderr]   exit status: 0
[INFO] [stderr]   exit status: 0
[INFO] [stderr]   exit status: 0
[INFO] [stderr]   exit status: 0
[INFO] [stderr]   exit status: 0
[INFO] [stderr]   exit status: 0
[INFO] [stderr]   exit status: 0
[INFO] [stderr]   exit status: 0
[INFO] [stderr]   exit status: 0
[INFO] [stderr]   exit status: 0
[INFO] [stderr]   exit status: 0
[INFO] [stderr]   exit status: 0
[INFO] [stderr]   exit status: 0
[INFO] [stderr]   cargo:warning=/opt/rustwide/cargo-home/registry/src/index.crates.io-1949cf8c6b5b557f/zeromq-src-0.2.6+4.3.4/vendor/src/session_base.cpp: In member function 'void zmq::session_base_t::engine_error(bool, zmq::i_engine::error_reason_t)':
[INFO] [stderr]   cargo:warning=/opt/rustwide/cargo-home/registry/src/index.crates.io-1949cf8c6b5b557f/zeromq-src-0.2.6+4.3.4/vendor/src/session_base.cpp:453:46: warning: unused parameter 'handshaked_' [-Wunused-parameter]
[INFO] [stderr]   cargo:warning=  453 | void zmq::session_base_t::engine_error (bool handshaked_,
[INFO] [stderr]   cargo:warning=      |                                         ~~~~~^~~~~~~~~~~
[INFO] [stderr]   cargo:warning=/opt/rustwide/cargo-home/registry/src/index.crates.io-1949cf8c6b5b557f/zeromq-src-0.2.6+4.3.4/vendor/src/session_base.cpp:481:13: warning: this statement may fall through [-Wimplicit-fallthrough=]
[INFO] [stderr]   cargo:warning=  481 |             if (_active) {
[INFO] [stderr]   cargo:warning=      |             ^~
[INFO] [stderr]   cargo:warning=/opt/rustwide/cargo-home/registry/src/index.crates.io-1949cf8c6b5b557f/zeromq-src-0.2.6+4.3.4/vendor/src/session_base.cpp:486:9: note: here
[INFO] [stderr]   cargo:warning=  486 |         case i_engine::protocol_error:
[INFO] [stderr]   cargo:warning=      |         ^~~~
[INFO] [stderr]   exit status: 0
[INFO] [stderr]   exit status: 0
[INFO] [stderr]   exit status: 0
[INFO] [stderr]   exit status: 0
[INFO] [stderr]   exit status: 0
[INFO] [stderr]   exit status: 0
[INFO] [stderr]   exit status: 0
[INFO] [stderr]   exit status: 0
[INFO] [stderr]   exit status: 0
[INFO] [stderr]   exit status: 0
[INFO] [stderr]   exit status: 0
[INFO] [stderr]   exit status: 0
[INFO] [stderr]   exit status: 0
[INFO] [stderr]   exit status: 0
[INFO] [stderr]   exit status: 0
[INFO] [stderr]   exit status: 0
[INFO] [stderr]   exit status: 0
[INFO] [stderr]   exit status: 0
[INFO] [stderr]   exit status: 0
[INFO] [stderr]   exit status: 0
[INFO] [stderr]   exit status: 0
[INFO] [stderr]   exit status: 0
[INFO] [stderr]   exit status: 0
[INFO] [stderr]   exit status: 0
[INFO] [stderr]   exit status: 0
[INFO] [stderr]   exit status: 0
[INFO] [stderr]   exit status: 0
[INFO] [stderr]   exit status: 0
[INFO] [stderr]   exit status: 0
[INFO] [stderr]   exit status: 0
[INFO] [stderr]   exit status: 0
[INFO] [stderr]   exit status: 0
[INFO] [stderr]   exit status: 0
[INFO] [stderr]   exit status: 0
[INFO] [stderr]   exit status: 0
[INFO] [stderr]   exit status: 0
[INFO] [stderr]   exit status: 0
[INFO] [stderr]   exit status: 0
[INFO] [stderr]   exit status: 0
[INFO] [stderr]   exit status: 0
[INFO] [stderr]   exit status: 0
[INFO] [stderr]   exit status: 0
[INFO] [stderr]   exit status: 0
[INFO] [stderr]   exit status: 0
[INFO] [stderr]   exit status: 0
[INFO] [stderr]   exit status: 0
[INFO] [stderr]   exit status: 0
[INFO] [stderr]   exit status: 0
[INFO] [stderr]   cargo:warning=/opt/rustwide/cargo-home/registry/src/index.crates.io-1949cf8c6b5b557f/zeromq-src-0.2.6+4.3.4/vendor/src/zmtp_engine.cpp: In member function 'bool zmq::zmtp_engine_t::handshake_v3_x(bool)':
[INFO] [stderr]   cargo:warning=/opt/rustwide/cargo-home/registry/src/index.crates.io-1949cf8c6b5b557f/zeromq-src-0.2.6+4.3.4/vendor/src/zmtp_engine.cpp:345:53: warning: unused parameter 'downgrade_sub_' [-Wunused-parameter]
[INFO] [stderr]   cargo:warning=  345 | bool zmq::zmtp_engine_t::handshake_v3_x (const bool downgrade_sub_)
[INFO] [stderr]   cargo:warning=      |                                          ~~~~~~~~~~~^~~~~~~~~~~~~~
[INFO] [stderr]   exit status: 0
[INFO] [stderr]   exit status: 0
[INFO] [stderr]   exit status: 0
[INFO] [stderr]   exit status: 0
[INFO] [stderr]   exit status: 0
[INFO] [stderr]   exit status: 0
[INFO] [stderr] 
[INFO] [stderr]   --- stderr
[INFO] [stderr]   /opt/rustwide/cargo-home/registry/src/index.crates.io-1949cf8c6b5b557f/zeromq-src-0.2.6+4.3.4/src/strlcpy.c: In function 'main':
[INFO] [stderr]   /opt/rustwide/cargo-home/registry/src/index.crates.io-1949cf8c6b5b557f/zeromq-src-0.2.6+4.3.4/src/strlcpy.c:5:11: warning: implicit declaration of function 'strlcpy'; did you mean 'strncpy'? [-Wimplicit-function-declaration]
[INFO] [stderr]       5 |     (void)strlcpy(buf, "a", 1);
[INFO] [stderr]         |           ^~~~~~~
[INFO] [stderr]         |           strncpy
[INFO] [stderr]   /usr/bin/ld: /tmp/ccMnWB2x.o: in function `main':
[INFO] [stderr]   /opt/rustwide/cargo-home/registry/src/index.crates.io-1949cf8c6b5b557f/zeromq-src-0.2.6+4.3.4/src/strlcpy.c:5: undefined reference to `strlcpy'
[INFO] [stderr]   collect2: error: ld returned 1 exit status
[INFO] [stderr] 
[INFO] [stderr] 
[INFO] [stderr]   error occurred in cc-rs: Command LC_ALL="C" "c++" "-O0" "-ffunction-sections" "-fdata-sections" "-fPIC" "-gdwarf-4" "-fno-omit-frame-pointer" "-m64" "-I" "/opt/rustwide/cargo-home/registry/src/index.crates.io-1949cf8c6b5b557f/zeromq-src-0.2.6+4.3.4/vendor/include" "-I" "/opt/rustwide/cargo-home/registry/src/index.crates.io-1949cf8c6b5b557f/zeromq-src-0.2.6+4.3.4/vendor/src" "-I" "/opt/rustwide/cargo-home/registry/src/index.crates.io-1949cf8c6b5b557f/zeromq-src-0.2.6+4.3.4/vendor/src" "-I" "/opt/rustwide/cargo-home/registry/src/index.crates.io-1949cf8c6b5b557f/zeromq-src-0.2.6+4.3.4/vendor/external/sha1" "-I" "/opt/rustwide/target/debug/build/zmq-sys-f3f393424dedb504/out" "-Wall" "-Wextra" "-DZMQ_BUILD_TESTS=OFF" "-DZMQ_USE_CV_IMPL_STL11=1" "-DZMQ_STATIC=1" "-DZMQ_USE_BUILTIN_SHA1=1" "-DZMQ_HAVE_WS=1" "-DZMQ_IOTHREAD_POLLER_USE_EPOLL=1" "-DZMQ_POLL_BASED_ON_POLL=1" "-DZMQ_HAVE_IPC=1" "-DHAVE_STRNLEN=1" "-DZMQ_HAVE_UIO=1" "-o" "/opt/rustwide/target/debug/build/zmq-sys-f3f393424dedb504/out/lib/865b6cce7d2153e6-ctx.o" "-c" "/opt/rustwide/cargo-home/registry/src/index.crates.io-1949cf8c6b5b557f/zeromq-src-0.2.6+4.3.4/vendor/src/ctx.cpp" with args c++ did not execute successfully (status code exit status: 1).
[INFO] [stderr] 
[INFO] [stderr] 
[INFO] running `Command { std: "docker" "inspect" "1e4c867e42d5cde8ce7e855f1014d0c15af3202562bda575e64a1a1fa393cb0a", kill_on_drop: false }`
[INFO] running `Command { std: "docker" "rm" "-f" "1e4c867e42d5cde8ce7e855f1014d0c15af3202562bda575e64a1a1fa393cb0a", kill_on_drop: false }`
[INFO] [stdout] 1e4c867e42d5cde8ce7e855f1014d0c15af3202562bda575e64a1a1fa393cb0a
