[INFO] fetching crate perpetuals 0.1.0...
[INFO] testing perpetuals-0.1.0 against nightly-2025-01-18+rustflags=-Zrandomize-layout for randomize-layout-2
[INFO] extracting crate perpetuals 0.1.0 into /workspace/builds/worker-5-tc2/source
[INFO] validating manifest of crates.io crate perpetuals 0.1.0 on toolchain nightly-2025-01-18
[INFO] running `Command { std: CARGO_HOME="/workspace/cargo-home" RUSTUP_HOME="/workspace/rustup-home" "/workspace/cargo-home/bin/cargo" "+nightly-2025-01-18" "metadata" "--manifest-path" "Cargo.toml" "--no-deps", kill_on_drop: false }`
[INFO] started tweaking crates.io crate perpetuals 0.1.0
[INFO] finished tweaking crates.io crate perpetuals 0.1.0
[INFO] tweaked toml for crates.io crate perpetuals 0.1.0 written to /workspace/builds/worker-5-tc2/source/Cargo.toml
[INFO] running `Command { std: CARGO_HOME="/workspace/cargo-home" RUSTUP_HOME="/workspace/rustup-home" "/workspace/cargo-home/bin/cargo" "+nightly-2025-01-18" "generate-lockfile" "--manifest-path" "Cargo.toml", kill_on_drop: false }`
[INFO] [stderr]     Updating crates.io index
[INFO] [stderr]      Locking 175 packages to latest compatible versions
[INFO] [stderr]       Adding ahash v0.7.8 (available: v0.8.11)
[INFO] [stderr]       Adding anchor-lang v0.25.0 (available: v0.30.1)
[INFO] [stderr]       Adding anchor-spl v0.25.0 (available: v0.30.1)
[INFO] [stderr]       Adding pyth-sdk-solana v0.6.1 (available: v0.10.3)
[INFO] [stderr]       Adding solana-frozen-abi v1.10.41 (available: v1.18.26)
[INFO] [stderr]       Adding solana-frozen-abi-macro v1.10.41 (available: v1.18.26)
[INFO] [stderr]       Adding solana-program v1.10.41 (available: v1.18.26)
[INFO] [stderr]       Adding solana-sdk-macro v1.10.41 (available: v1.18.26)
[INFO] [stderr]       Adding spl-associated-token-account v1.0.5 (available: v1.1.3)
[INFO] [stderr]       Adding spl-token v3.3.1 (available: v3.5.0)
[INFO] [stderr]       Adding zeroize v1.3.0 (available: v1.8.1)
[INFO] running `Command { std: CARGO_HOME="/workspace/cargo-home" RUSTUP_HOME="/workspace/rustup-home" "/workspace/cargo-home/bin/cargo" "+nightly-2025-01-18" "fetch" "--manifest-path" "Cargo.toml", kill_on_drop: false }`
[INFO] running `Command { std: "docker" "create" "-v" "/var/lib/crater-agent-workspace/builds/worker-5-tc2/target:/opt/rustwide/target:rw,Z" "-v" "/var/lib/crater-agent-workspace/builds/worker-5-tc2/source:/opt/rustwide/workdir:ro,Z" "-v" "/var/lib/crater-agent-workspace/cargo-home:/opt/rustwide/cargo-home:ro,Z" "-v" "/var/lib/crater-agent-workspace/rustup-home:/opt/rustwide/rustup-home:ro,Z" "-e" "SOURCE_DIR=/opt/rustwide/workdir" "-e" "CARGO_TARGET_DIR=/opt/rustwide/target" "-e" "CARGO_HOME=/opt/rustwide/cargo-home" "-e" "RUSTUP_HOME=/opt/rustwide/rustup-home" "-w" "/opt/rustwide/workdir" "-m" "1610612736" "--user" "0:0" "--network" "none" "ghcr.io/rust-lang/crates-build-env/linux@sha256:819108c5571ea2e421544af4d832f968d213c87fbe3707a016657f43d2f853bc" "/opt/rustwide/cargo-home/bin/cargo" "+nightly-2025-01-18" "metadata" "--no-deps" "--format-version=1", kill_on_drop: false }`
[INFO] [stdout] 91e4ad9da47d2f30e24d909366da5c8f818a005b707c4397498ab80b97f46dca
[INFO] running `Command { std: "docker" "start" "-a" "91e4ad9da47d2f30e24d909366da5c8f818a005b707c4397498ab80b97f46dca", kill_on_drop: false }`
[INFO] running `Command { std: "docker" "inspect" "91e4ad9da47d2f30e24d909366da5c8f818a005b707c4397498ab80b97f46dca", kill_on_drop: false }`
[INFO] running `Command { std: "docker" "rm" "-f" "91e4ad9da47d2f30e24d909366da5c8f818a005b707c4397498ab80b97f46dca", kill_on_drop: false }`
[INFO] [stdout] 91e4ad9da47d2f30e24d909366da5c8f818a005b707c4397498ab80b97f46dca
[INFO] running `Command { std: "docker" "create" "-v" "/var/lib/crater-agent-workspace/builds/worker-5-tc2/target:/opt/rustwide/target:rw,Z" "-v" "/var/lib/crater-agent-workspace/builds/worker-5-tc2/source:/opt/rustwide/workdir:ro,Z" "-v" "/var/lib/crater-agent-workspace/cargo-home:/opt/rustwide/cargo-home:ro,Z" "-v" "/var/lib/crater-agent-workspace/rustup-home:/opt/rustwide/rustup-home:ro,Z" "-e" "SOURCE_DIR=/opt/rustwide/workdir" "-e" "CARGO_TARGET_DIR=/opt/rustwide/target" "-e" "CARGO_INCREMENTAL=0" "-e" "RUST_BACKTRACE=full" "-e" "RUSTFLAGS=--cap-lints=forbid -Zrandomize-layout" "-e" "RUSTDOCFLAGS=--cap-lints=forbid" "-e" "CARGO_HOME=/opt/rustwide/cargo-home" "-e" "RUSTUP_HOME=/opt/rustwide/rustup-home" "-w" "/opt/rustwide/workdir" "-m" "1610612736" "--user" "0:0" "--network" "none" "ghcr.io/rust-lang/crates-build-env/linux@sha256:819108c5571ea2e421544af4d832f968d213c87fbe3707a016657f43d2f853bc" "/opt/rustwide/cargo-home/bin/cargo" "+nightly-2025-01-18" "build" "--frozen" "--message-format=json", kill_on_drop: false }`
[INFO] [stdout] 38e1dc0aa0c85e155f5847cbd0994a35990bacab8a2e2c0f6d94cb331b36e2e2
[INFO] running `Command { std: "docker" "start" "-a" "38e1dc0aa0c85e155f5847cbd0994a35990bacab8a2e2c0f6d94cb331b36e2e2", kill_on_drop: false }`
[INFO] [stderr]    Compiling proc-macro2 v1.0.93
[INFO] [stderr]    Compiling unicode-ident v1.0.14
[INFO] [stderr]    Compiling version_check v0.9.5
[INFO] [stderr]    Compiling serde v1.0.217
[INFO] [stderr]    Compiling typenum v1.17.0
[INFO] [stderr]    Compiling cfg-if v1.0.0
[INFO] [stderr]    Compiling syn v1.0.109
[INFO] [stderr]    Compiling subtle v2.6.1
[INFO] [stderr]    Compiling libc v0.2.169
[INFO] [stderr]    Compiling cpufeatures v0.2.16
[INFO] [stderr]    Compiling memchr v2.7.4
[INFO] [stderr]    Compiling thiserror v1.0.69
[INFO] [stderr]    Compiling opaque-debug v0.3.1
[INFO] [stderr]    Compiling serde_json v1.0.137
[INFO] [stderr]    Compiling semver v1.0.25
[INFO] [stderr]    Compiling generic-array v0.14.7
[INFO] [stderr]    Compiling itoa v1.0.14
[INFO] [stderr]    Compiling ryu v1.0.18
[INFO] [stderr]    Compiling autocfg v1.4.0
[INFO] [stderr]    Compiling proc-macro2-diagnostics v0.9.1
[INFO] [stderr]    Compiling crunchy v0.2.2
[INFO] [stderr]    Compiling once_cell v1.20.2
[INFO] [stderr]    Compiling rustc_version v0.4.1
[INFO] [stderr]    Compiling quote v1.0.38
[INFO] [stderr]    Compiling anyhow v1.0.95
[INFO] [stderr]    Compiling num-traits v0.2.19
[INFO] [stderr]    Compiling crossbeam-utils v0.8.21
[INFO] [stderr]    Compiling syn v2.0.96
[INFO] [stderr]    Compiling unicode-segmentation v1.12.0
[INFO] [stderr]    Compiling getrandom v0.1.16
[INFO] [stderr]    Compiling yansi v0.5.1
[INFO] [stderr]    Compiling byteorder v1.5.0
[INFO] [stderr]    Compiling bs58 v0.3.1
[INFO] [stderr]    Compiling heck v0.3.3
[INFO] [stderr]    Compiling wasm-bindgen-shared v0.2.100
[INFO] [stderr]    Compiling ahash v0.7.8
[INFO] [stderr]    Compiling rayon-core v1.12.1
[INFO] [stderr]    Compiling crossbeam-epoch v0.9.18
[INFO] [stderr]    Compiling rustversion v1.0.19
[INFO] [stderr]    Compiling log v0.4.25
[INFO] [stderr]    Compiling rand_core v0.5.1
[INFO] [stderr]    Compiling getrandom v0.2.15
[INFO] [stderr]    Compiling bumpalo v3.16.0
[INFO] [stderr]    Compiling shlex v1.3.0
[INFO] [stderr]    Compiling either v1.13.0
[INFO] [stderr]    Compiling feature-probe v0.1.1
[INFO] [stderr]    Compiling bv v0.11.1
[INFO] [stderr]    Compiling cc v1.2.10
[INFO] [stderr]    Compiling crossbeam-deque v0.8.6
[INFO] [stderr]    Compiling bitmaps v2.1.0
[INFO] [stderr]    Compiling solana-frozen-abi-macro v1.10.41
[INFO] [stderr]    Compiling im v15.1.0
[INFO] [stderr]    Compiling rand_core v0.6.4
[INFO] [stderr]    Compiling bs58 v0.4.0
[INFO] [stderr]    Compiling rand_xoshiro v0.6.0
[INFO] [stderr]    Compiling hashbrown v0.11.2
[INFO] [stderr]    Compiling rayon v1.10.0
[INFO] [stderr]    Compiling solana-frozen-abi v1.10.41
[INFO] [stderr]    Compiling sized-chunks v0.6.5
[INFO] [stderr]    Compiling arrayref v0.3.9
[INFO] [stderr]    Compiling wasm-bindgen v0.2.100
[INFO] [stderr]    Compiling equivalent v1.0.1
[INFO] [stderr]    Compiling hashbrown v0.15.2
[INFO] [stderr]    Compiling memmap2 v0.5.10
[INFO] [stderr]    Compiling solana-program v1.10.41
[INFO] [stderr]    Compiling zeroize v1.3.0
[INFO] [stderr]    Compiling base64 v0.12.3
[INFO] [stderr]    Compiling toml_datetime v0.6.8
[INFO] [stderr]    Compiling lazy_static v1.5.0
[INFO] [stderr]    Compiling constant_time_eq v0.3.1
[INFO] [stderr]    Compiling indexmap v2.7.1
[INFO] [stderr]    Compiling keccak v0.1.5
[INFO] [stderr]    Compiling winnow v0.5.40
[INFO] [stderr]    Compiling blake3 v1.5.5
[INFO] [stderr]    Compiling arrayvec v0.7.6
[INFO] [stderr]    Compiling borsh-schema-derive-internal v0.9.3
[INFO] [stderr]    Compiling borsh-derive-internal v0.9.3
[INFO] [stderr]    Compiling itertools v0.10.5
[INFO] [stderr]    Compiling bitflags v1.3.2
[INFO] [stderr]    Compiling base64 v0.13.1
[INFO] [stderr]    Compiling aho-corasick v1.1.3
[INFO] [stderr]    Compiling regex-syntax v0.8.5
[INFO] [stderr]    Compiling num-integer v0.1.46
[INFO] [stderr]    Compiling wasm-bindgen-backend v0.2.100
[INFO] [stderr]    Compiling toml_edit v0.19.15
[INFO] [stderr]    Compiling serde_derive_internals v0.29.1
[INFO] [stderr]    Compiling schemars v0.8.21
[INFO] [stderr]    Compiling dyn-clone v1.0.17
[INFO] [stderr]    Compiling num-bigint v0.4.6
[INFO] [stderr]    Compiling wasm-bindgen-macro-support v0.2.100
[INFO] [stderr]    Compiling num-derive v0.3.3
[INFO] [stderr]    Compiling solana-sdk-macro v1.10.41
[INFO] [stderr]    Compiling num-rational v0.4.2
[INFO] [stderr]    Compiling serde_derive v1.0.217
[INFO] [stderr]    Compiling thiserror-impl v1.0.69
[INFO] [stderr]    Compiling zerocopy-derive v0.7.35
[INFO] [stderr]    Compiling bytemuck_derive v1.8.1
[INFO] [stderr]    Compiling proc-macro-crate v1.3.1
[INFO] [stderr] rustc-LLVM ERROR: IO failure on output stream: No space left on device
[INFO] [stderr] rustc-LLVM ERROR: IO failure on output stream: No space left on device
[INFO] [stderr] rustc-LLVM ERROR: IO failure on output stream: No space left on device
[INFO] [stderr] error: could not compile `regex-syntax` (lib)
[INFO] [stderr] 
[INFO] [stderr] Caused by:
[INFO] [stderr]   No space left on device (os error 28)
[INFO] [stderr] 
[INFO] [stderr] Caused by:
[INFO] [stderr]   failed to parse process output: `/opt/rustwide/rustup-home/toolchains/nightly-2025-01-18-x86_64-unknown-linux-gnu/bin/rustc --crate-name regex_syntax --edition=2021 /opt/rustwide/cargo-home/registry/src/index.crates.io-1949cf8c6b5b557f/regex-syntax-0.8.5/src/lib.rs --error-format=json --json=diagnostic-rendered-ansi,artifacts,future-incompat --crate-type lib --emit=dep-info,metadata,link -C embed-bitcode=no --cfg 'feature="default"' --cfg 'feature="std"' --cfg 'feature="unicode"' --cfg 'feature="unicode-age"' --cfg 'feature="unicode-bool"' --cfg 'feature="unicode-case"' --cfg 'feature="unicode-gencat"' --cfg 'feature="unicode-perl"' --cfg 'feature="unicode-script"' --cfg 'feature="unicode-segment"' --check-cfg 'cfg(docsrs,test)' --check-cfg 'cfg(feature, values("arbitrary", "default", "std", "unicode", "unicode-age", "unicode-bool", "unicode-case", "unicode-gencat", "unicode-perl", "unicode-script", "unicode-segment"))' -C metadata=bdd04e0f4dc7c7dd -C extra-filename=-ef60f1e69701964c --out-dir /opt/rustwide/target/debug/deps -L dependency=/opt/rustwide/target/debug/deps --cap-lints allow --cap-lints=forbid -Zrandomize-layout` (exit status: 101)
[INFO] [stderr] warning: build failed, waiting for other jobs to finish...
[INFO] [stderr] error: could not compile `wasm-bindgen-macro-support` (lib)
[INFO] [stderr] 
[INFO] [stdout] error: linking with `cc` failed: exit status: 1
[INFO] [stdout]   |
[INFO] [stdout]   = note: LC_ALL="C" PATH="/opt/rustwide/rustup-home/toolchains/nightly-2025-01-18-x86_64-unknown-linux-gnu/lib/rustlib/x86_64-unknown-linux-gnu/bin:/opt/rustwide/rustup-home/toolchains/nightly-2025-01-18-x86_64-unknown-linux-gnu/lib/rustlib/x86_64-unknown-linux-gnu/bin/self-contained:/opt/rustwide/cargo-home/bin:/usr/local/sbin:/usr/local/bin:/usr/sbin:/usr/bin:/sbin:/bin" VSLANG="1033" "cc" "-Wl,--version-script=/tmp/rustc3ll4A9/list" "-Wl,--no-undefined-version" "-m64" "/tmp/rustc3ll4A9/symbols.o" "<16 object files omitted>" "/opt/rustwide/target/debug/deps/thiserror_impl-cf48fc7515228b90.5hskli6ph89ibb4tqi40r3vp0.rcgu.rmeta" "<1 object files omitted>" "-Wl,--as-needed" "-Wl,-Bstatic" "/opt/rustwide/target/debug/deps/{libsyn-b53cbb565ea666c5.rlib,libquote-9ad3d26b2592b6b9.rlib,libproc_macro2-9f2dce68654502c4.rlib,libunicode_ident-152a17d8c5d27177.rlib}" "/opt/rustwide/rustup-home/toolchains/nightly-2025-01-18-x86_64-unknown-linux-gnu/lib/rustlib/x86_64-unknown-linux-gnu/lib/{libproc_macro-f70e4fb3d5b25f48.rlib,libstd-006123e2ce67e99d.rlib,libpanic_unwind-e1447e1efa6f1e57.rlib,libobject-f6963a4916fcf097.rlib,libmemchr-49a2d9af912f4524.rlib,libaddr2line-04d19aad3936869d.rlib,libgimli-483c235edb789db0.rlib,librustc_demangle-294281af50b8f748.rlib,libstd_detect-3b08295250aabc2a.rlib,libhashbrown-4472d1e05ba0dfaf.rlib,librustc_std_workspace_alloc-2ef099fac590e457.rlib,libminiz_oxide-8a51f5e848546c29.rlib,libadler2-3d3fa22b868db521.rlib,libunwind-0ffda8b08e22dbea.rlib,libcfg_if-b08f62458fdd43b9.rlib,liblibc-559675126e63b890.rlib,liballoc-fcf21c8d1c9c7b75.rlib,librustc_std_workspace_core-e0b0460135bcf21d.rlib,libcore-d4097fdcbddd3bc7.rlib,libcompiler_builtins-fea484ac1eed7881.rlib}" "-Wl,-Bdynamic" "-lgcc_s" "-lutil" "-lrt" "-lpthread" "-lm" "-ldl" "-lc" "-B/opt/rustwide/rustup-home/toolchains/nightly-2025-01-18-x86_64-unknown-linux-gnu/lib/rustlib/x86_64-unknown-linux-gnu/bin/gcc-ld" "-fuse-ld=lld" "-Wl,--eh-frame-hdr" "-Wl,-z,noexecstack" "-L" "/opt/rustwide/rustup-home/toolchains/nightly-2025-01-18-x86_64-unknown-linux-gnu/lib/rustlib/x86_64-unknown-linux-gnu/lib" "-o" "/opt/rustwide/target/debug/deps/libthiserror_impl-cf48fc7515228b90.so" "-Wl,--gc-sections" "-shared" "-Wl,-z,relro,-z,now" "-nodefaultlibs"
[INFO] [stdout]   = note: some arguments are omitted. use `--verbose` to show all linker arguments
[INFO] [stdout]   = note: PLEASE submit a bug report to https://github.com/llvm/llvm-project/issues/ and include the crash backtrace.
[INFO] [stdout]           LLVM ERROR: IO failure on output stream: No space left on device
[INFO] [stdout]           collect2: fatal error: ld terminated with signal 7 [Bus error], core dumped
[INFO] [stdout]           compilation terminated.
[INFO] [stdout]           
[INFO] [stdout] 
[INFO] [stdout] 
[INFO] [stderr] Caused by:
[INFO] [stderr]   No space left on device (os error 28)
[INFO] [stderr] 
[INFO] [stderr] Caused by:
[INFO] [stderr]   failed to parse process output: `/opt/rustwide/rustup-home/toolchains/nightly-2025-01-18-x86_64-unknown-linux-gnu/bin/rustc --crate-name wasm_bindgen_macro_support --edition=2021 /opt/rustwide/cargo-home/registry/src/index.crates.io-1949cf8c6b5b557f/wasm-bindgen-macro-support-0.2.100/src/lib.rs --error-format=json --json=diagnostic-rendered-ansi,artifacts,future-incompat --crate-type lib --emit=dep-info,metadata,link -C embed-bitcode=no '--allow=clippy::type_complexity' '--allow=clippy::too_many_arguments' '--allow=clippy::overly_complex_bool_expr' '--allow=clippy::new_without_default' '--allow=clippy::large_enum_variant' --check-cfg 'cfg(docsrs,test)' --check-cfg 'cfg(feature, values("extra-traits", "strict-macro"))' -C metadata=0b6c2d309dc860da -C extra-filename=-0225e3f9d6c864e9 --out-dir /opt/rustwide/target/debug/deps -L dependency=/opt/rustwide/target/debug/deps --extern proc_macro2=/opt/rustwide/target/debug/deps/libproc_macro2-9f2dce68654502c4.rmeta --extern quote=/opt/rustwide/target/debug/deps/libquote-9ad3d26b2592b6b9.rmeta --extern syn=/opt/rustwide/target/debug/deps/libsyn-b53cbb565ea666c5.rmeta --extern wasm_bindgen_backend=/opt/rustwide/target/debug/deps/libwasm_bindgen_backend-a35dd8376466b763.rmeta --extern wasm_bindgen_shared=/opt/rustwide/target/debug/deps/libwasm_bindgen_shared-62062d663f97cdc9.rmeta --cap-lints allow --cap-lints=forbid -Zrandomize-layout` (exit status: 101)
[INFO] [stderr] error: could not compile `bytemuck_derive` (lib)
[INFO] [stderr] 
[INFO] [stderr] Caused by:
[INFO] [stderr]   No space left on device (os error 28)
[INFO] [stderr] 
[INFO] [stderr] Caused by:
[INFO] [stderr]   failed to parse process output: `/opt/rustwide/rustup-home/toolchains/nightly-2025-01-18-x86_64-unknown-linux-gnu/bin/rustc --crate-name bytemuck_derive --edition=2018 /opt/rustwide/cargo-home/registry/src/index.crates.io-1949cf8c6b5b557f/bytemuck_derive-1.8.1/src/lib.rs --error-format=json --json=diagnostic-rendered-ansi,artifacts,future-incompat --crate-type proc-macro --emit=dep-info,link -C prefer-dynamic -C embed-bitcode=no --check-cfg 'cfg(docsrs,test)' --check-cfg 'cfg(feature, values())' -C metadata=41c131dc042927da -C extra-filename=-b1a01f9bd9237b2a --out-dir /opt/rustwide/target/debug/deps -L dependency=/opt/rustwide/target/debug/deps --extern proc_macro2=/opt/rustwide/target/debug/deps/libproc_macro2-9f2dce68654502c4.rlib --extern quote=/opt/rustwide/target/debug/deps/libquote-9ad3d26b2592b6b9.rlib --extern syn=/opt/rustwide/target/debug/deps/libsyn-b53cbb565ea666c5.rlib --extern proc_macro --cap-lints allow --cap-lints=forbid -Zrandomize-layout` (exit status: 101)
[INFO] [stderr] error: could not compile `thiserror-impl` (lib) due to 1 previous error
[INFO] [stdout] error: linking with `cc` failed: exit status: 1
[INFO] [stdout]   |
[INFO] [stdout]   = note: LC_ALL="C" PATH="/opt/rustwide/rustup-home/toolchains/nightly-2025-01-18-x86_64-unknown-linux-gnu/lib/rustlib/x86_64-unknown-linux-gnu/bin:/opt/rustwide/rustup-home/toolchains/nightly-2025-01-18-x86_64-unknown-linux-gnu/lib/rustlib/x86_64-unknown-linux-gnu/bin/self-contained:/opt/rustwide/cargo-home/bin:/usr/local/sbin:/usr/local/bin:/usr/sbin:/usr/bin:/sbin:/bin" VSLANG="1033" "cc" "-Wl,--version-script=/tmp/rustcYmec8F/list" "-Wl,--no-undefined-version" "-m64" "/tmp/rustcYmec8F/symbols.o" "<10 object files omitted>" "/opt/rustwide/target/debug/deps/zerocopy_derive-77bc230cb8c5c5d0.72ibvpgdl36jp27ympbxqf8rw.rcgu.rmeta" "<1 object files omitted>" "-Wl,--as-needed" "-Wl,-Bstatic" "/opt/rustwide/target/debug/deps/{libsyn-b53cbb565ea666c5.rlib,libquote-9ad3d26b2592b6b9.rlib,libproc_macro2-9f2dce68654502c4.rlib,libunicode_ident-152a17d8c5d27177.rlib}" "/opt/rustwide/rustup-home/toolchains/nightly-2025-01-18-x86_64-unknown-linux-gnu/lib/rustlib/x86_64-unknown-linux-gnu/lib/{libproc_macro-f70e4fb3d5b25f48.rlib,libstd-006123e2ce67e99d.rlib,libpanic_unwind-e1447e1efa6f1e57.rlib,libobject-f6963a4916fcf097.rlib,libmemchr-49a2d9af912f4524.rlib,libaddr2line-04d19aad3936869d.rlib,libgimli-483c235edb789db0.rlib,librustc_demangle-294281af50b8f748.rlib,libstd_detect-3b08295250aabc2a.rlib,libhashbrown-4472d1e05ba0dfaf.rlib,librustc_std_workspace_alloc-2ef099fac590e457.rlib,libminiz_oxide-8a51f5e848546c29.rlib,libadler2-3d3fa22b868db521.rlib,libunwind-0ffda8b08e22dbea.rlib,libcfg_if-b08f62458fdd43b9.rlib,liblibc-559675126e63b890.rlib,liballoc-fcf21c8d1c9c7b75.rlib,librustc_std_workspace_core-e0b0460135bcf21d.rlib,libcore-d4097fdcbddd3bc7.rlib,libcompiler_builtins-fea484ac1eed7881.rlib}" "-Wl,-Bdynamic" "-lgcc_s" "-lutil" "-lrt" "-lpthread" "-lm" "-ldl" "-lc" "-B/opt/rustwide/rustup-home/toolchains/nightly-2025-01-18-x86_64-unknown-linux-gnu/lib/rustlib/x86_64-unknown-linux-gnu/bin/gcc-ld" "-fuse-ld=lld" "-Wl,--eh-frame-hdr" "-Wl,-z,noexecstack" "-L" "/opt/rustwide/rustup-home/toolchains/nightly-2025-01-18-x86_64-unknown-linux-gnu/lib/rustlib/x86_64-unknown-linux-gnu/lib" "-o" "/opt/rustwide/target/debug/deps/libzerocopy_derive-77bc230cb8c5c5d0.so" "-Wl,--gc-sections" "-shared" "-Wl,-z,relro,-z,now" "-nodefaultlibs"
[INFO] [stdout]   = note: some arguments are omitted. use `--verbose` to show all linker arguments
[INFO] [stdout]   = note: PLEASE submit a bug report to https://github.com/llvm/llvm-project/issues/ and include the crash backtrace.
[INFO] [stdout]           Stack dump:
[INFO] [stdout]           0.    Program arguments: /opt/rustwide/rustup-home/toolchains/nightly-2025-01-18-x86_64-unknown-linux-gnu/lib/rustlib/x86_64-unknown-linux-gnu/bin/rust-lld -flavor gnu -plugin /usr/lib/gcc/x86_64-linux-gnu/11/liblto_plugin.so -plugin-opt=/usr/lib/gcc/x86_64-linux-gnu/11/lto-wrapper -plugin-opt=-fresolution=/tmp/ccaeRgVh.res --build-id --eh-frame-hdr -m elf_x86_64 --hash-style=gnu --as-needed -shared -z relro -o /opt/rustwide/target/debug/deps/libzerocopy_derive-77bc230cb8c5c5d0.so /usr/lib/gcc/x86_64-linux-gnu/11/../../../x86_64-linux-gnu/crti.o /usr/lib/gcc/x86_64-linux-gnu/11/crtbeginS.o -L/opt/rustwide/rustup-home/toolchains/nightly-2025-01-18-x86_64-unknown-linux-gnu/lib/rustlib/x86_64-unknown-linux-gnu/lib -L/opt/rustwide/rustup-home/toolchains/nightly-2025-01-18-x86_64-unknown-linux-gnu/lib/rustlib/x86_64-unknown-linux-gnu/bin/gcc-ld -L/usr/lib/gcc/x86_64-linux-gnu/11 -L/usr/lib/gcc/x86_64-linux-gnu/11/../../../x86_64-linux-gnu -L/usr/lib/gcc/x86_64-linux-gnu/11/../../../../lib -L/lib/x86_64-linux-gnu -L/lib/../lib -L/usr/lib/x86_64-linux-gnu -L/usr/lib/../lib -L/usr/lib/gcc/x86_64-linux-gnu/11/../../.. --version-script=/tmp/rustcYmec8F/list --no-undefined-version /tmp/rustcYmec8F/symbols.o /opt/rustwide/target/debug/deps/zerocopy_derive-77bc230cb8c5c5d0.zerocopy_derive.c4f90325ff69b8fb-cgu.00.rcgu.o /opt/rustwide/target/debug/deps/zerocopy_derive-77bc230cb8c5c5d0.zerocopy_derive.c4f90325ff69b8fb-cgu.01.rcgu.o /opt/rustwide/target/debug/deps/zerocopy_derive-77bc230cb8c5c5d0.zerocopy_derive.c4f90325ff69b8fb-cgu.02.rcgu.o /opt/rustwide/target/debug/deps/zerocopy_derive-77bc230cb8c5c5d0.zerocopy_derive.c4f90325ff69b8fb-cgu.03.rcgu.o /opt/rustwide/target/debug/deps/zerocopy_derive-77bc230cb8c5c5d0.zerocopy_derive.c4f90325ff69b8fb-cgu.04.rcgu.o /opt/rustwide/target/debug/deps/zerocopy_derive-77bc230cb8c5c5d0.zerocopy_derive.c4f90325ff69b8fb-cgu.05.rcgu.o /opt/rustwide/target/debug/deps/zerocopy_derive-77bc230cb8c5c5d0.zerocopy_derive.c4f90325ff69b8fb-cgu.06.rcgu.o /opt/rustwide/target/debug/deps/zerocopy_derive-77bc230cb8c5c5d0.zerocopy_derive.c4f90325ff69b8fb-cgu.07.rcgu.o /opt/rustwide/target/debug/deps/zerocopy_derive-77bc230cb8c5c5d0.zerocopy_derive.c4f90325ff69b8fb-cgu.08.rcgu.o /opt/rustwide/target/debug/deps/zerocopy_derive-77bc230cb8c5c5d0.zerocopy_derive.c4f90325ff69b8fb-cgu.09.rcgu.o /opt/rustwide/target/debug/deps/zerocopy_derive-77bc230cb8c5c5d0.72ibvpgdl36jp27ympbxqf8rw.rcgu.rmeta /opt/rustwide/target/debug/deps/zerocopy_derive-77bc230cb8c5c5d0.bejcmsibc5p55w1bmzsc1a697.rcgu.o --as-needed -Bstatic /opt/rustwide/target/debug/deps/libsyn-b53cbb565ea666c5.rlib /opt/rustwide/target/debug/deps/libquote-9ad3d26b2592b6b9.rlib /opt/rustwide/target/debug/deps/libproc_macro2-9f2dce68654502c4.rlib /opt/rustwide/target/debug/deps/libunicode_ident-152a17d8c5d27177.rlib /opt/rustwide/rustup-home/toolchains/nightly-2025-01-18-x86_64-unknown-linux-gnu/lib/rustlib/x86_64-unknown-linux-gnu/lib/libproc_macro-f70e4fb3d5b25f48.rlib /opt/rustwide/rustup-home/toolchains/nightly-2025-01-18-x86_64-unknown-linux-gnu/lib/rustlib/x86_64-unknown-linux-gnu/lib/libstd-006123e2ce67e99d.rlib /opt/rustwide/rustup-home/toolchains/nightly-2025-01-18-x86_64-unknown-linux-gnu/lib/rustlib/x86_64-unknown-linux-gnu/lib/libpanic_unwind-e1447e1efa6f1e57.rlib /opt/rustwide/rustup-home/toolchains/nightly-2025-01-18-x86_64-unknown-linux-gnu/lib/rustlib/x86_64-unknown-linux-gnu/lib/libobject-f6963a4916fcf097.rlib /opt/rustwide/rustup-home/toolchains/nightly-2025-01-18-x86_64-unknown-linux-gnu/lib/rustlib/x86_64-unknown-linux-gnu/lib/libmemchr-49a2d9af912f4524.rlib /opt/rustwide/rustup-home/toolchains/nightly-2025-01-18-x86_64-unknown-linux-gnu/lib/rustlib/x86_64-unknown-linux-gnu/lib/libaddr2line-04d19aad3936869d.rlib /opt/rustwide/rustup-home/toolchains/nightly-2025-01-18-x86_64-unknown-linux-gnu/lib/rustlib/x86_64-unknown-linux-gnu/lib/libgimli-483c235edb789db0.rlib /opt/rustwide/rustup-home/toolchains/nightly-2025-01-18-x86_64-unknown-linux-gnu/lib/rustlib/x86_64-unknown-linux-gnu/lib/librustc_demangle-294281af50b8f748.rlib /opt/rustwide/rustup-home/toolchains/nightly-2025-01-18-x86_64-unknown-linux-gnu/lib/rustlib/x86_64-unknown-linux-gnu/lib/libstd_detect-3b08295250aabc2a.rlib /opt/rustwide/rustup-home/toolchains/nightly-2025-01-18-x86_64-unknown-linux-gnu/lib/rustlib/x86_64-unknown-linux-gnu/lib/libhashbrown-4472d1e05ba0dfaf.rlib /opt/rustwide/rustup-home/toolchains/nightly-2025-01-18-x86_64-unknown-linux-gnu/lib/rustlib/x86_64-unknown-linux-gnu/lib/librustc_std_workspace_alloc-2ef099fac590e457.rlib /opt/rustwide/rustup-home/toolchains/nightly-2025-01-18-x86_64-unknown-linux-gnu/lib/rustlib/x86_64-unknown-linux-gnu/lib/libminiz_oxide-8a51f5e848546c29.rlib /opt/rustwide/rustup-home/toolchains/nightly-2025-01-18-x86_64-unknown-linux-gnu/lib/rustlib/x86_64-unknown-linux-gnu/lib/libadler2-3d3fa22b868db521.rlib /opt/rustwide/rustup-home/toolchains/nightly-2025-01-18-x86_64-unknown-linux-gnu/lib/rustlib/x86_64-unknown-linux-gnu/lib/libunwind-0ffda8b08e22dbea.rlib /opt/rustwide/rustup-home/toolchains/nightly-2025-01-18-x86_64-unknown-linux-gnu/lib/rustlib/x86_64-unknown-linux-gnu/lib/libcfg_if-b08f62458fdd43b9.rlib /opt/rustwide/rustup-home/toolchains/nightly-2025-01-18-x86_64-unknown-linux-gnu/lib/rustlib/x86_64-unknown-linux-gnu/lib/liblibc-559675126e63b890.rlib /opt/rustwide/rustup-home/toolchains/nightly-2025-01-18-x86_64-unknown-linux-gnu/lib/rustlib/x86_64-unknown-linux-gnu/lib/liballoc-fcf21c8d1c9c7b75.rlib /opt/rustwide/rustup-home/toolchains/nightly-2025-01-18-x86_64-unknown-linux-gnu/lib/rustlib/x86_64-unknown-linux-gnu/lib/librustc_std_workspace_core-e0b0460135bcf21d.rlib /opt/rustwide/rustup-home/toolchains/nightly-2025-01-18-x86_64-unknown-linux-gnu/lib/rustlib/x86_64-unknown-linux-gnu/lib/libcore-d4097fdcbddd3bc7.rlib /opt/rustwide/rustup-home/toolchains/nightly-2025-01-18-x86_64-unknown-linux-gnu/lib/rustlib/x86_64-unknown-linux-gnu/lib/libcompiler_builtins-fea484ac1eed7881.rlib -Bdynamic -lgcc_s -lutil -lrt -lpthread -lm -ldl -lc --eh-frame-hdr -z noexecstack --gc-sections -z relro -z now /usr/lib/gcc/x86_64-linux-gnu/11/crtendS.o /usr/lib/gcc/x86_64-linux-gnu/11/../../../x86_64-linux-gnu/crtn.o
[INFO] [stdout]            #0 0x00007c431915df67 llvm::sys::PrintStackTrace(llvm::raw_ostream&, int) (/opt/rustwide/rustup-home/toolchains/nightly-2025-01-18-x86_64-unknown-linux-gnu/lib/libLLVM.so.19.1-rust-1.86.0-nightly+0x3f5df67)
[INFO] [stdout]            #1 0x00007c431915e37c SignalHandler(int) (/opt/rustwide/rustup-home/toolchains/nightly-2025-01-18-x86_64-unknown-linux-gnu/lib/libLLVM.so.19.1-rust-1.86.0-nightly+0x3f5e37c)
[INFO] [stdout]            #2 0x00007c4315019520 (/lib/x86_64-linux-gnu/libc.so.6+0x42520)
[INFO] [stdout]            #3 0x0000634cdbac7c73 void lld::elf::writeResult<llvm::object::ELFType<(llvm::endianness)1, true> >() (/opt/rustwide/rustup-home/toolchains/nightly-2025-01-18-x86_64-unknown-linux-gnu/lib/rustlib/x86_64-unknown-linux-gnu/bin/rust-lld+0x512c73)
[INFO] [stdout]            #4 0x0000634cdb8fbb36 void lld::elf::LinkerDriver::link<llvm::object::ELFType<(llvm::endianness)1, true> >(llvm::opt::InputArgList&) Driver.cpp:0:0
[INFO] [stdout]            #5 0x0000634cdb8e14ec lld::elf::link(llvm::ArrayRef<char const*>, llvm::raw_ostream&, llvm::raw_ostream&, bool, bool) (/opt/rustwide/rustup-home/toolchains/nightly-2025-01-18-x86_64-unknown-linux-gnu/lib/rustlib/x86_64-unknown-linux-gnu/bin/rust-lld+0x32c4ec)
[INFO] [stdout]            #6 0x0000634cdb812ae0 lld::unsafeLldMain(llvm::ArrayRef<char const*>, llvm::raw_ostream&, llvm::raw_ostream&, llvm::ArrayRef<lld::DriverDef>, bool) (/opt/rustwide/rustup-home/toolchains/nightly-2025-01-18-x86_64-unknown-linux-gnu/lib/rustlib/x86_64-unknown-linux-gnu/bin/rust-lld+0x25dae0)
[INFO] [stdout]            #7 0x0000634cdb811b7d lld_main(int, char**, llvm::ToolContext const&) (/opt/rustwide/rustup-home/toolchains/nightly-2025-01-18-x86_64-unknown-linux-gnu/lib/rustlib/x86_64-unknown-linux-gnu/bin/rust-lld+0x25cb7d)
[INFO] [stdout]            #8 0x0000634cdb812221 main (/opt/rustwide/rustup-home/toolchains/nightly-2025-01-18-x86_64-unknown-linux-gnu/lib/rustlib/x86_64-unknown-linux-gnu/bin/rust-lld+0x25d221)
[INFO] [stdout]            #9 0x00007c4315000d90 (/lib/x86_64-linux-gnu/libc.so.6+0x29d90)
[INFO] [stdout]           #10 0x00007c4315000e40 __libc_start_main (/lib/x86_64-linux-gnu/libc.so.6+0x29e40)
[INFO] [stdout]           #11 0x0000634cdb6947e9 _start (/opt/rustwide/rustup-home/toolchains/nightly-2025-01-18-x86_64-unknown-linux-gnu/lib/rustlib/x86_64-unknown-linux-gnu/bin/rust-lld+0xdf7e9)
[INFO] [stdout]           rust-lld: error: failed to write output '/opt/rustwide/target/debug/deps/libzerocopy_derive-77bc230cb8c5c5d0.so': No such file or directory
[INFO] [stdout]           collect2: error: ld returned 1 exit status
[INFO] [stdout]           
[INFO] [stdout] 
[INFO] [stdout] 
[INFO] [stderr] error: could not compile `zerocopy-derive` (lib) due to 1 previous error
[INFO] running `Command { std: "docker" "inspect" "38e1dc0aa0c85e155f5847cbd0994a35990bacab8a2e2c0f6d94cb331b36e2e2", kill_on_drop: false }`
[INFO] running `Command { std: "docker" "rm" "-f" "38e1dc0aa0c85e155f5847cbd0994a35990bacab8a2e2c0f6d94cb331b36e2e2", kill_on_drop: false }`
[INFO] [stdout] 38e1dc0aa0c85e155f5847cbd0994a35990bacab8a2e2c0f6d94cb331b36e2e2
