[INFO] fetching crate nu-plugin-protocol 0.101.0...
[INFO] testing nu-plugin-protocol-0.101.0 against nightly-2025-01-18 for randomize-layout-2
[INFO] extracting crate nu-plugin-protocol 0.101.0 into /workspace/builds/worker-3-tc1/source
[INFO] validating manifest of crates.io crate nu-plugin-protocol 0.101.0 on toolchain nightly-2025-01-18
[INFO] running `Command { std: CARGO_HOME="/workspace/cargo-home" RUSTUP_HOME="/workspace/rustup-home" "/workspace/cargo-home/bin/cargo" "+nightly-2025-01-18" "metadata" "--manifest-path" "Cargo.toml" "--no-deps", kill_on_drop: false }`
[INFO] started tweaking crates.io crate nu-plugin-protocol 0.101.0
[INFO] finished tweaking crates.io crate nu-plugin-protocol 0.101.0
[INFO] tweaked toml for crates.io crate nu-plugin-protocol 0.101.0 written to /workspace/builds/worker-3-tc1/source/Cargo.toml
[INFO] running `Command { std: CARGO_HOME="/workspace/cargo-home" RUSTUP_HOME="/workspace/rustup-home" "/workspace/cargo-home/bin/cargo" "+nightly-2025-01-18" "generate-lockfile" "--manifest-path" "Cargo.toml", kill_on_drop: false }`
[INFO] [stderr]     Updating crates.io index
[INFO] [stderr]      Locking 216 packages to latest compatible versions
[INFO] running `Command { std: CARGO_HOME="/workspace/cargo-home" RUSTUP_HOME="/workspace/rustup-home" "/workspace/cargo-home/bin/cargo" "+nightly-2025-01-18" "fetch" "--manifest-path" "Cargo.toml", kill_on_drop: false }`
[INFO] running `Command { std: "docker" "create" "-v" "/var/lib/crater-agent-workspace/builds/worker-3-tc1/target:/opt/rustwide/target:rw,Z" "-v" "/var/lib/crater-agent-workspace/builds/worker-3-tc1/source:/opt/rustwide/workdir:ro,Z" "-v" "/var/lib/crater-agent-workspace/cargo-home:/opt/rustwide/cargo-home:ro,Z" "-v" "/var/lib/crater-agent-workspace/rustup-home:/opt/rustwide/rustup-home:ro,Z" "-e" "SOURCE_DIR=/opt/rustwide/workdir" "-e" "CARGO_TARGET_DIR=/opt/rustwide/target" "-e" "CARGO_HOME=/opt/rustwide/cargo-home" "-e" "RUSTUP_HOME=/opt/rustwide/rustup-home" "-w" "/opt/rustwide/workdir" "-m" "1610612736" "--user" "0:0" "--network" "none" "ghcr.io/rust-lang/crates-build-env/linux@sha256:819108c5571ea2e421544af4d832f968d213c87fbe3707a016657f43d2f853bc" "/opt/rustwide/cargo-home/bin/cargo" "+nightly-2025-01-18" "metadata" "--no-deps" "--format-version=1", kill_on_drop: false }`
[INFO] [stdout] 7a551f19aad2d5c61a6d0bd99fcbbcee88cd1217f80827f355873cf795128de4
[INFO] running `Command { std: "docker" "start" "-a" "7a551f19aad2d5c61a6d0bd99fcbbcee88cd1217f80827f355873cf795128de4", kill_on_drop: false }`
[INFO] running `Command { std: "docker" "inspect" "7a551f19aad2d5c61a6d0bd99fcbbcee88cd1217f80827f355873cf795128de4", kill_on_drop: false }`
[INFO] running `Command { std: "docker" "rm" "-f" "7a551f19aad2d5c61a6d0bd99fcbbcee88cd1217f80827f355873cf795128de4", kill_on_drop: false }`
[INFO] [stdout] 7a551f19aad2d5c61a6d0bd99fcbbcee88cd1217f80827f355873cf795128de4
[INFO] running `Command { std: "docker" "create" "-v" "/var/lib/crater-agent-workspace/builds/worker-3-tc1/target:/opt/rustwide/target:rw,Z" "-v" "/var/lib/crater-agent-workspace/builds/worker-3-tc1/source:/opt/rustwide/workdir:ro,Z" "-v" "/var/lib/crater-agent-workspace/cargo-home:/opt/rustwide/cargo-home:ro,Z" "-v" "/var/lib/crater-agent-workspace/rustup-home:/opt/rustwide/rustup-home:ro,Z" "-e" "SOURCE_DIR=/opt/rustwide/workdir" "-e" "CARGO_TARGET_DIR=/opt/rustwide/target" "-e" "CARGO_INCREMENTAL=0" "-e" "RUST_BACKTRACE=full" "-e" "RUSTFLAGS=--cap-lints=forbid" "-e" "RUSTDOCFLAGS=--cap-lints=forbid" "-e" "CARGO_HOME=/opt/rustwide/cargo-home" "-e" "RUSTUP_HOME=/opt/rustwide/rustup-home" "-w" "/opt/rustwide/workdir" "-m" "1610612736" "--user" "0:0" "--network" "none" "ghcr.io/rust-lang/crates-build-env/linux@sha256:819108c5571ea2e421544af4d832f968d213c87fbe3707a016657f43d2f853bc" "/opt/rustwide/cargo-home/bin/cargo" "+nightly-2025-01-18" "build" "--frozen" "--message-format=json", kill_on_drop: false }`
[INFO] [stdout] 8e6e75a50853896805156f467b114c92e996eebe38e4646907da474b7d27e4e4
[INFO] running `Command { std: "docker" "start" "-a" "8e6e75a50853896805156f467b114c92e996eebe38e4646907da474b7d27e4e4", kill_on_drop: false }`
[INFO] [stderr]    Compiling proc-macro2 v1.0.93
[INFO] [stderr]    Compiling unicode-ident v1.0.14
[INFO] [stderr]    Compiling libc v0.2.169
[INFO] [stderr]    Compiling autocfg v1.4.0
[INFO] [stderr]    Compiling serde v1.0.217
[INFO] [stderr]    Compiling cfg-if v1.0.0
[INFO] [stderr]    Compiling memchr v2.7.4
[INFO] [stderr]    Compiling bitflags v2.8.0
[INFO] [stderr]    Compiling rustix v0.38.43
[INFO] [stderr]    Compiling crossbeam-utils v0.8.21
[INFO] [stderr]    Compiling version_check v0.9.5
[INFO] [stderr]    Compiling linux-raw-sys v0.4.15
[INFO] [stderr]    Compiling cfg_aliases v0.2.1
[INFO] [stderr]    Compiling rayon-core v1.12.1
[INFO] [stderr]    Compiling pure-rust-locales v0.8.1
[INFO] [stderr]    Compiling parking_lot_core v0.9.10
[INFO] [stderr]    Compiling log v0.4.25
[INFO] [stderr]    Compiling thiserror v1.0.69
[INFO] [stderr]    Compiling iana-time-zone v0.1.61
[INFO] [stderr]    Compiling signal-hook v0.3.17
[INFO] [stderr]    Compiling nix v0.29.0
[INFO] [stderr]    Compiling adler2 v2.0.0
[INFO] [stderr]    Compiling scopeguard v1.2.0
[INFO] [stderr]    Compiling paste v1.0.15
[INFO] [stderr]    Compiling smallvec v1.13.2
[INFO] [stderr]    Compiling typeid v1.0.2
[INFO] [stderr]    Compiling arrayvec v0.7.6
[INFO] [stderr]    Compiling either v1.13.0
[INFO] [stderr]    Compiling miniz_oxide v0.8.3
[INFO] [stderr]    Compiling crc32fast v1.4.2
[INFO] [stderr]    Compiling regex-syntax v0.8.5
[INFO] [stderr]    Compiling num-traits v0.2.19
[INFO] [stderr]    Compiling lock_api v0.4.12
[INFO] [stderr]    Compiling proc-macro-error-attr v1.0.4
[INFO] [stderr]    Compiling proc-macro-error v1.0.4
[INFO] [stderr]    Compiling serde_json v1.0.137
[INFO] [stderr]    Compiling option-ext v0.2.0
[INFO] [stderr]    Compiling aho-corasick v1.1.3
[INFO] [stderr]    Compiling bit-vec v0.8.0
[INFO] [stderr]    Compiling rust_decimal v1.36.0
[INFO] [stderr]    Compiling alloc-no-stdlib v2.0.4
[INFO] [stderr]    Compiling foldhash v0.1.4
[INFO] [stderr]    Compiling owo-colors v4.1.0
[INFO] [stderr]    Compiling allocator-api2 v0.2.21
[INFO] [stderr]    Compiling equivalent v1.0.1
[INFO] [stderr]    Compiling procfs v0.17.0
[INFO] [stderr]    Compiling crossbeam-epoch v0.9.18
[INFO] [stderr]    Compiling hex v0.4.3
[INFO] [stderr]    Compiling itoa v1.0.14
[INFO] [stderr]    Compiling bit-set v0.8.0
[INFO] [stderr]    Compiling alloc-stdlib v0.2.2
[INFO] [stderr]    Compiling quote v1.0.38
[INFO] [stderr]    Compiling flate2 v1.0.35
[INFO] [stderr]    Compiling vte v0.14.1
[INFO] [stderr]    Compiling thiserror v2.0.11
[INFO] [stderr]    Compiling nu-ansi-term v0.50.1
[INFO] [stderr]    Compiling syn v2.0.96
[INFO] [stderr]    Compiling byteorder v1.5.0
[INFO] [stderr]    Compiling unicode-linebreak v0.1.5
[INFO] [stderr]    Compiling ryu v1.0.18
[INFO] [stderr]    Compiling crossbeam-deque v0.8.6
[INFO] [stderr]    Compiling hashbrown v0.15.2
[INFO] [stderr]    Compiling unicode-width v0.1.14
[INFO] [stderr]    Compiling is_ci v1.2.0
[INFO] [stderr]    Compiling lscolors v0.17.0
[INFO] [stderr]    Compiling supports-color v3.0.2
[INFO] [stderr]    Compiling strip-ansi-escapes v0.2.1
[INFO] [stderr]    Compiling num-format v0.4.4
[INFO] [stderr]    Compiling brotli-decompressor v4.0.1
[INFO] [stderr]    Compiling textwrap v0.16.1
[INFO] [stderr]    Compiling itertools v0.13.0
[INFO] [stderr]    Compiling unicase v2.8.1
[INFO] [stderr]    Compiling rmp v0.8.14
[INFO] [stderr]    Compiling sys-locale v0.3.2
[INFO] [stderr]    Compiling rayon v1.10.0
[INFO] [stderr]    Compiling inventory v0.3.17
[INFO] [stderr]    Compiling semver v1.0.25
[INFO] [stderr]    Compiling supports-hyperlinks v3.1.0
[INFO] [stderr]    Compiling utf8-width v0.1.7
[INFO] [stderr]    Compiling heck v0.5.0
[INFO] [stderr]    Compiling supports-unicode v3.0.0
[INFO] [stderr]    Compiling once_cell v1.20.2
[INFO] [stderr]    Compiling regex-automata v0.4.9
[INFO] [stderr]    Compiling brotli v6.0.0
[INFO] [stderr]    Compiling indexmap v2.7.1
[INFO] [stderr]    Compiling byte-unit v5.1.6
[INFO] [stderr]    Compiling lru v0.12.5
[INFO] [stderr]    Compiling bytes v1.9.0
[INFO] [stderr]    Compiling signal-hook-registry v1.4.2
[INFO] [stderr]    Compiling mio v1.0.3
[INFO] [stderr]    Compiling dirs-sys v0.4.1
[INFO] [stderr]    Compiling parking_lot v0.12.3
[INFO] [stderr]    Compiling dirs v5.0.1
[INFO] [stderr]    Compiling os_pipe v1.2.1
[INFO] [stderr]    Compiling signal-hook-mio v0.2.4
[INFO] [stderr]    Compiling serde_derive v1.0.217
[INFO] [stderr]    Compiling thiserror-impl v1.0.69
[INFO] [stderr]    Compiling typetag-impl v0.2.19
[INFO] [stderr]    Compiling thiserror-impl v2.0.11
[INFO] [stderr]    Compiling miette-derive v7.4.0
[INFO] [stderr]    Compiling nu-derive-value v0.101.0
[INFO] [stderr]    Compiling terminal_size v0.4.1
[INFO] [stderr]    Compiling crossterm v0.28.1
[INFO] [stderr]    Compiling sysinfo v0.32.1
[INFO] [stderr]    Compiling pwd v1.4.0
[INFO] [stderr]    Compiling miette v7.4.0
[INFO] [stderr]    Compiling nu-path v0.101.0
[INFO] [stderr]    Compiling fancy-regex v0.14.0
[INFO] [stderr]    Compiling chrono v0.4.39
[INFO] [stderr]    Compiling erased-serde v0.4.5
[INFO] [stderr]    Compiling rmp-serde v1.3.0
[INFO] [stderr]    Compiling typetag v0.2.19
[INFO] [stderr]    Compiling nu-utils v0.101.0
[INFO] [stderr]    Compiling procfs-core v0.17.0
[INFO] [stderr]    Compiling chrono-humanize v0.2.3
[INFO] [stderr]    Compiling nu-system v0.101.0
[INFO] [stderr]    Compiling nu-protocol v0.101.0
[INFO] [stderr]    Compiling nu-plugin-protocol v0.101.0 (/opt/rustwide/workdir)
[INFO] [stderr]     Finished `dev` profile [unoptimized + debuginfo] target(s) in 1m 05s
[INFO] running `Command { std: "docker" "inspect" "8e6e75a50853896805156f467b114c92e996eebe38e4646907da474b7d27e4e4", kill_on_drop: false }`
[INFO] running `Command { std: "docker" "rm" "-f" "8e6e75a50853896805156f467b114c92e996eebe38e4646907da474b7d27e4e4", kill_on_drop: false }`
[INFO] [stdout] 8e6e75a50853896805156f467b114c92e996eebe38e4646907da474b7d27e4e4
[INFO] running `Command { std: "docker" "create" "-v" "/var/lib/crater-agent-workspace/builds/worker-3-tc1/target:/opt/rustwide/target:rw,Z" "-v" "/var/lib/crater-agent-workspace/builds/worker-3-tc1/source:/opt/rustwide/workdir:ro,Z" "-v" "/var/lib/crater-agent-workspace/cargo-home:/opt/rustwide/cargo-home:ro,Z" "-v" "/var/lib/crater-agent-workspace/rustup-home:/opt/rustwide/rustup-home:ro,Z" "-e" "SOURCE_DIR=/opt/rustwide/workdir" "-e" "CARGO_TARGET_DIR=/opt/rustwide/target" "-e" "CARGO_INCREMENTAL=0" "-e" "RUST_BACKTRACE=full" "-e" "RUSTFLAGS=--cap-lints=forbid" "-e" "RUSTDOCFLAGS=--cap-lints=forbid" "-e" "CARGO_HOME=/opt/rustwide/cargo-home" "-e" "RUSTUP_HOME=/opt/rustwide/rustup-home" "-w" "/opt/rustwide/workdir" "-m" "1610612736" "--user" "0:0" "--network" "none" "ghcr.io/rust-lang/crates-build-env/linux@sha256:819108c5571ea2e421544af4d832f968d213c87fbe3707a016657f43d2f853bc" "/opt/rustwide/cargo-home/bin/cargo" "+nightly-2025-01-18" "test" "--frozen" "--no-run" "--message-format=json", kill_on_drop: false }`
[INFO] [stdout] e45a73cb449c1b87e3cccb27c2dbc4d9440e3fcbd8cdd0bc2ad398f349b36cb4
[INFO] running `Command { std: "docker" "start" "-a" "e45a73cb449c1b87e3cccb27c2dbc4d9440e3fcbd8cdd0bc2ad398f349b36cb4", kill_on_drop: false }`
[INFO] [stderr]    Compiling nu-plugin-protocol v0.101.0 (/opt/rustwide/workdir)
[INFO] [stderr]     Finished `test` profile [unoptimized + debuginfo] target(s) in 3.86s
[INFO] running `Command { std: "docker" "inspect" "e45a73cb449c1b87e3cccb27c2dbc4d9440e3fcbd8cdd0bc2ad398f349b36cb4", kill_on_drop: false }`
[INFO] running `Command { std: "docker" "rm" "-f" "e45a73cb449c1b87e3cccb27c2dbc4d9440e3fcbd8cdd0bc2ad398f349b36cb4", kill_on_drop: false }`
[INFO] [stdout] e45a73cb449c1b87e3cccb27c2dbc4d9440e3fcbd8cdd0bc2ad398f349b36cb4
[INFO] running `Command { std: "docker" "create" "-v" "/var/lib/crater-agent-workspace/builds/worker-3-tc1/target:/opt/rustwide/target:rw,Z" "-v" "/var/lib/crater-agent-workspace/builds/worker-3-tc1/source:/opt/rustwide/workdir:ro,Z" "-v" "/var/lib/crater-agent-workspace/cargo-home:/opt/rustwide/cargo-home:ro,Z" "-v" "/var/lib/crater-agent-workspace/rustup-home:/opt/rustwide/rustup-home:ro,Z" "-e" "SOURCE_DIR=/opt/rustwide/workdir" "-e" "CARGO_TARGET_DIR=/opt/rustwide/target" "-e" "CARGO_INCREMENTAL=0" "-e" "RUST_BACKTRACE=full" "-e" "RUSTFLAGS=--cap-lints=forbid" "-e" "RUSTDOCFLAGS=--cap-lints=forbid" "-e" "CARGO_HOME=/opt/rustwide/cargo-home" "-e" "RUSTUP_HOME=/opt/rustwide/rustup-home" "-w" "/opt/rustwide/workdir" "-m" "1610612736" "--user" "0:0" "--network" "none" "ghcr.io/rust-lang/crates-build-env/linux@sha256:819108c5571ea2e421544af4d832f968d213c87fbe3707a016657f43d2f853bc" "/opt/rustwide/cargo-home/bin/cargo" "+nightly-2025-01-18" "test" "--frozen", kill_on_drop: false }`
[INFO] [stdout] ba8da0c7be846765bbefc28705c89bb13a21b18b4c1efda2abf9d537fd011a17
[INFO] running `Command { std: "docker" "start" "-a" "ba8da0c7be846765bbefc28705c89bb13a21b18b4c1efda2abf9d537fd011a17", kill_on_drop: false }`
[INFO] [stderr]     Finished `test` profile [unoptimized + debuginfo] target(s) in 0.17s
[INFO] [stderr]      Running unittests src/lib.rs (/opt/rustwide/target/debug/deps/nu_plugin_protocol-01a6adec37652c8c)
[INFO] [stdout] 
[INFO] [stdout] running 13 tests
[INFO] [stdout] test plugin_custom_value::tests::deserialize_in_list ... ok
[INFO] [stdout] test plugin_custom_value::tests::deserialize_in_record ... ok
[INFO] [stdout] test plugin_custom_value::tests::deserialize_in_closure ... ok
[INFO] [stdout] test plugin_custom_value::tests::deserialize_in_root ... ok
[INFO] [stdout] test plugin_custom_value::tests::expected_serialize_output ... ok
[INFO] [stdout] test plugin_custom_value::tests::serialize_in_list ... ok
[INFO] [stdout] test plugin_custom_value::tests::serialize_in_closure ... ok
[INFO] [stdout] test plugin_custom_value::tests::serialize_deserialize ... ok
[INFO] [stdout] test plugin_custom_value::tests::serialize_in_record ... ok
[INFO] [stdout] test tests::protocol_info_compatible ... ok
[INFO] [stdout] test tests::protocol_info_incompatible ... ok
[INFO] [stdout] test evaluated_call::test::call_to_value ... ok
[INFO] [stdout] test plugin_custom_value::tests::serialize_in_root ... ok
[INFO] [stdout] 
[INFO] [stdout] test result: ok. 13 passed; 0 failed; 0 ignored; 0 measured; 0 filtered out; finished in 0.00s
[INFO] [stdout] 
[INFO] [stderr]    Doc-tests nu_plugin_protocol
[INFO] [stdout] 
[INFO] [stdout] running 15 tests
[INFO] [stdout] test src/evaluated_call.rs - evaluated_call::EvaluatedCall::add_named (line 59) ... FAILED
[INFO] [stdout] test src/evaluated_call.rs - evaluated_call::EvaluatedCall::get_flag_value (line 285) ... FAILED
[INFO] [stdout] test src/evaluated_call.rs - evaluated_call::EvaluatedCall::add_flag (line 76) ... FAILED
[INFO] [stdout] test src/evaluated_call.rs - evaluated_call::EvaluatedCall::has_flag (line 190) ... FAILED
[INFO] [stdout] test src/evaluated_call.rs - evaluated_call::EvaluatedCall::get_flag_value (line 306) ... ok
[INFO] [stdout] test src/evaluated_call.rs - evaluated_call::EvaluatedCall::get_flag (line 366) ... ok
[INFO] [stdout] test src/evaluated_call.rs - evaluated_call::EvaluatedCall::nth (line 336) ... ok
[INFO] [stdout] test src/evaluated_call.rs - evaluated_call::EvaluatedCall::has_flag (line 222) ... ok
[INFO] [stdout] test src/evaluated_call.rs - evaluated_call::EvaluatedCall::rest (line 427) ... ok
[INFO] [stdout] test src/evaluated_call.rs - evaluated_call::EvaluatedCall::get_flag (line 383) ... ok
[INFO] [stdout] test src/evaluated_call.rs - evaluated_call::EvaluatedCall::has_flag (line 238) ... ok
[INFO] [stdout] test src/evaluated_call.rs - evaluated_call::EvaluatedCall::has_flag (line 206) ... ok
[INFO] [stdout] test src/evaluated_call.rs - evaluated_call::EvaluatedCall::has_flag (line 174) ... ok
[INFO] [stdout] test src/evaluated_call.rs - evaluated_call::EvaluatedCall::add_positional (line 43) ... ok
[INFO] [stdout] test src/evaluated_call.rs - evaluated_call::EvaluatedCall::get_flag (line 400) ... ok
[INFO] [stdout] 
[INFO] [stdout] failures:
[INFO] [stdout] 
[INFO] [stdout] ---- src/evaluated_call.rs - evaluated_call::EvaluatedCall::add_named (line 59) stdout ----
[INFO] [stdout] error: linking with `cc` failed: exit status: 1
[INFO] [stdout]   |
[INFO] [stdout]   = note: LC_ALL="C" PATH="/opt/rustwide/rustup-home/toolchains/nightly-2025-01-18-x86_64-unknown-linux-gnu/lib/rustlib/x86_64-unknown-linux-gnu/bin:/opt/rustwide/rustup-home/toolchains/nightly-2025-01-18-x86_64-unknown-linux-gnu/lib/rustlib/x86_64-unknown-linux-gnu/bin/self-contained:/opt/rustwide/cargo-home/bin:/usr/local/sbin:/usr/local/bin:/usr/sbin:/usr/bin:/sbin:/bin" VSLANG="1033" "cc" "-m64" "/tmp/rustc7JkdTZ/symbols.o" "<2 object files omitted>" "-Wl,--as-needed" "-Wl,-Bstatic" "/opt/rustwide/target/debug/deps/{libnu_plugin_protocol-c7fa0424f51834d1.rlib,libsemver-c88f67fa858b4247.rlib,libnu_protocol-069783884c1516e9.rlib,libbytes-485c92da441bbc40.rlib,libheck-167f3c7591a7a4b0.rlib,librmp_serde-e1b628d2fe3331b0.rlib,librmp-c16f6500feee7eb8.rlib,libbyteorder-1efcbe4f07366651.rlib,libbrotli-4a3fbbdbcb2f3328.rlib,libbrotli_decompressor-28920ff4f3fb163d.rlib,liballoc_stdlib-be9175862277e1f4.rlib,liballoc_no_stdlib-06c983927188c99c.rlib,libtypetag-99812f923987f306.rlib,libonce_cell-dfcb06eca5c1c9f2.rlib,libinventory-5c7e732f665cab72.rlib,liberased_serde-fd0d4a5020337b1c.rlib,libtypeid-c7efcf82a31722a8.rlib,libchrono_humanize-60603c648d303447.rlib,libbyte_unit-ec965b46d4258d56.rlib,libutf8_width-374686a5ee60ad8b.rlib,librust_decimal-60bff32c771423ea.rlib,libos_pipe-f3cf1f995d1c4eec.rlib,libindexmap-6a2820bdd65feba6.rlib,libnu_system-9cf95bfff89bad8e.rlib,libsysinfo-53cdc1ba72d02307.rlib,librayon-6db06dd112b1c582.rlib,librayon_core-b1e101548e9c00e5.rlib,libcrossbeam_deque-01de7023bef04d73.rlib,libcrossbeam_epoch-830ad52e7d30f47e.rlib,libcrossbeam_utils-6947cd7c51cb69a0.rlib,libeither-38d43fea6173fdf6.rlib,libprocfs-b6abe01b07c67a35.rlib,libflate2-48b23c92f891da9e.rlib,libminiz_oxide-7da7c6418e6ac9b4.rlib,libadler2-b931b79841890bad.rlib,libcrc32fast-ec6b1847c42b19ed.rlib,libprocfs_core-1bc3be26a1f253e3.rlib,libhex-28742b4ca144387c.rlib,libthiserror-ea8c1057151c1267.rlib,libmiette-3f093d897c9dc63a.rlib,libsupports_unicode-88c05a35c2063733.rlib,libsupports_color-d66152dcb5f654a9.rlib,libis_ci-e3b8d61645aa7a46.rlib,libsupports_hyperlinks-84b81e2ab091eabf.rlib,libterminal_size-5fe9ab02bc415f91.rlib,libtextwrap-3f5e44b9fefd1cd3.rlib,libunicode_linebreak-e2d4f4a68c1e757f.rlib,libunicode_width-08b963676a6677c5.rlib,libowo_colors-8d942d06cad000cf.rlib,libnu_path-b52db981b7447a27.rlib,libdirs-de8448ddfe22e5ad.rlib,libdirs_sys-3a2250670f403845.rlib,liboption_ext-23838f1959a6156b.rlib,libpwd-7dc62d37374a8a67.rlib,libthiserror-1438ed44ce97e1d1.rlib,liblru-31b912ae618f18b7.rlib,libhashbrown-321268ef157f5542.rlib,libfoldhash-db4127afd3bb4103.rlib,libequivalent-fdc46004df91ad08.rlib,liballocator_api2-3bc2480ae44878f3.rlib,libchrono-5faa0ae02d99003f.rlib,libnum_traits-988ede962efc7d41.rlib,libiana_time_zone-33839373f004bfb1.rlib,libpure_rust_locales-759a745e030f98f9.rlib,libnu_utils-8f8f46b9044102c7.rlib,libcrossterm-b218b2f3e74dbb71.rlib,librustix-03fef8fedb06afaf.rlib,liblinux_raw_sys-bd5a7f223afa9757.rlib,libparking_lot-ceccc195f5f12227.rlib,libparking_lot_core-adc56f73bc304579.rlib,libsmallvec-8045c56aeb050430.rlib,liblock_api-0fd539a479e0f355.rlib,libscopeguard-d52bd00767847e44.rlib,libsignal_hook_mio-496df0d4df88d54d.rlib,libsignal_hook-27b410dd005492c7.rlib,libsignal_hook_registry-aed92b678c0113a5.rlib,libmio-a8f25ba989a76187.rlib,liblog-7d65fd516d3aa4e6.rlib,libsys_locale-8a0dd50798cdb1bf.rlib,libstrip_ansi_escapes-10b75820ec663590.rlib,libvte-d445f6193aaa94ad.rlib,liblscolors-ad1a336fd4c452c4.rlib,libnu_ansi_term-3bb03eaa72f55709.rlib,libfancy_regex-a8166f11a90f913e.rlib,libbit_set-371e9a9df0f3041b.rlib,libbit_vec-d65fb98b7c3788f8.rlib,libregex_automata-d5c3e1b2c8796920.rlib,libaho_corasick-5318fee7af990b33.rlib,libregex_syntax-ee625191289218b8.rlib,libnum_format-a80d2999944d283a.rlib,libarrayvec-41dcfe80309d7422.rlib,libserde_json-e96d3fdf34c75aa8.rlib,libmemchr-3ffe5f7a52883367.rlib,libitoa-d34da3363977f6fb.rlib,libryu-f8ba606093049f91.rlib,libnix-f141da758e60b470.rlib,libbitflags-0dbcd73e56b9cd85.rlib,libcfg_if-33ef6c02a07f9fec.rlib,liblibc-dccbd4dd90a02783.rlib,libunicase-5017e9507498ef51.rlib,libserde-62610419ff9e5d80.rlib}" "/opt/rustwide/rustup-home/toolchains/nightly-2025-01-18-x86_64-unknown-linux-gnu/lib/rustlib/x86_64-unknown-linux-gnu/lib/{libstd-006123e2ce67e99d.rlib,libpanic_unwind-e1447e1efa6f1e57.rlib,libobject-f6963a4916fcf097.rlib,libmemchr-49a2d9af912f4524.rlib,libaddr2line-04d19aad3936869d.rlib,libgimli-483c235edb789db0.rlib,librustc_demangle-294281af50b8f748.rlib,libstd_detect-3b08295250aabc2a.rlib,libhashbrown-4472d1e05ba0dfaf.rlib,librustc_std_workspace_alloc-2ef099fac590e457.rlib,libminiz_oxide-8a51f5e848546c29.rlib,libadler2-3d3fa22b868db521.rlib,libunwind-0ffda8b08e22dbea.rlib,libcfg_if-b08f62458fdd43b9.rlib,liblibc-559675126e63b890.rlib,liballoc-fcf21c8d1c9c7b75.rlib,librustc_std_workspace_core-e0b0460135bcf21d.rlib,libcore-d4097fdcbddd3bc7.rlib,libcompiler_builtins-fea484ac1eed7881.rlib}" "-Wl,-Bdynamic" "-lgcc_s" "-lutil" "-lrt" "-lpthread" "-lm" "-ldl" "-lc" "-B/opt/rustwide/rustup-home/toolchains/nightly-2025-01-18-x86_64-unknown-linux-gnu/lib/rustlib/x86_64-unknown-linux-gnu/bin/gcc-ld" "-fuse-ld=lld" "-Wl,--eh-frame-hdr" "-Wl,-z,noexecstack" "-L" "/opt/rustwide/rustup-home/toolchains/nightly-2025-01-18-x86_64-unknown-linux-gnu/lib/rustlib/x86_64-unknown-linux-gnu/lib" "-o" "/tmp/rustdoctestyD5Awm/rust_out" "-Wl,--gc-sections" "-pie" "-Wl,-z,relro,-z,now" "-nodefaultlibs"
[INFO] [stdout]   = note: some arguments are omitted. use `--verbose` to show all linker arguments
[INFO] [stdout]   = note: collect2: fatal error: ld terminated with signal 9 [Killed]
[INFO] [stdout]           compilation terminated.
[INFO] [stdout]           
[INFO] [stdout] 
[INFO] [stdout] error: aborting due to 1 previous error
[INFO] [stdout] 
[INFO] [stdout] Couldn't compile the test.
[INFO] [stdout] ---- src/evaluated_call.rs - evaluated_call::EvaluatedCall::get_flag_value (line 285) stdout ----
[INFO] [stdout] error: linking with `cc` failed: exit status: 1
[INFO] [stdout]   |
[INFO] [stdout]   = note: LC_ALL="C" PATH="/opt/rustwide/rustup-home/toolchains/nightly-2025-01-18-x86_64-unknown-linux-gnu/lib/rustlib/x86_64-unknown-linux-gnu/bin:/opt/rustwide/rustup-home/toolchains/nightly-2025-01-18-x86_64-unknown-linux-gnu/lib/rustlib/x86_64-unknown-linux-gnu/bin/self-contained:/opt/rustwide/cargo-home/bin:/usr/local/sbin:/usr/local/bin:/usr/sbin:/usr/bin:/sbin:/bin" VSLANG="1033" "cc" "-m64" "/tmp/rustcNBoCQR/symbols.o" "<2 object files omitted>" "-Wl,--as-needed" "-Wl,-Bstatic" "/opt/rustwide/target/debug/deps/{libnu_plugin_protocol-c7fa0424f51834d1.rlib,libsemver-c88f67fa858b4247.rlib,libnu_protocol-069783884c1516e9.rlib,libbytes-485c92da441bbc40.rlib,libheck-167f3c7591a7a4b0.rlib,librmp_serde-e1b628d2fe3331b0.rlib,librmp-c16f6500feee7eb8.rlib,libbyteorder-1efcbe4f07366651.rlib,libbrotli-4a3fbbdbcb2f3328.rlib,libbrotli_decompressor-28920ff4f3fb163d.rlib,liballoc_stdlib-be9175862277e1f4.rlib,liballoc_no_stdlib-06c983927188c99c.rlib,libtypetag-99812f923987f306.rlib,libonce_cell-dfcb06eca5c1c9f2.rlib,libinventory-5c7e732f665cab72.rlib,liberased_serde-fd0d4a5020337b1c.rlib,libtypeid-c7efcf82a31722a8.rlib,libchrono_humanize-60603c648d303447.rlib,libbyte_unit-ec965b46d4258d56.rlib,libutf8_width-374686a5ee60ad8b.rlib,librust_decimal-60bff32c771423ea.rlib,libos_pipe-f3cf1f995d1c4eec.rlib,libindexmap-6a2820bdd65feba6.rlib,libnu_system-9cf95bfff89bad8e.rlib,libsysinfo-53cdc1ba72d02307.rlib,librayon-6db06dd112b1c582.rlib,librayon_core-b1e101548e9c00e5.rlib,libcrossbeam_deque-01de7023bef04d73.rlib,libcrossbeam_epoch-830ad52e7d30f47e.rlib,libcrossbeam_utils-6947cd7c51cb69a0.rlib,libeither-38d43fea6173fdf6.rlib,libprocfs-b6abe01b07c67a35.rlib,libflate2-48b23c92f891da9e.rlib,libminiz_oxide-7da7c6418e6ac9b4.rlib,libadler2-b931b79841890bad.rlib,libcrc32fast-ec6b1847c42b19ed.rlib,libprocfs_core-1bc3be26a1f253e3.rlib,libhex-28742b4ca144387c.rlib,libthiserror-ea8c1057151c1267.rlib,libmiette-3f093d897c9dc63a.rlib,libsupports_unicode-88c05a35c2063733.rlib,libsupports_color-d66152dcb5f654a9.rlib,libis_ci-e3b8d61645aa7a46.rlib,libsupports_hyperlinks-84b81e2ab091eabf.rlib,libterminal_size-5fe9ab02bc415f91.rlib,libtextwrap-3f5e44b9fefd1cd3.rlib,libunicode_linebreak-e2d4f4a68c1e757f.rlib,libunicode_width-08b963676a6677c5.rlib,libowo_colors-8d942d06cad000cf.rlib,libnu_path-b52db981b7447a27.rlib,libdirs-de8448ddfe22e5ad.rlib,libdirs_sys-3a2250670f403845.rlib,liboption_ext-23838f1959a6156b.rlib,libpwd-7dc62d37374a8a67.rlib,libthiserror-1438ed44ce97e1d1.rlib,liblru-31b912ae618f18b7.rlib,libhashbrown-321268ef157f5542.rlib,libfoldhash-db4127afd3bb4103.rlib,libequivalent-fdc46004df91ad08.rlib,liballocator_api2-3bc2480ae44878f3.rlib,libchrono-5faa0ae02d99003f.rlib,libnum_traits-988ede962efc7d41.rlib,libiana_time_zone-33839373f004bfb1.rlib,libpure_rust_locales-759a745e030f98f9.rlib,libnu_utils-8f8f46b9044102c7.rlib,libcrossterm-b218b2f3e74dbb71.rlib,librustix-03fef8fedb06afaf.rlib,liblinux_raw_sys-bd5a7f223afa9757.rlib,libparking_lot-ceccc195f5f12227.rlib,libparking_lot_core-adc56f73bc304579.rlib,libsmallvec-8045c56aeb050430.rlib,liblock_api-0fd539a479e0f355.rlib,libscopeguard-d52bd00767847e44.rlib,libsignal_hook_mio-496df0d4df88d54d.rlib,libsignal_hook-27b410dd005492c7.rlib,libsignal_hook_registry-aed92b678c0113a5.rlib,libmio-a8f25ba989a76187.rlib,liblog-7d65fd516d3aa4e6.rlib,libsys_locale-8a0dd50798cdb1bf.rlib,libstrip_ansi_escapes-10b75820ec663590.rlib,libvte-d445f6193aaa94ad.rlib,liblscolors-ad1a336fd4c452c4.rlib,libnu_ansi_term-3bb03eaa72f55709.rlib,libfancy_regex-a8166f11a90f913e.rlib,libbit_set-371e9a9df0f3041b.rlib,libbit_vec-d65fb98b7c3788f8.rlib,libregex_automata-d5c3e1b2c8796920.rlib,libaho_corasick-5318fee7af990b33.rlib,libregex_syntax-ee625191289218b8.rlib,libnum_format-a80d2999944d283a.rlib,libarrayvec-41dcfe80309d7422.rlib,libserde_json-e96d3fdf34c75aa8.rlib,libmemchr-3ffe5f7a52883367.rlib,libitoa-d34da3363977f6fb.rlib,libryu-f8ba606093049f91.rlib,libnix-f141da758e60b470.rlib,libbitflags-0dbcd73e56b9cd85.rlib,libcfg_if-33ef6c02a07f9fec.rlib,liblibc-dccbd4dd90a02783.rlib,libunicase-5017e9507498ef51.rlib,libserde-62610419ff9e5d80.rlib}" "/opt/rustwide/rustup-home/toolchains/nightly-2025-01-18-x86_64-unknown-linux-gnu/lib/rustlib/x86_64-unknown-linux-gnu/lib/{libstd-006123e2ce67e99d.rlib,libpanic_unwind-e1447e1efa6f1e57.rlib,libobject-f6963a4916fcf097.rlib,libmemchr-49a2d9af912f4524.rlib,libaddr2line-04d19aad3936869d.rlib,libgimli-483c235edb789db0.rlib,librustc_demangle-294281af50b8f748.rlib,libstd_detect-3b08295250aabc2a.rlib,libhashbrown-4472d1e05ba0dfaf.rlib,librustc_std_workspace_alloc-2ef099fac590e457.rlib,libminiz_oxide-8a51f5e848546c29.rlib,libadler2-3d3fa22b868db521.rlib,libunwind-0ffda8b08e22dbea.rlib,libcfg_if-b08f62458fdd43b9.rlib,liblibc-559675126e63b890.rlib,liballoc-fcf21c8d1c9c7b75.rlib,librustc_std_workspace_core-e0b0460135bcf21d.rlib,libcore-d4097fdcbddd3bc7.rlib,libcompiler_builtins-fea484ac1eed7881.rlib}" "-Wl,-Bdynamic" "-lgcc_s" "-lutil" "-lrt" "-lpthread" "-lm" "-ldl" "-lc" "-B/opt/rustwide/rustup-home/toolchains/nightly-2025-01-18-x86_64-unknown-linux-gnu/lib/rustlib/x86_64-unknown-linux-gnu/bin/gcc-ld" "-fuse-ld=lld" "-Wl,--eh-frame-hdr" "-Wl,-z,noexecstack" "-L" "/opt/rustwide/rustup-home/toolchains/nightly-2025-01-18-x86_64-unknown-linux-gnu/lib/rustlib/x86_64-unknown-linux-gnu/lib" "-o" "/tmp/rustdoctestE6JH6B/rust_out" "-Wl,--gc-sections" "-pie" "-Wl,-z,relro,-z,now" "-nodefaultlibs"
[INFO] [stdout]   = note: some arguments are omitted. use `--verbose` to show all linker arguments
[INFO] [stdout]   = note: collect2: fatal error: ld terminated with signal 9 [Killed]
[INFO] [stdout]           compilation terminated.
[INFO] [stdout]           
[INFO] [stdout] 
[INFO] [stdout] error: aborting due to 1 previous error
[INFO] [stdout] 
[INFO] [stdout] Couldn't compile the test.
[INFO] [stdout] ---- src/evaluated_call.rs - evaluated_call::EvaluatedCall::add_flag (line 76) stdout ----
[INFO] [stdout] error: linking with `cc` failed: exit status: 1
[INFO] [stdout]   |
[INFO] [stdout]   = note: LC_ALL="C" PATH="/opt/rustwide/rustup-home/toolchains/nightly-2025-01-18-x86_64-unknown-linux-gnu/lib/rustlib/x86_64-unknown-linux-gnu/bin:/opt/rustwide/rustup-home/toolchains/nightly-2025-01-18-x86_64-unknown-linux-gnu/lib/rustlib/x86_64-unknown-linux-gnu/bin/self-contained:/opt/rustwide/cargo-home/bin:/usr/local/sbin:/usr/local/bin:/usr/sbin:/usr/bin:/sbin:/bin" VSLANG="1033" "cc" "-m64" "/tmp/rustcghikmg/symbols.o" "<2 object files omitted>" "-Wl,--as-needed" "-Wl,-Bstatic" "/opt/rustwide/target/debug/deps/{libnu_plugin_protocol-c7fa0424f51834d1.rlib,libsemver-c88f67fa858b4247.rlib,libnu_protocol-069783884c1516e9.rlib,libbytes-485c92da441bbc40.rlib,libheck-167f3c7591a7a4b0.rlib,librmp_serde-e1b628d2fe3331b0.rlib,librmp-c16f6500feee7eb8.rlib,libbyteorder-1efcbe4f07366651.rlib,libbrotli-4a3fbbdbcb2f3328.rlib,libbrotli_decompressor-28920ff4f3fb163d.rlib,liballoc_stdlib-be9175862277e1f4.rlib,liballoc_no_stdlib-06c983927188c99c.rlib,libtypetag-99812f923987f306.rlib,libonce_cell-dfcb06eca5c1c9f2.rlib,libinventory-5c7e732f665cab72.rlib,liberased_serde-fd0d4a5020337b1c.rlib,libtypeid-c7efcf82a31722a8.rlib,libchrono_humanize-60603c648d303447.rlib,libbyte_unit-ec965b46d4258d56.rlib,libutf8_width-374686a5ee60ad8b.rlib,librust_decimal-60bff32c771423ea.rlib,libos_pipe-f3cf1f995d1c4eec.rlib,libindexmap-6a2820bdd65feba6.rlib,libnu_system-9cf95bfff89bad8e.rlib,libsysinfo-53cdc1ba72d02307.rlib,librayon-6db06dd112b1c582.rlib,librayon_core-b1e101548e9c00e5.rlib,libcrossbeam_deque-01de7023bef04d73.rlib,libcrossbeam_epoch-830ad52e7d30f47e.rlib,libcrossbeam_utils-6947cd7c51cb69a0.rlib,libeither-38d43fea6173fdf6.rlib,libprocfs-b6abe01b07c67a35.rlib,libflate2-48b23c92f891da9e.rlib,libminiz_oxide-7da7c6418e6ac9b4.rlib,libadler2-b931b79841890bad.rlib,libcrc32fast-ec6b1847c42b19ed.rlib,libprocfs_core-1bc3be26a1f253e3.rlib,libhex-28742b4ca144387c.rlib,libthiserror-ea8c1057151c1267.rlib,libmiette-3f093d897c9dc63a.rlib,libsupports_unicode-88c05a35c2063733.rlib,libsupports_color-d66152dcb5f654a9.rlib,libis_ci-e3b8d61645aa7a46.rlib,libsupports_hyperlinks-84b81e2ab091eabf.rlib,libterminal_size-5fe9ab02bc415f91.rlib,libtextwrap-3f5e44b9fefd1cd3.rlib,libunicode_linebreak-e2d4f4a68c1e757f.rlib,libunicode_width-08b963676a6677c5.rlib,libowo_colors-8d942d06cad000cf.rlib,libnu_path-b52db981b7447a27.rlib,libdirs-de8448ddfe22e5ad.rlib,libdirs_sys-3a2250670f403845.rlib,liboption_ext-23838f1959a6156b.rlib,libpwd-7dc62d37374a8a67.rlib,libthiserror-1438ed44ce97e1d1.rlib,liblru-31b912ae618f18b7.rlib,libhashbrown-321268ef157f5542.rlib,libfoldhash-db4127afd3bb4103.rlib,libequivalent-fdc46004df91ad08.rlib,liballocator_api2-3bc2480ae44878f3.rlib,libchrono-5faa0ae02d99003f.rlib,libnum_traits-988ede962efc7d41.rlib,libiana_time_zone-33839373f004bfb1.rlib,libpure_rust_locales-759a745e030f98f9.rlib,libnu_utils-8f8f46b9044102c7.rlib,libcrossterm-b218b2f3e74dbb71.rlib,librustix-03fef8fedb06afaf.rlib,liblinux_raw_sys-bd5a7f223afa9757.rlib,libparking_lot-ceccc195f5f12227.rlib,libparking_lot_core-adc56f73bc304579.rlib,libsmallvec-8045c56aeb050430.rlib,liblock_api-0fd539a479e0f355.rlib,libscopeguard-d52bd00767847e44.rlib,libsignal_hook_mio-496df0d4df88d54d.rlib,libsignal_hook-27b410dd005492c7.rlib,libsignal_hook_registry-aed92b678c0113a5.rlib,libmio-a8f25ba989a76187.rlib,liblog-7d65fd516d3aa4e6.rlib,libsys_locale-8a0dd50798cdb1bf.rlib,libstrip_ansi_escapes-10b75820ec663590.rlib,libvte-d445f6193aaa94ad.rlib,liblscolors-ad1a336fd4c452c4.rlib,libnu_ansi_term-3bb03eaa72f55709.rlib,libfancy_regex-a8166f11a90f913e.rlib,libbit_set-371e9a9df0f3041b.rlib,libbit_vec-d65fb98b7c3788f8.rlib,libregex_automata-d5c3e1b2c8796920.rlib,libaho_corasick-5318fee7af990b33.rlib,libregex_syntax-ee625191289218b8.rlib,libnum_format-a80d2999944d283a.rlib,libarrayvec-41dcfe80309d7422.rlib,libserde_json-e96d3fdf34c75aa8.rlib,libmemchr-3ffe5f7a52883367.rlib,libitoa-d34da3363977f6fb.rlib,libryu-f8ba606093049f91.rlib,libnix-f141da758e60b470.rlib,libbitflags-0dbcd73e56b9cd85.rlib,libcfg_if-33ef6c02a07f9fec.rlib,liblibc-dccbd4dd90a02783.rlib,libunicase-5017e9507498ef51.rlib,libserde-62610419ff9e5d80.rlib}" "/opt/rustwide/rustup-home/toolchains/nightly-2025-01-18-x86_64-unknown-linux-gnu/lib/rustlib/x86_64-unknown-linux-gnu/lib/{libstd-006123e2ce67e99d.rlib,libpanic_unwind-e1447e1efa6f1e57.rlib,libobject-f6963a4916fcf097.rlib,libmemchr-49a2d9af912f4524.rlib,libaddr2line-04d19aad3936869d.rlib,libgimli-483c235edb789db0.rlib,librustc_demangle-294281af50b8f748.rlib,libstd_detect-3b08295250aabc2a.rlib,libhashbrown-4472d1e05ba0dfaf.rlib,librustc_std_workspace_alloc-2ef099fac590e457.rlib,libminiz_oxide-8a51f5e848546c29.rlib,libadler2-3d3fa22b868db521.rlib,libunwind-0ffda8b08e22dbea.rlib,libcfg_if-b08f62458fdd43b9.rlib,liblibc-559675126e63b890.rlib,liballoc-fcf21c8d1c9c7b75.rlib,librustc_std_workspace_core-e0b0460135bcf21d.rlib,libcore-d4097fdcbddd3bc7.rlib,libcompiler_builtins-fea484ac1eed7881.rlib}" "-Wl,-Bdynamic" "-lgcc_s" "-lutil" "-lrt" "-lpthread" "-lm" "-ldl" "-lc" "-B/opt/rustwide/rustup-home/toolchains/nightly-2025-01-18-x86_64-unknown-linux-gnu/lib/rustlib/x86_64-unknown-linux-gnu/bin/gcc-ld" "-fuse-ld=lld" "-Wl,--eh-frame-hdr" "-Wl,-z,noexecstack" "-L" "/opt/rustwide/rustup-home/toolchains/nightly-2025-01-18-x86_64-unknown-linux-gnu/lib/rustlib/x86_64-unknown-linux-gnu/lib" "-o" "/tmp/rustdoctestSmzM3l/rust_out" "-Wl,--gc-sections" "-pie" "-Wl,-z,relro,-z,now" "-nodefaultlibs"
[INFO] [stdout]   = note: some arguments are omitted. use `--verbose` to show all linker arguments
[INFO] [stdout]   = note: collect2: fatal error: ld terminated with signal 9 [Killed]
[INFO] [stdout]           compilation terminated.
[INFO] [stdout]           
[INFO] [stdout] 
[INFO] [stdout] error: aborting due to 1 previous error
[INFO] [stdout] 
[INFO] [stdout] Couldn't compile the test.
[INFO] [stdout] ---- src/evaluated_call.rs - evaluated_call::EvaluatedCall::has_flag (line 190) stdout ----
[INFO] [stdout] error: linking with `cc` failed: exit status: 1
[INFO] [stdout]   |
[INFO] [stdout]   = note: LC_ALL="C" PATH="/opt/rustwide/rustup-home/toolchains/nightly-2025-01-18-x86_64-unknown-linux-gnu/lib/rustlib/x86_64-unknown-linux-gnu/bin:/opt/rustwide/rustup-home/toolchains/nightly-2025-01-18-x86_64-unknown-linux-gnu/lib/rustlib/x86_64-unknown-linux-gnu/bin/self-contained:/opt/rustwide/cargo-home/bin:/usr/local/sbin:/usr/local/bin:/usr/sbin:/usr/bin:/sbin:/bin" VSLANG="1033" "cc" "-m64" "/tmp/rustcGHfGJP/symbols.o" "<2 object files omitted>" "-Wl,--as-needed" "-Wl,-Bstatic" "/opt/rustwide/target/debug/deps/{libnu_plugin_protocol-c7fa0424f51834d1.rlib,libsemver-c88f67fa858b4247.rlib,libnu_protocol-069783884c1516e9.rlib,libbytes-485c92da441bbc40.rlib,libheck-167f3c7591a7a4b0.rlib,librmp_serde-e1b628d2fe3331b0.rlib,librmp-c16f6500feee7eb8.rlib,libbyteorder-1efcbe4f07366651.rlib,libbrotli-4a3fbbdbcb2f3328.rlib,libbrotli_decompressor-28920ff4f3fb163d.rlib,liballoc_stdlib-be9175862277e1f4.rlib,liballoc_no_stdlib-06c983927188c99c.rlib,libtypetag-99812f923987f306.rlib,libonce_cell-dfcb06eca5c1c9f2.rlib,libinventory-5c7e732f665cab72.rlib,liberased_serde-fd0d4a5020337b1c.rlib,libtypeid-c7efcf82a31722a8.rlib,libchrono_humanize-60603c648d303447.rlib,libbyte_unit-ec965b46d4258d56.rlib,libutf8_width-374686a5ee60ad8b.rlib,librust_decimal-60bff32c771423ea.rlib,libos_pipe-f3cf1f995d1c4eec.rlib,libindexmap-6a2820bdd65feba6.rlib,libnu_system-9cf95bfff89bad8e.rlib,libsysinfo-53cdc1ba72d02307.rlib,librayon-6db06dd112b1c582.rlib,librayon_core-b1e101548e9c00e5.rlib,libcrossbeam_deque-01de7023bef04d73.rlib,libcrossbeam_epoch-830ad52e7d30f47e.rlib,libcrossbeam_utils-6947cd7c51cb69a0.rlib,libeither-38d43fea6173fdf6.rlib,libprocfs-b6abe01b07c67a35.rlib,libflate2-48b23c92f891da9e.rlib,libminiz_oxide-7da7c6418e6ac9b4.rlib,libadler2-b931b79841890bad.rlib,libcrc32fast-ec6b1847c42b19ed.rlib,libprocfs_core-1bc3be26a1f253e3.rlib,libhex-28742b4ca144387c.rlib,libthiserror-ea8c1057151c1267.rlib,libmiette-3f093d897c9dc63a.rlib,libsupports_unicode-88c05a35c2063733.rlib,libsupports_color-d66152dcb5f654a9.rlib,libis_ci-e3b8d61645aa7a46.rlib,libsupports_hyperlinks-84b81e2ab091eabf.rlib,libterminal_size-5fe9ab02bc415f91.rlib,libtextwrap-3f5e44b9fefd1cd3.rlib,libunicode_linebreak-e2d4f4a68c1e757f.rlib,libunicode_width-08b963676a6677c5.rlib,libowo_colors-8d942d06cad000cf.rlib,libnu_path-b52db981b7447a27.rlib,libdirs-de8448ddfe22e5ad.rlib,libdirs_sys-3a2250670f403845.rlib,liboption_ext-23838f1959a6156b.rlib,libpwd-7dc62d37374a8a67.rlib,libthiserror-1438ed44ce97e1d1.rlib,liblru-31b912ae618f18b7.rlib,libhashbrown-321268ef157f5542.rlib,libfoldhash-db4127afd3bb4103.rlib,libequivalent-fdc46004df91ad08.rlib,liballocator_api2-3bc2480ae44878f3.rlib,libchrono-5faa0ae02d99003f.rlib,libnum_traits-988ede962efc7d41.rlib,libiana_time_zone-33839373f004bfb1.rlib,libpure_rust_locales-759a745e030f98f9.rlib,libnu_utils-8f8f46b9044102c7.rlib,libcrossterm-b218b2f3e74dbb71.rlib,librustix-03fef8fedb06afaf.rlib,liblinux_raw_sys-bd5a7f223afa9757.rlib,libparking_lot-ceccc195f5f12227.rlib,libparking_lot_core-adc56f73bc304579.rlib,libsmallvec-8045c56aeb050430.rlib,liblock_api-0fd539a479e0f355.rlib,libscopeguard-d52bd00767847e44.rlib,libsignal_hook_mio-496df0d4df88d54d.rlib,libsignal_hook-27b410dd005492c7.rlib,libsignal_hook_registry-aed92b678c0113a5.rlib,libmio-a8f25ba989a76187.rlib,liblog-7d65fd516d3aa4e6.rlib,libsys_locale-8a0dd50798cdb1bf.rlib,libstrip_ansi_escapes-10b75820ec663590.rlib,libvte-d445f6193aaa94ad.rlib,liblscolors-ad1a336fd4c452c4.rlib,libnu_ansi_term-3bb03eaa72f55709.rlib,libfancy_regex-a8166f11a90f913e.rlib,libbit_set-371e9a9df0f3041b.rlib,libbit_vec-d65fb98b7c3788f8.rlib,libregex_automata-d5c3e1b2c8796920.rlib,libaho_corasick-5318fee7af990b33.rlib,libregex_syntax-ee625191289218b8.rlib,libnum_format-a80d2999944d283a.rlib,libarrayvec-41dcfe80309d7422.rlib,libserde_json-e96d3fdf34c75aa8.rlib,libmemchr-3ffe5f7a52883367.rlib,libitoa-d34da3363977f6fb.rlib,libryu-f8ba606093049f91.rlib,libnix-f141da758e60b470.rlib,libbitflags-0dbcd73e56b9cd85.rlib,libcfg_if-33ef6c02a07f9fec.rlib,liblibc-dccbd4dd90a02783.rlib,libunicase-5017e9507498ef51.rlib,libserde-62610419ff9e5d80.rlib}" "/opt/rustwide/rustup-home/toolchains/nightly-2025-01-18-x86_64-unknown-linux-gnu/lib/rustlib/x86_64-unknown-linux-gnu/lib/{libstd-006123e2ce67e99d.rlib,libpanic_unwind-e1447e1efa6f1e57.rlib,libobject-f6963a4916fcf097.rlib,libmemchr-49a2d9af912f4524.rlib,libaddr2line-04d19aad3936869d.rlib,libgimli-483c235edb789db0.rlib,librustc_demangle-294281af50b8f748.rlib,libstd_detect-3b08295250aabc2a.rlib,libhashbrown-4472d1e05ba0dfaf.rlib,librustc_std_workspace_alloc-2ef099fac590e457.rlib,libminiz_oxide-8a51f5e848546c29.rlib,libadler2-3d3fa22b868db521.rlib,libunwind-0ffda8b08e22dbea.rlib,libcfg_if-b08f62458fdd43b9.rlib,liblibc-559675126e63b890.rlib,liballoc-fcf21c8d1c9c7b75.rlib,librustc_std_workspace_core-e0b0460135bcf21d.rlib,libcore-d4097fdcbddd3bc7.rlib,libcompiler_builtins-fea484ac1eed7881.rlib}" "-Wl,-Bdynamic" "-lgcc_s" "-lutil" "-lrt" "-lpthread" "-lm" "-ldl" "-lc" "-B/opt/rustwide/rustup-home/toolchains/nightly-2025-01-18-x86_64-unknown-linux-gnu/lib/rustlib/x86_64-unknown-linux-gnu/bin/gcc-ld" "-fuse-ld=lld" "-Wl,--eh-frame-hdr" "-Wl,-z,noexecstack" "-L" "/opt/rustwide/rustup-home/toolchains/nightly-2025-01-18-x86_64-unknown-linux-gnu/lib/rustlib/x86_64-unknown-linux-gnu/lib" "-o" "/tmp/rustdoctesti0qnjb/rust_out" "-Wl,--gc-sections" "-pie" "-Wl,-z,relro,-z,now" "-nodefaultlibs"
[INFO] [stdout]   = note: some arguments are omitted. use `--verbose` to show all linker arguments
[INFO] [stdout]   = note: collect2: fatal error: ld terminated with signal 9 [Killed]
[INFO] [stdout]           compilation terminated.
[INFO] [stdout]           
[INFO] [stdout] 
[INFO] [stdout] error: aborting due to 1 previous error
[INFO] [stdout] 
[INFO] [stdout] Couldn't compile the test.
[INFO] [stdout] 
[INFO] [stdout] failures:
[INFO] [stdout]     src/evaluated_call.rs - evaluated_call::EvaluatedCall::add_flag (line 76)
[INFO] [stdout]     src/evaluated_call.rs - evaluated_call::EvaluatedCall::add_named (line 59)
[INFO] [stdout]     src/evaluated_call.rs - evaluated_call::EvaluatedCall::get_flag_value (line 285)
[INFO] [stdout]     src/evaluated_call.rs - evaluated_call::EvaluatedCall::has_flag (line 190)
[INFO] [stdout] 
[INFO] [stdout] test result: FAILED. 11 passed; 4 failed; 0 ignored; 0 measured; 0 filtered out; finished in 12.41s
[INFO] [stdout] 
[INFO] [stderr] error: doctest failed, to rerun pass `--doc`
[INFO] running `Command { std: "docker" "inspect" "ba8da0c7be846765bbefc28705c89bb13a21b18b4c1efda2abf9d537fd011a17", kill_on_drop: false }`
[INFO] running `Command { std: "docker" "rm" "-f" "ba8da0c7be846765bbefc28705c89bb13a21b18b4c1efda2abf9d537fd011a17", kill_on_drop: false }`
[INFO] [stdout] ba8da0c7be846765bbefc28705c89bb13a21b18b4c1efda2abf9d537fd011a17
