[INFO] fetching crate novel-api 0.13.1...
[INFO] testing novel-api-0.13.1 against nightly-2025-01-18+rustflags=-Zrandomize-layout for randomize-layout-2
[INFO] extracting crate novel-api 0.13.1 into /workspace/builds/worker-1-tc2/source
[INFO] validating manifest of crates.io crate novel-api 0.13.1 on toolchain nightly-2025-01-18
[INFO] running `Command { std: CARGO_HOME="/workspace/cargo-home" RUSTUP_HOME="/workspace/rustup-home" "/workspace/cargo-home/bin/cargo" "+nightly-2025-01-18" "metadata" "--manifest-path" "Cargo.toml" "--no-deps", kill_on_drop: false }`
[INFO] removed /workspace/builds/worker-1-tc2/source/.cargo/config.toml
[INFO] removed /workspace/builds/worker-1-tc2/source/rust-toolchain.toml
[INFO] started tweaking crates.io crate novel-api 0.13.1
[INFO] removed 0 missing examples
[INFO] removed 0 missing tests
[INFO] finished tweaking crates.io crate novel-api 0.13.1
[INFO] tweaked toml for crates.io crate novel-api 0.13.1 written to /workspace/builds/worker-1-tc2/source/Cargo.toml
[INFO] crate crates.io crate novel-api 0.13.1 already has a lockfile, it will not be regenerated
[INFO] running `Command { std: CARGO_HOME="/workspace/cargo-home" RUSTUP_HOME="/workspace/rustup-home" "/workspace/cargo-home/bin/cargo" "+nightly-2025-01-18" "fetch" "--manifest-path" "Cargo.toml", kill_on_drop: false }`
[INFO] running `Command { std: "docker" "create" "-v" "/var/lib/crater-agent-workspace/builds/worker-1-tc2/target:/opt/rustwide/target:rw,Z" "-v" "/var/lib/crater-agent-workspace/builds/worker-1-tc2/source:/opt/rustwide/workdir:ro,Z" "-v" "/var/lib/crater-agent-workspace/cargo-home:/opt/rustwide/cargo-home:ro,Z" "-v" "/var/lib/crater-agent-workspace/rustup-home:/opt/rustwide/rustup-home:ro,Z" "-e" "SOURCE_DIR=/opt/rustwide/workdir" "-e" "CARGO_TARGET_DIR=/opt/rustwide/target" "-e" "CARGO_HOME=/opt/rustwide/cargo-home" "-e" "RUSTUP_HOME=/opt/rustwide/rustup-home" "-w" "/opt/rustwide/workdir" "-m" "1610612736" "--user" "0:0" "--network" "none" "ghcr.io/rust-lang/crates-build-env/linux@sha256:819108c5571ea2e421544af4d832f968d213c87fbe3707a016657f43d2f853bc" "/opt/rustwide/cargo-home/bin/cargo" "+nightly-2025-01-18" "metadata" "--no-deps" "--format-version=1", kill_on_drop: false }`
[INFO] [stdout] efb05ee26ea88e9c4001c178fbe26aabab98609d7465d66661b178ae29eaaeb9
[INFO] running `Command { std: "docker" "start" "-a" "efb05ee26ea88e9c4001c178fbe26aabab98609d7465d66661b178ae29eaaeb9", kill_on_drop: false }`
[INFO] running `Command { std: "docker" "inspect" "efb05ee26ea88e9c4001c178fbe26aabab98609d7465d66661b178ae29eaaeb9", kill_on_drop: false }`
[INFO] running `Command { std: "docker" "rm" "-f" "efb05ee26ea88e9c4001c178fbe26aabab98609d7465d66661b178ae29eaaeb9", kill_on_drop: false }`
[INFO] [stdout] efb05ee26ea88e9c4001c178fbe26aabab98609d7465d66661b178ae29eaaeb9
[INFO] running `Command { std: "docker" "create" "-v" "/var/lib/crater-agent-workspace/builds/worker-1-tc2/target:/opt/rustwide/target:rw,Z" "-v" "/var/lib/crater-agent-workspace/builds/worker-1-tc2/source:/opt/rustwide/workdir:ro,Z" "-v" "/var/lib/crater-agent-workspace/cargo-home:/opt/rustwide/cargo-home:ro,Z" "-v" "/var/lib/crater-agent-workspace/rustup-home:/opt/rustwide/rustup-home:ro,Z" "-e" "SOURCE_DIR=/opt/rustwide/workdir" "-e" "CARGO_TARGET_DIR=/opt/rustwide/target" "-e" "CARGO_INCREMENTAL=0" "-e" "RUST_BACKTRACE=full" "-e" "RUSTFLAGS=--cap-lints=forbid -Zrandomize-layout" "-e" "RUSTDOCFLAGS=--cap-lints=forbid" "-e" "CARGO_HOME=/opt/rustwide/cargo-home" "-e" "RUSTUP_HOME=/opt/rustwide/rustup-home" "-w" "/opt/rustwide/workdir" "-m" "1610612736" "--user" "0:0" "--network" "none" "ghcr.io/rust-lang/crates-build-env/linux@sha256:819108c5571ea2e421544af4d832f968d213c87fbe3707a016657f43d2f853bc" "/opt/rustwide/cargo-home/bin/cargo" "+nightly-2025-01-18" "build" "--frozen" "--message-format=json", kill_on_drop: false }`
[INFO] [stdout] 51b839d57a22cb799136aa255d88e750f7ac7b2bd6274dc69289b4560822e4e5
[INFO] running `Command { std: "docker" "start" "-a" "51b839d57a22cb799136aa255d88e750f7ac7b2bd6274dc69289b4560822e4e5", kill_on_drop: false }`
[INFO] [stderr]    Compiling proc-macro2 v1.0.93
[INFO] [stderr]    Compiling unicode-ident v1.0.14
[INFO] [stderr]    Compiling libc v0.2.169
[INFO] [stderr]    Compiling cfg-if v1.0.0
[INFO] [stderr]    Compiling autocfg v1.4.0
[INFO] [stderr]    Compiling version_check v0.9.5
[INFO] [stderr]    Compiling pin-project-lite v0.2.16
[INFO] [stderr]    Compiling serde v1.0.217
[INFO] [stderr]    Compiling shlex v1.3.0
[INFO] [stderr]    Compiling futures-core v0.3.31
[INFO] [stderr]    Compiling once_cell v1.20.2
[INFO] [stderr]    Compiling smallvec v1.13.2
[INFO] [stderr]    Compiling stable_deref_trait v1.2.0
[INFO] [stderr]    Compiling byteorder v1.5.0
[INFO] [stderr]    Compiling futures-sink v0.3.31
[INFO] [stderr]    Compiling bytes v1.9.0
[INFO] [stderr]    Compiling typenum v1.17.0
[INFO] [stderr]    Compiling memchr v2.7.4
[INFO] [stderr]    Compiling itoa v1.0.14
[INFO] [stderr]    Compiling slab v0.4.9
[INFO] [stderr]    Compiling lock_api v0.4.12
[INFO] [stderr]    Compiling generic-array v0.14.7
[INFO] [stderr]    Compiling log v0.4.22
[INFO] [stderr]    Compiling scopeguard v1.2.0
[INFO] [stderr]    Compiling fnv v1.0.7
[INFO] [stderr]    Compiling futures-channel v0.3.31
[INFO] [stderr]    Compiling pin-utils v0.1.0
[INFO] [stderr]    Compiling futures-io v0.3.31
[INFO] [stderr]    Compiling quote v1.0.38
[INFO] [stderr]    Compiling futures-task v0.3.31
[INFO] [stderr]    Compiling siphasher v1.0.1
[INFO] [stderr]    Compiling litemap v0.7.4
[INFO] [stderr]    Compiling futures-util v0.3.31
[INFO] [stderr]    Compiling writeable v0.5.5
[INFO] [stderr]    Compiling syn v2.0.96
[INFO] [stderr]    Compiling phf_shared v0.11.3
[INFO] [stderr]    Compiling foldhash v0.1.4
[INFO] [stderr]    Compiling getrandom v0.2.15
[INFO] [stderr]    Compiling jobserver v0.1.32
[INFO] [stderr]    Compiling mio v1.0.3
[INFO] [stderr]    Compiling socket2 v0.5.8
[INFO] [stderr]    Compiling rand_core v0.6.4
[INFO] [stderr]    Compiling equivalent v1.0.1
[INFO] [stderr]    Compiling icu_locid_transform_data v1.5.0
[INFO] [stderr]    Compiling cc v1.2.9
[INFO] [stderr]    Compiling allocator-api2 v0.2.21
[INFO] [stderr]    Compiling num-traits v0.2.19
[INFO] [stderr]    Compiling tracing-core v0.1.33
[INFO] [stderr]    Compiling pkg-config v0.3.31
[INFO] [stderr]    Compiling icu_properties_data v1.5.0
[INFO] [stderr]    Compiling hashbrown v0.15.2
[INFO] [stderr]    Compiling parking_lot_core v0.9.10
[INFO] [stderr]    Compiling write16 v1.0.0
[INFO] [stderr]    Compiling percent-encoding v2.3.1
[INFO] [stderr]    Compiling crypto-common v0.1.6
[INFO] [stderr]    Compiling utf16_iter v1.0.5
[INFO] [stderr]    Compiling icu_normalizer_data v1.5.0
[INFO] [stderr]    Compiling utf8_iter v1.0.4
[INFO] [stderr]    Compiling indexmap v2.7.0
[INFO] [stderr]    Compiling form_urlencoded v1.2.1
[INFO] [stderr]    Compiling block-buffer v0.10.4
[INFO] [stderr]    Compiling spin v0.9.8
[INFO] [stderr]    Compiling thiserror v1.0.69
[INFO] [stderr]    Compiling parking_lot v0.12.3
[INFO] [stderr]    Compiling digest v0.10.7
[INFO] [stderr]    Compiling crossbeam-utils v0.8.21
[INFO] [stderr]    Compiling strsim v0.11.1
[INFO] [stderr]    Compiling heck v0.4.1
[INFO] [stderr]    Compiling ident_case v1.0.1
[INFO] [stderr]    Compiling cpufeatures v0.2.16
[INFO] [stderr]    Compiling http v1.2.0
[INFO] [stderr]    Compiling iana-time-zone v0.1.61
[INFO] [stderr]    Compiling sha2 v0.10.8
[INFO] [stderr]    Compiling ring v0.17.8
[INFO] [stderr]    Compiling siphasher v0.3.11
[INFO] [stderr]    Compiling ryu v1.0.18
[INFO] [stderr]    Compiling unicase v2.8.1
[INFO] [stderr]    Compiling phf_shared v0.10.0
[INFO] [stderr]    Compiling simd-adler32 v0.3.7
[INFO] [stderr]    Compiling mime v0.3.17
[INFO] [stderr]    Compiling thiserror v2.0.11
[INFO] [stderr]    Compiling vcpkg v0.2.15
[INFO] [stderr]    Compiling concurrent-queue v2.5.0
[INFO] [stderr]    Compiling http-body v1.0.1
[INFO] [stderr]    Compiling zstd-sys v2.0.13+zstd.1.5.6
[INFO] [stderr]    Compiling rustls-pki-types v1.10.1
[INFO] [stderr]    Compiling tower-service v0.3.3
[INFO] [stderr]    Compiling httparse v1.9.5
[INFO] [stderr]    Compiling adler2 v2.0.0
[INFO] [stderr]    Compiling new_debug_unreachable v1.0.6
[INFO] [stderr]    Compiling parking v2.2.1
[INFO] [stderr]    Compiling crc-catalog v2.4.0
[INFO] [stderr]    Compiling regex-syntax v0.8.5
[INFO] [stderr]    Compiling event-listener v5.4.0
[INFO] [stderr]    Compiling crc v3.2.1
[INFO] [stderr]    Compiling miniz_oxide v0.8.2
[INFO] [stderr]    Compiling libsqlite3-sys v0.30.1
[INFO] [stderr]    Compiling crossbeam-queue v0.3.12
[INFO] [stderr]    Compiling futures-intrusive v0.5.0
[INFO] [stderr]    Compiling hashlink v0.10.0
[INFO] [stderr]    Compiling block-padding v0.3.3
[INFO] [stderr]    Compiling proc-macro2-diagnostics v0.10.1
[INFO] [stderr]    Compiling crc32fast v1.4.2
[INFO] [stderr]    Compiling atomic-waker v1.1.2
[INFO] [stderr]    Compiling try-lock v0.2.5
[INFO] [stderr]    Compiling synstructure v0.13.1
[INFO] [stderr]    Compiling darling_core v0.20.10
[INFO] [stderr]    Compiling untrusted v0.9.0
[INFO] [stderr]    Compiling want v0.3.1
[INFO] [stderr]    Compiling flate2 v1.0.35
[INFO] [stderr]    Compiling regex-automata v0.4.9
[INFO] [stderr]    Compiling inout v0.1.3
[INFO] [stderr]    Compiling futures-executor v0.3.31
[INFO] [stderr]    Compiling mime_guess v2.0.5
[INFO] [stderr]    Compiling atoi v2.0.0
[INFO] [stderr]    Compiling ordered-float v3.9.2
[INFO] [stderr]    Compiling regex v1.11.1
[INFO] [stderr]    Compiling flume v0.11.1
[INFO] [stderr]    Compiling proc-macro-error-attr2 v2.0.0
[INFO] [stderr]    Compiling sync_wrapper v1.0.2
[INFO] [stderr]    Compiling minimal-lexical v0.2.1
[INFO] [stderr]    Compiling yansi v1.0.1
[INFO] [stderr]    Compiling zerocopy-derive v0.7.35
[INFO] [stderr]    Compiling serde_derive v1.0.217
[INFO] [stderr]    Compiling zerofrom-derive v0.1.5
[INFO] [stderr]    Compiling yoke-derive v0.7.5
[INFO] [stderr]    Compiling zerocopy v0.7.35
[INFO] [stderr]    Compiling ppv-lite86 v0.2.20
[INFO] [stderr]    Compiling zerovec-derive v0.10.3
[INFO] [stderr]    Compiling displaydoc v0.2.5
[INFO] [stderr]    Compiling rand_chacha v0.3.1
[INFO] [stderr]    Compiling rand v0.8.5
[INFO] [stderr]    Compiling tokio-macros v2.5.0
[INFO] [stderr]    Compiling zerofrom v0.1.5
[INFO] [stderr]    Compiling yoke v0.7.5
[INFO] [stderr]    Compiling icu_provider_macros v1.5.0
[INFO] [stderr]    Compiling tracing-attributes v0.1.28
[INFO] [stderr]    Compiling zerovec v0.10.4
[INFO] [stderr]    Compiling phf_generator v0.11.3
[INFO] [stderr]    Compiling phf_codegen v0.11.3
[INFO] [stderr]    Compiling tokio v1.43.0
[INFO] [stderr]    Compiling thiserror-impl v1.0.69
[INFO] [stderr]    Compiling darling_macro v0.20.10
[INFO] [stderr]    Compiling darling v0.20.10
[INFO] [stderr]    Compiling tinystr v0.7.6
[INFO] [stderr]    Compiling icu_collections v1.5.0
[INFO] [stderr]    Compiling tracing v0.1.41
[INFO] [stderr]    Compiling icu_locid v1.5.0
[INFO] [stderr]    Compiling async-trait v0.1.85
[INFO] [stderr]    Compiling phf_macros v0.11.3
[INFO] [stderr]    Compiling icu_provider v1.5.0
[INFO] [stderr]    Compiling thiserror-impl v2.0.11
[INFO] [stderr]    Compiling phf v0.11.3
[INFO] [stderr]    Compiling icu_locid_transform v1.5.0
[INFO] [stderr]    Compiling phf_generator v0.10.0
[INFO] [stderr]    Compiling zeroize_derive v1.4.2
[INFO] [stderr]    Compiling zeroize v1.8.1
[INFO] [stderr]    Compiling icu_properties v1.5.1
[INFO] [stderr]    Compiling string_cache_codegen v0.5.2
[INFO] [stderr]    Compiling sea-query-derive v0.4.2
[INFO] [stderr]    Compiling inherent v1.0.11
[INFO] [stderr]    Compiling tower-layer v0.3.3
[INFO] [stderr]    Compiling num-conv v0.1.0
[INFO] [stderr]    Compiling httpdate v1.0.3
[INFO] [stderr]    Compiling precomputed-hash v0.1.1
[INFO] [stderr]    Compiling rustversion v1.0.19
[INFO] [stderr]    Compiling rustls v0.23.21
[INFO] [stderr]    Compiling mac v0.1.1
[INFO] [stderr]    Compiling alloc-no-stdlib v2.0.4
[INFO] [stderr]    Compiling time-core v0.1.2
[INFO] [stderr]    Compiling powerfmt v0.2.0
[INFO] [stderr]    Compiling zstd-safe v7.2.1
[INFO] [stderr]    Compiling time-macros v0.2.19
[INFO] [stderr]    Compiling tokio-stream v0.1.17
[INFO] [stderr]    Compiling tokio-util v0.7.13
[INFO] [stderr]    Compiling nom v7.1.3
[INFO] [stderr]    Compiling chrono v0.4.39
[INFO] [stderr]    Compiling either v1.13.0
[INFO] [stderr]    Compiling serde_urlencoded v0.7.1
[INFO] [stderr]    Compiling h2 v0.4.7
[INFO] [stderr]    Compiling deranged v0.3.11
[INFO] [stderr]    Compiling icu_normalizer v1.5.0
[INFO] [stderr]    Compiling alloc-stdlib v0.2.2
[INFO] [stderr]    Compiling futf v0.1.5
[INFO] [stderr]    Compiling markup5ever v0.14.0
[INFO] [stderr]    Compiling rustls-webpki v0.102.8
[INFO] [stderr]    Compiling idna_adapter v1.2.0
[INFO] [stderr]    Compiling proc-macro-error2 v2.0.1
[INFO] [stderr]    Compiling idna v1.0.3
[INFO] [stderr]    Compiling sea-query v0.32.1
[INFO] [stderr]    Compiling parse-zoneinfo v0.3.1
[INFO] [stderr]    Compiling cipher v0.4.4
[INFO] [stderr]    Compiling url v2.5.4
[INFO] [stderr]    Compiling http-body-util v0.1.2
[INFO] [stderr]    Compiling cookie v0.18.1
[INFO] [stderr]    Compiling regex-syntax v0.6.29
[INFO] [stderr]    Compiling bitflags v2.7.0
[INFO] [stderr]    Compiling heck v0.5.0
[INFO] [stderr]    Compiling dtoa v1.0.9
[INFO] [stderr]    Compiling sqlx-core v0.8.3
[INFO] [stderr]    Compiling tinyvec_macros v0.1.1
[INFO] [stderr]    Compiling glob v0.3.2
[INFO] [stderr]    Compiling match_cfg v0.1.0
[INFO] [stderr]    Compiling subtle v2.6.1
[INFO] [stderr]    Compiling same-file v1.0.6
[INFO] [stderr]    Compiling utf-8 v0.7.6
[INFO] [stderr]    Compiling serde_json v1.0.135
[INFO] [stderr]    Compiling libwebp-sys v0.9.6
[INFO] [stderr]    Compiling tendril v0.4.3
[INFO] [stderr]    Compiling walkdir v2.5.0
[INFO] [stderr]    Compiling hostname v0.3.1
[INFO] [stderr]    Compiling tinyvec v1.8.1
[INFO] [stderr]    Compiling enum-as-inner v0.6.1
[INFO] [stderr]    Compiling dtoa-short v0.3.5
[INFO] [stderr]    Compiling chrono-tz-build v0.4.0
[INFO] [stderr]    Compiling regex-automata v0.1.10
[INFO] [stderr]    Compiling hyper v1.5.2
[INFO] [stderr]    Compiling sqlx-sqlite v0.8.3
[INFO] [stderr]    Compiling sea-bae v0.2.1
[INFO] [stderr]    Compiling askama_parser v0.2.1
[INFO] [stderr]    Compiling hyper-util v0.1.10
[INFO] [stderr]    Compiling sqlx v0.8.3
[INFO] [stderr]    Compiling ouroboros_macro v0.18.5
[INFO] [stderr]    Compiling brotli-decompressor v4.0.1
[INFO] [stderr]    Compiling time v0.3.37
[INFO] [stderr]    Compiling string_cache v0.8.7
[INFO] [stderr]    Compiling selectors v0.26.0
[INFO] [stderr]    Compiling html5ever v0.29.0
[INFO] [stderr]    Compiling cssparser-macros v0.6.1
[INFO] [stderr]    Compiling async-stream-impl v0.3.6
[INFO] [stderr]    Compiling futures v0.3.31
[INFO] [stderr]    Compiling fdeflate v0.3.7
[INFO] [stderr]    Compiling byteorder-lite v0.1.0
[INFO] [stderr]    Compiling psl-types v2.0.11
[INFO] [stderr]    Compiling data-encoding v2.6.0
[INFO] [stderr]    Compiling lazy_static v1.5.0
[INFO] [stderr]    Compiling quick-error v1.2.3
[INFO] [stderr]    Compiling linked-hash-map v0.5.6
[INFO] [stderr]    Compiling aliasable v0.1.3
[INFO] [stderr]    Compiling static_assertions v1.1.0
[INFO] [stderr]    Compiling zune-core v0.4.12
[INFO] [stderr]    Compiling bitflags v1.3.2
[INFO] [stderr]    Compiling quick-error v2.0.1
[INFO] [stderr]    Compiling ipnet v2.10.1
[INFO] [stderr]    Compiling litrs v0.4.1
[INFO] [stderr]    Compiling image-webp v0.2.1
[INFO] [stderr]    Compiling zune-jpeg v0.4.14
[INFO] [stderr]    Compiling hickory-proto v0.24.2
[INFO] [stderr]    Compiling png v0.17.16
[INFO] [stderr]    Compiling lru-cache v0.1.2
[INFO] [stderr]    Compiling document-features v0.2.10
[INFO] [stderr]    Compiling ouroboros v0.18.5
[INFO] [stderr]    Compiling sharded-slab v0.1.7
[INFO] [stderr]    Compiling resolv-conf v0.7.0
[INFO] [stderr]    Compiling async-stream v0.3.6
[INFO] [stderr]    Compiling publicsuffix v2.3.0
[INFO] [stderr]    Compiling cssparser v0.34.0
[INFO] [stderr]    Compiling axum-core v0.4.5
[INFO] [stderr]    Compiling askama_derive v0.12.5
[INFO] [stderr]    Compiling brotli v7.0.0
[INFO] [stderr]    Compiling zstd v0.13.2
[INFO] [stderr]    Compiling tokio-rustls v0.26.1
[INFO] [stderr]    Compiling sea-query-binder v0.7.0
[INFO] [stderr]    Compiling sea-orm-macros v1.1.4
[INFO] [stderr]    Compiling matchers v0.1.0
[INFO] [stderr]    Compiling chrono-tz v0.10.0
[INFO] [stderr]    Compiling rust-embed-utils v8.5.0
[INFO] [stderr]    Compiling serde_spanned v0.6.8
[INFO] [stderr]    Compiling toml_datetime v0.6.8
[INFO] [stderr]    Compiling tower v0.5.2
[INFO] [stderr]    Compiling sea-schema-derive v0.3.0
[INFO] [stderr]    Compiling derive_more v0.99.18
[INFO] [stderr]    Compiling webpki-roots v0.26.7
[INFO] [stderr]    Compiling fxhash v0.2.1
[INFO] [stderr]    Compiling thread_local v1.1.8
[INFO] [stderr]    Compiling is-docker v0.2.0
[INFO] [stderr]    Compiling servo_arc v0.4.0
[INFO] [stderr]    Compiling askama_escape v0.10.3
[INFO] [stderr]    Compiling winnow v0.6.24
[INFO] [stderr]    Compiling unicode-width v0.2.0
[INFO] [stderr]    Compiling option-ext v0.2.0
[INFO] [stderr]    Compiling unicode-xid v0.2.6
[INFO] [stderr]    Compiling strum v0.26.3
[INFO] [stderr]    Compiling vsimd v0.8.0
[INFO] [stderr]    Compiling bytemuck v1.21.0
[INFO] [stderr]    Compiling outref v0.5.1
[INFO] [stderr]    Compiling console v0.15.10
[INFO] [stderr]    Compiling image v0.25.5
[INFO] [stderr]    Compiling const_format_proc_macros v0.2.34
[INFO] [stderr]    Compiling sea-orm v1.1.4
[INFO] [stderr]    Compiling dirs-sys v0.5.0
[INFO] [stderr]    Compiling askama v0.12.1
[INFO] [stderr]    Compiling is-wsl v0.4.0
[INFO] [stderr]    Compiling cookie_store v0.21.1
[INFO] [stderr]    Compiling tracing-subscriber v0.3.19
[INFO] [stderr]    Compiling toml_edit v0.22.22
[INFO] [stderr]    Compiling async-compression v0.4.18
[INFO] [stderr]    Compiling hyper-rustls v0.27.5
[INFO] [stderr]    Compiling sea-schema v0.16.1
[INFO] [stderr]    Compiling hickory-resolver v0.24.2
[INFO] [stderr]    Compiling rust-embed-impl v8.5.0
[INFO] [stderr]    Compiling linux-keyutils v0.2.4
[INFO] [stderr]    Compiling serde_with_macros v3.12.0
[INFO] [stderr]    Compiling novel-api v0.13.1 (/opt/rustwide/workdir)
[INFO] [stderr]    Compiling rustls-pemfile v2.2.0
[INFO] [stderr]    Compiling base64 v0.22.1
[INFO] [stderr]    Compiling ego-tree v0.10.0
[INFO] [stderr]    Compiling matchit v0.7.3
[INFO] [stderr]    Compiling pathdiff v0.2.3
[INFO] [stderr]    Compiling shell-words v1.1.0
[INFO] [stderr]    Compiling open v5.3.2
[INFO] [stderr]    Compiling dialoguer v0.11.0
[INFO] [stderr]    Compiling reqwest v0.12.12
[INFO] [stderr]    Compiling serde_with v3.12.0
[INFO] [stderr]    Compiling axum v0.7.9
[INFO] [stderr]    Compiling scraper v0.22.0
[INFO] [stderr]    Compiling sea-orm-migration v1.1.4
[INFO] [stderr]    Compiling keyring v3.6.1
[INFO] [stderr]    Compiling rust-embed v8.5.0
[INFO] [stderr]    Compiling toml v0.8.19
[INFO] [stderr]    Compiling askama_axum v0.4.0
[INFO] [stderr]    Compiling const_format v0.2.34
[INFO] [stderr]    Compiling directories v6.0.0
[INFO] [stderr]    Compiling base64-simd v0.8.0
[INFO] [stderr]    Compiling hex-simd v0.8.0
[INFO] [stderr]    Compiling aes v0.8.4
[INFO] [stderr]    Compiling cbc v0.1.2
[INFO] [stderr]    Compiling des v0.8.1
[INFO] [stderr]    Compiling ecb v0.1.2
[INFO] [stderr]    Compiling uuid v1.11.1
[INFO] [stderr]    Compiling portpicker v0.1.1
[INFO] [stderr]    Compiling trait-variant v0.1.2
[INFO] [stderr]    Compiling md-5 v0.10.6
[INFO] [stderr]    Compiling simdutf8 v0.1.5
[INFO] [stderr]    Compiling machine-uid v0.5.3
[INFO] [stderr]    Compiling is_ci v1.2.0
[INFO] [stderr] rustc-LLVM ERROR: IO failure on output stream: No space left on device
[INFO] [stderr] warning: libwebp-sys@0.9.6: /tmp/cc8QwWhX.s: Assembler messages:
[INFO] [stderr] warning: libwebp-sys@0.9.6: /tmp/cc8QwWhX.s: Fatal error: can't write 16 bytes to section .text.clip_8b of /opt/rustwide/target/debug/build/libwebp-sys-a04cfbc5e099f12d/out/a2a4113ee633e098-quant_levels_dec_utils.o: 'No space left on device'
[INFO] [stderr] warning: libwebp-sys@0.9.6: /tmp/cc8QwWhX.s: Fatal error: /opt/rustwide/target/debug/build/libwebp-sys-a04cfbc5e099f12d/out/a2a4113ee633e098-quant_levels_dec_utils.o: No space left on device
[INFO] [stderr] warning: libwebp-sys@0.9.6: ToolExecError: Command LC_ALL="C" "cc" "-O0" "-ffunction-sections" "-fdata-sections" "-fPIC" "-gdwarf-4" "-fno-omit-frame-pointer" "-m64" "-I" "/opt/rustwide/cargo-home/registry/src/index.crates.io-1949cf8c6b5b557f/libwebp-sys-0.9.6/vendor" "-Wall" "-Wextra" "-fvisibility=hidden" "-Wall" "-DNDEBUG=1" "-D_THREAD_SAFE=1" "-DWEBP_HAVE_SSE2=1" "-o" "/opt/rustwide/target/debug/build/libwebp-sys-a04cfbc5e099f12d/out/a2a4113ee633e098-quant_levels_dec_utils.o" "-c" "/opt/rustwide/cargo-home/registry/src/index.crates.io-1949cf8c6b5b557f/libwebp-sys-0.9.6/vendor/src/utils/quant_levels_dec_utils.c" with args cc did not execute successfully (status code exit status: 1).cargo:warning=/opt/rustwide/cargo-home/registry/src/index.crates.io-1949cf8c6b5b557f/libwebp-sys-0.9.6/vendor/src/utils/quant_levels_utils.c:139:1: fatal error: error writing to /tmp/ccNolk6Y.s: No space left on device
[INFO] [stderr] warning: libwebp-sys@0.9.6:   139 | }
[INFO] [stderr] warning: libwebp-sys@0.9.6:       | ^
[INFO] [stderr] warning: libwebp-sys@0.9.6: compilation terminated.
[INFO] [stderr] warning: libwebp-sys@0.9.6: ToolExecError: Command LC_ALL="C" "cc" "-O0" "-ffunction-sections" "-fdata-sections" "-fPIC" "-gdwarf-4" "-fno-omit-frame-pointer" "-m64" "-I" "/opt/rustwide/cargo-home/registry/src/index.crates.io-1949cf8c6b5b557f/libwebp-sys-0.9.6/vendor" "-Wall" "-Wextra" "-fvisibility=hidden" "-Wall" "-DNDEBUG=1" "-D_THREAD_SAFE=1" "-DWEBP_HAVE_SSE2=1" "-o" "/opt/rustwide/target/debug/build/libwebp-sys-a04cfbc5e099f12d/out/a2a4113ee633e098-quant_levels_utils.o" "-c" "/opt/rustwide/cargo-home/registry/src/index.crates.io-1949cf8c6b5b557f/libwebp-sys-0.9.6/vendor/src/utils/quant_levels_utils.c" with args cc did not execute successfully (status code exit status: 1).cargo:warning=/opt/rustwide/cargo-home/registry/src/index.crates.io-1949cf8c6b5b557f/libwebp-sys-0.9.6/vendor/src/utils/random_utils.c:40:1: fatal error: error writing to /tmp/cchjtOce.s: No space left on device
[INFO] [stderr] warning: libwebp-sys@0.9.6:    40 | }
[INFO] [stderr] warning: libwebp-sys@0.9.6:       | ^
[INFO] [stderr] warning: libwebp-sys@0.9.6: compilation terminated.
[INFO] [stderr] warning: libwebp-sys@0.9.6: ToolExecError: Command LC_ALL="C" "cc" "-O0" "-ffunction-sections" "-fdata-sections" "-fPIC" "-gdwarf-4" "-fno-omit-frame-pointer" "-m64" "-I" "/opt/rustwide/cargo-home/registry/src/index.crates.io-1949cf8c6b5b557f/libwebp-sys-0.9.6/vendor" "-Wall" "-Wextra" "-fvisibility=hidden" "-Wall" "-DNDEBUG=1" "-D_THREAD_SAFE=1" "-DWEBP_HAVE_SSE2=1" "-o" "/opt/rustwide/target/debug/build/libwebp-sys-a04cfbc5e099f12d/out/a2a4113ee633e098-random_utils.o" "-c" "/opt/rustwide/cargo-home/registry/src/index.crates.io-1949cf8c6b5b557f/libwebp-sys-0.9.6/vendor/src/utils/random_utils.c" with args cc did not execute successfully (status code exit status: 1).cargo:warning=/opt/rustwide/cargo-home/registry/src/index.crates.io-1949cf8c6b5b557f/libwebp-sys-0.9.6/vendor/src/utils/rescaler_utils.c:158:1: fatal error: error writing to /tmp/ccRRCi3o.s: No space left on device
[INFO] [stderr] warning: libwebp-sys@0.9.6:   158 | }
[INFO] [stderr] warning: libwebp-sys@0.9.6:       | ^
[INFO] [stderr] warning: libwebp-sys@0.9.6: compilation terminated.
[INFO] [stderr] warning: libwebp-sys@0.9.6: ToolExecError: Command LC_ALL="C" "cc" "-O0" "-ffunction-sections" "-fdata-sections" "-fPIC" "-gdwarf-4" "-fno-omit-frame-pointer" "-m64" "-I" "/opt/rustwide/cargo-home/registry/src/index.crates.io-1949cf8c6b5b557f/libwebp-sys-0.9.6/vendor" "-Wall" "-Wextra" "-fvisibility=hidden" "-Wall" "-DNDEBUG=1" "-D_THREAD_SAFE=1" "-DWEBP_HAVE_SSE2=1" "-o" "/opt/rustwide/target/debug/build/libwebp-sys-a04cfbc5e099f12d/out/a2a4113ee633e098-rescaler_utils.o" "-c" "/opt/rustwide/cargo-home/registry/src/index.crates.io-1949cf8c6b5b557f/libwebp-sys-0.9.6/vendor/src/utils/rescaler_utils.c" with args cc did not execute successfully (status code exit status: 1).cargo:warning=/opt/rustwide/cargo-home/registry/src/index.crates.io-1949cf8c6b5b557f/libwebp-sys-0.9.6/vendor/src/utils/thread_utils.c:367:1: fatal error: error writing to /tmp/cc4XNA3h.s: No space left on device
[INFO] [stderr] warning: libwebp-sys@0.9.6:   367 | }
[INFO] [stderr] warning: libwebp-sys@0.9.6:       | ^
[INFO] [stderr] warning: libwebp-sys@0.9.6: compilation terminated.
[INFO] [stderr] warning: libwebp-sys@0.9.6: ToolExecError: Command LC_ALL="C" "cc" "-O0" "-ffunction-sections" "-fdata-sections" "-fPIC" "-gdwarf-4" "-fno-omit-frame-pointer" "-m64" "-I" "/opt/rustwide/cargo-home/registry/src/index.crates.io-1949cf8c6b5b557f/libwebp-sys-0.9.6/vendor" "-Wall" "-Wextra" "-fvisibility=hidden" "-Wall" "-DNDEBUG=1" "-D_THREAD_SAFE=1" "-DWEBP_HAVE_SSE2=1" "-o" "/opt/rustwide/target/debug/build/libwebp-sys-a04cfbc5e099f12d/out/a2a4113ee633e098-thread_utils.o" "-c" "/opt/rustwide/cargo-home/registry/src/index.crates.io-1949cf8c6b5b557f/libwebp-sys-0.9.6/vendor/src/utils/thread_utils.c" with args cc did not execute successfully (status code exit status: 1).cargo:warning=/opt/rustwide/cargo-home/registry/src/index.crates.io-1949cf8c6b5b557f/libwebp-sys-0.9.6/vendor/src/utils/utils.c:257:1: fatal error: error writing to /tmp/cc1GWTMG.s: No space left on device
[INFO] [stderr] warning: libwebp-sys@0.9.6:   257 | }
[INFO] [stderr] warning: libwebp-sys@0.9.6:       | ^
[INFO] [stderr] warning: libwebp-sys@0.9.6: compilation terminated.
[INFO] [stderr] warning: libwebp-sys@0.9.6: ToolExecError: Command LC_ALL="C" "cc" "-O0" "-ffunction-sections" "-fdata-sections" "-fPIC" "-gdwarf-4" "-fno-omit-frame-pointer" "-m64" "-I" "/opt/rustwide/cargo-home/registry/src/index.crates.io-1949cf8c6b5b557f/libwebp-sys-0.9.6/vendor" "-Wall" "-Wextra" "-fvisibility=hidden" "-Wall" "-DNDEBUG=1" "-D_THREAD_SAFE=1" "-DWEBP_HAVE_SSE2=1" "-o" "/opt/rustwide/target/debug/build/libwebp-sys-a04cfbc5e099f12d/out/a2a4113ee633e098-utils.o" "-c" "/opt/rustwide/cargo-home/registry/src/index.crates.io-1949cf8c6b5b557f/libwebp-sys-0.9.6/vendor/src/utils/utils.c" with args cc did not execute successfully (status code exit status: 1).
[INFO] [stderr] error: failed to run custom build command for `libwebp-sys v0.9.6`
[INFO] [stderr] note: To improve backtraces for build dependencies, set the CARGO_PROFILE_DEV_BUILD_OVERRIDE_DEBUG=true environment variable to enable debug information generation.
[INFO] [stderr] 
[INFO] [stderr] Caused by:
[INFO] [stderr]   process didn't exit successfully: `/opt/rustwide/target/debug/build/libwebp-sys-e7281a6263e07492/build-script-build` (exit status: 1)
[INFO] [stderr]   --- stdout
[INFO] [stderr]   OPT_LEVEL = Some(0)
[INFO] [stderr]   OUT_DIR = Some(/opt/rustwide/target/debug/build/libwebp-sys-a04cfbc5e099f12d/out)
[INFO] [stderr]   TARGET = Some(x86_64-unknown-linux-gnu)
[INFO] [stderr]   HOST = Some(x86_64-unknown-linux-gnu)
[INFO] [stderr]   cargo:rerun-if-env-changed=CC_x86_64-unknown-linux-gnu
[INFO] [stderr]   CC_x86_64-unknown-linux-gnu = None
[INFO] [stderr]   cargo:rerun-if-env-changed=CC_x86_64_unknown_linux_gnu
[INFO] [stderr]   CC_x86_64_unknown_linux_gnu = None
[INFO] [stderr]   cargo:rerun-if-env-changed=HOST_CC
[INFO] [stderr]   HOST_CC = None
[INFO] [stderr]   cargo:rerun-if-env-changed=CC
[INFO] [stderr]   CC = None
[INFO] [stderr]   cargo:rerun-if-env-changed=CC_ENABLE_DEBUG_OUTPUT
[INFO] [stderr]   RUSTC_WRAPPER = None
[INFO] [stderr]   cargo:rerun-if-env-changed=CRATE_CC_NO_DEFAULTS
[INFO] [stderr]   CRATE_CC_NO_DEFAULTS = None
[INFO] [stderr]   DEBUG = Some(true)
[INFO] [stderr]   CARGO_CFG_TARGET_FEATURE = Some(fxsr,sse,sse2,x87)
[INFO] [stderr]   cargo:rerun-if-env-changed=CFLAGS_x86_64-unknown-linux-gnu
[INFO] [stderr]   CFLAGS_x86_64-unknown-linux-gnu = None
[INFO] [stderr]   cargo:rerun-if-env-changed=CFLAGS_x86_64_unknown_linux_gnu
[INFO] [stderr]   CFLAGS_x86_64_unknown_linux_gnu = None
[INFO] [stderr]   cargo:rerun-if-env-changed=HOST_CFLAGS
[INFO] [stderr]   HOST_CFLAGS = None
[INFO] [stderr]   cargo:rerun-if-env-changed=CFLAGS
[INFO] [stderr]   CFLAGS = None
[INFO] [stderr]   CARGO_ENCODED_RUSTFLAGS = Some(--cap-lints=forbid-Zrandomize-layout)
[INFO] [stderr]   OPT_LEVEL = Some(0)
[INFO] [stderr]   OUT_DIR = Some(/opt/rustwide/target/debug/build/libwebp-sys-a04cfbc5e099f12d/out)
[INFO] [stderr]   TARGET = Some(x86_64-unknown-linux-gnu)
[INFO] [stderr]   HOST = Some(x86_64-unknown-linux-gnu)
[INFO] [stderr]   cargo:rerun-if-env-changed=CC_x86_64-unknown-linux-gnu
[INFO] [stderr]   CC_x86_64-unknown-linux-gnu = None
[INFO] [stderr]   cargo:rerun-if-env-changed=CC_x86_64_unknown_linux_gnu
[INFO] [stderr]   CC_x86_64_unknown_linux_gnu = None
[INFO] [stderr]   cargo:rerun-if-env-changed=HOST_CC
[INFO] [stderr]   HOST_CC = None
[INFO] [stderr]   cargo:rerun-if-env-changed=CC
[INFO] [stderr]   CC = None
[INFO] [stderr]   cargo:rerun-if-env-changed=CC_ENABLE_DEBUG_OUTPUT
[INFO] [stderr]   RUSTC_WRAPPER = None
[INFO] [stderr]   cargo:rerun-if-env-changed=CRATE_CC_NO_DEFAULTS
[INFO] [stderr]   CRATE_CC_NO_DEFAULTS = None
[INFO] [stderr]   DEBUG = Some(true)
[INFO] [stderr]   CARGO_CFG_TARGET_FEATURE = Some(fxsr,sse,sse2,x87)
[INFO] [stderr]   cargo:rerun-if-env-changed=CFLAGS_x86_64-unknown-linux-gnu
[INFO] [stderr]   CFLAGS_x86_64-unknown-linux-gnu = None
[INFO] [stderr]   cargo:rerun-if-env-changed=CFLAGS_x86_64_unknown_linux_gnu
[INFO] [stderr]   CFLAGS_x86_64_unknown_linux_gnu = None
[INFO] [stderr]   cargo:rerun-if-env-changed=HOST_CFLAGS
[INFO] [stderr]   HOST_CFLAGS = None
[INFO] [stderr]   cargo:rerun-if-env-changed=CFLAGS
[INFO] [stderr]   CFLAGS = None
[INFO] [stderr]   CARGO_ENCODED_RUSTFLAGS = Some(--cap-lints=forbid-Zrandomize-layout)
[INFO] [stderr]   exit status: 0
[INFO] [stderr]   exit status: 0
[INFO] [stderr]   exit status: 0
[INFO] [stderr]   exit status: 0
[INFO] [stderr]   exit status: 0
[INFO] [stderr]   exit status: 0
[INFO] [stderr]   exit status: 0
[INFO] [stderr]   cargo:rerun-if-env-changed=AR_x86_64-unknown-linux-gnu
[INFO] [stderr]   AR_x86_64-unknown-linux-gnu = None
[INFO] [stderr]   cargo:rerun-if-env-changed=AR_x86_64_unknown_linux_gnu
[INFO] [stderr]   AR_x86_64_unknown_linux_gnu = None
[INFO] [stderr]   cargo:rerun-if-env-changed=HOST_AR
[INFO] [stderr]   HOST_AR = None
[INFO] [stderr]   cargo:rerun-if-env-changed=AR
[INFO] [stderr]   AR = None
[INFO] [stderr]   cargo:rerun-if-env-changed=ARFLAGS_x86_64-unknown-linux-gnu
[INFO] [stderr]   ARFLAGS_x86_64-unknown-linux-gnu = None
[INFO] [stderr]   cargo:rerun-if-env-changed=ARFLAGS_x86_64_unknown_linux_gnu
[INFO] [stderr]   ARFLAGS_x86_64_unknown_linux_gnu = None
[INFO] [stderr]   cargo:rerun-if-env-changed=HOST_ARFLAGS
[INFO] [stderr]   HOST_ARFLAGS = None
[INFO] [stderr]   cargo:rerun-if-env-changed=ARFLAGS
[INFO] [stderr]   ARFLAGS = None
[INFO] [stderr]   cargo:rustc-link-lib=static=sharpyuv
[INFO] [stderr]   cargo:rustc-link-search=native=/opt/rustwide/target/debug/build/libwebp-sys-a04cfbc5e099f12d/out
[INFO] [stderr]   exit status: 0
[INFO] [stderr]   exit status: 0
[INFO] [stderr]   exit status: 0
[INFO] [stderr]   exit status: 0
[INFO] [stderr]   exit status: 0
[INFO] [stderr]   exit status: 0
[INFO] [stderr]   exit status: 0
[INFO] [stderr]   exit status: 0
[INFO] [stderr]   exit status: 0
[INFO] [stderr]   exit status: 0
[INFO] [stderr]   exit status: 0
[INFO] [stderr]   exit status: 0
[INFO] [stderr]   exit status: 0
[INFO] [stderr]   exit status: 0
[INFO] [stderr]   exit status: 0
[INFO] [stderr]   exit status: 0
[INFO] [stderr]   exit status: 0
[INFO] [stderr]   exit status: 0
[INFO] [stderr]   exit status: 0
[INFO] [stderr]   exit status: 0
[INFO] [stderr]   exit status: 0
[INFO] [stderr]   exit status: 0
[INFO] [stderr]   exit status: 0
[INFO] [stderr]   exit status: 0
[INFO] [stderr]   exit status: 0
[INFO] [stderr]   exit status: 0
[INFO] [stderr]   exit status: 0
[INFO] [stderr]   exit status: 0
[INFO] [stderr]   exit status: 0
[INFO] [stderr]   exit status: 0
[INFO] [stderr]   exit status: 0
[INFO] [stderr]   exit status: 0
[INFO] [stderr]   exit status: 0
[INFO] [stderr]   exit status: 0
[INFO] [stderr]   exit status: 0
[INFO] [stderr]   exit status: 0
[INFO] [stderr]   exit status: 0
[INFO] [stderr]   exit status: 0
[INFO] [stderr]   exit status: 0
[INFO] [stderr]   exit status: 0
[INFO] [stderr]   exit status: 0
[INFO] [stderr]   exit status: 0
[INFO] [stderr]   exit status: 0
[INFO] [stderr]   exit status: 0
[INFO] [stderr]   exit status: 0
[INFO] [stderr]   exit status: 0
[INFO] [stderr]   exit status: 0
[INFO] [stderr]   exit status: 0
[INFO] [stderr]   exit status: 0
[INFO] [stderr]   exit status: 0
[INFO] [stderr]   exit status: 0
[INFO] [stderr]   exit status: 0
[INFO] [stderr]   exit status: 0
[INFO] [stderr]   exit status: 0
[INFO] [stderr]   exit status: 0
[INFO] [stderr]   exit status: 0
[INFO] [stderr]   exit status: 0
[INFO] [stderr]   exit status: 0
[INFO] [stderr]   exit status: 0
[INFO] [stderr]   exit status: 0
[INFO] [stderr]   exit status: 0
[INFO] [stderr]   exit status: 0
[INFO] [stderr]   exit status: 0
[INFO] [stderr]   exit status: 0
[INFO] [stderr]   exit status: 0
[INFO] [stderr]   exit status: 0
[INFO] [stderr]   exit status: 0
[INFO] [stderr]   exit status: 0
[INFO] [stderr]   exit status: 0
[INFO] [stderr]   exit status: 0
[INFO] [stderr]   exit status: 0
[INFO] [stderr]   exit status: 0
[INFO] [stderr]   exit status: 0
[INFO] [stderr]   exit status: 0
[INFO] [stderr]   exit status: 0
[INFO] [stderr]   exit status: 0
[INFO] [stderr]   exit status: 0
[INFO] [stderr]   exit status: 0
[INFO] [stderr]   exit status: 0
[INFO] [stderr]   exit status: 0
[INFO] [stderr]   exit status: 0
[INFO] [stderr]   exit status: 0
[INFO] [stderr]   exit status: 0
[INFO] [stderr]   exit status: 0
[INFO] [stderr]   exit status: 0
[INFO] [stderr]   exit status: 0
[INFO] [stderr]   exit status: 0
[INFO] [stderr]   exit status: 0
[INFO] [stderr]   exit status: 0
[INFO] [stderr]   exit status: 0
[INFO] [stderr]   exit status: 0
[INFO] [stderr]   exit status: 0
[INFO] [stderr]   exit status: 0
[INFO] [stderr]   exit status: 0
[INFO] [stderr]   exit status: 0
[INFO] [stderr]   exit status: 0
[INFO] [stderr]   exit status: 0
[INFO] [stderr]   exit status: 0
[INFO] [stderr]   exit status: 0
[INFO] [stderr]   exit status: 0
[INFO] [stderr]   exit status: 0
[INFO] [stderr]   exit status: 0
[INFO] [stderr]   exit status: 0
[INFO] [stderr]   exit status: 0
[INFO] [stderr]   cargo:warning=/tmp/cc8QwWhX.s: Assembler messages:
[INFO] [stderr]   cargo:warning=/tmp/cc8QwWhX.s: Fatal error: can't write 16 bytes to section .text.clip_8b of /opt/rustwide/target/debug/build/libwebp-sys-a04cfbc5e099f12d/out/a2a4113ee633e098-quant_levels_dec_utils.o: 'No space left on device'
[INFO] [stderr]   cargo:warning=/tmp/cc8QwWhX.s: Fatal error: /opt/rustwide/target/debug/build/libwebp-sys-a04cfbc5e099f12d/out/a2a4113ee633e098-quant_levels_dec_utils.o: No space left on device
[INFO] [stderr]   exit status: 0
[INFO] [stderr]   exit status: 0
[INFO] [stderr]   exit status: 0
[INFO] [stderr]   exit status: 0
[INFO] [stderr]   exit status: 0
[INFO] [stderr]   exit status: 0
[INFO] [stderr]   exit status: 1
[INFO] [stderr]   cargo:warning=ToolExecError: Command LC_ALL="C" "cc" "-O0" "-ffunction-sections" "-fdata-sections" "-fPIC" "-gdwarf-4" "-fno-omit-frame-pointer" "-m64" "-I" "/opt/rustwide/cargo-home/registry/src/index.crates.io-1949cf8c6b5b557f/libwebp-sys-0.9.6/vendor" "-Wall" "-Wextra" "-fvisibility=hidden" "-Wall" "-DNDEBUG=1" "-D_THREAD_SAFE=1" "-DWEBP_HAVE_SSE2=1" "-o" "/opt/rustwide/target/debug/build/libwebp-sys-a04cfbc5e099f12d/out/a2a4113ee633e098-quant_levels_dec_utils.o" "-c" "/opt/rustwide/cargo-home/registry/src/index.crates.io-1949cf8c6b5b557f/libwebp-sys-0.9.6/vendor/src/utils/quant_levels_dec_utils.c" with args cc did not execute successfully (status code exit status: 1).cargo:warning=/opt/rustwide/cargo-home/registry/src/index.crates.io-1949cf8c6b5b557f/libwebp-sys-0.9.6/vendor/src/utils/quant_levels_utils.c:139:1: fatal error: error writing to /tmp/ccNolk6Y.s: No space left on device
[INFO] [stderr]   cargo:warning=  139 | }
[INFO] [stderr]   cargo:warning=      | ^
[INFO] [stderr]   cargo:warning=compilation terminated.
[INFO] [stderr] 
[INFO] [stderr]   exit status: 1
[INFO] [stderr]   cargo:warning=ToolExecError: Command LC_ALL="C" "cc" "-O0" "-ffunction-sections" "-fdata-sections" "-fPIC" "-gdwarf-4" "-fno-omit-frame-pointer" "-m64" "-I" "/opt/rustwide/cargo-home/registry/src/index.crates.io-1949cf8c6b5b557f/libwebp-sys-0.9.6/vendor" "-Wall" "-Wextra" "-fvisibility=hidden" "-Wall" "-DNDEBUG=1" "-D_THREAD_SAFE=1" "-DWEBP_HAVE_SSE2=1" "-o" "/opt/rustwide/target/debug/build/libwebp-sys-a04cfbc5e099f12d/out/a2a4113ee633e098-quant_levels_utils.o" "-c" "/opt/rustwide/cargo-home/registry/src/index.crates.io-1949cf8c6b5b557f/libwebp-sys-0.9.6/vendor/src/utils/quant_levels_utils.c" with args cc did not execute successfully (status code exit status: 1).cargo:warning=/opt/rustwide/cargo-home/registry/src/index.crates.io-1949cf8c6b5b557f/libwebp-sys-0.9.6/vendor/src/utils/random_utils.c:40:1: fatal error: error writing to /tmp/cchjtOce.s: No space left on device
[INFO] [stderr]   cargo:warning=   40 | }
[INFO] [stderr]   cargo:warning=      | ^
[INFO] [stderr]   cargo:warning=compilation terminated.
[INFO] [stderr] 
[INFO] [stderr]   exit status: 1
[INFO] [stderr]   cargo:warning=ToolExecError: Command LC_ALL="C" "cc" "-O0" "-ffunction-sections" "-fdata-sections" "-fPIC" "-gdwarf-4" "-fno-omit-frame-pointer" "-m64" "-I" "/opt/rustwide/cargo-home/registry/src/index.crates.io-1949cf8c6b5b557f/libwebp-sys-0.9.6/vendor" "-Wall" "-Wextra" "-fvisibility=hidden" "-Wall" "-DNDEBUG=1" "-D_THREAD_SAFE=1" "-DWEBP_HAVE_SSE2=1" "-o" "/opt/rustwide/target/debug/build/libwebp-sys-a04cfbc5e099f12d/out/a2a4113ee633e098-random_utils.o" "-c" "/opt/rustwide/cargo-home/registry/src/index.crates.io-1949cf8c6b5b557f/libwebp-sys-0.9.6/vendor/src/utils/random_utils.c" with args cc did not execute successfully (status code exit status: 1).cargo:warning=/opt/rustwide/cargo-home/registry/src/index.crates.io-1949cf8c6b5b557f/libwebp-sys-0.9.6/vendor/src/utils/rescaler_utils.c:158:1: fatal error: error writing to /tmp/ccRRCi3o.s: No space left on device
[INFO] [stderr]   cargo:warning=  158 | }
[INFO] [stderr]   cargo:warning=      | ^
[INFO] [stderr]   cargo:warning=compilation terminated.
[INFO] [stderr] 
[INFO] [stderr]   exit status: 1
[INFO] [stderr]   cargo:warning=ToolExecError: Command LC_ALL="C" "cc" "-O0" "-ffunction-sections" "-fdata-sections" "-fPIC" "-gdwarf-4" "-fno-omit-frame-pointer" "-m64" "-I" "/opt/rustwide/cargo-home/registry/src/index.crates.io-1949cf8c6b5b557f/libwebp-sys-0.9.6/vendor" "-Wall" "-Wextra" "-fvisibility=hidden" "-Wall" "-DNDEBUG=1" "-D_THREAD_SAFE=1" "-DWEBP_HAVE_SSE2=1" "-o" "/opt/rustwide/target/debug/build/libwebp-sys-a04cfbc5e099f12d/out/a2a4113ee633e098-rescaler_utils.o" "-c" "/opt/rustwide/cargo-home/registry/src/index.crates.io-1949cf8c6b5b557f/libwebp-sys-0.9.6/vendor/src/utils/rescaler_utils.c" with args cc did not execute successfully (status code exit status: 1).cargo:warning=/opt/rustwide/cargo-home/registry/src/index.crates.io-1949cf8c6b5b557f/libwebp-sys-0.9.6/vendor/src/utils/thread_utils.c:367:1: fatal error: error writing to /tmp/cc4XNA3h.s: No space left on device
[INFO] [stderr]   cargo:warning=  367 | }
[INFO] [stderr]   cargo:warning=      | ^
[INFO] [stderr]   cargo:warning=compilation terminated.
[INFO] [stderr] 
[INFO] [stderr]   exit status: 1
[INFO] [stderr]   cargo:warning=ToolExecError: Command LC_ALL="C" "cc" "-O0" "-ffunction-sections" "-fdata-sections" "-fPIC" "-gdwarf-4" "-fno-omit-frame-pointer" "-m64" "-I" "/opt/rustwide/cargo-home/registry/src/index.crates.io-1949cf8c6b5b557f/libwebp-sys-0.9.6/vendor" "-Wall" "-Wextra" "-fvisibility=hidden" "-Wall" "-DNDEBUG=1" "-D_THREAD_SAFE=1" "-DWEBP_HAVE_SSE2=1" "-o" "/opt/rustwide/target/debug/build/libwebp-sys-a04cfbc5e099f12d/out/a2a4113ee633e098-thread_utils.o" "-c" "/opt/rustwide/cargo-home/registry/src/index.crates.io-1949cf8c6b5b557f/libwebp-sys-0.9.6/vendor/src/utils/thread_utils.c" with args cc did not execute successfully (status code exit status: 1).cargo:warning=/opt/rustwide/cargo-home/registry/src/index.crates.io-1949cf8c6b5b557f/libwebp-sys-0.9.6/vendor/src/utils/utils.c:257:1: fatal error: error writing to /tmp/cc1GWTMG.s: No space left on device
[INFO] [stderr]   cargo:warning=  257 | }
[INFO] [stderr]   cargo:warning=      | ^
[INFO] [stderr]   cargo:warning=compilation terminated.
[INFO] [stderr] 
[INFO] [stderr]   exit status: 1
[INFO] [stderr]   cargo:warning=ToolExecError: Command LC_ALL="C" "cc" "-O0" "-ffunction-sections" "-fdata-sections" "-fPIC" "-gdwarf-4" "-fno-omit-frame-pointer" "-m64" "-I" "/opt/rustwide/cargo-home/registry/src/index.crates.io-1949cf8c6b5b557f/libwebp-sys-0.9.6/vendor" "-Wall" "-Wextra" "-fvisibility=hidden" "-Wall" "-DNDEBUG=1" "-D_THREAD_SAFE=1" "-DWEBP_HAVE_SSE2=1" "-o" "/opt/rustwide/target/debug/build/libwebp-sys-a04cfbc5e099f12d/out/a2a4113ee633e098-utils.o" "-c" "/opt/rustwide/cargo-home/registry/src/index.crates.io-1949cf8c6b5b557f/libwebp-sys-0.9.6/vendor/src/utils/utils.c" with args cc did not execute successfully (status code exit status: 1).
[INFO] [stderr] 
[INFO] [stderr]   --- stderr
[INFO] [stderr] 
[INFO] [stderr] 
[INFO] [stderr]   error occurred in cc-rs: Command LC_ALL="C" "cc" "-O0" "-ffunction-sections" "-fdata-sections" "-fPIC" "-gdwarf-4" "-fno-omit-frame-pointer" "-m64" "-I" "/opt/rustwide/cargo-home/registry/src/index.crates.io-1949cf8c6b5b557f/libwebp-sys-0.9.6/vendor" "-Wall" "-Wextra" "-fvisibility=hidden" "-Wall" "-DNDEBUG=1" "-D_THREAD_SAFE=1" "-DWEBP_HAVE_SSE2=1" "-o" "/opt/rustwide/target/debug/build/libwebp-sys-a04cfbc5e099f12d/out/a2a4113ee633e098-utils.o" "-c" "/opt/rustwide/cargo-home/registry/src/index.crates.io-1949cf8c6b5b557f/libwebp-sys-0.9.6/vendor/src/utils/utils.c" with args cc did not execute successfully (status code exit status: 1).
[INFO] [stderr] 
[INFO] [stderr] 
[INFO] [stderr] warning: build failed, waiting for other jobs to finish...
[INFO] [stderr] error: could not compile `reqwest` (lib)
[INFO] [stderr] 
[INFO] [stderr] Caused by:
[INFO] [stderr]   No space left on device (os error 28)
[INFO] [stderr] 
[INFO] [stderr] Caused by:
[INFO] [stderr]   failed to parse process output: `/opt/rustwide/rustup-home/toolchains/nightly-2025-01-18-x86_64-unknown-linux-gnu/bin/rustc --crate-name reqwest --edition=2021 /opt/rustwide/cargo-home/registry/src/index.crates.io-1949cf8c6b5b557f/reqwest-0.12.12/src/lib.rs --error-format=json --json=diagnostic-rendered-ansi,artifacts,future-incompat --crate-type lib --emit=dep-info,metadata,link -C embed-bitcode=no -C debuginfo=2 --warn=unexpected_cfgs --check-cfg 'cfg(reqwest_unstable)' --cfg 'feature="__rustls"' --cfg 'feature="__rustls-ring"' --cfg 'feature="__tls"' --cfg 'feature="brotli"' --cfg 'feature="cookies"' --cfg 'feature="deflate"' --cfg 'feature="gzip"' --cfg 'feature="h2"' --cfg 'feature="hickory-dns"' --cfg 'feature="http2"' --cfg 'feature="json"' --cfg 'feature="macos-system-configuration"' --cfg 'feature="rustls-tls"' --cfg 'feature="rustls-tls-webpki-roots"' --cfg 'feature="rustls-tls-webpki-roots-no-provider"' --cfg 'feature="zstd"' --check-cfg 'cfg(docsrs,test)' --check-cfg 'cfg(feature, values("__internal_proxy_sys_no_cache", "__rustls", "__rustls-ring", "__tls", "blocking", "brotli", "charset", "cookies", "default", "default-tls", "deflate", "gzip", "h2", "hickory-dns", "http2", "http3", "json", "macos-system-configuration", "multipart", "native-tls", "native-tls-alpn", "native-tls-vendored", "rustls-tls", "rustls-tls-manual-roots", "rustls-tls-manual-roots-no-provider", "rustls-tls-native-roots", "rustls-tls-native-roots-no-provider", "rustls-tls-no-provider", "rustls-tls-webpki-roots", "rustls-tls-webpki-roots-no-provider", "socks", "stream", "trust-dns", "zstd"))' -C metadata=dfb354be0c86aff3 -C extra-filename=-70444d68c9968847 --out-dir /opt/rustwide/target/debug/deps -L dependency=/opt/rustwide/target/debug/deps --extern async_compression=/opt/rustwide/target/debug/deps/libasync_compression-9d7c20f87af30bac.rmeta --extern base64=/opt/rustwide/target/debug/deps/libbase64-c466fef6d1a28af7.rmeta --extern bytes=/opt/rustwide/target/debug/deps/libbytes-42f3e5d4836e1a02.rmeta --extern cookie_crate=/opt/rustwide/target/debug/deps/libcookie-cac63172cf1ecf42.rmeta --extern cookie_store=/opt/rustwide/target/debug/deps/libcookie_store-c01d0f5856655fc7.rmeta --extern futures_core=/opt/rustwide/target/debug/deps/libfutures_core-cd2ca45eece0031c.rmeta --extern futures_util=/opt/rustwide/target/debug/deps/libfutures_util-8ed3c6b095e46995.rmeta --extern h2=/opt/rustwide/target/debug/deps/libh2-70f94f5a35a66e3b.rmeta --extern hickory_resolver=/opt/rustwide/target/debug/deps/libhickory_resolver-91c98b0f0818576f.rmeta --extern http=/opt/rustwide/target/debug/deps/libhttp-62245a18e1d6facf.rmeta --extern http_body=/opt/rustwide/target/debug/deps/libhttp_body-e3d17327a8a800e0.rmeta --extern http_body_util=/opt/rustwide/target/debug/deps/libhttp_body_util-48da6631bdde002f.rmeta --extern hyper=/opt/rustwide/target/debug/deps/libhyper-d89d4e83cd8e2c78.rmeta --extern hyper_rustls=/opt/rustwide/target/debug/deps/libhyper_rustls-7a3a6ac9a4a3e38c.rmeta --extern hyper_util=/opt/rustwide/target/debug/deps/libhyper_util-2f84b93736fada15.rmeta --extern ipnet=/opt/rustwide/target/debug/deps/libipnet-ecef4befaf2b0e43.rmeta --extern log=/opt/rustwide/target/debug/deps/liblog-432729ba6130c373.rmeta --extern mime=/opt/rustwide/target/debug/deps/libmime-1e82b40c2ddedb49.rmeta --extern once_cell=/opt/rustwide/target/debug/deps/libonce_cell-2bffb8f01566609a.rmeta --extern percent_encoding=/opt/rustwide/target/debug/deps/libpercent_encoding-94c0844c6dae7341.rmeta --extern pin_project_lite=/opt/rustwide/target/debug/deps/libpin_project_lite-cb7b061d56820a9f.rmeta --extern rustls=/opt/rustwide/target/debug/deps/librustls-3de26e7d8056e2ab.rmeta --extern rustls_pemfile=/opt/rustwide/target/debug/deps/librustls_pemfile-5c045615fe40eaed.rmeta --extern rustls_pki_types=/opt/rustwide/target/debug/deps/librustls_pki_types-4468003a7597b1ca.rmeta --extern serde=/opt/rustwide/target/debug/deps/libserde-fa4291facdb32fd5.rmeta --extern serde_json=/opt/rustwide/target/debug/deps/libserde_json-c3b2da0cfee3547f.rmeta --extern serde_urlencoded=/opt/rustwide/target/debug/deps/libserde_urlencoded-e22c27e13be98bea.rmeta --extern sync_wrapper=/opt/rustwide/target/debug/deps/libsync_wrapper-15641d2ab58e6770.rmeta --extern tokio=/opt/rustwide/target/debug/deps/libtokio-15adef2b08512a95.rmeta --extern tokio_rustls=/opt/rustwide/target/debug/deps/libtokio_rustls-5c3b3e9c0aa242be.rmeta --extern tokio_util=/opt/rustwide/target/debug/deps/libtokio_util-1fb2c35a52741954.rmeta --extern tower=/opt/rustwide/target/debug/deps/libtower-c1c7b8dfdb38e2b5.rmeta --extern tower_service=/opt/rustwide/target/debug/deps/libtower_service-de925df53d452054.rmeta --extern url=/opt/rustwide/target/debug/deps/liburl-e155b8b925fe63f4.rmeta --extern webpki_roots=/opt/rustwide/target/debug/deps/libwebpki_roots-da92fe91109ce319.rmeta --cap-lints allow --cap-lints=forbid -Zrandomize-layout -L native=/opt/rustwide/target/debug/build/zstd-sys-d0f74709d7854088/out -L native=/opt/rustwide/target/debug/build/ring-c3f9bde12a0919a1/out` (exit status: 101)
[INFO] running `Command { std: "docker" "inspect" "51b839d57a22cb799136aa255d88e750f7ac7b2bd6274dc69289b4560822e4e5", kill_on_drop: false }`
[INFO] running `Command { std: "docker" "rm" "-f" "51b839d57a22cb799136aa255d88e750f7ac7b2bd6274dc69289b4560822e4e5", kill_on_drop: false }`
[INFO] [stdout] 51b839d57a22cb799136aa255d88e750f7ac7b2bd6274dc69289b4560822e4e5
