[INFO] fetching crate mantaray 0.0.1...
[INFO] testing mantaray-0.0.1 against nightly-2025-01-18+rustflags=-Zrandomize-layout for randomize-layout-2
[INFO] extracting crate mantaray 0.0.1 into /workspace/builds/worker-3-tc2/source
[INFO] validating manifest of crates.io crate mantaray 0.0.1 on toolchain nightly-2025-01-18
[INFO] running `Command { std: CARGO_HOME="/workspace/cargo-home" RUSTUP_HOME="/workspace/rustup-home" "/workspace/cargo-home/bin/cargo" "+nightly-2025-01-18" "metadata" "--manifest-path" "Cargo.toml" "--no-deps", kill_on_drop: false }`
[INFO] started tweaking crates.io crate mantaray 0.0.1
[INFO] finished tweaking crates.io crate mantaray 0.0.1
[INFO] tweaked toml for crates.io crate mantaray 0.0.1 written to /workspace/builds/worker-3-tc2/source/Cargo.toml
[INFO] running `Command { std: CARGO_HOME="/workspace/cargo-home" RUSTUP_HOME="/workspace/rustup-home" "/workspace/cargo-home/bin/cargo" "+nightly-2025-01-18" "generate-lockfile" "--manifest-path" "Cargo.toml", kill_on_drop: false }`
[INFO] [stderr]     Updating crates.io index
[INFO] [stderr]      Locking 129 packages to latest compatible versions
[INFO] [stderr]       Adding cbindgen v0.26.0 (available: v0.28.0)
[INFO] [stderr]       Adding nalgebra v0.32.6 (available: v0.33.2)
[INFO] [stderr]       Adding netcdf v0.9.3 (available: v0.10.5)
[INFO] [stderr]       Adding ode_solvers v0.4.0 (available: v0.5.0)
[INFO] [stderr]       Adding pyo3 v0.20.3 (available: v0.23.4)
[INFO] [stderr]       Adding thiserror v1.0.69 (available: v2.0.11)
[INFO] running `Command { std: CARGO_HOME="/workspace/cargo-home" RUSTUP_HOME="/workspace/rustup-home" "/workspace/cargo-home/bin/cargo" "+nightly-2025-01-18" "fetch" "--manifest-path" "Cargo.toml", kill_on_drop: false }`
[INFO] running `Command { std: "docker" "create" "-v" "/var/lib/crater-agent-workspace/builds/worker-3-tc2/target:/opt/rustwide/target:rw,Z" "-v" "/var/lib/crater-agent-workspace/builds/worker-3-tc2/source:/opt/rustwide/workdir:ro,Z" "-v" "/var/lib/crater-agent-workspace/cargo-home:/opt/rustwide/cargo-home:ro,Z" "-v" "/var/lib/crater-agent-workspace/rustup-home:/opt/rustwide/rustup-home:ro,Z" "-e" "SOURCE_DIR=/opt/rustwide/workdir" "-e" "CARGO_TARGET_DIR=/opt/rustwide/target" "-e" "CARGO_HOME=/opt/rustwide/cargo-home" "-e" "RUSTUP_HOME=/opt/rustwide/rustup-home" "-w" "/opt/rustwide/workdir" "-m" "1610612736" "--user" "0:0" "--network" "none" "ghcr.io/rust-lang/crates-build-env/linux@sha256:819108c5571ea2e421544af4d832f968d213c87fbe3707a016657f43d2f853bc" "/opt/rustwide/cargo-home/bin/cargo" "+nightly-2025-01-18" "metadata" "--no-deps" "--format-version=1", kill_on_drop: false }`
[INFO] [stdout] cdf3b27caa8165e03401045c0dbe2e8c606b3eb3a1537fd9fe65835f54e3b8c4
[INFO] running `Command { std: "docker" "start" "-a" "cdf3b27caa8165e03401045c0dbe2e8c606b3eb3a1537fd9fe65835f54e3b8c4", kill_on_drop: false }`
[INFO] running `Command { std: "docker" "inspect" "cdf3b27caa8165e03401045c0dbe2e8c606b3eb3a1537fd9fe65835f54e3b8c4", kill_on_drop: false }`
[INFO] running `Command { std: "docker" "rm" "-f" "cdf3b27caa8165e03401045c0dbe2e8c606b3eb3a1537fd9fe65835f54e3b8c4", kill_on_drop: false }`
[INFO] [stdout] cdf3b27caa8165e03401045c0dbe2e8c606b3eb3a1537fd9fe65835f54e3b8c4
[INFO] running `Command { std: "docker" "create" "-v" "/var/lib/crater-agent-workspace/builds/worker-3-tc2/target:/opt/rustwide/target:rw,Z" "-v" "/var/lib/crater-agent-workspace/builds/worker-3-tc2/source:/opt/rustwide/workdir:ro,Z" "-v" "/var/lib/crater-agent-workspace/cargo-home:/opt/rustwide/cargo-home:ro,Z" "-v" "/var/lib/crater-agent-workspace/rustup-home:/opt/rustwide/rustup-home:ro,Z" "-e" "SOURCE_DIR=/opt/rustwide/workdir" "-e" "CARGO_TARGET_DIR=/opt/rustwide/target" "-e" "CARGO_INCREMENTAL=0" "-e" "RUST_BACKTRACE=full" "-e" "RUSTFLAGS=--cap-lints=forbid -Zrandomize-layout" "-e" "RUSTDOCFLAGS=--cap-lints=forbid" "-e" "CARGO_HOME=/opt/rustwide/cargo-home" "-e" "RUSTUP_HOME=/opt/rustwide/rustup-home" "-w" "/opt/rustwide/workdir" "-m" "1610612736" "--user" "0:0" "--network" "none" "ghcr.io/rust-lang/crates-build-env/linux@sha256:819108c5571ea2e421544af4d832f968d213c87fbe3707a016657f43d2f853bc" "/opt/rustwide/cargo-home/bin/cargo" "+nightly-2025-01-18" "build" "--frozen" "--message-format=json", kill_on_drop: false }`
[INFO] [stdout] 93ef900bd0cd049fb4edf8bb620a68e0eab519c96b10e200ca75a78d456411dc
[INFO] running `Command { std: "docker" "start" "-a" "93ef900bd0cd049fb4edf8bb620a68e0eab519c96b10e200ca75a78d456411dc", kill_on_drop: false }`
[INFO] [stderr]    Compiling autocfg v1.4.0
[INFO] [stderr]    Compiling proc-macro2 v1.0.93
[INFO] [stderr]    Compiling shlex v1.3.0
[INFO] [stderr]    Compiling unicode-ident v1.0.14
[INFO] [stderr]    Compiling memchr v2.7.4
[INFO] [stderr]    Compiling pkg-config v0.3.31
[INFO] [stderr]    Compiling target-lexicon v0.12.16
[INFO] [stderr]    Compiling vcpkg v0.2.15
[INFO] [stderr]    Compiling cc v1.2.10
[INFO] [stderr]    Compiling cfg-if v1.0.0
[INFO] [stderr]    Compiling libc v0.2.169
[INFO] [stderr]    Compiling aho-corasick v1.1.3
[INFO] [stderr]    Compiling regex-syntax v0.8.5
[INFO] [stderr]    Compiling num-traits v0.2.19
[INFO] [stderr]    Compiling cmake v0.1.52
[INFO] [stderr]    Compiling pyo3-build-config v0.20.3
[INFO] [stderr]    Compiling quote v1.0.38
[INFO] [stderr]    Compiling syn v2.0.96
[INFO] [stderr]    Compiling libloading v0.7.4
[INFO] [stderr]    Compiling once_cell v1.20.2
[INFO] [stderr]    Compiling libz-sys v1.1.21
[INFO] [stderr]    Compiling hdf5-src v0.8.1
[INFO] [stderr]    Compiling semver v1.0.25
[INFO] [stderr]    Compiling netcdf-src v0.3.7
[INFO] [stderr]    Compiling matrixmultiply v0.3.9
[INFO] [stderr]    Compiling crossbeam-utils v0.8.21
[INFO] [stderr]    Compiling strsim v0.11.1
[INFO] [stderr]    Compiling ident_case v1.0.1
[INFO] [stderr]    Compiling fnv v1.0.7
[INFO] [stderr]    Compiling num-complex v0.4.6
[INFO] [stderr]    Compiling num-integer v0.1.46
[INFO] [stderr]    Compiling paste v1.0.15
[INFO] [stderr]    Compiling bytemuck v1.21.0
[INFO] [stderr]    Compiling rawpointer v0.2.1
[INFO] [stderr]    Compiling pyo3-ffi v0.20.3
[INFO] [stderr]    Compiling safe_arch v0.7.4
[INFO] [stderr]    Compiling netcdf-sys v0.6.2
[INFO] [stderr]    Compiling regex-automata v0.4.9
[INFO] [stderr]    Compiling lock_api v0.4.12
[INFO] [stderr]    Compiling typenum v1.17.0
[INFO] [stderr]    Compiling parking_lot_core v0.9.10
[INFO] [stderr]    Compiling wide v0.7.32
[INFO] [stderr]    Compiling crossbeam-epoch v0.9.18
[INFO] [stderr]    Compiling approx v0.5.1
[INFO] [stderr]    Compiling memoffset v0.9.1
[INFO] [stderr]    Compiling smallvec v1.13.2
[INFO] [stderr]    Compiling scopeguard v1.2.0
[INFO] [stderr]    Compiling portable-atomic v1.10.0
[INFO] [stderr]    Compiling heck v0.4.1
[INFO] [stderr]    Compiling rayon-core v1.12.1
[INFO] [stderr]    Compiling thiserror v1.0.69
[INFO] [stderr]    Compiling crossbeam-deque v0.8.6
[INFO] [stderr]    Compiling pyo3 v0.20.3
[INFO] [stderr]    Compiling darling_core v0.20.10
[INFO] [stderr]    Compiling pyo3-macros-backend v0.20.3
[INFO] [stderr]    Compiling num-rational v0.4.2
[INFO] [stderr]    Compiling minimal-lexical v0.2.1
[INFO] [stderr]    Compiling netcdf v0.9.3
[INFO] [stderr]    Compiling regex v1.11.1
[INFO] [stderr]    Compiling simba v0.8.1
[INFO] [stderr]    Compiling nom v7.1.3
[INFO] [stderr]    Compiling parking_lot v0.12.3
[INFO] [stderr]    Compiling nalgebra-macros v0.2.2
[INFO] [stderr]    Compiling thiserror-impl v1.0.69
[INFO] [stderr]    Compiling hdf5-sys v0.8.1
[INFO] [stderr]    Compiling pyo3-macros v0.20.3
[INFO] [stderr]    Compiling darling_macro v0.20.10
[INFO] [stderr]    Compiling ndarray v0.15.6
[INFO] [stderr]    Compiling darling v0.20.10
[INFO] [stderr]    Compiling derive_builder_core v0.20.2
[INFO] [stderr]    Compiling byteorder v1.5.0
[INFO] [stderr]    Compiling either v1.13.0
[INFO] [stderr]    Compiling bitflags v2.8.0
[INFO] [stderr]    Compiling unindent v0.2.3
[INFO] [stderr]    Compiling indoc v2.0.5
[INFO] [stderr]    Compiling rayon v1.10.0
[INFO] [stderr]    Compiling netcdf3 v0.5.2
[INFO] [stderr]    Compiling derive_builder_macro v0.20.2
[INFO] [stderr]    Compiling derive_builder v0.20.2
[INFO] [stderr]    Compiling nalgebra v0.32.6
[INFO] [stderr]    Compiling ode_solvers v0.4.0
[INFO] [stderr] error: failed to run custom build command for `hdf5-src v0.8.1`
[INFO] [stderr] note: To improve backtraces for build dependencies, set the CARGO_PROFILE_DEV_BUILD_OVERRIDE_DEBUG=true environment variable to enable debug information generation.
[INFO] [stderr] 
[INFO] [stderr] Caused by:
[INFO] [stderr]   process didn't exit successfully: `/opt/rustwide/target/debug/build/hdf5-src-27ebf19cd407b595/build-script-build` (exit status: 101)
[INFO] [stderr]   --- stdout
[INFO] [stderr]   cargo:rerun-if-changed=build.rs
[INFO] [stderr]   cargo:zlib_header=/opt/rustwide/target/debug/build/libz-sys-8bbcfa565f3a5dac/out/include/zlib.h
[INFO] [stderr]   cargo:zlib=z
[INFO] [stderr]   cargo:hl_library=hdf5_hl_debug
[INFO] [stderr]   CMAKE_TOOLCHAIN_FILE_x86_64-unknown-linux-gnu = None
[INFO] [stderr]   CMAKE_TOOLCHAIN_FILE_x86_64_unknown_linux_gnu = None
[INFO] [stderr]   HOST_CMAKE_TOOLCHAIN_FILE = None
[INFO] [stderr]   CMAKE_TOOLCHAIN_FILE = None
[INFO] [stderr]   CMAKE_GENERATOR_x86_64-unknown-linux-gnu = None
[INFO] [stderr]   CMAKE_GENERATOR_x86_64_unknown_linux_gnu = None
[INFO] [stderr]   HOST_CMAKE_GENERATOR = None
[INFO] [stderr]   CMAKE_GENERATOR = None
[INFO] [stderr]   CMAKE_PREFIX_PATH_x86_64-unknown-linux-gnu = None
[INFO] [stderr]   CMAKE_PREFIX_PATH_x86_64_unknown_linux_gnu = None
[INFO] [stderr]   HOST_CMAKE_PREFIX_PATH = None
[INFO] [stderr]   CMAKE_PREFIX_PATH = None
[INFO] [stderr]   CMAKE_x86_64-unknown-linux-gnu = None
[INFO] [stderr]   CMAKE_x86_64_unknown_linux_gnu = None
[INFO] [stderr]   HOST_CMAKE = None
[INFO] [stderr]   CMAKE = None
[INFO] [stderr]   running: cd "/opt/rustwide/target/debug/build/hdf5-src-ed36b9cb98a8d304/out/build" && CMAKE_PREFIX_PATH="" LC_ALL="C" "cmake" "/opt/rustwide/cargo-home/registry/src/index.crates.io-1949cf8c6b5b557f/hdf5-src-0.8.1/ext/hdf5" "-DHDF5_NO_PACKAGES=ON" "-DBUILD_SHARED_LIBS=OFF" "-DBUILD_TESTING=OFF" "-DHDF5_BUILD_TOOLS=OFF" "-DHDF5_BUILD_EXAMPLES=OFF" "-DHDF5_BUILD_JAVA=OFF" "-DHDF5_BUILD_FORTRAN=OFF" "-DHDF5_BUILD_CPP_LIB=OFF" "-DHDF5_BUILD_UTILS=OFF" "-DHDF5_ENABLE_PARALLEL=OFF" "-DHDF5_ENABLE_DEPRECATED_SYMBOLS=OFF" "-DHDF5_ENABLE_THREADSAFE=OFF" "-DALLOW_UNSUPPORTED=OFF" "-DHDF5_BUILD_HL_LIB=OFF" "-DHDF5_ENABLE_Z_LIB_SUPPORT=ON" "-DH5_ZLIB_HEADER=/opt/rustwide/target/debug/build/libz-sys-8bbcfa565f3a5dac/out/include/zlib.h" "-DZLIB_STATIC_LIBRARY=z" "-DHDF5_ENABLE_DEPRECATED_SYMBOLS=ON" "-DHDF5_BUILD_HL_LIB=ON" "-DCMAKE_INSTALL_PREFIX=/opt/rustwide/target/debug/build/hdf5-src-ed36b9cb98a8d304/out" "-DCMAKE_C_FLAGS= -ffunction-sections -fdata-sections -fPIC -m64" "-DCMAKE_C_COMPILER=/usr/bin/cc" "-DCMAKE_CXX_FLAGS= -ffunction-sections -fdata-sections -fPIC -m64" "-DCMAKE_CXX_COMPILER=/usr/bin/c++" "-DCMAKE_ASM_FLAGS= -ffunction-sections -fdata-sections -fPIC -m64" "-DCMAKE_ASM_COMPILER=/usr/bin/cc" "-DCMAKE_BUILD_TYPE=Debug"
[INFO] [stderr]   -- The C compiler identification is GNU 11.4.0
[INFO] [stderr]   -- Detecting C compiler ABI info
[INFO] [stderr]   -- Detecting C compiler ABI info - done
[INFO] [stderr]   -- Check for working C compiler: /usr/bin/cc - skipped
[INFO] [stderr]   -- Detecting C compile features
[INFO] [stderr]   -- Detecting C compile features - done
[INFO] [stderr]   -- SOVERSION: 103.3.0
[INFO] [stderr]   -- SOVERSION_TOOLS: 102.0.0
[INFO] [stderr]   -- SOVERSION_CXX: 103.3.0
[INFO] [stderr]   -- SOVERSION_F: 102.1.0
[INFO] [stderr]   -- SOVERSION_HL: 100.1.4
[INFO] [stderr]   -- SOVERSION_HL_CXX: 100.1.5
[INFO] [stderr]   -- SOVERSION_HL_F: 100.0.6
[INFO] [stderr]   -- SOVERSION_JAVA: 100.5.0
[INFO] [stderr]   -- Looking for include file sys/file.h
[INFO] [stderr]   -- Looking for include file sys/file.h - found
[INFO] [stderr]   -- Looking for include files sys/file.h, sys/ioctl.h
[INFO] [stderr]   -- Looking for include files sys/file.h, sys/ioctl.h - found
[INFO] [stderr]   -- Looking for 3 include files sys/file.h, ..., sys/resource.h
[INFO] [stderr]   -- Looking for 3 include files sys/file.h, ..., sys/resource.h - found
[INFO] [stderr]   -- Looking for 4 include files sys/file.h, ..., sys/socket.h
[INFO] [stderr]   -- Looking for 4 include files sys/file.h, ..., sys/socket.h - found
[INFO] [stderr]   -- Looking for 5 include files sys/file.h, ..., sys/stat.h
[INFO] [stderr]   -- Looking for 5 include files sys/file.h, ..., sys/stat.h - found
[INFO] [stderr]   -- Looking for 6 include files sys/file.h, ..., sys/time.h
[INFO] [stderr]   -- Looking for 6 include files sys/file.h, ..., sys/time.h - found
[INFO] [stderr]   -- Looking for 7 include files sys/file.h, ..., sys/types.h
[INFO] [stderr]   -- Looking for 7 include files sys/file.h, ..., sys/types.h - found
[INFO] [stderr]   -- Looking for 8 include files sys/file.h, ..., features.h
[INFO] [stderr]   -- Looking for 8 include files sys/file.h, ..., features.h - found
[INFO] [stderr]   -- Looking for 9 include files sys/file.h, ..., dirent.h
[INFO] [stderr]   -- Looking for 9 include files sys/file.h, ..., dirent.h - found
[INFO] [stderr]   -- Looking for 10 include files sys/file.h, ..., setjmp.h
[INFO] [stderr]   -- Looking for 10 include files sys/file.h, ..., setjmp.h - found
[INFO] [stderr]   -- Looking for 11 include files sys/file.h, ..., stddef.h
[INFO] [stderr]   -- Looking for 11 include files sys/file.h, ..., stddef.h - found
[INFO] [stderr]   -- Looking for 12 include files sys/file.h, ..., stdint.h
[INFO] [stderr]   -- Looking for 12 include files sys/file.h, ..., stdint.h - found
[INFO] [stderr]   -- Looking for 13 include files sys/file.h, ..., unistd.h
[INFO] [stderr]   -- Looking for 13 include files sys/file.h, ..., unistd.h - found
[INFO] [stderr]   -- Looking for 14 include files sys/file.h, ..., io.h
[INFO] [stderr]   -- Looking for 14 include files sys/file.h, ..., io.h - not found
[INFO] [stderr]   -- Looking for 14 include files sys/file.h, ..., winsock2.h
[INFO] [stderr]   -- Looking for 14 include files sys/file.h, ..., winsock2.h - not found
[INFO] [stderr]   -- Looking for 14 include files sys/file.h, ..., globus/common.h
[INFO] [stderr]   -- Looking for 14 include files sys/file.h, ..., globus/common.h - not found
[INFO] [stderr]   -- Looking for 14 include files sys/file.h, ..., pdb.h
[INFO] [stderr]   -- Looking for 14 include files sys/file.h, ..., pdb.h - not found
[INFO] [stderr]   -- Looking for 14 include files sys/file.h, ..., pthread.h
[INFO] [stderr]   -- Looking for 14 include files sys/file.h, ..., pthread.h - found
[INFO] [stderr]   -- Looking for 15 include files sys/file.h, ..., srbclient.h
[INFO] [stderr]   -- Looking for 15 include files sys/file.h, ..., srbclient.h - not found
[INFO] [stderr]   -- Looking for 15 include files sys/file.h, ..., string.h
[INFO] [stderr]   -- Looking for 15 include files sys/file.h, ..., string.h - found
[INFO] [stderr]   -- Looking for 16 include files sys/file.h, ..., strings.h
[INFO] [stderr]   -- Looking for 16 include files sys/file.h, ..., strings.h - found
[INFO] [stderr]   -- Looking for 17 include files sys/file.h, ..., stdlib.h
[INFO] [stderr]   -- Looking for 17 include files sys/file.h, ..., stdlib.h - found
[INFO] [stderr]   -- Looking for 18 include files sys/file.h, ..., memory.h
[INFO] [stderr]   -- Looking for 18 include files sys/file.h, ..., memory.h - found
[INFO] [stderr]   -- Looking for 19 include files sys/file.h, ..., dlfcn.h
[INFO] [stderr]   -- Looking for 19 include files sys/file.h, ..., dlfcn.h - found
[INFO] [stderr]   -- Looking for 20 include files sys/file.h, ..., inttypes.h
[INFO] [stderr]   -- Looking for 20 include files sys/file.h, ..., inttypes.h - found
[INFO] [stderr]   -- Looking for 21 include files sys/file.h, ..., netinet/in.h
[INFO] [stderr]   -- Looking for 21 include files sys/file.h, ..., netinet/in.h - found
[INFO] [stderr]   -- Looking for 22 include files sys/file.h, ..., netdb.h
[INFO] [stderr]   -- Looking for 22 include files sys/file.h, ..., netdb.h - found
[INFO] [stderr]   -- Looking for 23 include files sys/file.h, ..., arpa/inet.h
[INFO] [stderr]   -- Looking for 23 include files sys/file.h, ..., arpa/inet.h - found
[INFO] [stderr]   -- Looking for 24 include files sys/file.h, ..., stdbool.h
[INFO] [stderr]   -- Looking for 24 include files sys/file.h, ..., stdbool.h - found
[INFO] [stderr]   -- Looking for include file quadmath.h
[INFO] [stderr]   -- Looking for include file quadmath.h - found
[INFO] [stderr]   -- Looking for ceil in m;
[INFO] [stderr]   -- Looking for ceil in m; - found
[INFO] [stderr]   -- Looking for dlopen in dl;m
[INFO] [stderr]   -- Looking for dlopen in dl;m - found
[INFO] [stderr]   -- Looking for WSAStartup in ws2_32;m;dl
[INFO] [stderr]   -- Looking for WSAStartup in ws2_32;m;dl - not found
[INFO] [stderr]   -- Looking for gethostbyname in wsock32;m;dl
[INFO] [stderr]   -- Looking for gethostbyname in wsock32;m;dl - not found
[INFO] [stderr]   -- Looking for gethostname in ucb;m;dl
[INFO] [stderr]   -- Looking for gethostname in ucb;m;dl - not found
[INFO] [stderr]   -- Performing Other Test STDC_HEADERS - Success
[INFO] [stderr]   -- Performing TEST_LFS_WORKS... yes
[INFO] [stderr]   -- Performing Other Test HAVE_OFF64_T - Success
[INFO] [stderr]   -- Looking for lseek64
[INFO] [stderr]   -- Looking for lseek64 - found
[INFO] [stderr]   -- Looking for fseeko
[INFO] [stderr]   -- Looking for fseeko - found
[INFO] [stderr]   -- Performing Test HAVE_STAT64_STRUCT
[INFO] [stderr]   -- Performing Test HAVE_STAT64_STRUCT - Success
[INFO] [stderr]   -- Looking for stat64
[INFO] [stderr]   -- Looking for stat64 - found
[INFO] [stderr]   -- Looking for sys/types.h
[INFO] [stderr]   -- Looking for sys/types.h - found
[INFO] [stderr]   -- Looking for stdint.h
[INFO] [stderr]   -- Looking for stdint.h - found
[INFO] [stderr]   -- Looking for stddef.h
[INFO] [stderr]   -- Looking for stddef.h - found
[INFO] [stderr]   -- Check size of char
[INFO] [stderr]   -- Check size of char - done
[INFO] [stderr]   -- Check size of short
[INFO] [stderr]   -- Check size of short - done
[INFO] [stderr]   -- Check size of int
[INFO] [stderr]   -- Check size of int - done
[INFO] [stderr]   -- Check size of unsigned
[INFO] [stderr]   -- Check size of unsigned - done
[INFO] [stderr]   -- Check size of long
[INFO] [stderr]   -- Check size of long - done
[INFO] [stderr]   -- Check size of long long
[INFO] [stderr]   -- Check size of long long - done
[INFO] [stderr]   -- Check size of __int64
[INFO] [stderr]   -- Check size of __int64 - failed
[INFO] [stderr]   -- Check size of float
[INFO] [stderr]   -- Check size of float - done
[INFO] [stderr]   -- Check size of double
[INFO] [stderr]   -- Check size of double - done
[INFO] [stderr]   -- Check size of long double
[INFO] [stderr]   -- Check size of long double - done
[INFO] [stderr]   -- Check size of int8_t
[INFO] [stderr]   -- Check size of int8_t - done
[INFO] [stderr]   -- Check size of uint8_t
[INFO] [stderr]   -- Check size of uint8_t - done
[INFO] [stderr]   -- Check size of int_least8_t
[INFO] [stderr]   -- Check size of int_least8_t - done
[INFO] [stderr]   -- Check size of uint_least8_t
[INFO] [stderr]   -- Check size of uint_least8_t - done
[INFO] [stderr]   -- Check size of int_fast8_t
[INFO] [stderr]   -- Check size of int_fast8_t - done
[INFO] [stderr]   -- Check size of uint_fast8_t
[INFO] [stderr]   -- Check size of uint_fast8_t - done
[INFO] [stderr]   -- Check size of int16_t
[INFO] [stderr]   -- Check size of int16_t - done
[INFO] [stderr]   -- Check size of uint16_t
[INFO] [stderr]   -- Check size of uint16_t - done
[INFO] [stderr]   -- Check size of int_least16_t
[INFO] [stderr]   -- Check size of int_least16_t - done
[INFO] [stderr]   -- Check size of uint_least16_t
[INFO] [stderr]   -- Check size of uint_least16_t - done
[INFO] [stderr]   -- Check size of int_fast16_t
[INFO] [stderr]   -- Check size of int_fast16_t - done
[INFO] [stderr]   -- Check size of uint_fast16_t
[INFO] [stderr]   -- Check size of uint_fast16_t - done
[INFO] [stderr]   -- Check size of int32_t
[INFO] [stderr]   -- Check size of int32_t - done
[INFO] [stderr]   -- Check size of uint32_t
[INFO] [stderr]   -- Check size of uint32_t - done
[INFO] [stderr]   -- Check size of int_least32_t
[INFO] [stderr]   -- Check size of int_least32_t - done
[INFO] [stderr]   -- Check size of uint_least32_t
[INFO] [stderr]   -- Check size of uint_least32_t - done
[INFO] [stderr]   -- Check size of int_fast32_t
[INFO] [stderr]   -- Check size of int_fast32_t - done
[INFO] [stderr]   -- Check size of uint_fast32_t
[INFO] [stderr]   -- Check size of uint_fast32_t - done
[INFO] [stderr]   -- Check size of int64_t
[INFO] [stderr]   -- Check size of int64_t - done
[INFO] [stderr]   -- Check size of uint64_t
[INFO] [stderr]   -- Check size of uint64_t - done
[INFO] [stderr]   -- Check size of int_least64_t
[INFO] [stderr]   -- Check size of int_least64_t - done
[INFO] [stderr]   -- Check size of uint_least64_t
[INFO] [stderr]   -- Check size of uint_least64_t - done
[INFO] [stderr]   -- Check size of int_fast64_t
[INFO] [stderr]   -- Check size of int_fast64_t - done
[INFO] [stderr]   -- Check size of uint_fast64_t
[INFO] [stderr]   -- Check size of uint_fast64_t - done
[INFO] [stderr]   -- Check size of size_t
[INFO] [stderr]   -- Check size of size_t - done
[INFO] [stderr]   -- Check size of ssize_t
[INFO] [stderr]   -- Check size of ssize_t - done
[INFO] [stderr]   -- Check size of ptrdiff_t
[INFO] [stderr]   -- Check size of ptrdiff_t - done
[INFO] [stderr]   -- Check size of off_t
[INFO] [stderr]   -- Check size of off_t - done
[INFO] [stderr]   -- Check size of off64_t
[INFO] [stderr]   -- Check size of off64_t - done
[INFO] [stderr]   -- Check size of time_t
[INFO] [stderr]   -- Check size of time_t - done
[INFO] [stderr]   -- Check size of _Bool
[INFO] [stderr]   -- Check size of _Bool - done
[INFO] [stderr]   -- Performing Other Test DEV_T_IS_SCALAR - Success
[INFO] [stderr]   -- Looking for CLOCK_MONOTONIC
[INFO] [stderr]   -- Looking for CLOCK_MONOTONIC - not found
[INFO] [stderr]   -- Performing Test H5_HAVE_TM_GMTOFF
[INFO] [stderr]   -- Performing Test H5_HAVE_TM_GMTOFF - Success
[INFO] [stderr]   -- Performing Test H5_HAVE___TM_GMTOFF
[INFO] [stderr]   -- Performing Test H5_HAVE___TM_GMTOFF - Failed
[INFO] [stderr]   -- Performing Test H5_TIME_WITH_SYS_TIME
[INFO] [stderr]   -- Performing Test H5_TIME_WITH_SYS_TIME - Success
[INFO] [stderr]   -- Performing Test H5_HAVE_STRUCT_TIMEZONE
[INFO] [stderr]   -- Performing Test H5_HAVE_STRUCT_TIMEZONE - Failed
[INFO] [stderr]   -- Looking for gettimeofday
[INFO] [stderr]   -- Looking for gettimeofday - found
[INFO] [stderr]   -- Performing Other Test GETTIMEOFDAY_GIVES_TZ - Success
[INFO] [stderr]   -- Performing Other Test HAVE_TM_ZONE - Failed
[INFO] [stderr]   -- Performing Other Test HAVE_STRUCT_TM_TM_ZONE - Failed
[INFO] [stderr]   -- Performing Other Test HAVE_TIMEZONE - Success
[INFO] [stderr]   -- Performing Test H5_HAVE_STAT_ST_BLOCKS
[INFO] [stderr]   -- Performing Test H5_HAVE_STAT_ST_BLOCKS - Success
[INFO] [stderr]   -- Looking for ioctl
[INFO] [stderr]   -- Looking for ioctl - found
[INFO] [stderr]   -- Performing Test H5_HAVE_STRUCT_VIDEOCONFIG
[INFO] [stderr]   -- Performing Test H5_HAVE_STRUCT_VIDEOCONFIG - Failed
[INFO] [stderr]   -- Performing Test H5_HAVE_STRUCT_TEXT_INFO
[INFO] [stderr]   -- Performing Test H5_HAVE_STRUCT_TEXT_INFO - Failed
[INFO] [stderr]   -- Looking for _getvideoconfig
[INFO] [stderr]   -- Looking for _getvideoconfig - not found
[INFO] [stderr]   -- Looking for gettextinfo
[INFO] [stderr]   -- Looking for gettextinfo - not found
[INFO] [stderr]   -- Looking for _scrsize
[INFO] [stderr]   -- Looking for _scrsize - not found
[INFO] [stderr]   -- Looking for GetConsoleScreenBufferInfo
[INFO] [stderr]   -- Looking for GetConsoleScreenBufferInfo - not found
[INFO] [stderr]   -- Looking for TIOCGWINSZ
[INFO] [stderr]   -- Looking for TIOCGWINSZ - found
[INFO] [stderr]   -- Looking for TIOCGETD
[INFO] [stderr]   -- Looking for TIOCGETD - found
[INFO] [stderr]   -- Looking for getpwuid
[INFO] [stderr]   -- Looking for getpwuid - found
[INFO] [stderr]   -- Looking for alarm
[INFO] [stderr]   -- Looking for alarm - found
[INFO] [stderr]   -- Looking for fcntl
[INFO] [stderr]   -- Looking for fcntl - found
[INFO] [stderr]   -- Looking for flock
[INFO] [stderr]   -- Looking for flock - found
[INFO] [stderr]   -- Looking for fork
[INFO] [stderr]   -- Looking for fork - found
[INFO] [stderr]   -- Looking for frexpf
[INFO] [stderr]   -- Looking for frexpf - found
[INFO] [stderr]   -- Looking for frexpl
[INFO] [stderr]   -- Looking for frexpl - found
[INFO] [stderr]   -- Looking for gethostname
[INFO] [stderr]   -- Looking for gethostname - found
[INFO] [stderr]   -- Looking for getrusage
[INFO] [stderr]   -- Looking for getrusage - found
[INFO] [stderr]   -- Looking for llround
[INFO] [stderr]   -- Looking for llround - not found
[INFO] [stderr]   -- Looking for llroundf
[INFO] [stderr]   -- Looking for llroundf - not found
[INFO] [stderr]   -- Looking for lround
[INFO] [stderr]   -- Looking for lround - not found
[INFO] [stderr]   -- Looking for lroundf
[INFO] [stderr]   -- Looking for lroundf - not found
[INFO] [stderr]   -- Looking for lstat
[INFO] [stderr]   -- Looking for lstat - found
[INFO] [stderr]   -- Looking for pread
[INFO] [stderr]   -- Looking for pread - found
[INFO] [stderr]   -- Looking for pwrite
[INFO] [stderr]   -- Looking for pwrite - found
[INFO] [stderr]   -- Looking for rand_r
[INFO] [stderr]   -- Looking for rand_r - found
[INFO] [stderr]   -- Looking for random
[INFO] [stderr]   -- Looking for random - found
[INFO] [stderr]   -- Looking for round
[INFO] [stderr]   -- Looking for round - not found
[INFO] [stderr]   -- Looking for roundf
[INFO] [stderr]   -- Looking for roundf - not found
[INFO] [stderr]   -- Looking for setsysinfo
[INFO] [stderr]   -- Looking for setsysinfo - not found
[INFO] [stderr]   -- Looking for signal
[INFO] [stderr]   -- Looking for signal - found
[INFO] [stderr]   -- Looking for longjmp
[INFO] [stderr]   -- Looking for longjmp - found
[INFO] [stderr]   -- Looking for setjmp
[INFO] [stderr]   -- Looking for setjmp - found
[INFO] [stderr]   -- Looking for siglongjmp
[INFO] [stderr]   -- Looking for siglongjmp - found
[INFO] [stderr]   -- Looking for sigsetjmp
[INFO] [stderr]   -- Looking for sigsetjmp - not found
[INFO] [stderr]   -- Looking for sigprocmask
[INFO] [stderr]   -- Looking for sigprocmask - found
[INFO] [stderr]   -- Looking for snprintf
[INFO] [stderr]   -- Looking for snprintf - found
[INFO] [stderr]   -- Looking for srandom
[INFO] [stderr]   -- Looking for srandom - found
[INFO] [stderr]   -- Looking for strdup
[INFO] [stderr]   -- Looking for strdup - found
[INFO] [stderr]   -- Looking for strtoll
[INFO] [stderr]   -- Looking for strtoll - found
[INFO] [stderr]   -- Looking for strtoull
[INFO] [stderr]   -- Looking for strtoull - found
[INFO] [stderr]   -- Looking for symlink
[INFO] [stderr]   -- Looking for symlink - found
[INFO] [stderr]   -- Looking for system
[INFO] [stderr]   -- Looking for system - found
[INFO] [stderr]   -- Looking for tmpfile
[INFO] [stderr]   -- Looking for tmpfile - found
[INFO] [stderr]   -- Looking for asprintf
[INFO] [stderr]   -- Looking for asprintf - found
[INFO] [stderr]   -- Looking for vasprintf
[INFO] [stderr]   -- Looking for vasprintf - found
[INFO] [stderr]   -- Looking for waitpid
[INFO] [stderr]   -- Looking for waitpid - found
[INFO] [stderr]   -- Looking for vsnprintf
[INFO] [stderr]   -- Looking for vsnprintf - found
[INFO] [stderr]   -- Performing Other Test VSNPRINTF_WORKS - Success
[INFO] [stderr]   -- Looking for sigsetjmp
[INFO] [stderr]   -- Looking for sigsetjmp - found
[INFO] [stderr]   -- Performing Other Test HAVE_ATTRIBUTE - Success
[INFO] [stderr]   -- Performing Other Test HAVE_C99_FUNC - Success
[INFO] [stderr]   -- Performing Other Test HAVE_FUNCTION - Success
[INFO] [stderr]   -- Performing Other Test HAVE_C99_DESIGNATED_INITIALIZER - Success
[INFO] [stderr]   -- Performing Other Test SYSTEM_SCOPE_THREADS - Success
[INFO] [stderr]   -- Performing Other Test HAVE_SOCKLEN_T - Success
[INFO] [stderr]   -- Performing Other Test HAVE_INLINE - Success
[INFO] [stderr]   -- Performing Other Test HAVE___INLINE__ - Success
[INFO] [stderr]   -- Performing Other Test HAVE___INLINE - Success
[INFO] [stderr]   -- Checking for appropriate format for 64 bit long:
[INFO] [stderr]   -- Checking for appropriate format for 64 bit long: found "l"
[INFO] [stderr]   -- Looking for difftime
[INFO] [stderr]   -- Looking for difftime - found
[INFO] [stderr]   -- Looking for clock_gettime
[INFO] [stderr]   -- Looking for clock_gettime - found
[INFO] [stderr]   -- Looking for clock_gettime in rt
[INFO] [stderr]   -- Looking for clock_gettime in rt - found
[INFO] [stderr]   -- Looking for clock_gettime in posix4
[INFO] [stderr]   -- Looking for clock_gettime in posix4 - not found
[INFO] [stderr]   -- Check size of __float128
[INFO] [stderr]   -- Check size of __float128 - done
[INFO] [stderr]   -- Check size of _Quad
[INFO] [stderr]   -- Check size of _Quad - failed
[INFO] [stderr]   -- Checking IF your system converts long double to (unsigned) long values with special algorithm... no
[INFO] [stderr]   -- Checking IF your system can convert (unsigned) long to long double values with special algorithm... no
[INFO] [stderr]   -- Checking IF correctly converting long double to (unsigned) long long values... yes
[INFO] [stderr]   -- Checking IF correctly converting (unsigned) long long to long double values... yes
[INFO] [stderr]   -- Checking IF the cpu is power9 and cannot correctly converting long double values... no
[INFO] [stderr]   -- Checking IF alignment restrictions are strictly enforced... yes
[INFO] [stderr]   -- Warnings Configuration: default:  -std=c99  -ffunction-sections -fdata-sections -fPIC -m64 :   -ffunction-sections -fdata-sections -fPIC -m64
[INFO] [stderr]   -- CMAKE_C_FLAGS_GENERAL=-Wall;-Wcast-qual;-Wconversion;-Wextra;-Wfloat-equal;-Wformat=2;-Winit-self;-Winvalid-pch;-Wmissing-include-dirs;-Wno-c++-compat;-Wno-format-nonliteral;-Wshadow;-Wundef;-Wwrite-strings;-pedantic
[INFO] [stderr]   -- Filter ZLIB is ON
[INFO] [stderr]   -- Configuring done
[INFO] [stderr]   -- Generating done
[INFO] [stderr]   -- Build files have been written to: /opt/rustwide/target/debug/build/hdf5-src-ed36b9cb98a8d304/out/build
[INFO] [stderr]   running: cd "/opt/rustwide/target/debug/build/hdf5-src-ed36b9cb98a8d304/out/build" && LC_ALL="C" MAKEFLAGS="-j --jobserver-fds=8,9 --jobserver-auth=8,9" "cmake" "--build" "/opt/rustwide/target/debug/build/hdf5-src-ed36b9cb98a8d304/out/build" "--target" "install" "--config" "Debug"
[INFO] [stderr]   [  0%] Building C object src/CMakeFiles/H5make_libsettings.dir/H5make_libsettings.c.o
[INFO] [stderr]   [  0%] Building C object src/CMakeFiles/H5detect.dir/H5detect.c.o
[INFO] [stderr]   [  1%] Linking C executable ../bin/H5make_libsettings
[INFO] [stderr]   [  1%] Built target H5make_libsettings
[INFO] [stderr]   [  1%] Linking C executable ../bin/H5detect
[INFO] [stderr]   [  1%] Built target H5detect
[INFO] [stderr]   [  1%] Generating ../H5Tinit.c, ../gen_SRCS.stamp1
[INFO] [stderr]   [  1%] Generating ../H5lib_settings.c, ../gen_SRCS.stamp2
[INFO] [stderr]                                                                                                                                                                                                                                                                                                                                                                                                                                                                                                                                                                                                                                                                        [  1%] Built target gen_hdf5-static
[INFO] [stderr]   [  2%] Building C object src/CMakeFiles/hdf5-static.dir/H5checksum.c.o
[INFO] [stderr]   [  2%] Building C object src/CMakeFiles/hdf5-static.dir/H5.c.o
[INFO] [stderr]   [  2%] Building C object src/CMakeFiles/hdf5-static.dir/H5mpi.c.o
[INFO] [stderr]   [  2%] Building C object src/CMakeFiles/hdf5-static.dir/H5trace.c.o
[INFO] [stderr]   [  3%] Building C object src/CMakeFiles/hdf5-static.dir/H5timer.c.o
[INFO] [stderr]   [  3%] Building C object src/CMakeFiles/hdf5-static.dir/H5system.c.o
[INFO] [stderr]   [  3%] Building C object src/CMakeFiles/hdf5-static.dir/H5A.c.o
[INFO] [stderr]   [  3%] Building C object src/CMakeFiles/hdf5-static.dir/H5dbg.c.o
[INFO] [stderr]   [  4%] Building C object src/CMakeFiles/hdf5-static.dir/H5Abtree2.c.o
[INFO] [stderr]   [  4%] Building C object src/CMakeFiles/hdf5-static.dir/H5Adense.c.o
[INFO] [stderr]   [  4%] Building C object src/CMakeFiles/hdf5-static.dir/H5Adeprec.c.o
[INFO] [stderr]   [  5%] Building C object src/CMakeFiles/hdf5-static.dir/H5Aint.c.o
[INFO] [stderr]   [  5%] Building C object src/CMakeFiles/hdf5-static.dir/H5Atest.c.o
[INFO] [stderr]   [  5%] Building C object src/CMakeFiles/hdf5-static.dir/H5AC.c.o
[INFO] [stderr]   [  6%] Building C object src/CMakeFiles/hdf5-static.dir/H5ACdbg.c.o
[INFO] [stderr]   [  6%] Building C object src/CMakeFiles/hdf5-static.dir/H5ACmpio.c.o
[INFO] [stderr]   [  6%] Building C object src/CMakeFiles/hdf5-static.dir/H5ACproxy_entry.c.o
[INFO] [stderr]   [  6%] Building C object src/CMakeFiles/hdf5-static.dir/H5B.c.o
[INFO] [stderr]   [  6%] Building C object src/CMakeFiles/hdf5-static.dir/H5Bdbg.c.o
[INFO] [stderr]   [  7%] Building C object src/CMakeFiles/hdf5-static.dir/H5Bcache.c.o
[INFO] [stderr]   [  8%] Building C object src/CMakeFiles/hdf5-static.dir/H5B2cache.c.o
[INFO] [stderr]   [  8%] Building C object src/CMakeFiles/hdf5-static.dir/H5B2.c.o
[INFO] [stderr]   [  8%] Building C object src/CMakeFiles/hdf5-static.dir/H5B2dbg.c.o
[INFO] [stderr]   [  8%] Building C object src/CMakeFiles/hdf5-static.dir/H5B2hdr.c.o
[INFO] [stderr]   [  9%] Building C object src/CMakeFiles/hdf5-static.dir/H5B2int.c.o
[INFO] [stderr]   [  9%] Building C object src/CMakeFiles/hdf5-static.dir/H5B2internal.c.o
[INFO] [stderr]   [  9%] Building C object src/CMakeFiles/hdf5-static.dir/H5B2leaf.c.o
[INFO] [stderr] 
[INFO] [stderr]   --- stderr
[INFO] [stderr]   CMake Warning:
[INFO] [stderr]     Manually-specified variables were not used by the project:
[INFO] [stderr] 
[INFO] [stderr]       CMAKE_ASM_COMPILER
[INFO] [stderr]       CMAKE_ASM_FLAGS
[INFO] [stderr] 
[INFO] [stderr] 
[INFO] [stderr]   /opt/rustwide/cargo-home/registry/src/index.crates.io-1949cf8c6b5b557f/hdf5-src-0.8.1/ext/hdf5/src/H5Adense.c: In function 'H5A__dense_fnd_cb':
[INFO] [stderr]   /opt/rustwide/cargo-home/registry/src/index.crates.io-1949cf8c6b5b557f/hdf5-src-0.8.1/ext/hdf5/src/H5Adense.c:314:27: warning: initialization discards 'const' qualifier from pointer target type [-Wdiscarded-qualifiers]
[INFO] [stderr]     314 |         H5A_t *old_attr = *user_attr;
[INFO] [stderr]         |                           ^
[INFO] [stderr]   /opt/rustwide/cargo-home/registry/src/index.crates.io-1949cf8c6b5b557f/hdf5-src-0.8.1/ext/hdf5/src/H5B2int.c: In function 'H5B2__iterate_node':
[INFO] [stderr]   /opt/rustwide/cargo-home/registry/src/index.crates.io-1949cf8c6b5b557f/hdf5-src-0.8.1/ext/hdf5/src/H5B2int.c:1521:68: warning: cast discards 'const' qualifier from pointer target type [-Wcast-qual]
[INFO] [stderr]    1521 |         if(NULL == (internal = H5B2__protect_internal(hdr, parent, (H5B2_node_ptr_t *)curr_node, depth, FALSE, H5AC__READ_ONLY_FLAG))) /* Casting away const OK -QAK */
[INFO] [stderr]         |                                                                    ^
[INFO] [stderr]   /opt/rustwide/cargo-home/registry/src/index.crates.io-1949cf8c6b5b557f/hdf5-src-0.8.1/ext/hdf5/src/H5B2int.c:1540:60: warning: cast discards 'const' qualifier from pointer target type [-Wcast-qual]
[INFO] [stderr]    1540 |         if(NULL == (leaf = H5B2__protect_leaf(hdr, parent, (H5B2_node_ptr_t *)curr_node, FALSE, H5AC__READ_ONLY_FLAG)))   /* Casting away const OK -QAK */
[INFO] [stderr]         |                                                            ^
[INFO] [stderr]   /opt/rustwide/cargo-home/registry/src/index.crates.io-1949cf8c6b5b557f/hdf5-src-0.8.1/ext/hdf5/src/H5B2int.c: In function 'H5B2__delete_node':
[INFO] [stderr]   /opt/rustwide/cargo-home/registry/src/index.crates.io-1949cf8c6b5b557f/hdf5-src-0.8.1/ext/hdf5/src/H5B2int.c:1630:68: warning: cast discards 'const' qualifier from pointer target type [-Wcast-qual]
[INFO] [stderr]    1630 |         if(NULL == (internal = H5B2__protect_internal(hdr, parent, (H5B2_node_ptr_t *)curr_node, depth, FALSE, H5AC__NO_FLAGS_SET)))   /* Casting away const OK -QAK */
[INFO] [stderr]         |                                                                    ^
[INFO] [stderr]   /opt/rustwide/cargo-home/registry/src/index.crates.io-1949cf8c6b5b557f/hdf5-src-0.8.1/ext/hdf5/src/H5B2int.c:1647:60: warning: cast discards 'const' qualifier from pointer target type [-Wcast-qual]
[INFO] [stderr]    1647 |         if(NULL == (leaf = H5B2__protect_leaf(hdr, parent, (H5B2_node_ptr_t *)curr_node, FALSE, H5AC__NO_FLAGS_SET)))     /* Casting away const OK -QAK */
[INFO] [stderr]         |                                                            ^
[INFO] [stderr]   /opt/rustwide/cargo-home/registry/src/index.crates.io-1949cf8c6b5b557f/hdf5-src-0.8.1/ext/hdf5/src/H5B2int.c: In function 'H5B2__node_size':
[INFO] [stderr]   /opt/rustwide/cargo-home/registry/src/index.crates.io-1949cf8c6b5b557f/hdf5-src-0.8.1/ext/hdf5/src/H5B2int.c:1706:64: warning: cast discards 'const' qualifier from pointer target type [-Wcast-qual]
[INFO] [stderr]    1706 |     if(NULL == (internal = H5B2__protect_internal(hdr, parent, (H5B2_node_ptr_t *)curr_node, depth, FALSE, H5AC__READ_ONLY_FLAG)))     /* Casting away const OK -QAK */
[INFO] [stderr]         |                                                                ^
[INFO] [stderr]   /opt/rustwide/cargo-home/registry/src/index.crates.io-1949cf8c6b5b557f/hdf5-src-0.8.1/ext/hdf5/src/H5B2int.c: In function 'H5B2__update_flush_depend':
[INFO] [stderr]   /opt/rustwide/cargo-home/registry/src/index.crates.io-1949cf8c6b5b557f/hdf5-src-0.8.1/ext/hdf5/src/H5B2int.c:1808:77: warning: cast discards 'const' qualifier from pointer target type [-Wcast-qual]
[INFO] [stderr]    1808 |             if(NULL == (child_int = H5B2__protect_internal(hdr, new_parent, (H5B2_node_ptr_t *)node_ptr, (uint16_t)(depth - 1), FALSE, H5AC__NO_FLAGS_SET)))      /* Casting away const OK -QAK */
[INFO] [stderr]         |                                                                             ^
[INFO] [stderr]   /opt/rustwide/cargo-home/registry/src/index.crates.io-1949cf8c6b5b557f/hdf5-src-0.8.1/ext/hdf5/src/H5B2int.c:1824:74: warning: cast discards 'const' qualifier from pointer target type [-Wcast-qual]
[INFO] [stderr]    1824 |             if(NULL == (child_leaf = H5B2__protect_leaf(hdr, new_parent, (H5B2_node_ptr_t *)node_ptr, FALSE, H5AC__NO_FLAGS_SET)))    /* Casting away const OK -QAK */
[INFO] [stderr]         |                                                                          ^
[INFO] [stderr]   /tmp/cc494cVO.s: Assembler messages:
[INFO] [stderr]   /tmp/cc494cVO.s: Fatal error: can't write 109 bytes to section .rodata.H5B2__hdr_alloc.str1.8 of CMakeFiles/hdf5-static.dir/H5B2hdr.c.o: 'No space left on device'
[INFO] [stderr]   /tmp/cc494cVO.s: Fatal error: CMakeFiles/hdf5-static.dir/H5B2hdr.c.o: No space left on device
[INFO] [stderr]   gmake[2]: *** [src/CMakeFiles/hdf5-static.dir/build.make:414: src/CMakeFiles/hdf5-static.dir/H5B2hdr.c.o] Error 1
[INFO] [stderr]   gmake[2]: *** Waiting for unfinished jobs....
[INFO] [stderr]   /opt/rustwide/cargo-home/registry/src/index.crates.io-1949cf8c6b5b557f/hdf5-src-0.8.1/ext/hdf5/src/H5AC.c:2852:1: fatal error: error writing to /tmp/ccgSKnvg.s: No space left on device
[INFO] [stderr]    2852 | } /* H5AC_get_mdc_image_info() */
[INFO] [stderr]         | ^
[INFO] [stderr]   compilation terminated.
[INFO] [stderr]   gmake[2]: *** [src/CMakeFiles/hdf5-static.dir/build.make:274: src/CMakeFiles/hdf5-static.dir/H5AC.c.o] Error 1
[INFO] [stderr]   /opt/rustwide/cargo-home/registry/src/index.crates.io-1949cf8c6b5b557f/hdf5-src-0.8.1/ext/hdf5/src/H5B2.c:1609:1: fatal error: error writing to /tmp/ccryXvtH.s: No space left on device
[INFO] [stderr]    1609 | } /* H5B2_patch_file() */
[INFO] [stderr]         | ^
[INFO] [stderr]   compilation terminated.
[INFO] [stderr]   gmake[2]: *** [src/CMakeFiles/hdf5-static.dir/build.make:372: src/CMakeFiles/hdf5-static.dir/H5B2.c.o] Error 1
[INFO] [stderr]   gmake[1]: *** [CMakeFiles/Makefile2:218: src/CMakeFiles/hdf5-static.dir/all] Error 2
[INFO] [stderr]   gmake: *** [Makefile:136: all] Error 2
[INFO] [stderr] 
[INFO] [stderr]   thread 'main' panicked at /opt/rustwide/cargo-home/registry/src/index.crates.io-1949cf8c6b5b557f/cmake-0.1.52/src/lib.rs:1115:5:
[INFO] [stderr] 
[INFO] [stderr]   command did not execute successfully, got: exit status: 2
[INFO] [stderr] 
[INFO] [stderr]   build script failed, must exit now
[INFO] [stderr]   stack backtrace:
[INFO] [stderr]      0:     0x5da7aa3e183a - std::backtrace_rs::backtrace::libunwind::trace::hb059275cfc8d6126
[INFO] [stderr]                                  at /rustc/6067b36314ab5eb2eb47cecc464545ba58e1ad24/library/std/src/../../backtrace/src/backtrace/libunwind.rs:116:5
[INFO] [stderr]      1:     0x5da7aa3e183a - std::backtrace_rs::backtrace::trace_unsynchronized::h2da071e4327ce3ee
[INFO] [stderr]                                  at /rustc/6067b36314ab5eb2eb47cecc464545ba58e1ad24/library/std/src/../../backtrace/src/backtrace/mod.rs:66:5
[INFO] [stderr]      2:     0x5da7aa3e183a - std::sys::backtrace::_print_fmt::h842a1474e6f8d23f
[INFO] [stderr]                                  at /rustc/6067b36314ab5eb2eb47cecc464545ba58e1ad24/library/std/src/sys/backtrace.rs:66:9
[INFO] [stderr]      3:     0x5da7aa3e183a - <std::sys::backtrace::BacktraceLock::print::DisplayBacktrace as core::fmt::Display>::fmt::h71a62eb3b9696b12
[INFO] [stderr]                                  at /rustc/6067b36314ab5eb2eb47cecc464545ba58e1ad24/library/std/src/sys/backtrace.rs:39:26
[INFO] [stderr]      4:     0x5da7aa405ea3 - core::fmt::rt::Argument::fmt::hdb6b616786b41dc1
[INFO] [stderr]                                  at /rustc/6067b36314ab5eb2eb47cecc464545ba58e1ad24/library/core/src/fmt/rt.rs:177:76
[INFO] [stderr]      5:     0x5da7aa405ea3 - core::fmt::write::h2cc1698af7e2d686
[INFO] [stderr]                                  at /rustc/6067b36314ab5eb2eb47cecc464545ba58e1ad24/library/core/src/fmt/mod.rs:1440:21
[INFO] [stderr]      6:     0x5da7aa3ddd93 - std::io::Write::write_fmt::h00c8700df393f328
[INFO] [stderr]                                  at /rustc/6067b36314ab5eb2eb47cecc464545ba58e1ad24/library/std/src/io/mod.rs:1887:15
[INFO] [stderr]      7:     0x5da7aa3e1682 - std::sys::backtrace::BacktraceLock::print::h147fe35b4ea13b08
[INFO] [stderr]                                  at /rustc/6067b36314ab5eb2eb47cecc464545ba58e1ad24/library/std/src/sys/backtrace.rs:42:9
[INFO] [stderr]      8:     0x5da7aa3e280f - std::panicking::default_hook::{{closure}}::hbd44223dbdc0d208
[INFO] [stderr]                                  at /rustc/6067b36314ab5eb2eb47cecc464545ba58e1ad24/library/std/src/panicking.rs:298:22
[INFO] [stderr]      9:     0x5da7aa3e267a - std::panicking::default_hook::h20f81eb0576efcec
[INFO] [stderr]                                  at /rustc/6067b36314ab5eb2eb47cecc464545ba58e1ad24/library/std/src/panicking.rs:325:9
[INFO] [stderr]     10:     0x5da7aa3e31f2 - std::panicking::rust_panic_with_hook::h625eea43051b2edc
[INFO] [stderr]                                  at /rustc/6067b36314ab5eb2eb47cecc464545ba58e1ad24/library/std/src/panicking.rs:831:13
[INFO] [stderr]     11:     0x5da7aa3e2f7a - std::panicking::begin_panic_handler::{{closure}}::h4f9159cfbc3f6bd3
[INFO] [stderr]                                  at /rustc/6067b36314ab5eb2eb47cecc464545ba58e1ad24/library/std/src/panicking.rs:704:13
[INFO] [stderr]     12:     0x5da7aa3e1d39 - std::sys::backtrace::__rust_end_short_backtrace::h0390abce48353151
[INFO] [stderr]                                  at /rustc/6067b36314ab5eb2eb47cecc464545ba58e1ad24/library/std/src/sys/backtrace.rs:168:18
[INFO] [stderr]     13:     0x5da7aa3e2c0d - rust_begin_unwind
[INFO] [stderr]                                  at /rustc/6067b36314ab5eb2eb47cecc464545ba58e1ad24/library/std/src/panicking.rs:695:5
[INFO] [stderr]     14:     0x5da7aa404c70 - core::panicking::panic_fmt::h9e7c637e9e5f29c9
[INFO] [stderr]                                  at /rustc/6067b36314ab5eb2eb47cecc464545ba58e1ad24/library/core/src/panicking.rs:75:14
[INFO] [stderr]     15:     0x5da7aa3580bf - cmake::fail::h587c1802e2b39161
[INFO] [stderr]     16:     0x5da7aa357902 - cmake::run::hf71ac5bd2959d9a1
[INFO] [stderr]     17:     0x5da7aa3543fb - cmake::Config::build::h2b8d1fc5d854f1ae
[INFO] [stderr]     18:     0x5da7aa34d68c - build_script_build::main::h3435d8815f9c5317
[INFO] [stderr]     19:     0x5da7aa34ae03 - core::ops::function::FnOnce::call_once::h2b13cb2bf2693c8b
[INFO] [stderr]     20:     0x5da7aa34ad26 - std::sys::backtrace::__rust_begin_short_backtrace::hf0aebaa6e7568052
[INFO] [stderr]     21:     0x5da7aa34abd9 - std::rt::lang_start::{{closure}}::hf0e9c966e6a14d8c
[INFO] [stderr]     22:     0x5da7aa3d9b40 - core::ops::function::impls::<impl core::ops::function::FnOnce<A> for &F>::call_once::h1b085b6c1d2518b2
[INFO] [stderr]                                  at /rustc/6067b36314ab5eb2eb47cecc464545ba58e1ad24/library/core/src/ops/function.rs:284:13
[INFO] [stderr]     23:     0x5da7aa3d9b40 - std::panicking::try::do_call::h382f964a5a23b565
[INFO] [stderr]                                  at /rustc/6067b36314ab5eb2eb47cecc464545ba58e1ad24/library/std/src/panicking.rs:587:40
[INFO] [stderr]     24:     0x5da7aa3d9b40 - std::panicking::try::h57f991055eb622f9
[INFO] [stderr]                                  at /rustc/6067b36314ab5eb2eb47cecc464545ba58e1ad24/library/std/src/panicking.rs:550:19
[INFO] [stderr]     25:     0x5da7aa3d9b40 - std::panic::catch_unwind::h4d9a74ef04456343
[INFO] [stderr]                                  at /rustc/6067b36314ab5eb2eb47cecc464545ba58e1ad24/library/std/src/panic.rs:358:14
[INFO] [stderr]     26:     0x5da7aa3d9b40 - std::rt::lang_start_internal::{{closure}}::h2faa8ae84a93f314
[INFO] [stderr]                                  at /rustc/6067b36314ab5eb2eb47cecc464545ba58e1ad24/library/std/src/rt.rs:163:24
[INFO] [stderr]     27:     0x5da7aa3d9b40 - std::panicking::try::do_call::h0f8932bf638a9bf5
[INFO] [stderr]                                  at /rustc/6067b36314ab5eb2eb47cecc464545ba58e1ad24/library/std/src/panicking.rs:587:40
[INFO] [stderr]     28:     0x5da7aa3d9b40 - std::panicking::try::h683416ea756b175d
[INFO] [stderr]                                  at /rustc/6067b36314ab5eb2eb47cecc464545ba58e1ad24/library/std/src/panicking.rs:550:19
[INFO] [stderr]     29:     0x5da7aa3d9b40 - std::panic::catch_unwind::h56189fac8994979f
[INFO] [stderr]                                  at /rustc/6067b36314ab5eb2eb47cecc464545ba58e1ad24/library/std/src/panic.rs:358:14
[INFO] [stderr]     30:     0x5da7aa3d9b40 - std::rt::lang_start_internal::h8bbc1061691274fe
[INFO] [stderr]                                  at /rustc/6067b36314ab5eb2eb47cecc464545ba58e1ad24/library/std/src/rt.rs:159:5
[INFO] [stderr]     31:     0x5da7aa34abc1 - std::rt::lang_start::h5adcc740a9b338e1
[INFO] [stderr]     32:     0x5da7aa34dd45 - main
[INFO] [stderr]     33:     0x798ac71b7d90 - <unknown>
[INFO] [stderr]     34:     0x798ac71b7e40 - __libc_start_main
[INFO] [stderr]     35:     0x5da7aa34a9f5 - _start
[INFO] [stderr]     36:                0x0 - <unknown>
[INFO] running `Command { std: "docker" "inspect" "93ef900bd0cd049fb4edf8bb620a68e0eab519c96b10e200ca75a78d456411dc", kill_on_drop: false }`
[INFO] running `Command { std: "docker" "rm" "-f" "93ef900bd0cd049fb4edf8bb620a68e0eab519c96b10e200ca75a78d456411dc", kill_on_drop: false }`
[INFO] [stdout] 93ef900bd0cd049fb4edf8bb620a68e0eab519c96b10e200ca75a78d456411dc
