[INFO] fetching crate gotpm 0.2.1...
[INFO] testing gotpm-0.2.1 against nightly-2025-01-18+rustflags=-Zrandomize-layout for randomize-layout-2
[INFO] extracting crate gotpm 0.2.1 into /workspace/builds/worker-3-tc2/source
[INFO] validating manifest of crates.io crate gotpm 0.2.1 on toolchain nightly-2025-01-18
[INFO] running `Command { std: CARGO_HOME="/workspace/cargo-home" RUSTUP_HOME="/workspace/rustup-home" "/workspace/cargo-home/bin/cargo" "+nightly-2025-01-18" "metadata" "--manifest-path" "Cargo.toml" "--no-deps", kill_on_drop: false }`
[INFO] started tweaking crates.io crate gotpm 0.2.1
[INFO] finished tweaking crates.io crate gotpm 0.2.1
[INFO] tweaked toml for crates.io crate gotpm 0.2.1 written to /workspace/builds/worker-3-tc2/source/Cargo.toml
[INFO] crate crates.io crate gotpm 0.2.1 already has a lockfile, it will not be regenerated
[INFO] running `Command { std: CARGO_HOME="/workspace/cargo-home" RUSTUP_HOME="/workspace/rustup-home" "/workspace/cargo-home/bin/cargo" "+nightly-2025-01-18" "fetch" "--manifest-path" "Cargo.toml", kill_on_drop: false }`
[INFO] [stderr]     Blocking waiting for file lock on package cache
[INFO] running `Command { std: "docker" "create" "-v" "/var/lib/crater-agent-workspace/builds/worker-3-tc2/target:/opt/rustwide/target:rw,Z" "-v" "/var/lib/crater-agent-workspace/builds/worker-3-tc2/source:/opt/rustwide/workdir:ro,Z" "-v" "/var/lib/crater-agent-workspace/cargo-home:/opt/rustwide/cargo-home:ro,Z" "-v" "/var/lib/crater-agent-workspace/rustup-home:/opt/rustwide/rustup-home:ro,Z" "-e" "SOURCE_DIR=/opt/rustwide/workdir" "-e" "CARGO_TARGET_DIR=/opt/rustwide/target" "-e" "CARGO_HOME=/opt/rustwide/cargo-home" "-e" "RUSTUP_HOME=/opt/rustwide/rustup-home" "-w" "/opt/rustwide/workdir" "-m" "1610612736" "--user" "0:0" "--network" "none" "ghcr.io/rust-lang/crates-build-env/linux@sha256:819108c5571ea2e421544af4d832f968d213c87fbe3707a016657f43d2f853bc" "/opt/rustwide/cargo-home/bin/cargo" "+nightly-2025-01-18" "metadata" "--no-deps" "--format-version=1", kill_on_drop: false }`
[INFO] [stdout] 52fe3f822a98490f34285be84ecd4ea8240d25c1c6ef8da41beb284248637a39
[INFO] running `Command { std: "docker" "start" "-a" "52fe3f822a98490f34285be84ecd4ea8240d25c1c6ef8da41beb284248637a39", kill_on_drop: false }`
[INFO] running `Command { std: "docker" "inspect" "52fe3f822a98490f34285be84ecd4ea8240d25c1c6ef8da41beb284248637a39", kill_on_drop: false }`
[INFO] running `Command { std: "docker" "rm" "-f" "52fe3f822a98490f34285be84ecd4ea8240d25c1c6ef8da41beb284248637a39", kill_on_drop: false }`
[INFO] [stdout] 52fe3f822a98490f34285be84ecd4ea8240d25c1c6ef8da41beb284248637a39
[INFO] running `Command { std: "docker" "create" "-v" "/var/lib/crater-agent-workspace/builds/worker-3-tc2/target:/opt/rustwide/target:rw,Z" "-v" "/var/lib/crater-agent-workspace/builds/worker-3-tc2/source:/opt/rustwide/workdir:ro,Z" "-v" "/var/lib/crater-agent-workspace/cargo-home:/opt/rustwide/cargo-home:ro,Z" "-v" "/var/lib/crater-agent-workspace/rustup-home:/opt/rustwide/rustup-home:ro,Z" "-e" "SOURCE_DIR=/opt/rustwide/workdir" "-e" "CARGO_TARGET_DIR=/opt/rustwide/target" "-e" "CARGO_INCREMENTAL=0" "-e" "RUST_BACKTRACE=full" "-e" "RUSTFLAGS=--cap-lints=forbid -Zrandomize-layout" "-e" "RUSTDOCFLAGS=--cap-lints=forbid" "-e" "CARGO_HOME=/opt/rustwide/cargo-home" "-e" "RUSTUP_HOME=/opt/rustwide/rustup-home" "-w" "/opt/rustwide/workdir" "-m" "1610612736" "--user" "0:0" "--network" "none" "ghcr.io/rust-lang/crates-build-env/linux@sha256:819108c5571ea2e421544af4d832f968d213c87fbe3707a016657f43d2f853bc" "/opt/rustwide/cargo-home/bin/cargo" "+nightly-2025-01-18" "build" "--frozen" "--message-format=json", kill_on_drop: false }`
[INFO] [stdout] e63cfa59986700623ece08d6539f99173e28ac8f17ce0844e2aaa4d95572af30
[INFO] running `Command { std: "docker" "start" "-a" "e63cfa59986700623ece08d6539f99173e28ac8f17ce0844e2aaa4d95572af30", kill_on_drop: false }`
[INFO] [stderr]    Compiling libc v0.2.123
[INFO] [stderr]    Compiling autocfg v1.1.0
[INFO] [stderr]    Compiling pkg-config v0.3.25
[INFO] [stderr]    Compiling proc-macro2 v1.0.37
[INFO] [stderr]    Compiling unicode-xid v0.2.2
[INFO] [stderr]    Compiling syn v1.0.91
[INFO] [stderr]    Compiling memchr v2.4.1
[INFO] [stderr]    Compiling lazy_static v1.4.0
[INFO] [stderr]    Compiling cfg-if v1.0.0
[INFO] [stderr]    Compiling once_cell v1.10.0
[INFO] [stderr]    Compiling version_check v0.9.4
[INFO] [stderr]    Compiling tinyvec_macros v0.1.0
[INFO] [stderr]    Compiling matches v0.1.9
[INFO] [stderr]    Compiling pin-project-lite v0.2.8
[INFO] [stderr]    Compiling eyre v0.6.8
[INFO] [stderr]    Compiling log v0.4.16
[INFO] [stderr]    Compiling tracing-core v0.1.26
[INFO] [stderr]    Compiling tinyvec v1.5.1
[INFO] [stderr]    Compiling sharded-slab v0.1.4
[INFO] [stderr]    Compiling gimli v0.26.1
[INFO] [stderr]    Compiling percent-encoding v2.1.0
[INFO] [stderr]    Compiling adler v1.0.2
[INFO] [stderr]    Compiling thread_local v1.1.4
[INFO] [stderr]    Compiling unicode-bidi v0.3.7
[INFO] [stderr]    Compiling indenter v0.3.3
[INFO] [stderr]    Compiling hashbrown v0.11.2
[INFO] [stderr]    Compiling form_urlencoded v1.0.1
[INFO] [stderr]    Compiling proc-macro-error-attr v1.0.4
[INFO] [stderr]    Compiling proc-macro-error v1.0.4
[INFO] [stderr]    Compiling rustc-demangle v0.1.21
[INFO] [stderr]    Compiling bitflags v1.3.2
[INFO] [stderr]    Compiling owo-colors v1.3.0
[INFO] [stderr]    Compiling unicode-segmentation v1.9.0
[INFO] [stderr]    Compiling miniz_oxide v0.4.4
[INFO] [stderr]    Compiling unicode-normalization v0.1.19
[INFO] [stderr]    Compiling indexmap v1.8.1
[INFO] [stderr]    Compiling quote v1.0.18
[INFO] [stderr]    Compiling tracing-subscriber v0.2.25
[INFO] [stderr]    Compiling heck v0.3.3
[INFO] [stderr]    Compiling either v1.6.1
[INFO] [stderr]    Compiling regex-syntax v0.6.25
[INFO] [stderr]    Compiling foreign-types-shared v0.1.1
[INFO] [stderr]    Compiling heck v0.4.0
[INFO] [stderr]    Compiling openssl v0.10.38
[INFO] [stderr]    Compiling bytes v1.1.0
[INFO] [stderr]    Compiling object v0.27.1
[INFO] [stderr]    Compiling aho-corasick v0.7.18
[INFO] [stderr]    Compiling itertools v0.10.3
[INFO] [stderr]    Compiling os_str_bytes v6.0.0
[INFO] [stderr]    Compiling foreign-types v0.3.2
[INFO] [stderr]    Compiling openssl-probe v0.1.5
[INFO] [stderr]    Compiling textwrap v0.15.0
[INFO] [stderr]    Compiling combine v4.6.3
[INFO] [stderr]    Compiling strsim v0.10.0
[INFO] [stderr]    Compiling strum v0.22.0
[INFO] [stderr]    Compiling termcolor v1.1.3
[INFO] [stderr]    Compiling addr2line v0.17.0
[INFO] [stderr]    Compiling jobserver v0.1.24
[INFO] [stderr]    Compiling atty v0.2.14
[INFO] [stderr]    Compiling fs_extra v1.2.0
[INFO] [stderr]    Compiling cc v1.0.73
[INFO] [stderr]    Compiling idna v0.2.3
[INFO] [stderr]    Compiling url v2.2.2
[INFO] [stderr]    Compiling regex v1.5.5
[INFO] [stderr]    Compiling openssl-sys v0.9.72
[INFO] [stderr]    Compiling libz-sys v1.1.5
[INFO] [stderr]    Compiling libssh2-sys v0.2.23
[INFO] [stderr]    Compiling backtrace v0.3.64
[INFO] [stderr]    Compiling libgit2-sys v0.13.2+1.4.2
[INFO] [stdout] error: couldn't create a temp dir: No space left on device (os error 28) at path "/tmp/rustcly1oJR"
[INFO] [stdout] 
[INFO] [stdout] 
[INFO] [stderr] error: could not compile `regex` (lib) due to 1 previous error
[INFO] [stderr] warning: build failed, waiting for other jobs to finish...
[INFO] [stdout] error: failed to write to `/opt/rustwide/target/debug/deps/rmetau5kbTM/lib.rmeta`: No space left on device (os error 28)
[INFO] [stdout] 
[INFO] [stdout] 
[INFO] [stderr] error: could not compile `object` (lib) due to 1 previous error
[INFO] [stderr] warning: libgit2-sys@0.13.2+1.4.2: /tmp/ccG88P8A.s: Assembler messages:
[INFO] [stderr] warning: libgit2-sys@0.13.2+1.4.2: /tmp/ccG88P8A.s: Fatal error: can't write 32 bytes to section .text.git__is_sizet of /opt/rustwide/target/debug/build/libgit2-sys-13e85beb07591a64/out/build/libgit2/src/commit_graph.o: 'No space left on device'
[INFO] [stderr] warning: libgit2-sys@0.13.2+1.4.2: /tmp/ccG88P8A.s: Fatal error: /opt/rustwide/target/debug/build/libgit2-sys-13e85beb07591a64/out/build/libgit2/src/commit_graph.o: No space left on device
[INFO] [stderr] warning: libgit2-sys@0.13.2+1.4.2: libgit2/src/date.c:897:1: fatal error: error writing to /tmp/cclB4AhG.s: No space left on device
[INFO] [stderr] warning: libgit2-sys@0.13.2+1.4.2:   897 | }
[INFO] [stderr] warning: libgit2-sys@0.13.2+1.4.2:       | ^
[INFO] [stderr] warning: libgit2-sys@0.13.2+1.4.2: compilation terminated.
[INFO] [stderr] warning: libgit2-sys@0.13.2+1.4.2: libgit2/src/delta.c:628:1: fatal error: error writing to /tmp/ccGoneN6.s: No space left on device
[INFO] [stderr] warning: libgit2-sys@0.13.2+1.4.2:   628 | }
[INFO] [stderr] warning: libgit2-sys@0.13.2+1.4.2:       | ^
[INFO] [stderr] warning: libgit2-sys@0.13.2+1.4.2: compilation terminated.
[INFO] [stderr] warning: libgit2-sys@0.13.2+1.4.2: libgit2/src/config.c:1566:1: fatal error: error writing to /tmp/ccbSEo8y.s: No space left on device
[INFO] [stderr] warning: libgit2-sys@0.13.2+1.4.2:  1566 | }
[INFO] [stderr] warning: libgit2-sys@0.13.2+1.4.2:       | ^
[INFO] [stderr] warning: libgit2-sys@0.13.2+1.4.2: compilation terminated.
[INFO] [stderr] warning: libgit2-sys@0.13.2+1.4.2: libgit2/src/config_mem.c:220:1: fatal error: error writing to /tmp/cc1teyiJ.s: No space left on device
[INFO] [stderr] warning: libgit2-sys@0.13.2+1.4.2:   220 | }
[INFO] [stderr] warning: libgit2-sys@0.13.2+1.4.2:       | ^
[INFO] [stderr] warning: libgit2-sys@0.13.2+1.4.2: compilation terminated.
[INFO] [stderr] warning: libgit2-sys@0.13.2+1.4.2: libgit2/src/diff.c:389:1: fatal error: error writing to /tmp/cc3iG2L9.s: No space left on device
[INFO] [stderr] warning: libgit2-sys@0.13.2+1.4.2:   389 | }
[INFO] [stderr] warning: libgit2-sys@0.13.2+1.4.2:       | ^
[INFO] [stderr] warning: libgit2-sys@0.13.2+1.4.2: compilation terminated.
[INFO] [stderr] warning: libgit2-sys@0.13.2+1.4.2: libgit2/src/config_parse.c:580:1: fatal error: error writing to /tmp/ccuq9SI6.s: No space left on device
[INFO] [stderr] warning: libgit2-sys@0.13.2+1.4.2:   580 | }
[INFO] [stderr] warning: libgit2-sys@0.13.2+1.4.2:       | ^
[INFO] [stderr] warning: libgit2-sys@0.13.2+1.4.2: compilation terminated.
[INFO] [stderr] warning: libgit2-sys@0.13.2+1.4.2: libgit2/src/describe.c:908:1: fatal error: error writing to /tmp/cc3dsSSE.s: No space left on device
[INFO] [stderr] warning: libgit2-sys@0.13.2+1.4.2:   908 | }
[INFO] [stderr] warning: libgit2-sys@0.13.2+1.4.2:       | ^
[INFO] [stderr] warning: libgit2-sys@0.13.2+1.4.2: compilation terminated.
[INFO] [stderr] warning: libgit2-sys@0.13.2+1.4.2: libgit2/src/crlf.c:426:1: fatal error: error writing to /tmp/ccgFOM9J.s: No space left on device
[INFO] [stderr] warning: libgit2-sys@0.13.2+1.4.2:   426 | }
[INFO] [stderr] warning: libgit2-sys@0.13.2+1.4.2:       | ^
[INFO] [stderr] warning: libgit2-sys@0.13.2+1.4.2: compilation terminated.
[INFO] [stderr] warning: libgit2-sys@0.13.2+1.4.2: libgit2/src/diff_driver.c:522:1: fatal error: error writing to /tmp/ccJs6t8z.s: No space left on device
[INFO] [stderr] warning: libgit2-sys@0.13.2+1.4.2:   522 | }
[INFO] [stderr] warning: libgit2-sys@0.13.2+1.4.2:       | ^
[INFO] [stderr] warning: libgit2-sys@0.13.2+1.4.2: compilation terminated.
[INFO] [stderr] error: failed to run custom build command for `libgit2-sys v0.13.2+1.4.2`
[INFO] [stderr] note: To improve backtraces for build dependencies, set the CARGO_PROFILE_DEV_BUILD_OVERRIDE_DEBUG=true environment variable to enable debug information generation.
[INFO] [stderr] 
[INFO] [stderr] Caused by:
[INFO] [stderr]   process didn't exit successfully: `/opt/rustwide/target/debug/build/libgit2-sys-a9e6b2dd4cc74566/build-script-build` (exit status: 1)
[INFO] [stderr]   --- stdout
[INFO] [stderr]   cargo:rerun-if-env-changed=LIBGIT2_NO_PKG_CONFIG
[INFO] [stderr]   cargo:rerun-if-env-changed=PKG_CONFIG_x86_64-unknown-linux-gnu
[INFO] [stderr]   cargo:rerun-if-env-changed=PKG_CONFIG_x86_64_unknown_linux_gnu
[INFO] [stderr]   cargo:rerun-if-env-changed=HOST_PKG_CONFIG
[INFO] [stderr]   cargo:rerun-if-env-changed=PKG_CONFIG
[INFO] [stderr]   cargo:rerun-if-env-changed=LIBGIT2_STATIC
[INFO] [stderr]   cargo:rerun-if-env-changed=LIBGIT2_DYNAMIC
[INFO] [stderr]   cargo:rerun-if-env-changed=PKG_CONFIG_ALL_STATIC
[INFO] [stderr]   cargo:rerun-if-env-changed=PKG_CONFIG_ALL_DYNAMIC
[INFO] [stderr]   cargo:rerun-if-env-changed=PKG_CONFIG_PATH_x86_64-unknown-linux-gnu
[INFO] [stderr]   cargo:rerun-if-env-changed=PKG_CONFIG_PATH_x86_64_unknown_linux_gnu
[INFO] [stderr]   cargo:rerun-if-env-changed=HOST_PKG_CONFIG_PATH
[INFO] [stderr]   cargo:rerun-if-env-changed=PKG_CONFIG_PATH
[INFO] [stderr]   cargo:rerun-if-env-changed=PKG_CONFIG_LIBDIR_x86_64-unknown-linux-gnu
[INFO] [stderr]   cargo:rerun-if-env-changed=PKG_CONFIG_LIBDIR_x86_64_unknown_linux_gnu
[INFO] [stderr]   cargo:rerun-if-env-changed=HOST_PKG_CONFIG_LIBDIR
[INFO] [stderr]   cargo:rerun-if-env-changed=PKG_CONFIG_LIBDIR
[INFO] [stderr]   cargo:rerun-if-env-changed=PKG_CONFIG_SYSROOT_DIR_x86_64-unknown-linux-gnu
[INFO] [stderr]   cargo:rerun-if-env-changed=PKG_CONFIG_SYSROOT_DIR_x86_64_unknown_linux_gnu
[INFO] [stderr]   cargo:rerun-if-env-changed=HOST_PKG_CONFIG_SYSROOT_DIR
[INFO] [stderr]   cargo:rerun-if-env-changed=PKG_CONFIG_SYSROOT_DIR
[INFO] [stderr]   cargo:rustc-cfg=libgit2_vendored
[INFO] [stderr]   libgit2/include/git2.h => /opt/rustwide/target/debug/build/libgit2-sys-13e85beb07591a64/out/include/git2.h
[INFO] [stderr]   libgit2/include/git2/errors.h => /opt/rustwide/target/debug/build/libgit2-sys-13e85beb07591a64/out/include/git2/errors.h
[INFO] [stderr]   libgit2/include/git2/refs.h => /opt/rustwide/target/debug/build/libgit2-sys-13e85beb07591a64/out/include/git2/refs.h
[INFO] [stderr]   libgit2/include/git2/reflog.h => /opt/rustwide/target/debug/build/libgit2-sys-13e85beb07591a64/out/include/git2/reflog.h
[INFO] [stderr]   libgit2/include/git2/signature.h => /opt/rustwide/target/debug/build/libgit2-sys-13e85beb07591a64/out/include/git2/signature.h
[INFO] [stderr]   libgit2/include/git2/index.h => /opt/rustwide/target/debug/build/libgit2-sys-13e85beb07591a64/out/include/git2/index.h
[INFO] [stderr]   libgit2/include/git2/object.h => /opt/rustwide/target/debug/build/libgit2-sys-13e85beb07591a64/out/include/git2/object.h
[INFO] [stderr]   libgit2/include/git2/pack.h => /opt/rustwide/target/debug/build/libgit2-sys-13e85beb07591a64/out/include/git2/pack.h
[INFO] [stderr]   libgit2/include/git2/revert.h => /opt/rustwide/target/debug/build/libgit2-sys-13e85beb07591a64/out/include/git2/revert.h
[INFO] [stderr]   libgit2/include/git2/trace.h => /opt/rustwide/target/debug/build/libgit2-sys-13e85beb07591a64/out/include/git2/trace.h
[INFO] [stderr]   libgit2/include/git2/apply.h => /opt/rustwide/target/debug/build/libgit2-sys-13e85beb07591a64/out/include/git2/apply.h
[INFO] [stderr]   libgit2/include/git2/strarray.h => /opt/rustwide/target/debug/build/libgit2-sys-13e85beb07591a64/out/include/git2/strarray.h
[INFO] [stderr]   libgit2/include/git2/revwalk.h => /opt/rustwide/target/debug/build/libgit2-sys-13e85beb07591a64/out/include/git2/revwalk.h
[INFO] [stderr]   libgit2/include/git2/mailmap.h => /opt/rustwide/target/debug/build/libgit2-sys-13e85beb07591a64/out/include/git2/mailmap.h
[INFO] [stderr]   libgit2/include/git2/remote.h => /opt/rustwide/target/debug/build/libgit2-sys-13e85beb07591a64/out/include/git2/remote.h
[INFO] [stderr]   libgit2/include/git2/clone.h => /opt/rustwide/target/debug/build/libgit2-sys-13e85beb07591a64/out/include/git2/clone.h
[INFO] [stderr]   libgit2/include/git2/branch.h => /opt/rustwide/target/debug/build/libgit2-sys-13e85beb07591a64/out/include/git2/branch.h
[INFO] [stderr]   libgit2/include/git2/types.h => /opt/rustwide/target/debug/build/libgit2-sys-13e85beb07591a64/out/include/git2/types.h
[INFO] [stderr]   libgit2/include/git2/transport.h => /opt/rustwide/target/debug/build/libgit2-sys-13e85beb07591a64/out/include/git2/transport.h
[INFO] [stderr]   libgit2/include/git2/status.h => /opt/rustwide/target/debug/build/libgit2-sys-13e85beb07591a64/out/include/git2/status.h
[INFO] [stderr]   libgit2/include/git2/tag.h => /opt/rustwide/target/debug/build/libgit2-sys-13e85beb07591a64/out/include/git2/tag.h
[INFO] [stderr]   libgit2/include/git2/commit.h => /opt/rustwide/target/debug/build/libgit2-sys-13e85beb07591a64/out/include/git2/commit.h
[INFO] [stderr]   libgit2/include/git2/indexer.h => /opt/rustwide/target/debug/build/libgit2-sys-13e85beb07591a64/out/include/git2/indexer.h
[INFO] [stderr]   libgit2/include/git2/blob.h => /opt/rustwide/target/debug/build/libgit2-sys-13e85beb07591a64/out/include/git2/blob.h
[INFO] [stderr]   libgit2/include/git2/proxy.h => /opt/rustwide/target/debug/build/libgit2-sys-13e85beb07591a64/out/include/git2/proxy.h
[INFO] [stderr]   libgit2/include/git2/revparse.h => /opt/rustwide/target/debug/build/libgit2-sys-13e85beb07591a64/out/include/git2/revparse.h
[INFO] [stderr]   libgit2/include/git2/message.h => /opt/rustwide/target/debug/build/libgit2-sys-13e85beb07591a64/out/include/git2/message.h
[INFO] [stderr]   libgit2/include/git2/notes.h => /opt/rustwide/target/debug/build/libgit2-sys-13e85beb07591a64/out/include/git2/notes.h
[INFO] [stderr]   libgit2/include/git2/buffer.h => /opt/rustwide/target/debug/build/libgit2-sys-13e85beb07591a64/out/include/git2/buffer.h
[INFO] [stderr]   libgit2/include/git2/oidarray.h => /opt/rustwide/target/debug/build/libgit2-sys-13e85beb07591a64/out/include/git2/oidarray.h
[INFO] [stderr]   libgit2/include/git2/odb_backend.h => /opt/rustwide/target/debug/build/libgit2-sys-13e85beb07591a64/out/include/git2/odb_backend.h
[INFO] [stderr]   libgit2/include/git2/annotated_commit.h => /opt/rustwide/target/debug/build/libgit2-sys-13e85beb07591a64/out/include/git2/annotated_commit.h
[INFO] [stderr]   libgit2/include/git2/describe.h => /opt/rustwide/target/debug/build/libgit2-sys-13e85beb07591a64/out/include/git2/describe.h
[INFO] [stderr]   libgit2/include/git2/blame.h => /opt/rustwide/target/debug/build/libgit2-sys-13e85beb07591a64/out/include/git2/blame.h
[INFO] [stderr]   libgit2/include/git2/stdint.h => /opt/rustwide/target/debug/build/libgit2-sys-13e85beb07591a64/out/include/git2/stdint.h
[INFO] [stderr]   libgit2/include/git2/repository.h => /opt/rustwide/target/debug/build/libgit2-sys-13e85beb07591a64/out/include/git2/repository.h
[INFO] [stderr]   libgit2/include/git2/email.h => /opt/rustwide/target/debug/build/libgit2-sys-13e85beb07591a64/out/include/git2/email.h
[INFO] [stderr]   libgit2/include/git2/filter.h => /opt/rustwide/target/debug/build/libgit2-sys-13e85beb07591a64/out/include/git2/filter.h
[INFO] [stderr]   libgit2/include/git2/common.h => /opt/rustwide/target/debug/build/libgit2-sys-13e85beb07591a64/out/include/git2/common.h
[INFO] [stderr]   libgit2/include/git2/reset.h => /opt/rustwide/target/debug/build/libgit2-sys-13e85beb07591a64/out/include/git2/reset.h
[INFO] [stderr]   libgit2/include/git2/net.h => /opt/rustwide/target/debug/build/libgit2-sys-13e85beb07591a64/out/include/git2/net.h
[INFO] [stderr]   libgit2/include/git2/cherrypick.h => /opt/rustwide/target/debug/build/libgit2-sys-13e85beb07591a64/out/include/git2/cherrypick.h
[INFO] [stderr]   libgit2/include/git2/deprecated.h => /opt/rustwide/target/debug/build/libgit2-sys-13e85beb07591a64/out/include/git2/deprecated.h
[INFO] [stderr]   libgit2/include/git2/sys/refs.h => /opt/rustwide/target/debug/build/libgit2-sys-13e85beb07591a64/out/include/git2/sys/refs.h
[INFO] [stderr]   libgit2/include/git2/sys/midx.h => /opt/rustwide/target/debug/build/libgit2-sys-13e85beb07591a64/out/include/git2/sys/midx.h
[INFO] [stderr]   libgit2/include/git2/sys/reflog.h => /opt/rustwide/target/debug/build/libgit2-sys-13e85beb07591a64/out/include/git2/sys/reflog.h
[INFO] [stderr]   libgit2/include/git2/sys/index.h => /opt/rustwide/target/debug/build/libgit2-sys-13e85beb07591a64/out/include/git2/sys/index.h
[INFO] [stderr]   libgit2/include/git2/sys/mempack.h => /opt/rustwide/target/debug/build/libgit2-sys-13e85beb07591a64/out/include/git2/sys/mempack.h
[INFO] [stderr]   libgit2/include/git2/sys/remote.h => /opt/rustwide/target/debug/build/libgit2-sys-13e85beb07591a64/out/include/git2/sys/remote.h
[INFO] [stderr]   libgit2/include/git2/sys/transport.h => /opt/rustwide/target/debug/build/libgit2-sys-13e85beb07591a64/out/include/git2/sys/transport.h
[INFO] [stderr]   libgit2/include/git2/sys/commit_graph.h => /opt/rustwide/target/debug/build/libgit2-sys-13e85beb07591a64/out/include/git2/sys/commit_graph.h
[INFO] [stderr]   libgit2/include/git2/sys/openssl.h => /opt/rustwide/target/debug/build/libgit2-sys-13e85beb07591a64/out/include/git2/sys/openssl.h
[INFO] [stderr]   libgit2/include/git2/sys/commit.h => /opt/rustwide/target/debug/build/libgit2-sys-13e85beb07591a64/out/include/git2/sys/commit.h
[INFO] [stderr]   libgit2/include/git2/sys/hashsig.h => /opt/rustwide/target/debug/build/libgit2-sys-13e85beb07591a64/out/include/git2/sys/hashsig.h
[INFO] [stderr]   libgit2/include/git2/sys/alloc.h => /opt/rustwide/target/debug/build/libgit2-sys-13e85beb07591a64/out/include/git2/sys/alloc.h
[INFO] [stderr]   libgit2/include/git2/sys/odb_backend.h => /opt/rustwide/target/debug/build/libgit2-sys-13e85beb07591a64/out/include/git2/sys/odb_backend.h
[INFO] [stderr]   libgit2/include/git2/sys/cred.h => /opt/rustwide/target/debug/build/libgit2-sys-13e85beb07591a64/out/include/git2/sys/cred.h
[INFO] [stderr]   libgit2/include/git2/sys/repository.h => /opt/rustwide/target/debug/build/libgit2-sys-13e85beb07591a64/out/include/git2/sys/repository.h
[INFO] [stderr]   libgit2/include/git2/sys/path.h => /opt/rustwide/target/debug/build/libgit2-sys-13e85beb07591a64/out/include/git2/sys/path.h
[INFO] [stderr]   libgit2/include/git2/sys/email.h => /opt/rustwide/target/debug/build/libgit2-sys-13e85beb07591a64/out/include/git2/sys/email.h
[INFO] [stderr]   libgit2/include/git2/sys/filter.h => /opt/rustwide/target/debug/build/libgit2-sys-13e85beb07591a64/out/include/git2/sys/filter.h
[INFO] [stderr]   libgit2/include/git2/sys/merge.h => /opt/rustwide/target/debug/build/libgit2-sys-13e85beb07591a64/out/include/git2/sys/merge.h
[INFO] [stderr]   libgit2/include/git2/sys/config.h => /opt/rustwide/target/debug/build/libgit2-sys-13e85beb07591a64/out/include/git2/sys/config.h
[INFO] [stderr]   libgit2/include/git2/sys/stream.h => /opt/rustwide/target/debug/build/libgit2-sys-13e85beb07591a64/out/include/git2/sys/stream.h
[INFO] [stderr]   libgit2/include/git2/sys/credential.h => /opt/rustwide/target/debug/build/libgit2-sys-13e85beb07591a64/out/include/git2/sys/credential.h
[INFO] [stderr]   libgit2/include/git2/sys/diff.h => /opt/rustwide/target/debug/build/libgit2-sys-13e85beb07591a64/out/include/git2/sys/diff.h
[INFO] [stderr]   libgit2/include/git2/sys/refdb_backend.h => /opt/rustwide/target/debug/build/libgit2-sys-13e85beb07591a64/out/include/git2/sys/refdb_backend.h
[INFO] [stderr]   libgit2/include/git2/merge.h => /opt/rustwide/target/debug/build/libgit2-sys-13e85beb07591a64/out/include/git2/merge.h
[INFO] [stderr]   libgit2/include/git2/config.h => /opt/rustwide/target/debug/build/libgit2-sys-13e85beb07591a64/out/include/git2/config.h
[INFO] [stderr]   libgit2/include/git2/patch.h => /opt/rustwide/target/debug/build/libgit2-sys-13e85beb07591a64/out/include/git2/patch.h
[INFO] [stderr]   libgit2/include/git2/pathspec.h => /opt/rustwide/target/debug/build/libgit2-sys-13e85beb07591a64/out/include/git2/pathspec.h
[INFO] [stderr]   libgit2/include/git2/stash.h => /opt/rustwide/target/debug/build/libgit2-sys-13e85beb07591a64/out/include/git2/stash.h
[INFO] [stderr]   libgit2/include/git2/credential.h => /opt/rustwide/target/debug/build/libgit2-sys-13e85beb07591a64/out/include/git2/credential.h
[INFO] [stderr]   libgit2/include/git2/version.h => /opt/rustwide/target/debug/build/libgit2-sys-13e85beb07591a64/out/include/git2/version.h
[INFO] [stderr]   libgit2/include/git2/refspec.h => /opt/rustwide/target/debug/build/libgit2-sys-13e85beb07591a64/out/include/git2/refspec.h
[INFO] [stderr]   libgit2/include/git2/diff.h => /opt/rustwide/target/debug/build/libgit2-sys-13e85beb07591a64/out/include/git2/diff.h
[INFO] [stderr]   libgit2/include/git2/odb.h => /opt/rustwide/target/debug/build/libgit2-sys-13e85beb07591a64/out/include/git2/odb.h
[INFO] [stderr]   libgit2/include/git2/worktree.h => /opt/rustwide/target/debug/build/libgit2-sys-13e85beb07591a64/out/include/git2/worktree.h
[INFO] [stderr]   libgit2/include/git2/transaction.h => /opt/rustwide/target/debug/build/libgit2-sys-13e85beb07591a64/out/include/git2/transaction.h
[INFO] [stderr]   libgit2/include/git2/attr.h => /opt/rustwide/target/debug/build/libgit2-sys-13e85beb07591a64/out/include/git2/attr.h
[INFO] [stderr]   libgit2/include/git2/tree.h => /opt/rustwide/target/debug/build/libgit2-sys-13e85beb07591a64/out/include/git2/tree.h
[INFO] [stderr]   libgit2/include/git2/global.h => /opt/rustwide/target/debug/build/libgit2-sys-13e85beb07591a64/out/include/git2/global.h
[INFO] [stderr]   libgit2/include/git2/checkout.h => /opt/rustwide/target/debug/build/libgit2-sys-13e85beb07591a64/out/include/git2/checkout.h
[INFO] [stderr]   libgit2/include/git2/submodule.h => /opt/rustwide/target/debug/build/libgit2-sys-13e85beb07591a64/out/include/git2/submodule.h
[INFO] [stderr]   libgit2/include/git2/cred_helpers.h => /opt/rustwide/target/debug/build/libgit2-sys-13e85beb07591a64/out/include/git2/cred_helpers.h
[INFO] [stderr]   libgit2/include/git2/ignore.h => /opt/rustwide/target/debug/build/libgit2-sys-13e85beb07591a64/out/include/git2/ignore.h
[INFO] [stderr]   libgit2/include/git2/credential_helpers.h => /opt/rustwide/target/debug/build/libgit2-sys-13e85beb07591a64/out/include/git2/credential_helpers.h
[INFO] [stderr]   libgit2/include/git2/refdb.h => /opt/rustwide/target/debug/build/libgit2-sys-13e85beb07591a64/out/include/git2/refdb.h
[INFO] [stderr]   libgit2/include/git2/cert.h => /opt/rustwide/target/debug/build/libgit2-sys-13e85beb07591a64/out/include/git2/cert.h
[INFO] [stderr]   libgit2/include/git2/rebase.h => /opt/rustwide/target/debug/build/libgit2-sys-13e85beb07591a64/out/include/git2/rebase.h
[INFO] [stderr]   libgit2/include/git2/oid.h => /opt/rustwide/target/debug/build/libgit2-sys-13e85beb07591a64/out/include/git2/oid.h
[INFO] [stderr]   libgit2/include/git2/graph.h => /opt/rustwide/target/debug/build/libgit2-sys-13e85beb07591a64/out/include/git2/graph.h
[INFO] [stderr]   TARGET = Some("x86_64-unknown-linux-gnu")
[INFO] [stderr]   OPT_LEVEL = Some("0")
[INFO] [stderr]   HOST = Some("x86_64-unknown-linux-gnu")
[INFO] [stderr]   CC_x86_64-unknown-linux-gnu = None
[INFO] [stderr]   CC_x86_64_unknown_linux_gnu = None
[INFO] [stderr]   HOST_CC = None
[INFO] [stderr]   CC = None
[INFO] [stderr]   CFLAGS_x86_64-unknown-linux-gnu = None
[INFO] [stderr]   CFLAGS_x86_64_unknown_linux_gnu = None
[INFO] [stderr]   HOST_CFLAGS = None
[INFO] [stderr]   CFLAGS = None
[INFO] [stderr]   CRATE_CC_NO_DEFAULTS = None
[INFO] [stderr]   DEBUG = Some("true")
[INFO] [stderr]   CARGO_CFG_TARGET_FEATURE = Some("fxsr,sse,sse2,x87")
[INFO] [stderr]   running: "cc" "-O0" "-ffunction-sections" "-fdata-sections" "-fPIC" "-g" "-fno-omit-frame-pointer" "-m64" "-I" "/opt/rustwide/target/debug/build/libgit2-sys-13e85beb07591a64/out/include" "-I" "libgit2/src" "-I" "libgit2/deps/http-parser" "-I" "libgit2/deps/pcre" "-I" "/opt/rustwide/target/debug/build/libssh2-sys-4308764bdbfb507a/out/include" "-I" "/usr/include" "-fvisibility=hidden" "-DGIT_REGEX_BUILTIN=1" "-DHAVE_STDINT_H=1" "-DHAVE_MEMMOVE=1" "-DNO_RECURSE=1" "-DNEWLINE=10" "-DPOSIX_MALLOC_THRESHOLD=10" "-DLINK_SIZE=2" "-DPARENS_NEST_LIMIT=250" "-DMATCH_LIMIT=10000000" "-DMATCH_LIMIT_RECURSION=MATCH_LIMIT" "-DMAX_NAME_SIZE=32" "-DMAX_NAME_COUNT=10000" "-DSHA1DC_NO_STANDARD_INCLUDES=1" "-DSHA1DC_CUSTOM_INCLUDE_SHA1_C=\"common.h\"" "-DSHA1DC_CUSTOM_INCLUDE_UBC_CHECK_C=\"common.h\"" "-o" "/opt/rustwide/target/debug/build/libgit2-sys-13e85beb07591a64/out/build/libgit2/src/blame.o" "-c" "libgit2/src/blame.c"
[INFO] [stderr]   running: "cc" "-O0" "-ffunction-sections" "-fdata-sections" "-fPIC" "-g" "-fno-omit-frame-pointer" "-m64" "-I" "/opt/rustwide/target/debug/build/libgit2-sys-13e85beb07591a64/out/include" "-I" "libgit2/src" "-I" "libgit2/deps/http-parser" "-I" "libgit2/deps/pcre" "-I" "/opt/rustwide/target/debug/build/libssh2-sys-4308764bdbfb507a/out/include" "-I" "/usr/include" "-fvisibility=hidden" "-DGIT_REGEX_BUILTIN=1" "-DHAVE_STDINT_H=1" "-DHAVE_MEMMOVE=1" "-DNO_RECURSE=1" "-DNEWLINE=10" "-DPOSIX_MALLOC_THRESHOLD=10" "-DLINK_SIZE=2" "-DPARENS_NEST_LIMIT=250" "-DMATCH_LIMIT=10000000" "-DMATCH_LIMIT_RECURSION=MATCH_LIMIT" "-DMAX_NAME_SIZE=32" "-DMAX_NAME_COUNT=10000" "-DSHA1DC_NO_STANDARD_INCLUDES=1" "-DSHA1DC_CUSTOM_INCLUDE_SHA1_C=\"common.h\"" "-DSHA1DC_CUSTOM_INCLUDE_UBC_CHECK_C=\"common.h\"" "-o" "/opt/rustwide/target/debug/build/libgit2-sys-13e85beb07591a64/out/build/libgit2/src/attr_file.o" "-c" "libgit2/src/attr_file.c"
[INFO] [stderr]   running: "cc" "-O0" "-ffunction-sections" "-fdata-sections" "-fPIC" "-g" "-fno-omit-frame-pointer" "-m64" "-I" "/opt/rustwide/target/debug/build/libgit2-sys-13e85beb07591a64/out/include" "-I" "libgit2/src" "-I" "libgit2/deps/http-parser" "-I" "libgit2/deps/pcre" "-I" "/opt/rustwide/target/debug/build/libssh2-sys-4308764bdbfb507a/out/include" "-I" "/usr/include" "-fvisibility=hidden" "-DGIT_REGEX_BUILTIN=1" "-DHAVE_STDINT_H=1" "-DHAVE_MEMMOVE=1" "-DNO_RECURSE=1" "-DNEWLINE=10" "-DPOSIX_MALLOC_THRESHOLD=10" "-DLINK_SIZE=2" "-DPARENS_NEST_LIMIT=250" "-DMATCH_LIMIT=10000000" "-DMATCH_LIMIT_RECURSION=MATCH_LIMIT" "-DMAX_NAME_SIZE=32" "-DMAX_NAME_COUNT=10000" "-DSHA1DC_NO_STANDARD_INCLUDES=1" "-DSHA1DC_CUSTOM_INCLUDE_SHA1_C=\"common.h\"" "-DSHA1DC_CUSTOM_INCLUDE_UBC_CHECK_C=\"common.h\"" "-o" "/opt/rustwide/target/debug/build/libgit2-sys-13e85beb07591a64/out/build/libgit2/src/apply.o" "-c" "libgit2/src/apply.c"
[INFO] [stderr]   running: "cc" "-O0" "-ffunction-sections" "-fdata-sections" "-fPIC" "-g" "-fno-omit-frame-pointer" "-m64" "-I" "/opt/rustwide/target/debug/build/libgit2-sys-13e85beb07591a64/out/include" "-I" "libgit2/src" "-I" "libgit2/deps/http-parser" "-I" "libgit2/deps/pcre" "-I" "/opt/rustwide/target/debug/build/libssh2-sys-4308764bdbfb507a/out/include" "-I" "/usr/include" "-fvisibility=hidden" "-DGIT_REGEX_BUILTIN=1" "-DHAVE_STDINT_H=1" "-DHAVE_MEMMOVE=1" "-DNO_RECURSE=1" "-DNEWLINE=10" "-DPOSIX_MALLOC_THRESHOLD=10" "-DLINK_SIZE=2" "-DPARENS_NEST_LIMIT=250" "-DMATCH_LIMIT=10000000" "-DMATCH_LIMIT_RECURSION=MATCH_LIMIT" "-DMAX_NAME_SIZE=32" "-DMAX_NAME_COUNT=10000" "-DSHA1DC_NO_STANDARD_INCLUDES=1" "-DSHA1DC_CUSTOM_INCLUDE_SHA1_C=\"common.h\"" "-DSHA1DC_CUSTOM_INCLUDE_UBC_CHECK_C=\"common.h\"" "-o" "/opt/rustwide/target/debug/build/libgit2-sys-13e85beb07591a64/out/build/libgit2/src/attrcache.o" "-c" "libgit2/src/attrcache.c"
[INFO] [stderr]   running: "cc" "-O0" "-ffunction-sections" "-fdata-sections" "-fPIC" "-g" "-fno-omit-frame-pointer" "-m64" "-I" "/opt/rustwide/target/debug/build/libgit2-sys-13e85beb07591a64/out/include" "-I" "libgit2/src" "-I" "libgit2/deps/http-parser" "-I" "libgit2/deps/pcre" "-I" "/opt/rustwide/target/debug/build/libssh2-sys-4308764bdbfb507a/out/include" "-I" "/usr/include" "-fvisibility=hidden" "-DGIT_REGEX_BUILTIN=1" "-DHAVE_STDINT_H=1" "-DHAVE_MEMMOVE=1" "-DNO_RECURSE=1" "-DNEWLINE=10" "-DPOSIX_MALLOC_THRESHOLD=10" "-DLINK_SIZE=2" "-DPARENS_NEST_LIMIT=250" "-DMATCH_LIMIT=10000000" "-DMATCH_LIMIT_RECURSION=MATCH_LIMIT" "-DMAX_NAME_SIZE=32" "-DMAX_NAME_COUNT=10000" "-DSHA1DC_NO_STANDARD_INCLUDES=1" "-DSHA1DC_CUSTOM_INCLUDE_SHA1_C=\"common.h\"" "-DSHA1DC_CUSTOM_INCLUDE_UBC_CHECK_C=\"common.h\"" "-o" "/opt/rustwide/target/debug/build/libgit2-sys-13e85beb07591a64/out/build/libgit2/src/annotated_commit.o" "-c" "libgit2/src/annotated_commit.c"
[INFO] [stderr]   running: "cc" "-O0" "-ffunction-sections" "-fdata-sections" "-fPIC" "-g" "-fno-omit-frame-pointer" "-m64" "-I" "/opt/rustwide/target/debug/build/libgit2-sys-13e85beb07591a64/out/include" "-I" "libgit2/src" "-I" "libgit2/deps/http-parser" "-I" "libgit2/deps/pcre" "-I" "/opt/rustwide/target/debug/build/libssh2-sys-4308764bdbfb507a/out/include" "-I" "/usr/include" "-fvisibility=hidden" "-DGIT_REGEX_BUILTIN=1" "-DHAVE_STDINT_H=1" "-DHAVE_MEMMOVE=1" "-DNO_RECURSE=1" "-DNEWLINE=10" "-DPOSIX_MALLOC_THRESHOLD=10" "-DLINK_SIZE=2" "-DPARENS_NEST_LIMIT=250" "-DMATCH_LIMIT=10000000" "-DMATCH_LIMIT_RECURSION=MATCH_LIMIT" "-DMAX_NAME_SIZE=32" "-DMAX_NAME_COUNT=10000" "-DSHA1DC_NO_STANDARD_INCLUDES=1" "-DSHA1DC_CUSTOM_INCLUDE_SHA1_C=\"common.h\"" "-DSHA1DC_CUSTOM_INCLUDE_UBC_CHECK_C=\"common.h\"" "-o" "/opt/rustwide/target/debug/build/libgit2-sys-13e85beb07591a64/out/build/libgit2/src/alloc.o" "-c" "libgit2/src/alloc.c"
[INFO] [stderr]   running: "cc" "-O0" "-ffunction-sections" "-fdata-sections" "-fPIC" "-g" "-fno-omit-frame-pointer" "-m64" "-I" "/opt/rustwide/target/debug/build/libgit2-sys-13e85beb07591a64/out/include" "-I" "libgit2/src" "-I" "libgit2/deps/http-parser" "-I" "libgit2/deps/pcre" "-I" "/opt/rustwide/target/debug/build/libssh2-sys-4308764bdbfb507a/out/include" "-I" "/usr/include" "-fvisibility=hidden" "-DGIT_REGEX_BUILTIN=1" "-DHAVE_STDINT_H=1" "-DHAVE_MEMMOVE=1" "-DNO_RECURSE=1" "-DNEWLINE=10" "-DPOSIX_MALLOC_THRESHOLD=10" "-DLINK_SIZE=2" "-DPARENS_NEST_LIMIT=250" "-DMATCH_LIMIT=10000000" "-DMATCH_LIMIT_RECURSION=MATCH_LIMIT" "-DMAX_NAME_SIZE=32" "-DMAX_NAME_COUNT=10000" "-DSHA1DC_NO_STANDARD_INCLUDES=1" "-DSHA1DC_CUSTOM_INCLUDE_SHA1_C=\"common.h\"" "-DSHA1DC_CUSTOM_INCLUDE_UBC_CHECK_C=\"common.h\"" "-o" "/opt/rustwide/target/debug/build/libgit2-sys-13e85beb07591a64/out/build/libgit2/src/blame_git.o" "-c" "libgit2/src/blame_git.c"
[INFO] [stderr]   running: "cc" "-O0" "-ffunction-sections" "-fdata-sections" "-fPIC" "-g" "-fno-omit-frame-pointer" "-m64" "-I" "/opt/rustwide/target/debug/build/libgit2-sys-13e85beb07591a64/out/include" "-I" "libgit2/src" "-I" "libgit2/deps/http-parser" "-I" "libgit2/deps/pcre" "-I" "/opt/rustwide/target/debug/build/libssh2-sys-4308764bdbfb507a/out/include" "-I" "/usr/include" "-fvisibility=hidden" "-DGIT_REGEX_BUILTIN=1" "-DHAVE_STDINT_H=1" "-DHAVE_MEMMOVE=1" "-DNO_RECURSE=1" "-DNEWLINE=10" "-DPOSIX_MALLOC_THRESHOLD=10" "-DLINK_SIZE=2" "-DPARENS_NEST_LIMIT=250" "-DMATCH_LIMIT=10000000" "-DMATCH_LIMIT_RECURSION=MATCH_LIMIT" "-DMAX_NAME_SIZE=32" "-DMAX_NAME_COUNT=10000" "-DSHA1DC_NO_STANDARD_INCLUDES=1" "-DSHA1DC_CUSTOM_INCLUDE_SHA1_C=\"common.h\"" "-DSHA1DC_CUSTOM_INCLUDE_UBC_CHECK_C=\"common.h\"" "-o" "/opt/rustwide/target/debug/build/libgit2-sys-13e85beb07591a64/out/build/libgit2/src/attr.o" "-c" "libgit2/src/attr.c"
[INFO] [stderr]   exit status: 0
[INFO] [stderr]   running: "cc" "-O0" "-ffunction-sections" "-fdata-sections" "-fPIC" "-g" "-fno-omit-frame-pointer" "-m64" "-I" "/opt/rustwide/target/debug/build/libgit2-sys-13e85beb07591a64/out/include" "-I" "libgit2/src" "-I" "libgit2/deps/http-parser" "-I" "libgit2/deps/pcre" "-I" "/opt/rustwide/target/debug/build/libssh2-sys-4308764bdbfb507a/out/include" "-I" "/usr/include" "-fvisibility=hidden" "-DGIT_REGEX_BUILTIN=1" "-DHAVE_STDINT_H=1" "-DHAVE_MEMMOVE=1" "-DNO_RECURSE=1" "-DNEWLINE=10" "-DPOSIX_MALLOC_THRESHOLD=10" "-DLINK_SIZE=2" "-DPARENS_NEST_LIMIT=250" "-DMATCH_LIMIT=10000000" "-DMATCH_LIMIT_RECURSION=MATCH_LIMIT" "-DMAX_NAME_SIZE=32" "-DMAX_NAME_COUNT=10000" "-DSHA1DC_NO_STANDARD_INCLUDES=1" "-DSHA1DC_CUSTOM_INCLUDE_SHA1_C=\"common.h\"" "-DSHA1DC_CUSTOM_INCLUDE_UBC_CHECK_C=\"common.h\"" "-o" "/opt/rustwide/target/debug/build/libgit2-sys-13e85beb07591a64/out/build/libgit2/src/blob.o" "-c" "libgit2/src/blob.c"
[INFO] [stderr]   exit status: 0
[INFO] [stderr]   exit status: 0
[INFO] [stderr]   running: "cc" "-O0" "-ffunction-sections" "-fdata-sections" "-fPIC" "-g" "-fno-omit-frame-pointer" "-m64" "-I" "/opt/rustwide/target/debug/build/libgit2-sys-13e85beb07591a64/out/include" "-I" "libgit2/src" "-I" "libgit2/deps/http-parser" "-I" "libgit2/deps/pcre" "-I" "/opt/rustwide/target/debug/build/libssh2-sys-4308764bdbfb507a/out/include" "-I" "/usr/include" "-fvisibility=hidden" "-DGIT_REGEX_BUILTIN=1" "-DHAVE_STDINT_H=1" "-DHAVE_MEMMOVE=1" "-DNO_RECURSE=1" "-DNEWLINE=10" "-DPOSIX_MALLOC_THRESHOLD=10" "-DLINK_SIZE=2" "-DPARENS_NEST_LIMIT=250" "-DMATCH_LIMIT=10000000" "-DMATCH_LIMIT_RECURSION=MATCH_LIMIT" "-DMAX_NAME_SIZE=32" "-DMAX_NAME_COUNT=10000" "-DSHA1DC_NO_STANDARD_INCLUDES=1" "-DSHA1DC_CUSTOM_INCLUDE_SHA1_C=\"common.h\"" "-DSHA1DC_CUSTOM_INCLUDE_UBC_CHECK_C=\"common.h\"" "-o" "/opt/rustwide/target/debug/build/libgit2-sys-13e85beb07591a64/out/build/libgit2/src/branch.o" "-c" "libgit2/src/branch.c"
[INFO] [stderr]   exit status: 0
[INFO] [stderr]   running: "cc" "-O0" "-ffunction-sections" "-fdata-sections" "-fPIC" "-g" "-fno-omit-frame-pointer" "-m64" "-I" "/opt/rustwide/target/debug/build/libgit2-sys-13e85beb07591a64/out/include" "-I" "libgit2/src" "-I" "libgit2/deps/http-parser" "-I" "libgit2/deps/pcre" "-I" "/opt/rustwide/target/debug/build/libssh2-sys-4308764bdbfb507a/out/include" "-I" "/usr/include" "-fvisibility=hidden" "-DGIT_REGEX_BUILTIN=1" "-DHAVE_STDINT_H=1" "-DHAVE_MEMMOVE=1" "-DNO_RECURSE=1" "-DNEWLINE=10" "-DPOSIX_MALLOC_THRESHOLD=10" "-DLINK_SIZE=2" "-DPARENS_NEST_LIMIT=250" "-DMATCH_LIMIT=10000000" "-DMATCH_LIMIT_RECURSION=MATCH_LIMIT" "-DMAX_NAME_SIZE=32" "-DMAX_NAME_COUNT=10000" "-DSHA1DC_NO_STANDARD_INCLUDES=1" "-DSHA1DC_CUSTOM_INCLUDE_SHA1_C=\"common.h\"" "-DSHA1DC_CUSTOM_INCLUDE_UBC_CHECK_C=\"common.h\"" "-o" "/opt/rustwide/target/debug/build/libgit2-sys-13e85beb07591a64/out/build/libgit2/src/buf.o" "-c" "libgit2/src/buf.c"
[INFO] [stderr]   exit status: 0
[INFO] [stderr]   running: "cc" "-O0" "-ffunction-sections" "-fdata-sections" "-fPIC" "-g" "-fno-omit-frame-pointer" "-m64" "-I" "/opt/rustwide/target/debug/build/libgit2-sys-13e85beb07591a64/out/include" "-I" "libgit2/src" "-I" "libgit2/deps/http-parser" "-I" "libgit2/deps/pcre" "-I" "/opt/rustwide/target/debug/build/libssh2-sys-4308764bdbfb507a/out/include" "-I" "/usr/include" "-fvisibility=hidden" "-DGIT_REGEX_BUILTIN=1" "-DHAVE_STDINT_H=1" "-DHAVE_MEMMOVE=1" "-DNO_RECURSE=1" "-DNEWLINE=10" "-DPOSIX_MALLOC_THRESHOLD=10" "-DLINK_SIZE=2" "-DPARENS_NEST_LIMIT=250" "-DMATCH_LIMIT=10000000" "-DMATCH_LIMIT_RECURSION=MATCH_LIMIT" "-DMAX_NAME_SIZE=32" "-DMAX_NAME_COUNT=10000" "-DSHA1DC_NO_STANDARD_INCLUDES=1" "-DSHA1DC_CUSTOM_INCLUDE_SHA1_C=\"common.h\"" "-DSHA1DC_CUSTOM_INCLUDE_UBC_CHECK_C=\"common.h\"" "-o" "/opt/rustwide/target/debug/build/libgit2-sys-13e85beb07591a64/out/build/libgit2/src/cache.o" "-c" "libgit2/src/cache.c"
[INFO] [stderr]   running: "cc" "-O0" "-ffunction-sections" "-fdata-sections" "-fPIC" "-g" "-fno-omit-frame-pointer" "-m64" "-I" "/opt/rustwide/target/debug/build/libgit2-sys-13e85beb07591a64/out/include" "-I" "libgit2/src" "-I" "libgit2/deps/http-parser" "-I" "libgit2/deps/pcre" "-I" "/opt/rustwide/target/debug/build/libssh2-sys-4308764bdbfb507a/out/include" "-I" "/usr/include" "-fvisibility=hidden" "-DGIT_REGEX_BUILTIN=1" "-DHAVE_STDINT_H=1" "-DHAVE_MEMMOVE=1" "-DNO_RECURSE=1" "-DNEWLINE=10" "-DPOSIX_MALLOC_THRESHOLD=10" "-DLINK_SIZE=2" "-DPARENS_NEST_LIMIT=250" "-DMATCH_LIMIT=10000000" "-DMATCH_LIMIT_RECURSION=MATCH_LIMIT" "-DMAX_NAME_SIZE=32" "-DMAX_NAME_COUNT=10000" "-DSHA1DC_NO_STANDARD_INCLUDES=1" "-DSHA1DC_CUSTOM_INCLUDE_SHA1_C=\"common.h\"" "-DSHA1DC_CUSTOM_INCLUDE_UBC_CHECK_C=\"common.h\"" "-o" "/opt/rustwide/target/debug/build/libgit2-sys-13e85beb07591a64/out/build/libgit2/src/checkout.o" "-c" "libgit2/src/checkout.c"
[INFO] [stderr]   exit status: 0
[INFO] [stderr]   running: "cc" "-O0" "-ffunction-sections" "-fdata-sections" "-fPIC" "-g" "-fno-omit-frame-pointer" "-m64" "-I" "/opt/rustwide/target/debug/build/libgit2-sys-13e85beb07591a64/out/include" "-I" "libgit2/src" "-I" "libgit2/deps/http-parser" "-I" "libgit2/deps/pcre" "-I" "/opt/rustwide/target/debug/build/libssh2-sys-4308764bdbfb507a/out/include" "-I" "/usr/include" "-fvisibility=hidden" "-DGIT_REGEX_BUILTIN=1" "-DHAVE_STDINT_H=1" "-DHAVE_MEMMOVE=1" "-DNO_RECURSE=1" "-DNEWLINE=10" "-DPOSIX_MALLOC_THRESHOLD=10" "-DLINK_SIZE=2" "-DPARENS_NEST_LIMIT=250" "-DMATCH_LIMIT=10000000" "-DMATCH_LIMIT_RECURSION=MATCH_LIMIT" "-DMAX_NAME_SIZE=32" "-DMAX_NAME_COUNT=10000" "-DSHA1DC_NO_STANDARD_INCLUDES=1" "-DSHA1DC_CUSTOM_INCLUDE_SHA1_C=\"common.h\"" "-DSHA1DC_CUSTOM_INCLUDE_UBC_CHECK_C=\"common.h\"" "-o" "/opt/rustwide/target/debug/build/libgit2-sys-13e85beb07591a64/out/build/libgit2/src/cherrypick.o" "-c" "libgit2/src/cherrypick.c"
[INFO] [stderr]   running: "cc" "-O0" "-ffunction-sections" "-fdata-sections" "-fPIC" "-g" "-fno-omit-frame-pointer" "-m64" "-I" "/opt/rustwide/target/debug/build/libgit2-sys-13e85beb07591a64/out/include" "-I" "libgit2/src" "-I" "libgit2/deps/http-parser" "-I" "libgit2/deps/pcre" "-I" "/opt/rustwide/target/debug/build/libssh2-sys-4308764bdbfb507a/out/include" "-I" "/usr/include" "-fvisibility=hidden" "-DGIT_REGEX_BUILTIN=1" "-DHAVE_STDINT_H=1" "-DHAVE_MEMMOVE=1" "-DNO_RECURSE=1" "-DNEWLINE=10" "-DPOSIX_MALLOC_THRESHOLD=10" "-DLINK_SIZE=2" "-DPARENS_NEST_LIMIT=250" "-DMATCH_LIMIT=10000000" "-DMATCH_LIMIT_RECURSION=MATCH_LIMIT" "-DMAX_NAME_SIZE=32" "-DMAX_NAME_COUNT=10000" "-DSHA1DC_NO_STANDARD_INCLUDES=1" "-DSHA1DC_CUSTOM_INCLUDE_SHA1_C=\"common.h\"" "-DSHA1DC_CUSTOM_INCLUDE_UBC_CHECK_C=\"common.h\"" "-o" "/opt/rustwide/target/debug/build/libgit2-sys-13e85beb07591a64/out/build/libgit2/src/clone.o" "-c" "libgit2/src/clone.c"
[INFO] [stderr]   exit status: 0
[INFO] [stderr]   running: "cc" "-O0" "-ffunction-sections" "-fdata-sections" "-fPIC" "-g" "-fno-omit-frame-pointer" "-m64" "-I" "/opt/rustwide/target/debug/build/libgit2-sys-13e85beb07591a64/out/include" "-I" "libgit2/src" "-I" "libgit2/deps/http-parser" "-I" "libgit2/deps/pcre" "-I" "/opt/rustwide/target/debug/build/libssh2-sys-4308764bdbfb507a/out/include" "-I" "/usr/include" "-fvisibility=hidden" "-DGIT_REGEX_BUILTIN=1" "-DHAVE_STDINT_H=1" "-DHAVE_MEMMOVE=1" "-DNO_RECURSE=1" "-DNEWLINE=10" "-DPOSIX_MALLOC_THRESHOLD=10" "-DLINK_SIZE=2" "-DPARENS_NEST_LIMIT=250" "-DMATCH_LIMIT=10000000" "-DMATCH_LIMIT_RECURSION=MATCH_LIMIT" "-DMAX_NAME_SIZE=32" "-DMAX_NAME_COUNT=10000" "-DSHA1DC_NO_STANDARD_INCLUDES=1" "-DSHA1DC_CUSTOM_INCLUDE_SHA1_C=\"common.h\"" "-DSHA1DC_CUSTOM_INCLUDE_UBC_CHECK_C=\"common.h\"" "-o" "/opt/rustwide/target/debug/build/libgit2-sys-13e85beb07591a64/out/build/libgit2/src/commit.o" "-c" "libgit2/src/commit.c"
[INFO] [stderr]   running: "cc" "-O0" "-ffunction-sections" "-fdata-sections" "-fPIC" "-g" "-fno-omit-frame-pointer" "-m64" "-I" "/opt/rustwide/target/debug/build/libgit2-sys-13e85beb07591a64/out/include" "-I" "libgit2/src" "-I" "libgit2/deps/http-parser" "-I" "libgit2/deps/pcre" "-I" "/opt/rustwide/target/debug/build/libssh2-sys-4308764bdbfb507a/out/include" "-I" "/usr/include" "-fvisibility=hidden" "-DGIT_REGEX_BUILTIN=1" "-DHAVE_STDINT_H=1" "-DHAVE_MEMMOVE=1" "-DNO_RECURSE=1" "-DNEWLINE=10" "-DPOSIX_MALLOC_THRESHOLD=10" "-DLINK_SIZE=2" "-DPARENS_NEST_LIMIT=250" "-DMATCH_LIMIT=10000000" "-DMATCH_LIMIT_RECURSION=MATCH_LIMIT" "-DMAX_NAME_SIZE=32" "-DMAX_NAME_COUNT=10000" "-DSHA1DC_NO_STANDARD_INCLUDES=1" "-DSHA1DC_CUSTOM_INCLUDE_SHA1_C=\"common.h\"" "-DSHA1DC_CUSTOM_INCLUDE_UBC_CHECK_C=\"common.h\"" "-o" "/opt/rustwide/target/debug/build/libgit2-sys-13e85beb07591a64/out/build/libgit2/src/commit_graph.o" "-c" "libgit2/src/commit_graph.c"
[INFO] [stderr]   exit status: 0
[INFO] [stderr]   running: "cc" "-O0" "-ffunction-sections" "-fdata-sections" "-fPIC" "-g" "-fno-omit-frame-pointer" "-m64" "-I" "/opt/rustwide/target/debug/build/libgit2-sys-13e85beb07591a64/out/include" "-I" "libgit2/src" "-I" "libgit2/deps/http-parser" "-I" "libgit2/deps/pcre" "-I" "/opt/rustwide/target/debug/build/libssh2-sys-4308764bdbfb507a/out/include" "-I" "/usr/include" "-fvisibility=hidden" "-DGIT_REGEX_BUILTIN=1" "-DHAVE_STDINT_H=1" "-DHAVE_MEMMOVE=1" "-DNO_RECURSE=1" "-DNEWLINE=10" "-DPOSIX_MALLOC_THRESHOLD=10" "-DLINK_SIZE=2" "-DPARENS_NEST_LIMIT=250" "-DMATCH_LIMIT=10000000" "-DMATCH_LIMIT_RECURSION=MATCH_LIMIT" "-DMAX_NAME_SIZE=32" "-DMAX_NAME_COUNT=10000" "-DSHA1DC_NO_STANDARD_INCLUDES=1" "-DSHA1DC_CUSTOM_INCLUDE_SHA1_C=\"common.h\"" "-DSHA1DC_CUSTOM_INCLUDE_UBC_CHECK_C=\"common.h\"" "-o" "/opt/rustwide/target/debug/build/libgit2-sys-13e85beb07591a64/out/build/libgit2/src/commit_list.o" "-c" "libgit2/src/commit_list.c"
[INFO] [stderr]   exit status: 0
[INFO] [stderr]   running: "cc" "-O0" "-ffunction-sections" "-fdata-sections" "-fPIC" "-g" "-fno-omit-frame-pointer" "-m64" "-I" "/opt/rustwide/target/debug/build/libgit2-sys-13e85beb07591a64/out/include" "-I" "libgit2/src" "-I" "libgit2/deps/http-parser" "-I" "libgit2/deps/pcre" "-I" "/opt/rustwide/target/debug/build/libssh2-sys-4308764bdbfb507a/out/include" "-I" "/usr/include" "-fvisibility=hidden" "-DGIT_REGEX_BUILTIN=1" "-DHAVE_STDINT_H=1" "-DHAVE_MEMMOVE=1" "-DNO_RECURSE=1" "-DNEWLINE=10" "-DPOSIX_MALLOC_THRESHOLD=10" "-DLINK_SIZE=2" "-DPARENS_NEST_LIMIT=250" "-DMATCH_LIMIT=10000000" "-DMATCH_LIMIT_RECURSION=MATCH_LIMIT" "-DMAX_NAME_SIZE=32" "-DMAX_NAME_COUNT=10000" "-DSHA1DC_NO_STANDARD_INCLUDES=1" "-DSHA1DC_CUSTOM_INCLUDE_SHA1_C=\"common.h\"" "-DSHA1DC_CUSTOM_INCLUDE_UBC_CHECK_C=\"common.h\"" "-o" "/opt/rustwide/target/debug/build/libgit2-sys-13e85beb07591a64/out/build/libgit2/src/config.o" "-c" "libgit2/src/config.c"
[INFO] [stderr]   exit status: 0
[INFO] [stderr]   running: "cc" "-O0" "-ffunction-sections" "-fdata-sections" "-fPIC" "-g" "-fno-omit-frame-pointer" "-m64" "-I" "/opt/rustwide/target/debug/build/libgit2-sys-13e85beb07591a64/out/include" "-I" "libgit2/src" "-I" "libgit2/deps/http-parser" "-I" "libgit2/deps/pcre" "-I" "/opt/rustwide/target/debug/build/libssh2-sys-4308764bdbfb507a/out/include" "-I" "/usr/include" "-fvisibility=hidden" "-DGIT_REGEX_BUILTIN=1" "-DHAVE_STDINT_H=1" "-DHAVE_MEMMOVE=1" "-DNO_RECURSE=1" "-DNEWLINE=10" "-DPOSIX_MALLOC_THRESHOLD=10" "-DLINK_SIZE=2" "-DPARENS_NEST_LIMIT=250" "-DMATCH_LIMIT=10000000" "-DMATCH_LIMIT_RECURSION=MATCH_LIMIT" "-DMAX_NAME_SIZE=32" "-DMAX_NAME_COUNT=10000" "-DSHA1DC_NO_STANDARD_INCLUDES=1" "-DSHA1DC_CUSTOM_INCLUDE_SHA1_C=\"common.h\"" "-DSHA1DC_CUSTOM_INCLUDE_UBC_CHECK_C=\"common.h\"" "-o" "/opt/rustwide/target/debug/build/libgit2-sys-13e85beb07591a64/out/build/libgit2/src/config_cache.o" "-c" "libgit2/src/config_cache.c"
[INFO] [stderr]   exit status: 0
[INFO] [stderr]   running: "cc" "-O0" "-ffunction-sections" "-fdata-sections" "-fPIC" "-g" "-fno-omit-frame-pointer" "-m64" "-I" "/opt/rustwide/target/debug/build/libgit2-sys-13e85beb07591a64/out/include" "-I" "libgit2/src" "-I" "libgit2/deps/http-parser" "-I" "libgit2/deps/pcre" "-I" "/opt/rustwide/target/debug/build/libssh2-sys-4308764bdbfb507a/out/include" "-I" "/usr/include" "-fvisibility=hidden" "-DGIT_REGEX_BUILTIN=1" "-DHAVE_STDINT_H=1" "-DHAVE_MEMMOVE=1" "-DNO_RECURSE=1" "-DNEWLINE=10" "-DPOSIX_MALLOC_THRESHOLD=10" "-DLINK_SIZE=2" "-DPARENS_NEST_LIMIT=250" "-DMATCH_LIMIT=10000000" "-DMATCH_LIMIT_RECURSION=MATCH_LIMIT" "-DMAX_NAME_SIZE=32" "-DMAX_NAME_COUNT=10000" "-DSHA1DC_NO_STANDARD_INCLUDES=1" "-DSHA1DC_CUSTOM_INCLUDE_SHA1_C=\"common.h\"" "-DSHA1DC_CUSTOM_INCLUDE_UBC_CHECK_C=\"common.h\"" "-o" "/opt/rustwide/target/debug/build/libgit2-sys-13e85beb07591a64/out/build/libgit2/src/config_entries.o" "-c" "libgit2/src/config_entries.c"
[INFO] [stderr]   exit status: 0
[INFO] [stderr]   running: "cc" "-O0" "-ffunction-sections" "-fdata-sections" "-fPIC" "-g" "-fno-omit-frame-pointer" "-m64" "-I" "/opt/rustwide/target/debug/build/libgit2-sys-13e85beb07591a64/out/include" "-I" "libgit2/src" "-I" "libgit2/deps/http-parser" "-I" "libgit2/deps/pcre" "-I" "/opt/rustwide/target/debug/build/libssh2-sys-4308764bdbfb507a/out/include" "-I" "/usr/include" "-fvisibility=hidden" "-DGIT_REGEX_BUILTIN=1" "-DHAVE_STDINT_H=1" "-DHAVE_MEMMOVE=1" "-DNO_RECURSE=1" "-DNEWLINE=10" "-DPOSIX_MALLOC_THRESHOLD=10" "-DLINK_SIZE=2" "-DPARENS_NEST_LIMIT=250" "-DMATCH_LIMIT=10000000" "-DMATCH_LIMIT_RECURSION=MATCH_LIMIT" "-DMAX_NAME_SIZE=32" "-DMAX_NAME_COUNT=10000" "-DSHA1DC_NO_STANDARD_INCLUDES=1" "-DSHA1DC_CUSTOM_INCLUDE_SHA1_C=\"common.h\"" "-DSHA1DC_CUSTOM_INCLUDE_UBC_CHECK_C=\"common.h\"" "-o" "/opt/rustwide/target/debug/build/libgit2-sys-13e85beb07591a64/out/build/libgit2/src/config_file.o" "-c" "libgit2/src/config_file.c"
[INFO] [stderr]   exit status: 0
[INFO] [stderr]   running: "cc" "-O0" "-ffunction-sections" "-fdata-sections" "-fPIC" "-g" "-fno-omit-frame-pointer" "-m64" "-I" "/opt/rustwide/target/debug/build/libgit2-sys-13e85beb07591a64/out/include" "-I" "libgit2/src" "-I" "libgit2/deps/http-parser" "-I" "libgit2/deps/pcre" "-I" "/opt/rustwide/target/debug/build/libssh2-sys-4308764bdbfb507a/out/include" "-I" "/usr/include" "-fvisibility=hidden" "-DGIT_REGEX_BUILTIN=1" "-DHAVE_STDINT_H=1" "-DHAVE_MEMMOVE=1" "-DNO_RECURSE=1" "-DNEWLINE=10" "-DPOSIX_MALLOC_THRESHOLD=10" "-DLINK_SIZE=2" "-DPARENS_NEST_LIMIT=250" "-DMATCH_LIMIT=10000000" "-DMATCH_LIMIT_RECURSION=MATCH_LIMIT" "-DMAX_NAME_SIZE=32" "-DMAX_NAME_COUNT=10000" "-DSHA1DC_NO_STANDARD_INCLUDES=1" "-DSHA1DC_CUSTOM_INCLUDE_SHA1_C=\"common.h\"" "-DSHA1DC_CUSTOM_INCLUDE_UBC_CHECK_C=\"common.h\"" "-o" "/opt/rustwide/target/debug/build/libgit2-sys-13e85beb07591a64/out/build/libgit2/src/config_mem.o" "-c" "libgit2/src/config_mem.c"
[INFO] [stderr]   running: "cc" "-O0" "-ffunction-sections" "-fdata-sections" "-fPIC" "-g" "-fno-omit-frame-pointer" "-m64" "-I" "/opt/rustwide/target/debug/build/libgit2-sys-13e85beb07591a64/out/include" "-I" "libgit2/src" "-I" "libgit2/deps/http-parser" "-I" "libgit2/deps/pcre" "-I" "/opt/rustwide/target/debug/build/libssh2-sys-4308764bdbfb507a/out/include" "-I" "/usr/include" "-fvisibility=hidden" "-DGIT_REGEX_BUILTIN=1" "-DHAVE_STDINT_H=1" "-DHAVE_MEMMOVE=1" "-DNO_RECURSE=1" "-DNEWLINE=10" "-DPOSIX_MALLOC_THRESHOLD=10" "-DLINK_SIZE=2" "-DPARENS_NEST_LIMIT=250" "-DMATCH_LIMIT=10000000" "-DMATCH_LIMIT_RECURSION=MATCH_LIMIT" "-DMAX_NAME_SIZE=32" "-DMAX_NAME_COUNT=10000" "-DSHA1DC_NO_STANDARD_INCLUDES=1" "-DSHA1DC_CUSTOM_INCLUDE_SHA1_C=\"common.h\"" "-DSHA1DC_CUSTOM_INCLUDE_UBC_CHECK_C=\"common.h\"" "-o" "/opt/rustwide/target/debug/build/libgit2-sys-13e85beb07591a64/out/build/libgit2/src/config_parse.o" "-c" "libgit2/src/config_parse.c"
[INFO] [stderr]   exit status: 0
[INFO] [stderr]   running: "cc" "-O0" "-ffunction-sections" "-fdata-sections" "-fPIC" "-g" "-fno-omit-frame-pointer" "-m64" "-I" "/opt/rustwide/target/debug/build/libgit2-sys-13e85beb07591a64/out/include" "-I" "libgit2/src" "-I" "libgit2/deps/http-parser" "-I" "libgit2/deps/pcre" "-I" "/opt/rustwide/target/debug/build/libssh2-sys-4308764bdbfb507a/out/include" "-I" "/usr/include" "-fvisibility=hidden" "-DGIT_REGEX_BUILTIN=1" "-DHAVE_STDINT_H=1" "-DHAVE_MEMMOVE=1" "-DNO_RECURSE=1" "-DNEWLINE=10" "-DPOSIX_MALLOC_THRESHOLD=10" "-DLINK_SIZE=2" "-DPARENS_NEST_LIMIT=250" "-DMATCH_LIMIT=10000000" "-DMATCH_LIMIT_RECURSION=MATCH_LIMIT" "-DMAX_NAME_SIZE=32" "-DMAX_NAME_COUNT=10000" "-DSHA1DC_NO_STANDARD_INCLUDES=1" "-DSHA1DC_CUSTOM_INCLUDE_SHA1_C=\"common.h\"" "-DSHA1DC_CUSTOM_INCLUDE_UBC_CHECK_C=\"common.h\"" "-o" "/opt/rustwide/target/debug/build/libgit2-sys-13e85beb07591a64/out/build/libgit2/src/config_snapshot.o" "-c" "libgit2/src/config_snapshot.c"
[INFO] [stderr]   exit status: 0
[INFO] [stderr]   running: "cc" "-O0" "-ffunction-sections" "-fdata-sections" "-fPIC" "-g" "-fno-omit-frame-pointer" "-m64" "-I" "/opt/rustwide/target/debug/build/libgit2-sys-13e85beb07591a64/out/include" "-I" "libgit2/src" "-I" "libgit2/deps/http-parser" "-I" "libgit2/deps/pcre" "-I" "/opt/rustwide/target/debug/build/libssh2-sys-4308764bdbfb507a/out/include" "-I" "/usr/include" "-fvisibility=hidden" "-DGIT_REGEX_BUILTIN=1" "-DHAVE_STDINT_H=1" "-DHAVE_MEMMOVE=1" "-DNO_RECURSE=1" "-DNEWLINE=10" "-DPOSIX_MALLOC_THRESHOLD=10" "-DLINK_SIZE=2" "-DPARENS_NEST_LIMIT=250" "-DMATCH_LIMIT=10000000" "-DMATCH_LIMIT_RECURSION=MATCH_LIMIT" "-DMAX_NAME_SIZE=32" "-DMAX_NAME_COUNT=10000" "-DSHA1DC_NO_STANDARD_INCLUDES=1" "-DSHA1DC_CUSTOM_INCLUDE_SHA1_C=\"common.h\"" "-DSHA1DC_CUSTOM_INCLUDE_UBC_CHECK_C=\"common.h\"" "-o" "/opt/rustwide/target/debug/build/libgit2-sys-13e85beb07591a64/out/build/libgit2/src/crlf.o" "-c" "libgit2/src/crlf.c"
[INFO] [stderr]   exit status: 0
[INFO] [stderr]   running: "cc" "-O0" "-ffunction-sections" "-fdata-sections" "-fPIC" "-g" "-fno-omit-frame-pointer" "-m64" "-I" "/opt/rustwide/target/debug/build/libgit2-sys-13e85beb07591a64/out/include" "-I" "libgit2/src" "-I" "libgit2/deps/http-parser" "-I" "libgit2/deps/pcre" "-I" "/opt/rustwide/target/debug/build/libssh2-sys-4308764bdbfb507a/out/include" "-I" "/usr/include" "-fvisibility=hidden" "-DGIT_REGEX_BUILTIN=1" "-DHAVE_STDINT_H=1" "-DHAVE_MEMMOVE=1" "-DNO_RECURSE=1" "-DNEWLINE=10" "-DPOSIX_MALLOC_THRESHOLD=10" "-DLINK_SIZE=2" "-DPARENS_NEST_LIMIT=250" "-DMATCH_LIMIT=10000000" "-DMATCH_LIMIT_RECURSION=MATCH_LIMIT" "-DMAX_NAME_SIZE=32" "-DMAX_NAME_COUNT=10000" "-DSHA1DC_NO_STANDARD_INCLUDES=1" "-DSHA1DC_CUSTOM_INCLUDE_SHA1_C=\"common.h\"" "-DSHA1DC_CUSTOM_INCLUDE_UBC_CHECK_C=\"common.h\"" "-o" "/opt/rustwide/target/debug/build/libgit2-sys-13e85beb07591a64/out/build/libgit2/src/date.o" "-c" "libgit2/src/date.c"
[INFO] [stderr]   exit status: 0
[INFO] [stderr]   running: "cc" "-O0" "-ffunction-sections" "-fdata-sections" "-fPIC" "-g" "-fno-omit-frame-pointer" "-m64" "-I" "/opt/rustwide/target/debug/build/libgit2-sys-13e85beb07591a64/out/include" "-I" "libgit2/src" "-I" "libgit2/deps/http-parser" "-I" "libgit2/deps/pcre" "-I" "/opt/rustwide/target/debug/build/libssh2-sys-4308764bdbfb507a/out/include" "-I" "/usr/include" "-fvisibility=hidden" "-DGIT_REGEX_BUILTIN=1" "-DHAVE_STDINT_H=1" "-DHAVE_MEMMOVE=1" "-DNO_RECURSE=1" "-DNEWLINE=10" "-DPOSIX_MALLOC_THRESHOLD=10" "-DLINK_SIZE=2" "-DPARENS_NEST_LIMIT=250" "-DMATCH_LIMIT=10000000" "-DMATCH_LIMIT_RECURSION=MATCH_LIMIT" "-DMAX_NAME_SIZE=32" "-DMAX_NAME_COUNT=10000" "-DSHA1DC_NO_STANDARD_INCLUDES=1" "-DSHA1DC_CUSTOM_INCLUDE_SHA1_C=\"common.h\"" "-DSHA1DC_CUSTOM_INCLUDE_UBC_CHECK_C=\"common.h\"" "-o" "/opt/rustwide/target/debug/build/libgit2-sys-13e85beb07591a64/out/build/libgit2/src/delta.o" "-c" "libgit2/src/delta.c"
[INFO] [stderr]   exit status: 0
[INFO] [stderr]   running: "cc" "-O0" "-ffunction-sections" "-fdata-sections" "-fPIC" "-g" "-fno-omit-frame-pointer" "-m64" "-I" "/opt/rustwide/target/debug/build/libgit2-sys-13e85beb07591a64/out/include" "-I" "libgit2/src" "-I" "libgit2/deps/http-parser" "-I" "libgit2/deps/pcre" "-I" "/opt/rustwide/target/debug/build/libssh2-sys-4308764bdbfb507a/out/include" "-I" "/usr/include" "-fvisibility=hidden" "-DGIT_REGEX_BUILTIN=1" "-DHAVE_STDINT_H=1" "-DHAVE_MEMMOVE=1" "-DNO_RECURSE=1" "-DNEWLINE=10" "-DPOSIX_MALLOC_THRESHOLD=10" "-DLINK_SIZE=2" "-DPARENS_NEST_LIMIT=250" "-DMATCH_LIMIT=10000000" "-DMATCH_LIMIT_RECURSION=MATCH_LIMIT" "-DMAX_NAME_SIZE=32" "-DMAX_NAME_COUNT=10000" "-DSHA1DC_NO_STANDARD_INCLUDES=1" "-DSHA1DC_CUSTOM_INCLUDE_SHA1_C=\"common.h\"" "-DSHA1DC_CUSTOM_INCLUDE_UBC_CHECK_C=\"common.h\"" "-o" "/opt/rustwide/target/debug/build/libgit2-sys-13e85beb07591a64/out/build/libgit2/src/describe.o" "-c" "libgit2/src/describe.c"
[INFO] [stderr]   exit status: 0
[INFO] [stderr]   running: "cc" "-O0" "-ffunction-sections" "-fdata-sections" "-fPIC" "-g" "-fno-omit-frame-pointer" "-m64" "-I" "/opt/rustwide/target/debug/build/libgit2-sys-13e85beb07591a64/out/include" "-I" "libgit2/src" "-I" "libgit2/deps/http-parser" "-I" "libgit2/deps/pcre" "-I" "/opt/rustwide/target/debug/build/libssh2-sys-4308764bdbfb507a/out/include" "-I" "/usr/include" "-fvisibility=hidden" "-DGIT_REGEX_BUILTIN=1" "-DHAVE_STDINT_H=1" "-DHAVE_MEMMOVE=1" "-DNO_RECURSE=1" "-DNEWLINE=10" "-DPOSIX_MALLOC_THRESHOLD=10" "-DLINK_SIZE=2" "-DPARENS_NEST_LIMIT=250" "-DMATCH_LIMIT=10000000" "-DMATCH_LIMIT_RECURSION=MATCH_LIMIT" "-DMAX_NAME_SIZE=32" "-DMAX_NAME_COUNT=10000" "-DSHA1DC_NO_STANDARD_INCLUDES=1" "-DSHA1DC_CUSTOM_INCLUDE_SHA1_C=\"common.h\"" "-DSHA1DC_CUSTOM_INCLUDE_UBC_CHECK_C=\"common.h\"" "-o" "/opt/rustwide/target/debug/build/libgit2-sys-13e85beb07591a64/out/build/libgit2/src/diff.o" "-c" "libgit2/src/diff.c"
[INFO] [stderr]   cargo:warning=/tmp/ccG88P8A.s: Assembler messages:
[INFO] [stderr]   cargo:warning=/tmp/ccG88P8A.s: Fatal error: can't write 32 bytes to section .text.git__is_sizet of /opt/rustwide/target/debug/build/libgit2-sys-13e85beb07591a64/out/build/libgit2/src/commit_graph.o: 'No space left on device'
[INFO] [stderr]   cargo:warning=/tmp/ccG88P8A.s: Fatal error: /opt/rustwide/target/debug/build/libgit2-sys-13e85beb07591a64/out/build/libgit2/src/commit_graph.o: No space left on device
[INFO] [stderr]   exit status: 1
[INFO] [stderr]   cargo:warning=libgit2/src/date.c:897:1: fatal error: error writing to /tmp/cclB4AhG.s: No space left on device
[INFO] [stderr]   cargo:warning=  897 | }
[INFO] [stderr]   cargo:warning=      | ^
[INFO] [stderr]   cargo:warning=compilation terminated.
[INFO] [stderr]   exit status: 1
[INFO] [stderr]   running: "cc" "-O0" "-ffunction-sections" "-fdata-sections" "-fPIC" "-g" "-fno-omit-frame-pointer" "-m64" "-I" "/opt/rustwide/target/debug/build/libgit2-sys-13e85beb07591a64/out/include" "-I" "libgit2/src" "-I" "libgit2/deps/http-parser" "-I" "libgit2/deps/pcre" "-I" "/opt/rustwide/target/debug/build/libssh2-sys-4308764bdbfb507a/out/include" "-I" "/usr/include" "-fvisibility=hidden" "-DGIT_REGEX_BUILTIN=1" "-DHAVE_STDINT_H=1" "-DHAVE_MEMMOVE=1" "-DNO_RECURSE=1" "-DNEWLINE=10" "-DPOSIX_MALLOC_THRESHOLD=10" "-DLINK_SIZE=2" "-DPARENS_NEST_LIMIT=250" "-DMATCH_LIMIT=10000000" "-DMATCH_LIMIT_RECURSION=MATCH_LIMIT" "-DMAX_NAME_SIZE=32" "-DMAX_NAME_COUNT=10000" "-DSHA1DC_NO_STANDARD_INCLUDES=1" "-DSHA1DC_CUSTOM_INCLUDE_SHA1_C=\"common.h\"" "-DSHA1DC_CUSTOM_INCLUDE_UBC_CHECK_C=\"common.h\"" "-o" "/opt/rustwide/target/debug/build/libgit2-sys-13e85beb07591a64/out/build/libgit2/src/diff_driver.o" "-c" "libgit2/src/diff_driver.c"
[INFO] [stderr]   cargo:warning=libgit2/src/delta.c:628:1: fatal error: error writing to /tmp/ccGoneN6.s: No space left on device
[INFO] [stderr]   cargo:warning=  628 | }
[INFO] [stderr]   cargo:warning=      | ^
[INFO] [stderr]   cargo:warning=compilation terminated.
[INFO] [stderr]   exit status: 1
[INFO] [stderr]   exit status: 0
[INFO] [stderr]   cargo:warning=libgit2/src/config.c:1566:1: fatal error: error writing to /tmp/ccbSEo8y.s: No space left on device
[INFO] [stderr]   cargo:warning= 1566 | }
[INFO] [stderr]   cargo:warning=      | ^
[INFO] [stderr]   cargo:warning=compilation terminated.
[INFO] [stderr]   exit status: 1
[INFO] [stderr]   exit status: 0
[INFO] [stderr]   cargo:warning=libgit2/src/config_mem.c:220:1: fatal error: error writing to /tmp/cc1teyiJ.s: No space left on device
[INFO] [stderr]   cargo:warning=  220 | }
[INFO] [stderr]   cargo:warning=      | ^
[INFO] [stderr]   cargo:warning=compilation terminated.
[INFO] [stderr]   exit status: 1
[INFO] [stderr]   cargo:warning=libgit2/src/diff.c:389:1: fatal error: error writing to /tmp/cc3iG2L9.s: No space left on device
[INFO] [stderr]   cargo:warning=  389 | }
[INFO] [stderr]   cargo:warning=      | ^
[INFO] [stderr]   cargo:warning=compilation terminated.
[INFO] [stderr]   exit status: 1
[INFO] [stderr]   cargo:warning=libgit2/src/config_parse.c:580:1: fatal error: error writing to /tmp/ccuq9SI6.s: No space left on device
[INFO] [stderr]   cargo:warning=  580 | }
[INFO] [stderr]   cargo:warning=      | ^
[INFO] [stderr]   cargo:warning=compilation terminated.
[INFO] [stderr]   exit status: 1
[INFO] [stderr]   cargo:warning=libgit2/src/describe.c:908:1: fatal error: error writing to /tmp/cc3dsSSE.s: No space left on device
[INFO] [stderr]   cargo:warning=  908 | }
[INFO] [stderr]   cargo:warning=      | ^
[INFO] [stderr]   cargo:warning=compilation terminated.
[INFO] [stderr]   exit status: 1
[INFO] [stderr]   cargo:warning=libgit2/src/crlf.c:426:1: fatal error: error writing to /tmp/ccgFOM9J.s: No space left on device
[INFO] [stderr]   cargo:warning=  426 | }
[INFO] [stderr]   cargo:warning=      | ^
[INFO] [stderr]   cargo:warning=compilation terminated.
[INFO] [stderr]   exit status: 1
[INFO] [stderr]   cargo:warning=libgit2/src/diff_driver.c:522:1: fatal error: error writing to /tmp/ccJs6t8z.s: No space left on device
[INFO] [stderr]   cargo:warning=  522 | }
[INFO] [stderr]   cargo:warning=      | ^
[INFO] [stderr]   cargo:warning=compilation terminated.
[INFO] [stderr]   exit status: 1
[INFO] [stderr] 
[INFO] [stderr]   --- stderr
[INFO] [stderr] 
[INFO] [stderr] 
[INFO] [stderr]   error occurred: Command "cc" "-O0" "-ffunction-sections" "-fdata-sections" "-fPIC" "-g" "-fno-omit-frame-pointer" "-m64" "-I" "/opt/rustwide/target/debug/build/libgit2-sys-13e85beb07591a64/out/include" "-I" "libgit2/src" "-I" "libgit2/deps/http-parser" "-I" "libgit2/deps/pcre" "-I" "/opt/rustwide/target/debug/build/libssh2-sys-4308764bdbfb507a/out/include" "-I" "/usr/include" "-fvisibility=hidden" "-DGIT_REGEX_BUILTIN=1" "-DHAVE_STDINT_H=1" "-DHAVE_MEMMOVE=1" "-DNO_RECURSE=1" "-DNEWLINE=10" "-DPOSIX_MALLOC_THRESHOLD=10" "-DLINK_SIZE=2" "-DPARENS_NEST_LIMIT=250" "-DMATCH_LIMIT=10000000" "-DMATCH_LIMIT_RECURSION=MATCH_LIMIT" "-DMAX_NAME_SIZE=32" "-DMAX_NAME_COUNT=10000" "-DSHA1DC_NO_STANDARD_INCLUDES=1" "-DSHA1DC_CUSTOM_INCLUDE_SHA1_C=\"common.h\"" "-DSHA1DC_CUSTOM_INCLUDE_UBC_CHECK_C=\"common.h\"" "-o" "/opt/rustwide/target/debug/build/libgit2-sys-13e85beb07591a64/out/build/libgit2/src/commit_graph.o" "-c" "libgit2/src/commit_graph.c" with args "cc" did not execute successfully (status code exit status: 1).
[INFO] [stderr] 
[INFO] [stderr] 
[INFO] running `Command { std: "docker" "inspect" "e63cfa59986700623ece08d6539f99173e28ac8f17ce0844e2aaa4d95572af30", kill_on_drop: false }`
[INFO] running `Command { std: "docker" "rm" "-f" "e63cfa59986700623ece08d6539f99173e28ac8f17ce0844e2aaa4d95572af30", kill_on_drop: false }`
[INFO] [stdout] e63cfa59986700623ece08d6539f99173e28ac8f17ce0844e2aaa4d95572af30
