[INFO] cloning repository https://github.com/zpoken/plonky2
[INFO] running `Command { std: "git" "-c" "credential.helper=" "-c" "credential.helper=/workspace/cargo-home/bin/git-credential-null" "clone" "--bare" "https://github.com/zpoken/plonky2" "/workspace/cache/git-repos/https%3A%2F%2Fgithub.com%2Fzpoken%2Fplonky2", kill_on_drop: false }`
[INFO] [stderr] Cloning into bare repository '/workspace/cache/git-repos/https%3A%2F%2Fgithub.com%2Fzpoken%2Fplonky2'...
[INFO] running `Command { std: "git" "rev-parse" "HEAD", kill_on_drop: false }`
[INFO] [stdout] 2244a9d802aa74f15c32ca7f4139959c61126819
[INFO] testing zpoken/plonky2 against nightly-2025-01-18+rustflags=-Zrandomize-layout for randomize-layout-2
[INFO] running `Command { std: "git" "clone" "/workspace/cache/git-repos/https%3A%2F%2Fgithub.com%2Fzpoken%2Fplonky2" "/workspace/builds/worker-7-tc2/source", kill_on_drop: false }`
[INFO] [stderr] Cloning into '/workspace/builds/worker-7-tc2/source'...
[INFO] [stderr] done.
[INFO] validating manifest of git repo https://github.com/zpoken/plonky2 on toolchain nightly-2025-01-18
[INFO] running `Command { std: CARGO_HOME="/workspace/cargo-home" RUSTUP_HOME="/workspace/rustup-home" "/workspace/cargo-home/bin/cargo" "+nightly-2025-01-18" "metadata" "--manifest-path" "Cargo.toml" "--no-deps", kill_on_drop: false }`
[INFO] removed /workspace/builds/worker-7-tc2/source/rust-toolchain
[INFO] started tweaking git repo https://github.com/zpoken/plonky2
[INFO] finished tweaking git repo https://github.com/zpoken/plonky2
[INFO] tweaked toml for git repo https://github.com/zpoken/plonky2 written to /workspace/builds/worker-7-tc2/source/Cargo.toml
[INFO] running `Command { std: CARGO_HOME="/workspace/cargo-home" RUSTUP_HOME="/workspace/rustup-home" "/workspace/cargo-home/bin/cargo" "+nightly-2025-01-18" "generate-lockfile" "--manifest-path" "Cargo.toml", kill_on_drop: false }`
[INFO] [stderr]     Updating crates.io index
[INFO] [stderr]      Locking 123 packages to latest compatible versions
[INFO] [stderr]       Adding env_logger v0.9.3 (available: v0.11.6)
[INFO] [stderr]       Adding hashbrown v0.14.5 (available: v0.15.2)
[INFO] [stderr]       Adding itertools v0.11.0 (available: v0.14.0)
[INFO] [stderr]       Adding keccak-hash v0.8.0 (available: v0.11.0)
[INFO] running `Command { std: CARGO_HOME="/workspace/cargo-home" RUSTUP_HOME="/workspace/rustup-home" "/workspace/cargo-home/bin/cargo" "+nightly-2025-01-18" "fetch" "--manifest-path" "Cargo.toml", kill_on_drop: false }`
[INFO] running `Command { std: "docker" "create" "-v" "/var/lib/crater-agent-workspace/builds/worker-7-tc2/target:/opt/rustwide/target:rw,Z" "-v" "/var/lib/crater-agent-workspace/builds/worker-7-tc2/source:/opt/rustwide/workdir:ro,Z" "-v" "/var/lib/crater-agent-workspace/cargo-home:/opt/rustwide/cargo-home:ro,Z" "-v" "/var/lib/crater-agent-workspace/rustup-home:/opt/rustwide/rustup-home:ro,Z" "-e" "SOURCE_DIR=/opt/rustwide/workdir" "-e" "CARGO_TARGET_DIR=/opt/rustwide/target" "-e" "CARGO_HOME=/opt/rustwide/cargo-home" "-e" "RUSTUP_HOME=/opt/rustwide/rustup-home" "-w" "/opt/rustwide/workdir" "-m" "1610612736" "--user" "0:0" "--network" "none" "ghcr.io/rust-lang/crates-build-env/linux@sha256:819108c5571ea2e421544af4d832f968d213c87fbe3707a016657f43d2f853bc" "/opt/rustwide/cargo-home/bin/cargo" "+nightly-2025-01-18" "metadata" "--no-deps" "--format-version=1", kill_on_drop: false }`
[INFO] [stdout] 39944870c87780d4d3d3a105fa1cd4d0ca6ae0040b35bed418c8c038247eba0d
[INFO] running `Command { std: "docker" "start" "-a" "39944870c87780d4d3d3a105fa1cd4d0ca6ae0040b35bed418c8c038247eba0d", kill_on_drop: false }`
[INFO] running `Command { std: "docker" "inspect" "39944870c87780d4d3d3a105fa1cd4d0ca6ae0040b35bed418c8c038247eba0d", kill_on_drop: false }`
[INFO] running `Command { std: "docker" "rm" "-f" "39944870c87780d4d3d3a105fa1cd4d0ca6ae0040b35bed418c8c038247eba0d", kill_on_drop: false }`
[INFO] [stdout] 39944870c87780d4d3d3a105fa1cd4d0ca6ae0040b35bed418c8c038247eba0d
[INFO] running `Command { std: "docker" "create" "-v" "/var/lib/crater-agent-workspace/builds/worker-7-tc2/target:/opt/rustwide/target:rw,Z" "-v" "/var/lib/crater-agent-workspace/builds/worker-7-tc2/source:/opt/rustwide/workdir:ro,Z" "-v" "/var/lib/crater-agent-workspace/cargo-home:/opt/rustwide/cargo-home:ro,Z" "-v" "/var/lib/crater-agent-workspace/rustup-home:/opt/rustwide/rustup-home:ro,Z" "-e" "SOURCE_DIR=/opt/rustwide/workdir" "-e" "CARGO_TARGET_DIR=/opt/rustwide/target" "-e" "CARGO_INCREMENTAL=0" "-e" "RUST_BACKTRACE=full" "-e" "RUSTFLAGS=--cap-lints=forbid -Zrandomize-layout" "-e" "RUSTDOCFLAGS=--cap-lints=forbid" "-e" "CARGO_HOME=/opt/rustwide/cargo-home" "-e" "RUSTUP_HOME=/opt/rustwide/rustup-home" "-w" "/opt/rustwide/workdir" "-m" "1610612736" "--user" "0:0" "--network" "none" "ghcr.io/rust-lang/crates-build-env/linux@sha256:819108c5571ea2e421544af4d832f968d213c87fbe3707a016657f43d2f853bc" "/opt/rustwide/cargo-home/bin/cargo" "+nightly-2025-01-18" "build" "--frozen" "--message-format=json", kill_on_drop: false }`
[INFO] [stdout] 339266cdf061bc97cf7cf093b9a9e93b908ad54c065f522ee0965b96cb1f2f70
[INFO] running `Command { std: "docker" "start" "-a" "339266cdf061bc97cf7cf093b9a9e93b908ad54c065f522ee0965b96cb1f2f70", kill_on_drop: false }`
[INFO] [stderr]    Compiling proc-macro2 v1.0.93
[INFO] [stderr]    Compiling unicode-ident v1.0.14
[INFO] [stderr]    Compiling libc v0.2.169
[INFO] [stderr]    Compiling cfg-if v1.0.0
[INFO] [stderr]    Compiling byteorder v1.5.0
[INFO] [stderr]    Compiling crunchy v0.2.2
[INFO] [stderr]    Compiling autocfg v1.4.0
[INFO] [stderr]    Compiling crossbeam-utils v0.8.21
[INFO] [stderr]    Compiling syn v1.0.109
[INFO] [stderr]    Compiling tiny-keccak v2.0.2
[INFO] [stderr]    Compiling static_assertions v1.1.0
[INFO] [stderr]    Compiling rayon-core v1.12.1
[INFO] [stderr]    Compiling either v1.13.0
[INFO] [stderr]    Compiling serde v1.0.217
[INFO] [stderr]    Compiling version_check v0.9.5
[INFO] [stderr]    Compiling once_cell v1.20.2
[INFO] [stderr]    Compiling anyhow v1.0.95
[INFO] [stderr]    Compiling hex v0.4.3
[INFO] [stderr]    Compiling fixed-hash v0.7.0
[INFO] [stderr]    Compiling dyn-clone v1.0.17
[INFO] [stderr]    Compiling plonky2_util v0.2.0 (/opt/rustwide/workdir/util)
[INFO] [stderr]    Compiling log v0.4.25
[INFO] [stderr]    Compiling web-time v1.1.0
[INFO] [stderr]    Compiling uint v0.9.5
[INFO] [stderr]    Compiling ahash v0.8.11
[INFO] [stderr]    Compiling primitive-types v0.10.1
[INFO] [stderr]    Compiling num-traits v0.2.19
[INFO] [stderr]    Compiling crossbeam-epoch v0.9.18
[INFO] [stderr]    Compiling itertools v0.11.0
[INFO] [stderr]    Compiling crossbeam-deque v0.8.6
[INFO] [stderr]    Compiling quote v1.0.38
[INFO] [stderr]    Compiling syn v2.0.96
[INFO] [stderr]    Compiling getrandom v0.2.15
[INFO] [stderr]    Compiling rand_core v0.6.4
[INFO] [stderr]    Compiling const-random-macro v0.1.16
[INFO] [stderr]    Compiling keccak-hash v0.8.0
[INFO] [stderr]    Compiling const-random v0.1.18
[INFO] [stderr]    Compiling num-integer v0.1.46
[INFO] [stderr]    Compiling rayon v1.10.0
[INFO] [stderr]    Compiling num-iter v0.1.45
[INFO] [stderr]    Compiling zerocopy-derive v0.7.35
[INFO] [stderr]    Compiling serde_derive v1.0.217
[INFO] [stderr]    Compiling plonky2_maybe_rayon v0.2.0 (/opt/rustwide/workdir/maybe_rayon)
[INFO] [stderr]    Compiling zerocopy v0.7.35
[INFO] [stdout] warning: unexpected `cfg` condition name: `std`
[INFO] [stdout]  --> maybe_rayon/src/lib.rs:1:17
[INFO] [stdout]   |
[INFO] [stdout] 1 | #![cfg_attr(not(std), no_std)]
[INFO] [stdout]   |                 ^^^
[INFO] [stdout]   |
[INFO] [stdout]   = help: expected names are: `clippy`, `debug_assertions`, `doc`, `docsrs`, `doctest`, `feature`, `fmt_debug`, `miri`, `overflow_checks`, `panic`, `proc_macro`, `relocation_model`, `rustfmt`, `sanitize`, `sanitizer_cfi_generalize_pointers`, `sanitizer_cfi_normalize_integers`, `target_abi`, `target_arch`, `target_endian`, `target_env`, `target_family`, `target_feature`, `target_has_atomic`, `target_has_atomic_equal_alignment`, `target_has_atomic_load_store`, `target_os`, `target_pointer_width`, `target_thread_local`, `target_vendor`, `test`, `ub_checks`, `unix`, and `windows`
[INFO] [stdout]   = help: consider using a Cargo feature instead
[INFO] [stdout]   = help: or consider adding in `Cargo.toml` the `check-cfg` lint config for the lint:
[INFO] [stdout]            [lints.rust]
[INFO] [stdout]            unexpected_cfgs = { level = "warn", check-cfg = ['cfg(std)'] }
[INFO] [stdout]   = help: or consider adding `println!("cargo::rustc-check-cfg=cfg(std)");` to the top of the `build.rs`
[INFO] [stdout]   = note: see <https://doc.rust-lang.org/nightly/rustc/check-cfg/cargo-specifics.html> for more information about checking conditional configuration
[INFO] [stdout]   = note: `#[warn(unexpected_cfgs)]` on by default
[INFO] [stdout] 
[INFO] [stdout] 
[INFO] [stderr]    Compiling unroll v0.1.5
[INFO] [stderr]    Compiling dyn-clonable-impl v0.9.0
[INFO] [stderr]    Compiling ppv-lite86 v0.2.20
[INFO] [stderr]    Compiling dyn-clonable v0.9.0
[INFO] [stderr]    Compiling rand_chacha v0.3.1
[INFO] [stderr]    Compiling rand v0.8.5
[INFO] [stderr]    Compiling num-bigint v0.4.6
[INFO] [stderr]    Compiling num-complex v0.4.6
[INFO] [stderr]    Compiling num-rational v0.4.2
[INFO] [stderr]    Compiling num v0.4.3
[INFO] [stderr]    Compiling hashbrown v0.14.5
[INFO] [stderr]    Compiling plonky2_field v0.2.1 (/opt/rustwide/workdir/field)
[INFO] [stderr]    Compiling plonky2 v0.2.1 (/opt/rustwide/workdir/plonky2)
[INFO] [stdout] warning: field `name` is never read
[INFO] [stdout]   --> plonky2/src/plonk/copy_constraint.rs:10:9
[INFO] [stdout]    |
[INFO] [stdout] 8  | pub struct CopyConstraint {
[INFO] [stdout]    |            -------------- field in this struct
[INFO] [stdout] 9  |     pub pair: (Target, Target),
[INFO] [stdout] 10 |     pub name: String,
[INFO] [stdout]    |         ^^^^
[INFO] [stdout]    |
[INFO] [stdout]    = note: `CopyConstraint` has a derived impl for the trait `Debug`, but this is intentionally ignored during dead code analysis
[INFO] [stdout]    = note: `#[warn(dead_code)]` on by default
[INFO] [stdout] 
[INFO] [stdout] 
[INFO] [stderr]    Compiling starky v0.3.0 (/opt/rustwide/workdir/starky)
[INFO] [stderr]     Finished `dev` profile [unoptimized + debuginfo] target(s) in 22.78s
[INFO] running `Command { std: "docker" "inspect" "339266cdf061bc97cf7cf093b9a9e93b908ad54c065f522ee0965b96cb1f2f70", kill_on_drop: false }`
[INFO] running `Command { std: "docker" "rm" "-f" "339266cdf061bc97cf7cf093b9a9e93b908ad54c065f522ee0965b96cb1f2f70", kill_on_drop: false }`
[INFO] [stdout] 339266cdf061bc97cf7cf093b9a9e93b908ad54c065f522ee0965b96cb1f2f70
[INFO] running `Command { std: "docker" "create" "-v" "/var/lib/crater-agent-workspace/builds/worker-7-tc2/target:/opt/rustwide/target:rw,Z" "-v" "/var/lib/crater-agent-workspace/builds/worker-7-tc2/source:/opt/rustwide/workdir:ro,Z" "-v" "/var/lib/crater-agent-workspace/cargo-home:/opt/rustwide/cargo-home:ro,Z" "-v" "/var/lib/crater-agent-workspace/rustup-home:/opt/rustwide/rustup-home:ro,Z" "-e" "SOURCE_DIR=/opt/rustwide/workdir" "-e" "CARGO_TARGET_DIR=/opt/rustwide/target" "-e" "CARGO_INCREMENTAL=0" "-e" "RUST_BACKTRACE=full" "-e" "RUSTFLAGS=--cap-lints=forbid -Zrandomize-layout" "-e" "RUSTDOCFLAGS=--cap-lints=forbid" "-e" "CARGO_HOME=/opt/rustwide/cargo-home" "-e" "RUSTUP_HOME=/opt/rustwide/rustup-home" "-w" "/opt/rustwide/workdir" "-m" "1610612736" "--user" "0:0" "--network" "none" "ghcr.io/rust-lang/crates-build-env/linux@sha256:819108c5571ea2e421544af4d832f968d213c87fbe3707a016657f43d2f853bc" "/opt/rustwide/cargo-home/bin/cargo" "+nightly-2025-01-18" "test" "--frozen" "--no-run" "--message-format=json", kill_on_drop: false }`
[INFO] [stdout] 662de8da18d27ac89f0e8c84ca1ec0fc5ef65b465123abb89fda0468896351a6
[INFO] running `Command { std: "docker" "start" "-a" "662de8da18d27ac89f0e8c84ca1ec0fc5ef65b465123abb89fda0468896351a6", kill_on_drop: false }`
[INFO] [stderr]    Compiling libc v0.2.169
[INFO] [stderr]    Compiling serde v1.0.217
[INFO] [stderr]    Compiling num-traits v0.2.19
[INFO] [stderr]    Compiling once_cell v1.20.2
[INFO] [stderr]    Compiling proc-macro-error-attr v1.0.4
[INFO] [stderr]    Compiling shlex v1.3.0
[INFO] [stderr]    Compiling log v0.4.25
[INFO] [stderr]    Compiling memchr v2.7.4
[INFO] [stderr]    Compiling proc-macro-error v1.0.4
[INFO] [stderr]    Compiling serde_json v1.0.137
[INFO] [stderr]    Compiling half v2.4.1
[INFO] [stderr]    Compiling unicode-segmentation v1.12.0
[INFO] [stderr]    Compiling anstyle v1.0.10
[INFO] [stdout] warning: unexpected `cfg` condition name: `std`
[INFO] [stdout]  --> maybe_rayon/src/lib.rs:1:17
[INFO] [stdout]   |
[INFO] [stdout] 1 | #![cfg_attr(not(std), no_std)]
[INFO] [stdout]   |                 ^^^
[INFO] [stdout]   |
[INFO] [stdout]   = help: expected names are: `clippy`, `debug_assertions`, `doc`, `docsrs`, `doctest`, `feature`, `fmt_debug`, `miri`, `overflow_checks`, `panic`, `proc_macro`, `relocation_model`, `rustfmt`, `sanitize`, `sanitizer_cfi_generalize_pointers`, `sanitizer_cfi_normalize_integers`, `target_abi`, `target_arch`, `target_endian`, `target_env`, `target_family`, `target_feature`, `target_has_atomic`, `target_has_atomic_equal_alignment`, `target_has_atomic_load_store`, `target_os`, `target_pointer_width`, `target_thread_local`, `target_vendor`, `test`, `ub_checks`, `unix`, and `windows`
[INFO] [stdout]   = help: consider using a Cargo feature instead
[INFO] [stdout]   = help: or consider adding in `Cargo.toml` the `check-cfg` lint config for the lint:
[INFO] [stdout]            [lints.rust]
[INFO] [stdout]            unexpected_cfgs = { level = "warn", check-cfg = ['cfg(std)'] }
[INFO] [stdout]   = help: or consider adding `println!("cargo::rustc-check-cfg=cfg(std)");` to the top of the `build.rs`
[INFO] [stdout]   = note: see <https://doc.rust-lang.org/nightly/rustc/check-cfg/cargo-specifics.html> for more information about checking conditional configuration
[INFO] [stdout]   = note: `#[warn(unexpected_cfgs)]` on by default
[INFO] [stdout] 
[INFO] [stdout] 
[INFO] [stderr]    Compiling unicode-width v0.1.14
[INFO] [stderr]    Compiling regex-syntax v0.8.5
[INFO] [stderr]    Compiling clap_lex v0.7.4
[INFO] [stderr]    Compiling itoa v1.0.14
[INFO] [stderr]    Compiling cc v1.2.10
[INFO] [stderr]    Compiling ryu v1.0.18
[INFO] [stderr]    Compiling ciborium-io v0.2.2
[INFO] [stderr]    Compiling env_logger v0.9.3
[INFO] [stderr]    Compiling clap_builder v4.5.27
[INFO] [stderr]    Compiling itertools v0.10.5
[INFO] [stderr]    Compiling same-file v1.0.6
[INFO] [stderr]    Compiling minimal-lexical v0.2.1
[INFO] [stderr]    Compiling getrandom v0.2.15
[INFO] [stderr]    Compiling ciborium-ll v0.2.2
[INFO] [stderr]    Compiling cast v0.3.0
[INFO] [stderr]    Compiling textwrap v0.11.0
[INFO] [stderr]    Compiling bitflags v1.3.2
[INFO] [stderr]    Compiling walkdir v2.5.0
[INFO] [stderr]    Compiling half v1.8.3
[INFO] [stderr]    Compiling const-random-macro v0.1.16
[INFO] [stderr]    Compiling clap v2.34.0
[INFO] [stderr]    Compiling lazy_static v1.5.0
[INFO] [stderr]    Compiling oorandom v11.1.4
[INFO] [stderr]    Compiling anes v0.1.6
[INFO] [stderr]    Compiling plonky2_maybe_rayon v0.2.0 (/opt/rustwide/workdir/maybe_rayon)
[INFO] [stdout] warning: unexpected `cfg` condition name: `std`
[INFO] [stdout]  --> maybe_rayon/src/lib.rs:1:17
[INFO] [stdout]   |
[INFO] [stdout] 1 | #![cfg_attr(not(std), no_std)]
[INFO] [stdout]   |                 ^^^
[INFO] [stdout]   |
[INFO] [stdout]   = help: expected names are: `clippy`, `debug_assertions`, `doc`, `docsrs`, `doctest`, `feature`, `fmt_debug`, `miri`, `overflow_checks`, `panic`, `proc_macro`, `relocation_model`, `rustfmt`, `sanitize`, `sanitizer_cfi_generalize_pointers`, `sanitizer_cfi_normalize_integers`, `target_abi`, `target_arch`, `target_endian`, `target_env`, `target_family`, `target_feature`, `target_has_atomic`, `target_has_atomic_equal_alignment`, `target_has_atomic_load_store`, `target_os`, `target_pointer_width`, `target_thread_local`, `target_vendor`, `test`, `ub_checks`, `unix`, and `windows`
[INFO] [stdout]   = help: consider using a Cargo feature instead
[INFO] [stdout]   = help: or consider adding in `Cargo.toml` the `check-cfg` lint config for the lint:
[INFO] [stdout]            [lints.rust]
[INFO] [stdout]            unexpected_cfgs = { level = "warn", check-cfg = ['cfg(std)'] }
[INFO] [stdout]   = help: or consider adding `println!("cargo::rustc-check-cfg=cfg(std)");` to the top of the `build.rs`
[INFO] [stdout]   = note: see <https://doc.rust-lang.org/nightly/rustc/check-cfg/cargo-specifics.html> for more information about checking conditional configuration
[INFO] [stdout]   = note: `#[warn(unexpected_cfgs)]` on by default
[INFO] [stdout] 
[INFO] [stdout] 
[INFO] [stderr]    Compiling heck v0.3.3
[INFO] [stderr]    Compiling const-random v0.1.18
[INFO] [stderr]    Compiling nom v7.1.3
[INFO] [stderr]    Compiling ahash v0.8.11
[INFO] [stderr]    Compiling structopt-derive v0.4.18
[INFO] [stderr]    Compiling jemalloc-sys v0.5.4+5.3.0-patched
[INFO] [stderr]    Compiling num-integer v0.1.46
[INFO] [stderr]    Compiling is-terminal v0.4.13
[INFO] [stderr]    Compiling num_cpus v1.16.0
[INFO] [stderr]    Compiling rand_core v0.6.4
[INFO] [stderr]    Compiling structopt v0.3.26
[INFO] [stderr]    Compiling num-iter v0.1.45
[INFO] [stderr]    Compiling criterion-plot v0.5.0
[INFO] [stderr]    Compiling rand_chacha v0.3.1
[INFO] [stderr]    Compiling regex-automata v0.4.9
[INFO] [stderr]    Compiling rand v0.8.5
[INFO] [stderr]    Compiling num-bigint v0.4.6
[INFO] [stderr]    Compiling num-complex v0.4.6
[INFO] [stderr]    Compiling tynm v0.1.10
[INFO] [stderr]    Compiling plonky2_util v0.2.0 (/opt/rustwide/workdir/util)
[INFO] [stderr]    Compiling clap v4.5.27
[INFO] [stderr]    Compiling hashbrown v0.14.5
[INFO] [stderr]    Compiling ciborium v0.2.2
[INFO] [stderr]    Compiling serde_cbor v0.11.2
[INFO] [stderr]    Compiling num-rational v0.4.2
[INFO] [stderr]    Compiling regex v1.11.1
[INFO] [stderr]    Compiling num v0.4.3
[INFO] [stderr]    Compiling plonky2_field v0.2.1 (/opt/rustwide/workdir/field)
[INFO] [stderr]    Compiling plonky2 v0.2.1 (/opt/rustwide/workdir/plonky2)
[INFO] [stderr]    Compiling tinytemplate v1.2.1
[INFO] [stderr]    Compiling criterion v0.5.1
[INFO] [stdout] warning: field `name` is never read
[INFO] [stdout]   --> plonky2/src/plonk/copy_constraint.rs:10:9
[INFO] [stdout]    |
[INFO] [stdout] 8  | pub struct CopyConstraint {
[INFO] [stdout]    |            -------------- field in this struct
[INFO] [stdout] 9  |     pub pair: (Target, Target),
[INFO] [stdout] 10 |     pub name: String,
[INFO] [stdout]    |         ^^^^
[INFO] [stdout]    |
[INFO] [stdout]    = note: `CopyConstraint` has a derived impl for the trait `Debug`, but this is intentionally ignored during dead code analysis
[INFO] [stdout]    = note: `#[warn(dead_code)]` on by default
[INFO] [stdout] 
[INFO] [stdout] 
[INFO] [stderr]    Compiling starky v0.3.0 (/opt/rustwide/workdir/starky)
[INFO] [stderr] error: failed to run custom build command for `jemalloc-sys v0.5.4+5.3.0-patched`
[INFO] [stderr] note: To improve backtraces for build dependencies, set the CARGO_PROFILE_TEST_BUILD_OVERRIDE_DEBUG=true environment variable to enable debug information generation.
[INFO] [stderr] 
[INFO] [stderr] Caused by:
[INFO] [stderr]   process didn't exit successfully: `/opt/rustwide/target/debug/build/jemalloc-sys-ba84d37bccb06669/build-script-build` (exit status: 101)
[INFO] [stderr]   --- stdout
[INFO] [stderr]   TARGET=x86_64-unknown-linux-gnu
[INFO] [stderr]   HOST=x86_64-unknown-linux-gnu
[INFO] [stderr]   NUM_JOBS=16
[INFO] [stderr]   OUT_DIR="/opt/rustwide/target/debug/build/jemalloc-sys-b9f5f2bea76f89e8/out"
[INFO] [stderr]   BUILD_DIR="/opt/rustwide/target/debug/build/jemalloc-sys-b9f5f2bea76f89e8/out/build"
[INFO] [stderr]   SRC_DIR="/opt/rustwide/cargo-home/registry/src/index.crates.io-1949cf8c6b5b557f/jemalloc-sys-0.5.4+5.3.0-patched"
[INFO] [stderr]   cargo:rustc-cfg=prefixed
[INFO] [stderr]   cargo:rerun-if-env-changed=JEMALLOC_OVERRIDE
[INFO] [stderr]   OPT_LEVEL = Some(0)
[INFO] [stderr]   OUT_DIR = Some(/opt/rustwide/target/debug/build/jemalloc-sys-b9f5f2bea76f89e8/out)
[INFO] [stderr]   TARGET = Some(x86_64-unknown-linux-gnu)
[INFO] [stderr]   HOST = Some(x86_64-unknown-linux-gnu)
[INFO] [stderr]   cargo:rerun-if-env-changed=CC_x86_64-unknown-linux-gnu
[INFO] [stderr]   CC_x86_64-unknown-linux-gnu = None
[INFO] [stderr]   cargo:rerun-if-env-changed=CC_x86_64_unknown_linux_gnu
[INFO] [stderr]   CC_x86_64_unknown_linux_gnu = None
[INFO] [stderr]   cargo:rerun-if-env-changed=HOST_CC
[INFO] [stderr]   HOST_CC = None
[INFO] [stderr]   cargo:rerun-if-env-changed=CC
[INFO] [stderr]   CC = None
[INFO] [stderr]   cargo:rerun-if-env-changed=CC_ENABLE_DEBUG_OUTPUT
[INFO] [stderr]   RUSTC_WRAPPER = None
[INFO] [stderr]   cargo:rerun-if-env-changed=CRATE_CC_NO_DEFAULTS
[INFO] [stderr]   CRATE_CC_NO_DEFAULTS = None
[INFO] [stderr]   DEBUG = Some(true)
[INFO] [stderr]   CARGO_CFG_TARGET_FEATURE = Some(fxsr,sse,sse2,x87)
[INFO] [stderr]   cargo:rerun-if-env-changed=CFLAGS_x86_64-unknown-linux-gnu
[INFO] [stderr]   CFLAGS_x86_64-unknown-linux-gnu = None
[INFO] [stderr]   cargo:rerun-if-env-changed=CFLAGS_x86_64_unknown_linux_gnu
[INFO] [stderr]   CFLAGS_x86_64_unknown_linux_gnu = None
[INFO] [stderr]   cargo:rerun-if-env-changed=HOST_CFLAGS
[INFO] [stderr]   HOST_CFLAGS = None
[INFO] [stderr]   cargo:rerun-if-env-changed=CFLAGS
[INFO] [stderr]   CFLAGS = None
[INFO] [stderr]   CARGO_ENCODED_RUSTFLAGS = Some(--cap-lints=forbid-Zrandomize-layout)
[INFO] [stderr]   CC="cc"
[INFO] [stderr]   CFLAGS="-O0 -ffunction-sections -fdata-sections -fPIC -gdwarf-4 -fno-omit-frame-pointer -m64 -Wall"
[INFO] [stderr]   JEMALLOC_REPO_DIR="jemalloc"
[INFO] [stderr]   cargo:rerun-if-env-changed=JEMALLOC_SYS_WITH_MALLOC_CONF
[INFO] [stderr]   cargo:rerun-if-env-changed=JEMALLOC_SYS_WITH_LG_PAGE
[INFO] [stderr]   cargo:rerun-if-env-changed=JEMALLOC_SYS_WITH_LG_HUGEPAGE
[INFO] [stderr]   cargo:rerun-if-env-changed=JEMALLOC_SYS_WITH_LG_QUANTUM
[INFO] [stderr]   cargo:rerun-if-env-changed=JEMALLOC_SYS_WITH_LG_VADDR
[INFO] [stderr]   --with-jemalloc-prefix=_rjem_
[INFO] [stderr]   running: cd "/opt/rustwide/target/debug/build/jemalloc-sys-b9f5f2bea76f89e8/out/build" && CC="cc" CFLAGS="-O0 -ffunction-sections -fdata-sections -fPIC -gdwarf-4 -fno-omit-frame-pointer -m64 -Wall" CPPFLAGS="-O0 -ffunction-sections -fdata-sections -fPIC -gdwarf-4 -fno-omit-frame-pointer -m64 -Wall" LDFLAGS="-O0 -ffunction-sections -fdata-sections -fPIC -gdwarf-4 -fno-omit-frame-pointer -m64 -Wall" "sh" "/opt/rustwide/target/debug/build/jemalloc-sys-b9f5f2bea76f89e8/out/build/configure" "--disable-cxx" "--enable-doc=no" "--enable-shared=no" "--with-jemalloc-prefix=_rjem_" "--with-private-namespace=_rjem_" "--host=x86_64-unknown-linux-gnu" "--build=x86_64-unknown-linux-gnu" "--prefix=/opt/rustwide/target/debug/build/jemalloc-sys-b9f5f2bea76f89e8/out"
[INFO] [stderr]   checking for xsltproc... false
[INFO] [stderr]   checking for x86_64-unknown-linux-gnu-gcc... cc
[INFO] [stderr]   checking whether the C compiler works... yes
[INFO] [stderr]   checking for C compiler default output file name... a.out
[INFO] [stderr]   checking for suffix of executables... 
[INFO] [stderr]   checking whether we are cross compiling... no
[INFO] [stderr]   checking for suffix of object files... o
[INFO] [stderr]   checking whether we are using the GNU C compiler... yes
[INFO] [stderr]   checking whether cc accepts -g... yes
[INFO] [stderr]   checking for cc option to accept ISO C89... none needed
[INFO] [stderr]   checking whether compiler is cray... no
[INFO] [stderr]   checking whether compiler supports -std=gnu11... yes
[INFO] [stderr]   checking whether compiler supports -Werror=unknown-warning-option... no
[INFO] [stderr]   checking whether compiler supports -Wall... yes
[INFO] [stderr]   checking whether compiler supports -Wextra... yes
[INFO] [stderr]   checking whether compiler supports -Wshorten-64-to-32... no
[INFO] [stderr]   checking whether compiler supports -Wsign-compare... yes
[INFO] [stderr]   checking whether compiler supports -Wundef... yes
[INFO] [stderr]   checking whether compiler supports -Wno-format-zero-length... yes
[INFO] [stderr]   checking whether compiler supports -Wpointer-arith... yes
[INFO] [stderr]   checking whether compiler supports -Wno-missing-braces... yes
[INFO] [stderr]   checking whether compiler supports -Wno-missing-field-initializers... yes
[INFO] [stderr]   checking whether compiler supports -Wno-missing-attributes... yes
[INFO] [stderr]   checking whether compiler supports -pipe... yes
[INFO] [stderr]   checking whether compiler supports -g3... yes
[INFO] [stderr]   checking how to run the C preprocessor... cc -E
[INFO] [stderr]   checking for grep that handles long lines and -e... /usr/bin/grep
[INFO] [stderr]   checking for egrep... /usr/bin/grep -E
[INFO] [stderr]   checking for ANSI C header files... yes
[INFO] [stderr]   checking for sys/types.h... yes
[INFO] [stderr]   checking for sys/stat.h... yes
[INFO] [stderr]   checking for stdlib.h... yes
[INFO] [stderr]   checking for string.h... yes
[INFO] [stderr]   checking for memory.h... yes
[INFO] [stderr]   checking for strings.h... yes
[INFO] [stderr]   checking for inttypes.h... yes
[INFO] [stderr]   checking for stdint.h... yes
[INFO] [stderr]   checking for unistd.h... yes
[INFO] [stderr]   checking whether byte ordering is bigendian... no
[INFO] [stderr]   checking size of void *... 8
[INFO] [stderr]   checking size of int... 4
[INFO] [stderr]   checking size of long... 8
[INFO] [stderr]   checking size of long long... 8
[INFO] [stderr]   checking size of intmax_t... 8
[INFO] [stderr]   checking build system type... x86_64-unknown-linux-gnu
[INFO] [stderr]   checking host system type... x86_64-unknown-linux-gnu
[INFO] [stderr]   checking whether pause instruction is compilable... yes
[INFO] [stderr]   checking number of significant virtual address bits... 48
[INFO] [stderr]   checking for x86_64-unknown-linux-gnu-ar... no
[INFO] [stderr]   checking for ar... ar
[INFO] [stderr]   checking for x86_64-unknown-linux-gnu-nm... no
[INFO] [stderr]   checking for nm... nm
[INFO] [stderr]   checking for gawk... no
[INFO] [stderr]   checking for mawk... mawk
[INFO] [stderr]   checking malloc.h usability... yes
[INFO] [stderr]   checking malloc.h presence... yes
[INFO] [stderr]   checking for malloc.h... yes
[INFO] [stderr]   checking whether malloc_usable_size definition can use const argument... no
[INFO] [stderr]   checking for library containing log... -lm
[INFO] [stderr]   checking whether __attribute__ syntax is compilable... yes
[INFO] [stderr]   checking whether compiler supports -fvisibility=hidden... yes
[INFO] [stderr]   checking whether compiler supports -fvisibility=hidden... no
[INFO] [stderr]   checking whether compiler supports -Werror... yes
[INFO] [stderr]   checking whether compiler supports -herror_on_warning... yes
[INFO] [stderr]   checking whether tls_model attribute is compilable... yes
[INFO] [stderr]   checking whether compiler supports -Werror... yes
[INFO] [stderr]   checking whether compiler supports -herror_on_warning... yes
[INFO] [stderr]   checking whether alloc_size attribute is compilable... yes
[INFO] [stderr]   checking whether compiler supports -Werror... yes
[INFO] [stderr]   checking whether compiler supports -herror_on_warning... yes
[INFO] [stderr]   checking whether format(gnu_printf, ...) attribute is compilable... yes
[INFO] [stderr]   checking whether compiler supports -Werror... yes
[INFO] [stderr]   checking whether compiler supports -herror_on_warning... yes
[INFO] [stderr]   checking whether format(printf, ...) attribute is compilable... yes
[INFO] [stderr]   checking whether compiler supports -Werror... yes
[INFO] [stderr]   checking whether compiler supports -herror_on_warning... yes
[INFO] [stderr]   checking whether format(printf, ...) attribute is compilable... yes
[INFO] [stderr]   checking whether compiler supports -Wimplicit-fallthrough... yes
[INFO] [stderr]   checking whether fallthrough attribute is compilable... yes
[INFO] [stderr]   checking whether compiler supports -Wimplicit-fallthrough... yes
[INFO] [stderr]   checking whether compiler supports -Wimplicit-fallthrough... no
[INFO] [stderr]   checking whether compiler supports -Werror... yes
[INFO] [stderr]   checking whether compiler supports -herror_on_warning... yes
[INFO] [stderr]   checking whether cold attribute is compilable... yes
[INFO] [stderr]   checking whether vm_make_tag is compilable... no
[INFO] [stderr]   checking for a BSD-compatible install... /usr/bin/install -c
[INFO] [stderr]   checking for x86_64-unknown-linux-gnu-ranlib... no
[INFO] [stderr]   checking for ranlib... ranlib
[INFO] [stderr]   checking for ld... /usr/bin/ld
[INFO] [stderr]   checking for autoconf... /usr/bin/autoconf
[INFO] [stderr]   checking for memalign... yes
[INFO] [stderr]   checking for valloc... yes
[INFO] [stderr]   checking for malloc_size... no
[INFO] [stderr]   checking whether compiler supports -O3... yes
[INFO] [stderr]   checking whether compiler supports -O3... no
[INFO] [stderr]   checking whether compiler supports -funroll-loops... yes
[INFO] [stderr]   checking configured backtracing method... N/A
[INFO] [stderr]   checking for sbrk... yes
[INFO] [stderr]   checking whether utrace(2) is compilable... no
[INFO] [stderr]   checking whether utrace(2) with label is compilable... no
[INFO] [stderr]   checking whether a program using __builtin_unreachable is compilable... yes
[INFO] [stderr]   checking whether a program using __builtin_ffsl is compilable... yes
[INFO] [stderr]   checking whether a program using __builtin_popcountl is compilable... yes
[INFO] [stderr]   checking LG_PAGE... 12
[INFO] [stderr]   checking pthread.h usability... yes
[INFO] [stderr]   checking pthread.h presence... yes
[INFO] [stderr]   checking for pthread.h... yes
[INFO] [stderr]   checking for pthread_create in -lpthread... yes
[INFO] [stderr]   checking dlfcn.h usability... yes
[INFO] [stderr]   checking dlfcn.h presence... yes
[INFO] [stderr]   checking for dlfcn.h... yes
[INFO] [stderr]   checking for dlsym... yes
[INFO] [stderr]   checking whether pthread_atfork(3) is compilable... yes
[INFO] [stderr]   checking whether pthread_setname_np(3) is compilable... yes
[INFO] [stderr]   checking whether pthread_getname_np(3) is compilable... yes
[INFO] [stderr]   checking whether pthread_get_name_np(3) is compilable... no
[INFO] [stderr]   checking for library containing clock_gettime... none required
[INFO] [stderr]   checking whether clock_gettime(CLOCK_MONOTONIC_COARSE, ...) is compilable... yes
[INFO] [stderr]   checking whether clock_gettime(CLOCK_MONOTONIC, ...) is compilable... yes
[INFO] [stderr]   checking whether mach_absolute_time() is compilable... no
[INFO] [stderr]   checking whether clock_gettime(CLOCK_REALTIME, ...) is compilable... yes
[INFO] [stderr]   checking whether compiler supports -Werror... yes
[INFO] [stderr]   checking whether syscall(2) is compilable... yes
[INFO] [stderr]   checking for secure_getenv... yes
[INFO] [stderr]   checking for sched_getcpu... yes
[INFO] [stderr]   checking for sched_setaffinity... yes
[INFO] [stderr]   checking for issetugid... no
[INFO] [stderr]   checking for _malloc_thread_cleanup... no
[INFO] [stderr]   checking for _pthread_mutex_init_calloc_cb... no
[INFO] [stderr]   checking for memcntl... no
[INFO] [stderr]   checking for TLS... yes
[INFO] [stderr]   checking whether C11 atomics is compilable... yes
[INFO] [stderr]   checking whether GCC __atomic atomics is compilable... yes
[INFO] [stderr]   checking whether GCC 8-bit __atomic atomics is compilable... yes
[INFO] [stderr]   checking whether GCC __sync atomics is compilable... yes
[INFO] [stderr]   checking whether GCC 8-bit __sync atomics is compilable... yes
[INFO] [stderr]   checking whether Darwin OSAtomic*() is compilable... no
[INFO] [stderr]   checking whether madvise(2) is compilable... yes
[INFO] [stderr]   checking whether madvise(..., MADV_FREE) is compilable... yes
[INFO] [stderr]   checking whether madvise(..., MADV_DONTNEED) is compilable... yes
[INFO] [stderr]   checking whether madvise(..., MADV_DO[NT]DUMP) is compilable... yes
[INFO] [stderr]   checking whether madvise(..., MADV_[NO]HUGEPAGE) is compilable... yes
[INFO] [stderr]   checking whether madvise(..., MADV_[NO]CORE) is compilable... no
[INFO] [stderr]   checking whether mprotect(2) is compilable... yes
[INFO] [stderr]   checking for __builtin_clz... yes
[INFO] [stderr]   checking whether Darwin os_unfair_lock_*() is compilable... no
[INFO] [stderr]   checking whether glibc malloc hook is compilable... no
[INFO] [stderr]   checking whether glibc memalign hook is compilable... no
[INFO] [stderr]   checking whether pthreads adaptive mutexes is compilable... yes
[INFO] [stderr]   checking whether compiler supports -D_GNU_SOURCE... yes
[INFO] [stderr]   checking whether compiler supports -Werror... yes
[INFO] [stderr]   checking whether compiler supports -herror_on_warning... yes
[INFO] [stderr]   checking whether strerror_r returns char with gnu source is compilable... yes
[INFO] [stderr]   checking for stdbool.h that conforms to C99... yes
[INFO] [stderr]   checking for _Bool... yes
[INFO] [stderr]   configure: creating ./config.status
[INFO] [stderr]   config.status: creating Makefile
[INFO] [stderr]   config.status: creating jemalloc.pc
[INFO] [stderr]   config.status: creating doc/html.xsl
[INFO] [stderr]   config.status: creating doc/manpages.xsl
[INFO] [stderr]   config.status: creating doc/jemalloc.xml
[INFO] [stderr]   config.status: creating include/jemalloc/jemalloc_macros.h
[INFO] [stderr]   config.status: creating include/jemalloc/jemalloc_protos.h
[INFO] [stderr]   config.status: creating include/jemalloc/jemalloc_typedefs.h
[INFO] [stderr]   config.status: creating include/jemalloc/internal/jemalloc_preamble.h
[INFO] [stderr]   config.status: creating test/test.sh
[INFO] [stderr]   config.status: creating test/include/test/jemalloc_test.h
[INFO] [stderr]   config.status: creating config.stamp
[INFO] [stderr]   config.status: creating bin/jemalloc-config
[INFO] [stderr]   config.status: creating bin/jemalloc.sh
[INFO] [stderr]   config.status: creating bin/jeprof
[INFO] [stderr]   config.status: creating include/jemalloc/jemalloc_defs.h
[INFO] [stderr]   config.status: creating include/jemalloc/internal/jemalloc_internal_defs.h
[INFO] [stderr]   config.status: creating test/include/test/jemalloc_test_defs.h
[INFO] [stderr]   config.status: executing include/jemalloc/internal/public_symbols.txt commands
[INFO] [stderr]   config.status: executing include/jemalloc/internal/private_symbols.awk commands
[INFO] [stderr]   config.status: executing include/jemalloc/internal/private_symbols_jet.awk commands
[INFO] [stderr]   config.status: executing include/jemalloc/internal/public_namespace.h commands
[INFO] [stderr]   config.status: executing include/jemalloc/internal/public_unnamespace.h commands
[INFO] [stderr]   config.status: executing include/jemalloc/jemalloc_protos_jet.h commands
[INFO] [stderr]   config.status: executing include/jemalloc/jemalloc_rename.h commands
[INFO] [stderr]   config.status: executing include/jemalloc/jemalloc_mangle.h commands
[INFO] [stderr]   config.status: executing include/jemalloc/jemalloc_mangle_jet.h commands
[INFO] [stderr]   config.status: executing include/jemalloc/jemalloc.h commands
[INFO] [stderr]   ===============================================================================
[INFO] [stderr]   jemalloc version   : 5.3.0-0-g54eaed1d8b56b1aa528be3bdd1877e59c56fa90c
[INFO] [stderr]   library revision   : 2
[INFO] [stderr] 
[INFO] [stderr]   CONFIG             : --disable-cxx --enable-doc=no --enable-shared=no --with-jemalloc-prefix=_rjem_ --with-private-namespace=_rjem_ --host=x86_64-unknown-linux-gnu --build=x86_64-unknown-linux-gnu --prefix=/opt/rustwide/target/debug/build/jemalloc-sys-b9f5f2bea76f89e8/out build_alias=x86_64-unknown-linux-gnu host_alias=x86_64-unknown-linux-gnu CC=cc 'CFLAGS=-O0 -ffunction-sections -fdata-sections -fPIC -gdwarf-4 -fno-omit-frame-pointer -m64 -Wall' 'LDFLAGS=-O0 -ffunction-sections -fdata-sections -fPIC -gdwarf-4 -fno-omit-frame-pointer -m64 -Wall' 'CPPFLAGS=-O0 -ffunction-sections -fdata-sections -fPIC -gdwarf-4 -fno-omit-frame-pointer -m64 -Wall'
[INFO] [stderr]   CC                 : cc
[INFO] [stderr]   CONFIGURE_CFLAGS   : -std=gnu11 -Wall -Wextra -Wsign-compare -Wundef -Wno-format-zero-length -Wpointer-arith -Wno-missing-braces -Wno-missing-field-initializers -Wno-missing-attributes -pipe -g3 -fvisibility=hidden -Wimplicit-fallthrough -O3 -funroll-loops
[INFO] [stderr]   SPECIFIED_CFLAGS   : -O0 -ffunction-sections -fdata-sections -fPIC -gdwarf-4 -fno-omit-frame-pointer -m64 -Wall
[INFO] [stderr]   EXTRA_CFLAGS       : 
[INFO] [stderr]   CPPFLAGS           : -O0 -ffunction-sections -fdata-sections -fPIC -gdwarf-4 -fno-omit-frame-pointer -m64 -Wall -D_GNU_SOURCE -D_REENTRANT
[INFO] [stderr]   CXX                : 
[INFO] [stderr]   CONFIGURE_CXXFLAGS : 
[INFO] [stderr]   SPECIFIED_CXXFLAGS : 
[INFO] [stderr]   EXTRA_CXXFLAGS     : 
[INFO] [stderr]   LDFLAGS            : -O0 -ffunction-sections -fdata-sections -fPIC -gdwarf-4 -fno-omit-frame-pointer -m64 -Wall
[INFO] [stderr]   EXTRA_LDFLAGS      : 
[INFO] [stderr]   DSO_LDFLAGS        : -shared -Wl,-soname,$(@F)
[INFO] [stderr]   LIBS               : -lm  -pthread
[INFO] [stderr]   RPATH_EXTRA        : 
[INFO] [stderr] 
[INFO] [stderr]   XSLTPROC           : false
[INFO] [stderr]   XSLROOT            : 
[INFO] [stderr] 
[INFO] [stderr]   PREFIX             : /opt/rustwide/target/debug/build/jemalloc-sys-b9f5f2bea76f89e8/out
[INFO] [stderr]   BINDIR             : /opt/rustwide/target/debug/build/jemalloc-sys-b9f5f2bea76f89e8/out/bin
[INFO] [stderr]   DATADIR            : /opt/rustwide/target/debug/build/jemalloc-sys-b9f5f2bea76f89e8/out/share
[INFO] [stderr]   INCLUDEDIR         : /opt/rustwide/target/debug/build/jemalloc-sys-b9f5f2bea76f89e8/out/include
[INFO] [stderr]   LIBDIR             : /opt/rustwide/target/debug/build/jemalloc-sys-b9f5f2bea76f89e8/out/lib
[INFO] [stderr]   MANDIR             : /opt/rustwide/target/debug/build/jemalloc-sys-b9f5f2bea76f89e8/out/share/man
[INFO] [stderr] 
[INFO] [stderr]   srcroot            : 
[INFO] [stderr]   abs_srcroot        : /opt/rustwide/target/debug/build/jemalloc-sys-b9f5f2bea76f89e8/out/build/
[INFO] [stderr]   objroot            : 
[INFO] [stderr]   abs_objroot        : /opt/rustwide/target/debug/build/jemalloc-sys-b9f5f2bea76f89e8/out/build/
[INFO] [stderr] 
[INFO] [stderr]   JEMALLOC_PREFIX    : _rjem_
[INFO] [stderr]   JEMALLOC_PRIVATE_NAMESPACE
[INFO] [stderr]                      : _rjem_je_
[INFO] [stderr]   install_suffix     : 
[INFO] [stderr]   malloc_conf        : 
[INFO] [stderr]   documentation      : 0
[INFO] [stderr]   shared libs        : 0
[INFO] [stderr]   static libs        : 1
[INFO] [stderr]   autogen            : 0
[INFO] [stderr]   debug              : 0
[INFO] [stderr]   stats              : 1
[INFO] [stderr]   experimental_smallocx : 0
[INFO] [stderr]   prof               : 0
[INFO] [stderr]   prof-libunwind     : 0
[INFO] [stderr]   prof-libgcc        : 0
[INFO] [stderr]   prof-gcc           : 0
[INFO] [stderr]   fill               : 1
[INFO] [stderr]   utrace             : 0
[INFO] [stderr]   xmalloc            : 0
[INFO] [stderr]   log                : 0
[INFO] [stderr]   lazy_lock          : 0
[INFO] [stderr]   cache-oblivious    : 1
[INFO] [stderr]   cxx                : 0
[INFO] [stderr]   ===============================================================================
[INFO] [stderr]   running: cd "/opt/rustwide/target/debug/build/jemalloc-sys-b9f5f2bea76f89e8/out/build" && "make" "-j" "16"
[INFO] [stderr]   cc -std=gnu11 -Wall -Wextra -Wsign-compare -Wundef -Wno-format-zero-length -Wpointer-arith -Wno-missing-braces -Wno-missing-field-initializers -Wno-missing-attributes -pipe -g3 -fvisibility=hidden -Wimplicit-fallthrough -O3 -funroll-loops -O0 -ffunction-sections -fdata-sections -fPIC -gdwarf-4 -fno-omit-frame-pointer -m64 -Wall -c -O0 -ffunction-sections -fdata-sections -fPIC -gdwarf-4 -fno-omit-frame-pointer -m64 -Wall -D_GNU_SOURCE -D_REENTRANT -Iinclude -Iinclude -DJEMALLOC_NO_PRIVATE_NAMESPACE -o src/jemalloc.sym.o src/jemalloc.c
[INFO] [stderr]   cc -std=gnu11 -Wall -Wextra -Wsign-compare -Wundef -Wno-format-zero-length -Wpointer-arith -Wno-missing-braces -Wno-missing-field-initializers -Wno-missing-attributes -pipe -g3 -fvisibility=hidden -Wimplicit-fallthrough -O3 -funroll-loops -O0 -ffunction-sections -fdata-sections -fPIC -gdwarf-4 -fno-omit-frame-pointer -m64 -Wall -c -O0 -ffunction-sections -fdata-sections -fPIC -gdwarf-4 -fno-omit-frame-pointer -m64 -Wall -D_GNU_SOURCE -D_REENTRANT -Iinclude -Iinclude -DJEMALLOC_NO_PRIVATE_NAMESPACE -o src/arena.sym.o src/arena.c
[INFO] [stderr]   cc -std=gnu11 -Wall -Wextra -Wsign-compare -Wundef -Wno-format-zero-length -Wpointer-arith -Wno-missing-braces -Wno-missing-field-initializers -Wno-missing-attributes -pipe -g3 -fvisibility=hidden -Wimplicit-fallthrough -O3 -funroll-loops -O0 -ffunction-sections -fdata-sections -fPIC -gdwarf-4 -fno-omit-frame-pointer -m64 -Wall -c -O0 -ffunction-sections -fdata-sections -fPIC -gdwarf-4 -fno-omit-frame-pointer -m64 -Wall -D_GNU_SOURCE -D_REENTRANT -Iinclude -Iinclude -DJEMALLOC_NO_PRIVATE_NAMESPACE -o src/background_thread.sym.o src/background_thread.c
[INFO] [stderr]   cc -std=gnu11 -Wall -Wextra -Wsign-compare -Wundef -Wno-format-zero-length -Wpointer-arith -Wno-missing-braces -Wno-missing-field-initializers -Wno-missing-attributes -pipe -g3 -fvisibility=hidden -Wimplicit-fallthrough -O3 -funroll-loops -O0 -ffunction-sections -fdata-sections -fPIC -gdwarf-4 -fno-omit-frame-pointer -m64 -Wall -c -O0 -ffunction-sections -fdata-sections -fPIC -gdwarf-4 -fno-omit-frame-pointer -m64 -Wall -D_GNU_SOURCE -D_REENTRANT -Iinclude -Iinclude -DJEMALLOC_NO_PRIVATE_NAMESPACE -o src/base.sym.o src/base.c
[INFO] [stderr]   cc -std=gnu11 -Wall -Wextra -Wsign-compare -Wundef -Wno-format-zero-length -Wpointer-arith -Wno-missing-braces -Wno-missing-field-initializers -Wno-missing-attributes -pipe -g3 -fvisibility=hidden -Wimplicit-fallthrough -O3 -funroll-loops -O0 -ffunction-sections -fdata-sections -fPIC -gdwarf-4 -fno-omit-frame-pointer -m64 -Wall -c -O0 -ffunction-sections -fdata-sections -fPIC -gdwarf-4 -fno-omit-frame-pointer -m64 -Wall -D_GNU_SOURCE -D_REENTRANT -Iinclude -Iinclude -DJEMALLOC_NO_PRIVATE_NAMESPACE -o src/bin.sym.o src/bin.c
[INFO] [stderr]   cc -std=gnu11 -Wall -Wextra -Wsign-compare -Wundef -Wno-format-zero-length -Wpointer-arith -Wno-missing-braces -Wno-missing-field-initializers -Wno-missing-attributes -pipe -g3 -fvisibility=hidden -Wimplicit-fallthrough -O3 -funroll-loops -O0 -ffunction-sections -fdata-sections -fPIC -gdwarf-4 -fno-omit-frame-pointer -m64 -Wall -c -O0 -ffunction-sections -fdata-sections -fPIC -gdwarf-4 -fno-omit-frame-pointer -m64 -Wall -D_GNU_SOURCE -D_REENTRANT -Iinclude -Iinclude -DJEMALLOC_NO_PRIVATE_NAMESPACE -o src/bin_info.sym.o src/bin_info.c
[INFO] [stderr]   cc -std=gnu11 -Wall -Wextra -Wsign-compare -Wundef -Wno-format-zero-length -Wpointer-arith -Wno-missing-braces -Wno-missing-field-initializers -Wno-missing-attributes -pipe -g3 -fvisibility=hidden -Wimplicit-fallthrough -O3 -funroll-loops -O0 -ffunction-sections -fdata-sections -fPIC -gdwarf-4 -fno-omit-frame-pointer -m64 -Wall -c -O0 -ffunction-sections -fdata-sections -fPIC -gdwarf-4 -fno-omit-frame-pointer -m64 -Wall -D_GNU_SOURCE -D_REENTRANT -Iinclude -Iinclude -DJEMALLOC_NO_PRIVATE_NAMESPACE -o src/bitmap.sym.o src/bitmap.c
[INFO] [stderr]   cc -std=gnu11 -Wall -Wextra -Wsign-compare -Wundef -Wno-format-zero-length -Wpointer-arith -Wno-missing-braces -Wno-missing-field-initializers -Wno-missing-attributes -pipe -g3 -fvisibility=hidden -Wimplicit-fallthrough -O3 -funroll-loops -O0 -ffunction-sections -fdata-sections -fPIC -gdwarf-4 -fno-omit-frame-pointer -m64 -Wall -c -O0 -ffunction-sections -fdata-sections -fPIC -gdwarf-4 -fno-omit-frame-pointer -m64 -Wall -D_GNU_SOURCE -D_REENTRANT -Iinclude -Iinclude -DJEMALLOC_NO_PRIVATE_NAMESPACE -o src/buf_writer.sym.o src/buf_writer.c
[INFO] [stderr]   cc -std=gnu11 -Wall -Wextra -Wsign-compare -Wundef -Wno-format-zero-length -Wpointer-arith -Wno-missing-braces -Wno-missing-field-initializers -Wno-missing-attributes -pipe -g3 -fvisibility=hidden -Wimplicit-fallthrough -O3 -funroll-loops -O0 -ffunction-sections -fdata-sections -fPIC -gdwarf-4 -fno-omit-frame-pointer -m64 -Wall -c -O0 -ffunction-sections -fdata-sections -fPIC -gdwarf-4 -fno-omit-frame-pointer -m64 -Wall -D_GNU_SOURCE -D_REENTRANT -Iinclude -Iinclude -DJEMALLOC_NO_PRIVATE_NAMESPACE -o src/cache_bin.sym.o src/cache_bin.c
[INFO] [stderr]   cc -std=gnu11 -Wall -Wextra -Wsign-compare -Wundef -Wno-format-zero-length -Wpointer-arith -Wno-missing-braces -Wno-missing-field-initializers -Wno-missing-attributes -pipe -g3 -fvisibility=hidden -Wimplicit-fallthrough -O3 -funroll-loops -O0 -ffunction-sections -fdata-sections -fPIC -gdwarf-4 -fno-omit-frame-pointer -m64 -Wall -c -O0 -ffunction-sections -fdata-sections -fPIC -gdwarf-4 -fno-omit-frame-pointer -m64 -Wall -D_GNU_SOURCE -D_REENTRANT -Iinclude -Iinclude -DJEMALLOC_NO_PRIVATE_NAMESPACE -o src/ckh.sym.o src/ckh.c
[INFO] [stderr]   cc -std=gnu11 -Wall -Wextra -Wsign-compare -Wundef -Wno-format-zero-length -Wpointer-arith -Wno-missing-braces -Wno-missing-field-initializers -Wno-missing-attributes -pipe -g3 -fvisibility=hidden -Wimplicit-fallthrough -O3 -funroll-loops -O0 -ffunction-sections -fdata-sections -fPIC -gdwarf-4 -fno-omit-frame-pointer -m64 -Wall -c -O0 -ffunction-sections -fdata-sections -fPIC -gdwarf-4 -fno-omit-frame-pointer -m64 -Wall -D_GNU_SOURCE -D_REENTRANT -Iinclude -Iinclude -DJEMALLOC_NO_PRIVATE_NAMESPACE -o src/counter.sym.o src/counter.c
[INFO] [stderr]   cc -std=gnu11 -Wall -Wextra -Wsign-compare -Wundef -Wno-format-zero-length -Wpointer-arith -Wno-missing-braces -Wno-missing-field-initializers -Wno-missing-attributes -pipe -g3 -fvisibility=hidden -Wimplicit-fallthrough -O3 -funroll-loops -O0 -ffunction-sections -fdata-sections -fPIC -gdwarf-4 -fno-omit-frame-pointer -m64 -Wall -c -O0 -ffunction-sections -fdata-sections -fPIC -gdwarf-4 -fno-omit-frame-pointer -m64 -Wall -D_GNU_SOURCE -D_REENTRANT -Iinclude -Iinclude -DJEMALLOC_NO_PRIVATE_NAMESPACE -o src/ctl.sym.o src/ctl.c
[INFO] [stderr]   cc -std=gnu11 -Wall -Wextra -Wsign-compare -Wundef -Wno-format-zero-length -Wpointer-arith -Wno-missing-braces -Wno-missing-field-initializers -Wno-missing-attributes -pipe -g3 -fvisibility=hidden -Wimplicit-fallthrough -O3 -funroll-loops -O0 -ffunction-sections -fdata-sections -fPIC -gdwarf-4 -fno-omit-frame-pointer -m64 -Wall -c -O0 -ffunction-sections -fdata-sections -fPIC -gdwarf-4 -fno-omit-frame-pointer -m64 -Wall -D_GNU_SOURCE -D_REENTRANT -Iinclude -Iinclude -DJEMALLOC_NO_PRIVATE_NAMESPACE -o src/decay.sym.o src/decay.c
[INFO] [stderr]   cc -std=gnu11 -Wall -Wextra -Wsign-compare -Wundef -Wno-format-zero-length -Wpointer-arith -Wno-missing-braces -Wno-missing-field-initializers -Wno-missing-attributes -pipe -g3 -fvisibility=hidden -Wimplicit-fallthrough -O3 -funroll-loops -O0 -ffunction-sections -fdata-sections -fPIC -gdwarf-4 -fno-omit-frame-pointer -m64 -Wall -c -O0 -ffunction-sections -fdata-sections -fPIC -gdwarf-4 -fno-omit-frame-pointer -m64 -Wall -D_GNU_SOURCE -D_REENTRANT -Iinclude -Iinclude -DJEMALLOC_NO_PRIVATE_NAMESPACE -o src/div.sym.o src/div.c
[INFO] [stderr]   cc -std=gnu11 -Wall -Wextra -Wsign-compare -Wundef -Wno-format-zero-length -Wpointer-arith -Wno-missing-braces -Wno-missing-field-initializers -Wno-missing-attributes -pipe -g3 -fvisibility=hidden -Wimplicit-fallthrough -O3 -funroll-loops -O0 -ffunction-sections -fdata-sections -fPIC -gdwarf-4 -fno-omit-frame-pointer -m64 -Wall -c -O0 -ffunction-sections -fdata-sections -fPIC -gdwarf-4 -fno-omit-frame-pointer -m64 -Wall -D_GNU_SOURCE -D_REENTRANT -Iinclude -Iinclude -DJEMALLOC_NO_PRIVATE_NAMESPACE -o src/ecache.sym.o src/ecache.c
[INFO] [stderr]   cc -std=gnu11 -Wall -Wextra -Wsign-compare -Wundef -Wno-format-zero-length -Wpointer-arith -Wno-missing-braces -Wno-missing-field-initializers -Wno-missing-attributes -pipe -g3 -fvisibility=hidden -Wimplicit-fallthrough -O3 -funroll-loops -O0 -ffunction-sections -fdata-sections -fPIC -gdwarf-4 -fno-omit-frame-pointer -m64 -Wall -c -O0 -ffunction-sections -fdata-sections -fPIC -gdwarf-4 -fno-omit-frame-pointer -m64 -Wall -D_GNU_SOURCE -D_REENTRANT -Iinclude -Iinclude -DJEMALLOC_NO_PRIVATE_NAMESPACE -o src/edata.sym.o src/edata.c
[INFO] [stderr]   cc -std=gnu11 -Wall -Wextra -Wsign-compare -Wundef -Wno-format-zero-length -Wpointer-arith -Wno-missing-braces -Wno-missing-field-initializers -Wno-missing-attributes -pipe -g3 -fvisibility=hidden -Wimplicit-fallthrough -O3 -funroll-loops -O0 -ffunction-sections -fdata-sections -fPIC -gdwarf-4 -fno-omit-frame-pointer -m64 -Wall -c -O0 -ffunction-sections -fdata-sections -fPIC -gdwarf-4 -fno-omit-frame-pointer -m64 -Wall -D_GNU_SOURCE -D_REENTRANT -Iinclude -Iinclude -DJEMALLOC_NO_PRIVATE_NAMESPACE -o src/edata_cache.sym.o src/edata_cache.c
[INFO] [stderr]   cc -std=gnu11 -Wall -Wextra -Wsign-compare -Wundef -Wno-format-zero-length -Wpointer-arith -Wno-missing-braces -Wno-missing-field-initializers -Wno-missing-attributes -pipe -g3 -fvisibility=hidden -Wimplicit-fallthrough -O3 -funroll-loops -O0 -ffunction-sections -fdata-sections -fPIC -gdwarf-4 -fno-omit-frame-pointer -m64 -Wall -c -O0 -ffunction-sections -fdata-sections -fPIC -gdwarf-4 -fno-omit-frame-pointer -m64 -Wall -D_GNU_SOURCE -D_REENTRANT -Iinclude -Iinclude -DJEMALLOC_NO_PRIVATE_NAMESPACE -o src/ehooks.sym.o src/ehooks.c
[INFO] [stderr]   cc -std=gnu11 -Wall -Wextra -Wsign-compare -Wundef -Wno-format-zero-length -Wpointer-arith -Wno-missing-braces -Wno-missing-field-initializers -Wno-missing-attributes -pipe -g3 -fvisibility=hidden -Wimplicit-fallthrough -O3 -funroll-loops -O0 -ffunction-sections -fdata-sections -fPIC -gdwarf-4 -fno-omit-frame-pointer -m64 -Wall -c -O0 -ffunction-sections -fdata-sections -fPIC -gdwarf-4 -fno-omit-frame-pointer -m64 -Wall -D_GNU_SOURCE -D_REENTRANT -Iinclude -Iinclude -DJEMALLOC_NO_PRIVATE_NAMESPACE -o src/emap.sym.o src/emap.c
[INFO] [stderr]   cc -std=gnu11 -Wall -Wextra -Wsign-compare -Wundef -Wno-format-zero-length -Wpointer-arith -Wno-missing-braces -Wno-missing-field-initializers -Wno-missing-attributes -pipe -g3 -fvisibility=hidden -Wimplicit-fallthrough -O3 -funroll-loops -O0 -ffunction-sections -fdata-sections -fPIC -gdwarf-4 -fno-omit-frame-pointer -m64 -Wall -c -O0 -ffunction-sections -fdata-sections -fPIC -gdwarf-4 -fno-omit-frame-pointer -m64 -Wall -D_GNU_SOURCE -D_REENTRANT -Iinclude -Iinclude -DJEMALLOC_NO_PRIVATE_NAMESPACE -o src/eset.sym.o src/eset.c
[INFO] [stderr]   cc -std=gnu11 -Wall -Wextra -Wsign-compare -Wundef -Wno-format-zero-length -Wpointer-arith -Wno-missing-braces -Wno-missing-field-initializers -Wno-missing-attributes -pipe -g3 -fvisibility=hidden -Wimplicit-fallthrough -O3 -funroll-loops -O0 -ffunction-sections -fdata-sections -fPIC -gdwarf-4 -fno-omit-frame-pointer -m64 -Wall -c -O0 -ffunction-sections -fdata-sections -fPIC -gdwarf-4 -fno-omit-frame-pointer -m64 -Wall -D_GNU_SOURCE -D_REENTRANT -Iinclude -Iinclude -DJEMALLOC_NO_PRIVATE_NAMESPACE -o src/exp_grow.sym.o src/exp_grow.c
[INFO] [stderr]   cc -std=gnu11 -Wall -Wextra -Wsign-compare -Wundef -Wno-format-zero-length -Wpointer-arith -Wno-missing-braces -Wno-missing-field-initializers -Wno-missing-attributes -pipe -g3 -fvisibility=hidden -Wimplicit-fallthrough -O3 -funroll-loops -O0 -ffunction-sections -fdata-sections -fPIC -gdwarf-4 -fno-omit-frame-pointer -m64 -Wall -c -O0 -ffunction-sections -fdata-sections -fPIC -gdwarf-4 -fno-omit-frame-pointer -m64 -Wall -D_GNU_SOURCE -D_REENTRANT -Iinclude -Iinclude -DJEMALLOC_NO_PRIVATE_NAMESPACE -o src/extent.sym.o src/extent.c
[INFO] [stderr]   cc -std=gnu11 -Wall -Wextra -Wsign-compare -Wundef -Wno-format-zero-length -Wpointer-arith -Wno-missing-braces -Wno-missing-field-initializers -Wno-missing-attributes -pipe -g3 -fvisibility=hidden -Wimplicit-fallthrough -O3 -funroll-loops -O0 -ffunction-sections -fdata-sections -fPIC -gdwarf-4 -fno-omit-frame-pointer -m64 -Wall -c -O0 -ffunction-sections -fdata-sections -fPIC -gdwarf-4 -fno-omit-frame-pointer -m64 -Wall -D_GNU_SOURCE -D_REENTRANT -Iinclude -Iinclude -DJEMALLOC_NO_PRIVATE_NAMESPACE -o src/extent_dss.sym.o src/extent_dss.c
[INFO] [stderr]   cc -std=gnu11 -Wall -Wextra -Wsign-compare -Wundef -Wno-format-zero-length -Wpointer-arith -Wno-missing-braces -Wno-missing-field-initializers -Wno-missing-attributes -pipe -g3 -fvisibility=hidden -Wimplicit-fallthrough -O3 -funroll-loops -O0 -ffunction-sections -fdata-sections -fPIC -gdwarf-4 -fno-omit-frame-pointer -m64 -Wall -c -O0 -ffunction-sections -fdata-sections -fPIC -gdwarf-4 -fno-omit-frame-pointer -m64 -Wall -D_GNU_SOURCE -D_REENTRANT -Iinclude -Iinclude -DJEMALLOC_NO_PRIVATE_NAMESPACE -o src/extent_mmap.sym.o src/extent_mmap.c
[INFO] [stderr]   cc -std=gnu11 -Wall -Wextra -Wsign-compare -Wundef -Wno-format-zero-length -Wpointer-arith -Wno-missing-braces -Wno-missing-field-initializers -Wno-missing-attributes -pipe -g3 -fvisibility=hidden -Wimplicit-fallthrough -O3 -funroll-loops -O0 -ffunction-sections -fdata-sections -fPIC -gdwarf-4 -fno-omit-frame-pointer -m64 -Wall -c -O0 -ffunction-sections -fdata-sections -fPIC -gdwarf-4 -fno-omit-frame-pointer -m64 -Wall -D_GNU_SOURCE -D_REENTRANT -Iinclude -Iinclude -DJEMALLOC_NO_PRIVATE_NAMESPACE -o src/fxp.sym.o src/fxp.c
[INFO] [stderr]   cc -std=gnu11 -Wall -Wextra -Wsign-compare -Wundef -Wno-format-zero-length -Wpointer-arith -Wno-missing-braces -Wno-missing-field-initializers -Wno-missing-attributes -pipe -g3 -fvisibility=hidden -Wimplicit-fallthrough -O3 -funroll-loops -O0 -ffunction-sections -fdata-sections -fPIC -gdwarf-4 -fno-omit-frame-pointer -m64 -Wall -c -O0 -ffunction-sections -fdata-sections -fPIC -gdwarf-4 -fno-omit-frame-pointer -m64 -Wall -D_GNU_SOURCE -D_REENTRANT -Iinclude -Iinclude -DJEMALLOC_NO_PRIVATE_NAMESPACE -o src/san.sym.o src/san.c
[INFO] [stderr]   cc -std=gnu11 -Wall -Wextra -Wsign-compare -Wundef -Wno-format-zero-length -Wpointer-arith -Wno-missing-braces -Wno-missing-field-initializers -Wno-missing-attributes -pipe -g3 -fvisibility=hidden -Wimplicit-fallthrough -O3 -funroll-loops -O0 -ffunction-sections -fdata-sections -fPIC -gdwarf-4 -fno-omit-frame-pointer -m64 -Wall -c -O0 -ffunction-sections -fdata-sections -fPIC -gdwarf-4 -fno-omit-frame-pointer -m64 -Wall -D_GNU_SOURCE -D_REENTRANT -Iinclude -Iinclude -DJEMALLOC_NO_PRIVATE_NAMESPACE -o src/san_bump.sym.o src/san_bump.c
[INFO] [stderr]   cc -std=gnu11 -Wall -Wextra -Wsign-compare -Wundef -Wno-format-zero-length -Wpointer-arith -Wno-missing-braces -Wno-missing-field-initializers -Wno-missing-attributes -pipe -g3 -fvisibility=hidden -Wimplicit-fallthrough -O3 -funroll-loops -O0 -ffunction-sections -fdata-sections -fPIC -gdwarf-4 -fno-omit-frame-pointer -m64 -Wall -c -O0 -ffunction-sections -fdata-sections -fPIC -gdwarf-4 -fno-omit-frame-pointer -m64 -Wall -D_GNU_SOURCE -D_REENTRANT -Iinclude -Iinclude -DJEMALLOC_NO_PRIVATE_NAMESPACE -o src/hook.sym.o src/hook.c
[INFO] [stderr]   cc -std=gnu11 -Wall -Wextra -Wsign-compare -Wundef -Wno-format-zero-length -Wpointer-arith -Wno-missing-braces -Wno-missing-field-initializers -Wno-missing-attributes -pipe -g3 -fvisibility=hidden -Wimplicit-fallthrough -O3 -funroll-loops -O0 -ffunction-sections -fdata-sections -fPIC -gdwarf-4 -fno-omit-frame-pointer -m64 -Wall -c -O0 -ffunction-sections -fdata-sections -fPIC -gdwarf-4 -fno-omit-frame-pointer -m64 -Wall -D_GNU_SOURCE -D_REENTRANT -Iinclude -Iinclude -DJEMALLOC_NO_PRIVATE_NAMESPACE -o src/hpa.sym.o src/hpa.c
[INFO] [stderr]   cc -std=gnu11 -Wall -Wextra -Wsign-compare -Wundef -Wno-format-zero-length -Wpointer-arith -Wno-missing-braces -Wno-missing-field-initializers -Wno-missing-attributes -pipe -g3 -fvisibility=hidden -Wimplicit-fallthrough -O3 -funroll-loops -O0 -ffunction-sections -fdata-sections -fPIC -gdwarf-4 -fno-omit-frame-pointer -m64 -Wall -c -O0 -ffunction-sections -fdata-sections -fPIC -gdwarf-4 -fno-omit-frame-pointer -m64 -Wall -D_GNU_SOURCE -D_REENTRANT -Iinclude -Iinclude -DJEMALLOC_NO_PRIVATE_NAMESPACE -o src/hpa_hooks.sym.o src/hpa_hooks.c
[INFO] [stderr]   cc -std=gnu11 -Wall -Wextra -Wsign-compare -Wundef -Wno-format-zero-length -Wpointer-arith -Wno-missing-braces -Wno-missing-field-initializers -Wno-missing-attributes -pipe -g3 -fvisibility=hidden -Wimplicit-fallthrough -O3 -funroll-loops -O0 -ffunction-sections -fdata-sections -fPIC -gdwarf-4 -fno-omit-frame-pointer -m64 -Wall -c -O0 -ffunction-sections -fdata-sections -fPIC -gdwarf-4 -fno-omit-frame-pointer -m64 -Wall -D_GNU_SOURCE -D_REENTRANT -Iinclude -Iinclude -DJEMALLOC_NO_PRIVATE_NAMESPACE -o src/hpdata.sym.o src/hpdata.c
[INFO] [stderr]   cc -std=gnu11 -Wall -Wextra -Wsign-compare -Wundef -Wno-format-zero-length -Wpointer-arith -Wno-missing-braces -Wno-missing-field-initializers -Wno-missing-attributes -pipe -g3 -fvisibility=hidden -Wimplicit-fallthrough -O3 -funroll-loops -O0 -ffunction-sections -fdata-sections -fPIC -gdwarf-4 -fno-omit-frame-pointer -m64 -Wall -c -O0 -ffunction-sections -fdata-sections -fPIC -gdwarf-4 -fno-omit-frame-pointer -m64 -Wall -D_GNU_SOURCE -D_REENTRANT -Iinclude -Iinclude -DJEMALLOC_NO_PRIVATE_NAMESPACE -o src/inspect.sym.o src/inspect.c
[INFO] [stderr]   cc -std=gnu11 -Wall -Wextra -Wsign-compare -Wundef -Wno-format-zero-length -Wpointer-arith -Wno-missing-braces -Wno-missing-field-initializers -Wno-missing-attributes -pipe -g3 -fvisibility=hidden -Wimplicit-fallthrough -O3 -funroll-loops -O0 -ffunction-sections -fdata-sections -fPIC -gdwarf-4 -fno-omit-frame-pointer -m64 -Wall -c -O0 -ffunction-sections -fdata-sections -fPIC -gdwarf-4 -fno-omit-frame-pointer -m64 -Wall -D_GNU_SOURCE -D_REENTRANT -Iinclude -Iinclude -DJEMALLOC_NO_PRIVATE_NAMESPACE -o src/large.sym.o src/large.c
[INFO] [stderr]   cc -std=gnu11 -Wall -Wextra -Wsign-compare -Wundef -Wno-format-zero-length -Wpointer-arith -Wno-missing-braces -Wno-missing-field-initializers -Wno-missing-attributes -pipe -g3 -fvisibility=hidden -Wimplicit-fallthrough -O3 -funroll-loops -O0 -ffunction-sections -fdata-sections -fPIC -gdwarf-4 -fno-omit-frame-pointer -m64 -Wall -c -O0 -ffunction-sections -fdata-sections -fPIC -gdwarf-4 -fno-omit-frame-pointer -m64 -Wall -D_GNU_SOURCE -D_REENTRANT -Iinclude -Iinclude -DJEMALLOC_NO_PRIVATE_NAMESPACE -o src/log.sym.o src/log.c
[INFO] [stderr]   cc -std=gnu11 -Wall -Wextra -Wsign-compare -Wundef -Wno-format-zero-length -Wpointer-arith -Wno-missing-braces -Wno-missing-field-initializers -Wno-missing-attributes -pipe -g3 -fvisibility=hidden -Wimplicit-fallthrough -O3 -funroll-loops -O0 -ffunction-sections -fdata-sections -fPIC -gdwarf-4 -fno-omit-frame-pointer -m64 -Wall -c -O0 -ffunction-sections -fdata-sections -fPIC -gdwarf-4 -fno-omit-frame-pointer -m64 -Wall -D_GNU_SOURCE -D_REENTRANT -Iinclude -Iinclude -DJEMALLOC_NO_PRIVATE_NAMESPACE -o src/malloc_io.sym.o src/malloc_io.c
[INFO] [stderr]   cc -std=gnu11 -Wall -Wextra -Wsign-compare -Wundef -Wno-format-zero-length -Wpointer-arith -Wno-missing-braces -Wno-missing-field-initializers -Wno-missing-attributes -pipe -g3 -fvisibility=hidden -Wimplicit-fallthrough -O3 -funroll-loops -O0 -ffunction-sections -fdata-sections -fPIC -gdwarf-4 -fno-omit-frame-pointer -m64 -Wall -c -O0 -ffunction-sections -fdata-sections -fPIC -gdwarf-4 -fno-omit-frame-pointer -m64 -Wall -D_GNU_SOURCE -D_REENTRANT -Iinclude -Iinclude -DJEMALLOC_NO_PRIVATE_NAMESPACE -o src/mutex.sym.o src/mutex.c
[INFO] [stderr]   cc -std=gnu11 -Wall -Wextra -Wsign-compare -Wundef -Wno-format-zero-length -Wpointer-arith -Wno-missing-braces -Wno-missing-field-initializers -Wno-missing-attributes -pipe -g3 -fvisibility=hidden -Wimplicit-fallthrough -O3 -funroll-loops -O0 -ffunction-sections -fdata-sections -fPIC -gdwarf-4 -fno-omit-frame-pointer -m64 -Wall -c -O0 -ffunction-sections -fdata-sections -fPIC -gdwarf-4 -fno-omit-frame-pointer -m64 -Wall -D_GNU_SOURCE -D_REENTRANT -Iinclude -Iinclude -DJEMALLOC_NO_PRIVATE_NAMESPACE -o src/nstime.sym.o src/nstime.c
[INFO] [stderr]   cc -std=gnu11 -Wall -Wextra -Wsign-compare -Wundef -Wno-format-zero-length -Wpointer-arith -Wno-missing-braces -Wno-missing-field-initializers -Wno-missing-attributes -pipe -g3 -fvisibility=hidden -Wimplicit-fallthrough -O3 -funroll-loops -O0 -ffunction-sections -fdata-sections -fPIC -gdwarf-4 -fno-omit-frame-pointer -m64 -Wall -c -O0 -ffunction-sections -fdata-sections -fPIC -gdwarf-4 -fno-omit-frame-pointer -m64 -Wall -D_GNU_SOURCE -D_REENTRANT -Iinclude -Iinclude -DJEMALLOC_NO_PRIVATE_NAMESPACE -o src/pa.sym.o src/pa.c
[INFO] [stderr]   cc -std=gnu11 -Wall -Wextra -Wsign-compare -Wundef -Wno-format-zero-length -Wpointer-arith -Wno-missing-braces -Wno-missing-field-initializers -Wno-missing-attributes -pipe -g3 -fvisibility=hidden -Wimplicit-fallthrough -O3 -funroll-loops -O0 -ffunction-sections -fdata-sections -fPIC -gdwarf-4 -fno-omit-frame-pointer -m64 -Wall -c -O0 -ffunction-sections -fdata-sections -fPIC -gdwarf-4 -fno-omit-frame-pointer -m64 -Wall -D_GNU_SOURCE -D_REENTRANT -Iinclude -Iinclude -DJEMALLOC_NO_PRIVATE_NAMESPACE -o src/pa_extra.sym.o src/pa_extra.c
[INFO] [stderr]   cc -std=gnu11 -Wall -Wextra -Wsign-compare -Wundef -Wno-format-zero-length -Wpointer-arith -Wno-missing-braces -Wno-missing-field-initializers -Wno-missing-attributes -pipe -g3 -fvisibility=hidden -Wimplicit-fallthrough -O3 -funroll-loops -O0 -ffunction-sections -fdata-sections -fPIC -gdwarf-4 -fno-omit-frame-pointer -m64 -Wall -c -O0 -ffunction-sections -fdata-sections -fPIC -gdwarf-4 -fno-omit-frame-pointer -m64 -Wall -D_GNU_SOURCE -D_REENTRANT -Iinclude -Iinclude -DJEMALLOC_NO_PRIVATE_NAMESPACE -o src/pai.sym.o src/pai.c
[INFO] [stderr]   cc -std=gnu11 -Wall -Wextra -Wsign-compare -Wundef -Wno-format-zero-length -Wpointer-arith -Wno-missing-braces -Wno-missing-field-initializers -Wno-missing-attributes -pipe -g3 -fvisibility=hidden -Wimplicit-fallthrough -O3 -funroll-loops -O0 -ffunction-sections -fdata-sections -fPIC -gdwarf-4 -fno-omit-frame-pointer -m64 -Wall -c -O0 -ffunction-sections -fdata-sections -fPIC -gdwarf-4 -fno-omit-frame-pointer -m64 -Wall -D_GNU_SOURCE -D_REENTRANT -Iinclude -Iinclude -DJEMALLOC_NO_PRIVATE_NAMESPACE -o src/pac.sym.o src/pac.c
[INFO] [stderr]   cc -std=gnu11 -Wall -Wextra -Wsign-compare -Wundef -Wno-format-zero-length -Wpointer-arith -Wno-missing-braces -Wno-missing-field-initializers -Wno-missing-attributes -pipe -g3 -fvisibility=hidden -Wimplicit-fallthrough -O3 -funroll-loops -O0 -ffunction-sections -fdata-sections -fPIC -gdwarf-4 -fno-omit-frame-pointer -m64 -Wall -c -O0 -ffunction-sections -fdata-sections -fPIC -gdwarf-4 -fno-omit-frame-pointer -m64 -Wall -D_GNU_SOURCE -D_REENTRANT -Iinclude -Iinclude -DJEMALLOC_NO_PRIVATE_NAMESPACE -o src/pages.sym.o src/pages.c
[INFO] [stderr]   cc -std=gnu11 -Wall -Wextra -Wsign-compare -Wundef -Wno-format-zero-length -Wpointer-arith -Wno-missing-braces -Wno-missing-field-initializers -Wno-missing-attributes -pipe -g3 -fvisibility=hidden -Wimplicit-fallthrough -O3 -funroll-loops -O0 -ffunction-sections -fdata-sections -fPIC -gdwarf-4 -fno-omit-frame-pointer -m64 -Wall -c -O0 -ffunction-sections -fdata-sections -fPIC -gdwarf-4 -fno-omit-frame-pointer -m64 -Wall -D_GNU_SOURCE -D_REENTRANT -Iinclude -Iinclude -DJEMALLOC_NO_PRIVATE_NAMESPACE -o src/peak_event.sym.o src/peak_event.c
[INFO] [stderr]   cc -std=gnu11 -Wall -Wextra -Wsign-compare -Wundef -Wno-format-zero-length -Wpointer-arith -Wno-missing-braces -Wno-missing-field-initializers -Wno-missing-attributes -pipe -g3 -fvisibility=hidden -Wimplicit-fallthrough -O3 -funroll-loops -O0 -ffunction-sections -fdata-sections -fPIC -gdwarf-4 -fno-omit-frame-pointer -m64 -Wall -c -O0 -ffunction-sections -fdata-sections -fPIC -gdwarf-4 -fno-omit-frame-pointer -m64 -Wall -D_GNU_SOURCE -D_REENTRANT -Iinclude -Iinclude -DJEMALLOC_NO_PRIVATE_NAMESPACE -o src/prof.sym.o src/prof.c
[INFO] [stderr]   cc -std=gnu11 -Wall -Wextra -Wsign-compare -Wundef -Wno-format-zero-length -Wpointer-arith -Wno-missing-braces -Wno-missing-field-initializers -Wno-missing-attributes -pipe -g3 -fvisibility=hidden -Wimplicit-fallthrough -O3 -funroll-loops -O0 -ffunction-sections -fdata-sections -fPIC -gdwarf-4 -fno-omit-frame-pointer -m64 -Wall -c -O0 -ffunction-sections -fdata-sections -fPIC -gdwarf-4 -fno-omit-frame-pointer -m64 -Wall -D_GNU_SOURCE -D_REENTRANT -Iinclude -Iinclude -DJEMALLOC_NO_PRIVATE_NAMESPACE -o src/prof_data.sym.o src/prof_data.c
[INFO] [stderr]   cc -std=gnu11 -Wall -Wextra -Wsign-compare -Wundef -Wno-format-zero-length -Wpointer-arith -Wno-missing-braces -Wno-missing-field-initializers -Wno-missing-attributes -pipe -g3 -fvisibility=hidden -Wimplicit-fallthrough -O3 -funroll-loops -O0 -ffunction-sections -fdata-sections -fPIC -gdwarf-4 -fno-omit-frame-pointer -m64 -Wall -c -O0 -ffunction-sections -fdata-sections -fPIC -gdwarf-4 -fno-omit-frame-pointer -m64 -Wall -D_GNU_SOURCE -D_REENTRANT -Iinclude -Iinclude -DJEMALLOC_NO_PRIVATE_NAMESPACE -o src/prof_log.sym.o src/prof_log.c
[INFO] [stderr]   cc -std=gnu11 -Wall -Wextra -Wsign-compare -Wundef -Wno-format-zero-length -Wpointer-arith -Wno-missing-braces -Wno-missing-field-initializers -Wno-missing-attributes -pipe -g3 -fvisibility=hidden -Wimplicit-fallthrough -O3 -funroll-loops -O0 -ffunction-sections -fdata-sections -fPIC -gdwarf-4 -fno-omit-frame-pointer -m64 -Wall -c -O0 -ffunction-sections -fdata-sections -fPIC -gdwarf-4 -fno-omit-frame-pointer -m64 -Wall -D_GNU_SOURCE -D_REENTRANT -Iinclude -Iinclude -DJEMALLOC_NO_PRIVATE_NAMESPACE -o src/prof_recent.sym.o src/prof_recent.c
[INFO] [stderr]   cc -std=gnu11 -Wall -Wextra -Wsign-compare -Wundef -Wno-format-zero-length -Wpointer-arith -Wno-missing-braces -Wno-missing-field-initializers -Wno-missing-attributes -pipe -g3 -fvisibility=hidden -Wimplicit-fallthrough -O3 -funroll-loops -O0 -ffunction-sections -fdata-sections -fPIC -gdwarf-4 -fno-omit-frame-pointer -m64 -Wall -c -O0 -ffunction-sections -fdata-sections -fPIC -gdwarf-4 -fno-omit-frame-pointer -m64 -Wall -D_GNU_SOURCE -D_REENTRANT -Iinclude -Iinclude -DJEMALLOC_NO_PRIVATE_NAMESPACE -o src/prof_stats.sym.o src/prof_stats.c
[INFO] [stderr]   cc -std=gnu11 -Wall -Wextra -Wsign-compare -Wundef -Wno-format-zero-length -Wpointer-arith -Wno-missing-braces -Wno-missing-field-initializers -Wno-missing-attributes -pipe -g3 -fvisibility=hidden -Wimplicit-fallthrough -O3 -funroll-loops -O0 -ffunction-sections -fdata-sections -fPIC -gdwarf-4 -fno-omit-frame-pointer -m64 -Wall -c -O0 -ffunction-sections -fdata-sections -fPIC -gdwarf-4 -fno-omit-frame-pointer -m64 -Wall -D_GNU_SOURCE -D_REENTRANT -Iinclude -Iinclude -DJEMALLOC_NO_PRIVATE_NAMESPACE -o src/prof_sys.sym.o src/prof_sys.c
[INFO] [stderr]   cc -std=gnu11 -Wall -Wextra -Wsign-compare -Wundef -Wno-format-zero-length -Wpointer-arith -Wno-missing-braces -Wno-missing-field-initializers -Wno-missing-attributes -pipe -g3 -fvisibility=hidden -Wimplicit-fallthrough -O3 -funroll-loops -O0 -ffunction-sections -fdata-sections -fPIC -gdwarf-4 -fno-omit-frame-pointer -m64 -Wall -c -O0 -ffunction-sections -fdata-sections -fPIC -gdwarf-4 -fno-omit-frame-pointer -m64 -Wall -D_GNU_SOURCE -D_REENTRANT -Iinclude -Iinclude -DJEMALLOC_NO_PRIVATE_NAMESPACE -o src/psset.sym.o src/psset.c
[INFO] [stderr]   cc -std=gnu11 -Wall -Wextra -Wsign-compare -Wundef -Wno-format-zero-length -Wpointer-arith -Wno-missing-braces -Wno-missing-field-initializers -Wno-missing-attributes -pipe -g3 -fvisibility=hidden -Wimplicit-fallthrough -O3 -funroll-loops -O0 -ffunction-sections -fdata-sections -fPIC -gdwarf-4 -fno-omit-frame-pointer -m64 -Wall -c -O0 -ffunction-sections -fdata-sections -fPIC -gdwarf-4 -fno-omit-frame-pointer -m64 -Wall -D_GNU_SOURCE -D_REENTRANT -Iinclude -Iinclude -DJEMALLOC_NO_PRIVATE_NAMESPACE -o src/rtree.sym.o src/rtree.c
[INFO] [stderr]   cc -std=gnu11 -Wall -Wextra -Wsign-compare -Wundef -Wno-format-zero-length -Wpointer-arith -Wno-missing-braces -Wno-missing-field-initializers -Wno-missing-attributes -pipe -g3 -fvisibility=hidden -Wimplicit-fallthrough -O3 -funroll-loops -O0 -ffunction-sections -fdata-sections -fPIC -gdwarf-4 -fno-omit-frame-pointer -m64 -Wall -c -O0 -ffunction-sections -fdata-sections -fPIC -gdwarf-4 -fno-omit-frame-pointer -m64 -Wall -D_GNU_SOURCE -D_REENTRANT -Iinclude -Iinclude -DJEMALLOC_NO_PRIVATE_NAMESPACE -o src/safety_check.sym.o src/safety_check.c
[INFO] [stderr]   cc -std=gnu11 -Wall -Wextra -Wsign-compare -Wundef -Wno-format-zero-length -Wpointer-arith -Wno-missing-braces -Wno-missing-field-initializers -Wno-missing-attributes -pipe -g3 -fvisibility=hidden -Wimplicit-fallthrough -O3 -funroll-loops -O0 -ffunction-sections -fdata-sections -fPIC -gdwarf-4 -fno-omit-frame-pointer -m64 -Wall -c -O0 -ffunction-sections -fdata-sections -fPIC -gdwarf-4 -fno-omit-frame-pointer -m64 -Wall -D_GNU_SOURCE -D_REENTRANT -Iinclude -Iinclude -DJEMALLOC_NO_PRIVATE_NAMESPACE -o src/sc.sym.o src/sc.c
[INFO] [stderr]   cc -std=gnu11 -Wall -Wextra -Wsign-compare -Wundef -Wno-format-zero-length -Wpointer-arith -Wno-missing-braces -Wno-missing-field-initializers -Wno-missing-attributes -pipe -g3 -fvisibility=hidden -Wimplicit-fallthrough -O3 -funroll-loops -O0 -ffunction-sections -fdata-sections -fPIC -gdwarf-4 -fno-omit-frame-pointer -m64 -Wall -c -O0 -ffunction-sections -fdata-sections -fPIC -gdwarf-4 -fno-omit-frame-pointer -m64 -Wall -D_GNU_SOURCE -D_REENTRANT -Iinclude -Iinclude -DJEMALLOC_NO_PRIVATE_NAMESPACE -o src/sec.sym.o src/sec.c
[INFO] [stderr]   cc -std=gnu11 -Wall -Wextra -Wsign-compare -Wundef -Wno-format-zero-length -Wpointer-arith -Wno-missing-braces -Wno-missing-field-initializers -Wno-missing-attributes -pipe -g3 -fvisibility=hidden -Wimplicit-fallthrough -O3 -funroll-loops -O0 -ffunction-sections -fdata-sections -fPIC -gdwarf-4 -fno-omit-frame-pointer -m64 -Wall -c -O0 -ffunction-sections -fdata-sections -fPIC -gdwarf-4 -fno-omit-frame-pointer -m64 -Wall -D_GNU_SOURCE -D_REENTRANT -Iinclude -Iinclude -DJEMALLOC_NO_PRIVATE_NAMESPACE -o src/stats.sym.o src/stats.c
[INFO] [stderr]   cc -std=gnu11 -Wall -Wextra -Wsign-compare -Wundef -Wno-format-zero-length -Wpointer-arith -Wno-missing-braces -Wno-missing-field-initializers -Wno-missing-attributes -pipe -g3 -fvisibility=hidden -Wimplicit-fallthrough -O3 -funroll-loops -O0 -ffunction-sections -fdata-sections -fPIC -gdwarf-4 -fno-omit-frame-pointer -m64 -Wall -c -O0 -ffunction-sections -fdata-sections -fPIC -gdwarf-4 -fno-omit-frame-pointer -m64 -Wall -D_GNU_SOURCE -D_REENTRANT -Iinclude -Iinclude -DJEMALLOC_NO_PRIVATE_NAMESPACE -o src/sz.sym.o src/sz.c
[INFO] [stderr]   cc -std=gnu11 -Wall -Wextra -Wsign-compare -Wundef -Wno-format-zero-length -Wpointer-arith -Wno-missing-braces -Wno-missing-field-initializers -Wno-missing-attributes -pipe -g3 -fvisibility=hidden -Wimplicit-fallthrough -O3 -funroll-loops -O0 -ffunction-sections -fdata-sections -fPIC -gdwarf-4 -fno-omit-frame-pointer -m64 -Wall -c -O0 -ffunction-sections -fdata-sections -fPIC -gdwarf-4 -fno-omit-frame-pointer -m64 -Wall -D_GNU_SOURCE -D_REENTRANT -Iinclude -Iinclude -DJEMALLOC_NO_PRIVATE_NAMESPACE -o src/tcache.sym.o src/tcache.c
[INFO] [stderr]   cc -std=gnu11 -Wall -Wextra -Wsign-compare -Wundef -Wno-format-zero-length -Wpointer-arith -Wno-missing-braces -Wno-missing-field-initializers -Wno-missing-attributes -pipe -g3 -fvisibility=hidden -Wimplicit-fallthrough -O3 -funroll-loops -O0 -ffunction-sections -fdata-sections -fPIC -gdwarf-4 -fno-omit-frame-pointer -m64 -Wall -c -O0 -ffunction-sections -fdata-sections -fPIC -gdwarf-4 -fno-omit-frame-pointer -m64 -Wall -D_GNU_SOURCE -D_REENTRANT -Iinclude -Iinclude -DJEMALLOC_NO_PRIVATE_NAMESPACE -o src/test_hooks.sym.o src/test_hooks.c
[INFO] [stderr]   cc -std=gnu11 -Wall -Wextra -Wsign-compare -Wundef -Wno-format-zero-length -Wpointer-arith -Wno-missing-braces -Wno-missing-field-initializers -Wno-missing-attributes -pipe -g3 -fvisibility=hidden -Wimplicit-fallthrough -O3 -funroll-loops -O0 -ffunction-sections -fdata-sections -fPIC -gdwarf-4 -fno-omit-frame-pointer -m64 -Wall -c -O0 -ffunction-sections -fdata-sections -fPIC -gdwarf-4 -fno-omit-frame-pointer -m64 -Wall -D_GNU_SOURCE -D_REENTRANT -Iinclude -Iinclude -DJEMALLOC_NO_PRIVATE_NAMESPACE -o src/thread_event.sym.o src/thread_event.c
[INFO] [stderr]   cc -std=gnu11 -Wall -Wextra -Wsign-compare -Wundef -Wno-format-zero-length -Wpointer-arith -Wno-missing-braces -Wno-missing-field-initializers -Wno-missing-attributes -pipe -g3 -fvisibility=hidden -Wimplicit-fallthrough -O3 -funroll-loops -O0 -ffunction-sections -fdata-sections -fPIC -gdwarf-4 -fno-omit-frame-pointer -m64 -Wall -c -O0 -ffunction-sections -fdata-sections -fPIC -gdwarf-4 -fno-omit-frame-pointer -m64 -Wall -D_GNU_SOURCE -D_REENTRANT -Iinclude -Iinclude -DJEMALLOC_NO_PRIVATE_NAMESPACE -o src/ticker.sym.o src/ticker.c
[INFO] [stderr]   cc -std=gnu11 -Wall -Wextra -Wsign-compare -Wundef -Wno-format-zero-length -Wpointer-arith -Wno-missing-braces -Wno-missing-field-initializers -Wno-missing-attributes -pipe -g3 -fvisibility=hidden -Wimplicit-fallthrough -O3 -funroll-loops -O0 -ffunction-sections -fdata-sections -fPIC -gdwarf-4 -fno-omit-frame-pointer -m64 -Wall -c -O0 -ffunction-sections -fdata-sections -fPIC -gdwarf-4 -fno-omit-frame-pointer -m64 -Wall -D_GNU_SOURCE -D_REENTRANT -Iinclude -Iinclude -DJEMALLOC_NO_PRIVATE_NAMESPACE -o src/tsd.sym.o src/tsd.c
[INFO] [stderr]   cc -std=gnu11 -Wall -Wextra -Wsign-compare -Wundef -Wno-format-zero-length -Wpointer-arith -Wno-missing-braces -Wno-missing-field-initializers -Wno-missing-attributes -pipe -g3 -fvisibility=hidden -Wimplicit-fallthrough -O3 -funroll-loops -O0 -ffunction-sections -fdata-sections -fPIC -gdwarf-4 -fno-omit-frame-pointer -m64 -Wall -c -O0 -ffunction-sections -fdata-sections -fPIC -gdwarf-4 -fno-omit-frame-pointer -m64 -Wall -D_GNU_SOURCE -D_REENTRANT -Iinclude -Iinclude -DJEMALLOC_NO_PRIVATE_NAMESPACE -o src/witness.sym.o src/witness.c
[INFO] [stderr]   nm -a src/arena.sym.o | mawk -f include/jemalloc/internal/private_symbols.awk > src/arena.sym
[INFO] [stderr]   nm -a src/background_thread.sym.o | mawk -f include/jemalloc/internal/private_symbols.awk > src/background_thread.sym
[INFO] [stderr]   nm -a src/base.sym.o | mawk -f include/jemalloc/internal/private_symbols.awk > src/base.sym
[INFO] [stderr]   nm -a src/bin.sym.o | mawk -f include/jemalloc/internal/private_symbols.awk > src/bin.sym
[INFO] [stderr]   nm -a src/bin_info.sym.o | mawk -f include/jemalloc/internal/private_symbols.awk > src/bin_info.sym
[INFO] [stderr]   nm -a src/bitmap.sym.o | mawk -f include/jemalloc/internal/private_symbols.awk > src/bitmap.sym
[INFO] [stderr]   nm -a src/buf_writer.sym.o | mawk -f include/jemalloc/internal/private_symbols.awk > src/buf_writer.sym
[INFO] [stderr]   nm -a src/cache_bin.sym.o | mawk -f include/jemalloc/internal/private_symbols.awk > src/cache_bin.sym
[INFO] [stderr]   nm -a src/ckh.sym.o | mawk -f include/jemalloc/internal/private_symbols.awk > src/ckh.sym
[INFO] [stderr]   nm -a src/counter.sym.o | mawk -f include/jemalloc/internal/private_symbols.awk > src/counter.sym
[INFO] [stderr]   nm -a src/decay.sym.o | mawk -f include/jemalloc/internal/private_symbols.awk > src/decay.sym
[INFO] [stderr]   nm -a src/div.sym.o | mawk -f include/jemalloc/internal/private_symbols.awk > src/div.sym
[INFO] [stderr]   nm -a src/ecache.sym.o | mawk -f include/jemalloc/internal/private_symbols.awk > src/ecache.sym
[INFO] [stderr]   nm -a src/edata.sym.o | mawk -f include/jemalloc/internal/private_symbols.awk > src/edata.sym
[INFO] [stderr]   nm -a src/edata_cache.sym.o | mawk -f include/jemalloc/internal/private_symbols.awk > src/edata_cache.sym
[INFO] [stderr]   nm -a src/ehooks.sym.o | mawk -f include/jemalloc/internal/private_symbols.awk > src/ehooks.sym
[INFO] [stderr]   nm -a src/emap.sym.o | mawk -f include/jemalloc/internal/private_symbols.awk > src/emap.sym
[INFO] [stderr]   nm -a src/eset.sym.o | mawk -f include/jemalloc/internal/private_symbols.awk > src/eset.sym
[INFO] [stderr]   nm -a src/exp_grow.sym.o | mawk -f include/jemalloc/internal/private_symbols.awk > src/exp_grow.sym
[INFO] [stderr]   nm -a src/extent.sym.o | mawk -f include/jemalloc/internal/private_symbols.awk > src/extent.sym
[INFO] [stderr]   nm -a src/extent_dss.sym.o | mawk -f include/jemalloc/internal/private_symbols.awk > src/extent_dss.sym
[INFO] [stderr]   nm -a src/extent_mmap.sym.o | mawk -f include/jemalloc/internal/private_symbols.awk > src/extent_mmap.sym
[INFO] [stderr]   nm -a src/fxp.sym.o | mawk -f include/jemalloc/internal/private_symbols.awk > src/fxp.sym
[INFO] [stderr]   nm -a src/san.sym.o | mawk -f include/jemalloc/internal/private_symbols.awk > src/san.sym
[INFO] [stderr]   nm -a src/san_bump.sym.o | mawk -f include/jemalloc/internal/private_symbols.awk > src/san_bump.sym
[INFO] [stderr]   nm -a src/hook.sym.o | mawk -f include/jemalloc/internal/private_symbols.awk > src/hook.sym
[INFO] [stderr]   nm -a src/hpa.sym.o | mawk -f include/jemalloc/internal/private_symbols.awk > src/hpa.sym
[INFO] [stderr]   nm -a src/hpa_hooks.sym.o | mawk -f include/jemalloc/internal/private_symbols.awk > src/hpa_hooks.sym
[INFO] [stderr]   nm -a src/hpdata.sym.o | mawk -f include/jemalloc/internal/private_symbols.awk > src/hpdata.sym
[INFO] [stderr]   nm -a src/inspect.sym.o | mawk -f include/jemalloc/internal/private_symbols.awk > src/inspect.sym
[INFO] [stderr]   nm -a src/large.sym.o | mawk -f include/jemalloc/internal/private_symbols.awk > src/large.sym
[INFO] [stderr]   nm -a src/log.sym.o | mawk -f include/jemalloc/internal/private_symbols.awk > src/log.sym
[INFO] [stderr]   nm -a src/malloc_io.sym.o | mawk -f include/jemalloc/internal/private_symbols.awk > src/malloc_io.sym
[INFO] [stderr]   nm -a src/mutex.sym.o | mawk -f include/jemalloc/internal/private_symbols.awk > src/mutex.sym
[INFO] [stderr]   nm -a src/nstime.sym.o | mawk -f include/jemalloc/internal/private_symbols.awk > src/nstime.sym
[INFO] [stderr]   nm -a src/pa.sym.o | mawk -f include/jemalloc/internal/private_symbols.awk > src/pa.sym
[INFO] [stderr]   nm -a src/pa_extra.sym.o | mawk -f include/jemalloc/internal/private_symbols.awk > src/pa_extra.sym
[INFO] [stderr]   nm -a src/pai.sym.o | mawk -f include/jemalloc/internal/private_symbols.awk > src/pai.sym
[INFO] [stderr]   nm -a src/pac.sym.o | mawk -f include/jemalloc/internal/private_symbols.awk > src/pac.sym
[INFO] [stderr]   nm -a src/pages.sym.o | mawk -f include/jemalloc/internal/private_symbols.awk > src/pages.sym
[INFO] [stderr]   nm -a src/peak_event.sym.o | mawk -f include/jemalloc/internal/private_symbols.awk > src/peak_event.sym
[INFO] [stderr]   nm -a src/prof.sym.o | mawk -f include/jemalloc/internal/private_symbols.awk > src/prof.sym
[INFO] [stderr]   nm -a src/prof_log.sym.o | mawk -f include/jemalloc/internal/private_symbols.awk > src/prof_log.sym
[INFO] [stderr]   nm -a src/prof_recent.sym.o | mawk -f include/jemalloc/internal/private_symbols.awk > src/prof_recent.sym
[INFO] [stderr]   nm -a src/prof_stats.sym.o | mawk -f include/jemalloc/internal/private_symbols.awk > src/prof_stats.sym
[INFO] [stderr]   nm -a src/prof_sys.sym.o | mawk -f include/jemalloc/internal/private_symbols.awk > src/prof_sys.sym
[INFO] [stderr]   nm -a src/psset.sym.o | mawk -f include/jemalloc/internal/private_symbols.awk > src/psset.sym
[INFO] [stderr]   nm -a src/rtree.sym.o | mawk -f include/jemalloc/internal/private_symbols.awk > src/rtree.sym
[INFO] [stderr]   nm -a src/safety_check.sym.o | mawk -f include/jemalloc/internal/private_symbols.awk > src/safety_check.sym
[INFO] [stderr]   nm -a src/sc.sym.o | mawk -f include/jemalloc/internal/private_symbols.awk > src/sc.sym
[INFO] [stderr]   nm -a src/sec.sym.o | mawk -f include/jemalloc/internal/private_symbols.awk > src/sec.sym
[INFO] [stderr]   nm -a src/sz.sym.o | mawk -f include/jemalloc/internal/private_symbols.awk > src/sz.sym
[INFO] [stderr]   nm -a src/test_hooks.sym.o | mawk -f include/jemalloc/internal/private_symbols.awk > src/test_hooks.sym
[INFO] [stderr]   nm -a src/thread_event.sym.o | mawk -f include/jemalloc/internal/private_symbols.awk > src/thread_event.sym
[INFO] [stderr]   nm -a src/ticker.sym.o | mawk -f include/jemalloc/internal/private_symbols.awk > src/ticker.sym
[INFO] [stderr]   nm -a src/tsd.sym.o | mawk -f include/jemalloc/internal/private_symbols.awk > src/tsd.sym
[INFO] [stderr]   nm -a src/witness.sym.o | mawk -f include/jemalloc/internal/private_symbols.awk > src/witness.sym
[INFO] [stderr]   nm -a src/ctl.sym.o | mawk -f include/jemalloc/internal/private_symbols.awk > src/ctl.sym
[INFO] [stderr]   nm -a src/prof_data.sym.o | mawk -f include/jemalloc/internal/private_symbols.awk > src/prof_data.sym
[INFO] [stderr]   nm -a src/tcache.sym.o | mawk -f include/jemalloc/internal/private_symbols.awk > src/tcache.sym
[INFO] [stderr]   nm -a src/stats.sym.o | mawk -f include/jemalloc/internal/private_symbols.awk > src/stats.sym
[INFO] [stderr]   nm -a src/jemalloc.sym.o | mawk -f include/jemalloc/internal/private_symbols.awk > src/jemalloc.sym
[INFO] [stderr]   /bin/sh include/jemalloc/internal/private_namespace.sh src/jemalloc.sym src/arena.sym src/background_thread.sym src/base.sym src/bin.sym src/bin_info.sym src/bitmap.sym src/buf_writer.sym src/cache_bin.sym src/ckh.sym src/counter.sym src/ctl.sym src/decay.sym src/div.sym src/ecache.sym src/edata.sym src/edata_cache.sym src/ehooks.sym src/emap.sym src/eset.sym src/exp_grow.sym src/extent.sym src/extent_dss.sym src/extent_mmap.sym src/fxp.sym src/san.sym src/san_bump.sym src/hook.sym src/hpa.sym src/hpa_hooks.sym src/hpdata.sym src/inspect.sym src/large.sym src/log.sym src/malloc_io.sym src/mutex.sym src/nstime.sym src/pa.sym src/pa_extra.sym src/pai.sym src/pac.sym src/pages.sym src/peak_event.sym src/prof.sym src/prof_data.sym src/prof_log.sym src/prof_recent.sym src/prof_stats.sym src/prof_sys.sym src/psset.sym src/rtree.sym src/safety_check.sym src/sc.sym src/sec.sym src/stats.sym src/sz.sym src/tcache.sym src/test_hooks.sym src/thread_event.sym src/ticker.sym src/tsd.sym src/witness.sym > include/jemalloc/internal/private_namespace.gen.h
[INFO] [stderr]   cp include/jemalloc/internal/private_namespace.gen.h include/jemalloc/internal/private_namespace.h
[INFO] [stderr]   cc -std=gnu11 -Wall -Wextra -Wsign-compare -Wundef -Wno-format-zero-length -Wpointer-arith -Wno-missing-braces -Wno-missing-field-initializers -Wno-missing-attributes -pipe -g3 -fvisibility=hidden -Wimplicit-fallthrough -O3 -funroll-loops -O0 -ffunction-sections -fdata-sections -fPIC -gdwarf-4 -fno-omit-frame-pointer -m64 -Wall -c -O0 -ffunction-sections -fdata-sections -fPIC -gdwarf-4 -fno-omit-frame-pointer -m64 -Wall -D_GNU_SOURCE -D_REENTRANT -Iinclude -Iinclude -o src/jemalloc.o src/jemalloc.c
[INFO] [stderr]   cc -std=gnu11 -Wall -Wextra -Wsign-compare -Wundef -Wno-format-zero-length -Wpointer-arith -Wno-missing-braces -Wno-missing-field-initializers -Wno-missing-attributes -pipe -g3 -fvisibility=hidden -Wimplicit-fallthrough -O3 -funroll-loops -O0 -ffunction-sections -fdata-sections -fPIC -gdwarf-4 -fno-omit-frame-pointer -m64 -Wall -c -O0 -ffunction-sections -fdata-sections -fPIC -gdwarf-4 -fno-omit-frame-pointer -m64 -Wall -D_GNU_SOURCE -D_REENTRANT -Iinclude -Iinclude -o src/arena.o src/arena.c
[INFO] [stderr]   cc -std=gnu11 -Wall -Wextra -Wsign-compare -Wundef -Wno-format-zero-length -Wpointer-arith -Wno-missing-braces -Wno-missing-field-initializers -Wno-missing-attributes -pipe -g3 -fvisibility=hidden -Wimplicit-fallthrough -O3 -funroll-loops -O0 -ffunction-sections -fdata-sections -fPIC -gdwarf-4 -fno-omit-frame-pointer -m64 -Wall -c -O0 -ffunction-sections -fdata-sections -fPIC -gdwarf-4 -fno-omit-frame-pointer -m64 -Wall -D_GNU_SOURCE -D_REENTRANT -Iinclude -Iinclude -o src/background_thread.o src/background_thread.c
[INFO] [stderr]   cc -std=gnu11 -Wall -Wextra -Wsign-compare -Wundef -Wno-format-zero-length -Wpointer-arith -Wno-missing-braces -Wno-missing-field-initializers -Wno-missing-attributes -pipe -g3 -fvisibility=hidden -Wimplicit-fallthrough -O3 -funroll-loops -O0 -ffunction-sections -fdata-sections -fPIC -gdwarf-4 -fno-omit-frame-pointer -m64 -Wall -c -O0 -ffunction-sections -fdata-sections -fPIC -gdwarf-4 -fno-omit-frame-pointer -m64 -Wall -D_GNU_SOURCE -D_REENTRANT -Iinclude -Iinclude -o src/base.o src/base.c
[INFO] [stderr]   cc -std=gnu11 -Wall -Wextra -Wsign-compare -Wundef -Wno-format-zero-length -Wpointer-arith -Wno-missing-braces -Wno-missing-field-initializers -Wno-missing-attributes -pipe -g3 -fvisibility=hidden -Wimplicit-fallthrough -O3 -funroll-loops -O0 -ffunction-sections -fdata-sections -fPIC -gdwarf-4 -fno-omit-frame-pointer -m64 -Wall -c -O0 -ffunction-sections -fdata-sections -fPIC -gdwarf-4 -fno-omit-frame-pointer -m64 -Wall -D_GNU_SOURCE -D_REENTRANT -Iinclude -Iinclude -o src/bin_info.o src/bin_info.c
[INFO] [stderr]   cc -std=gnu11 -Wall -Wextra -Wsign-compare -Wundef -Wno-format-zero-length -Wpointer-arith -Wno-missing-braces -Wno-missing-field-initializers -Wno-missing-attributes -pipe -g3 -fvisibility=hidden -Wimplicit-fallthrough -O3 -funroll-loops -O0 -ffunction-sections -fdata-sections -fPIC -gdwarf-4 -fno-omit-frame-pointer -m64 -Wall -c -O0 -ffunction-sections -fdata-sections -fPIC -gdwarf-4 -fno-omit-frame-pointer -m64 -Wall -D_GNU_SOURCE -D_REENTRANT -Iinclude -Iinclude -o src/bin.o src/bin.c
[INFO] [stderr]   cc -std=gnu11 -Wall -Wextra -Wsign-compare -Wundef -Wno-format-zero-length -Wpointer-arith -Wno-missing-braces -Wno-missing-field-initializers -Wno-missing-attributes -pipe -g3 -fvisibility=hidden -Wimplicit-fallthrough -O3 -funroll-loops -O0 -ffunction-sections -fdata-sections -fPIC -gdwarf-4 -fno-omit-frame-pointer -m64 -Wall -c -O0 -ffunction-sections -fdata-sections -fPIC -gdwarf-4 -fno-omit-frame-pointer -m64 -Wall -D_GNU_SOURCE -D_REENTRANT -Iinclude -Iinclude -o src/bitmap.o src/bitmap.c
[INFO] [stderr]   cc -std=gnu11 -Wall -Wextra -Wsign-compare -Wundef -Wno-format-zero-length -Wpointer-arith -Wno-missing-braces -Wno-missing-field-initializers -Wno-missing-attributes -pipe -g3 -fvisibility=hidden -Wimplicit-fallthrough -O3 -funroll-loops -O0 -ffunction-sections -fdata-sections -fPIC -gdwarf-4 -fno-omit-frame-pointer -m64 -Wall -c -O0 -ffunction-sections -fdata-sections -fPIC -gdwarf-4 -fno-omit-frame-pointer -m64 -Wall -D_GNU_SOURCE -D_REENTRANT -Iinclude -Iinclude -o src/buf_writer.o src/buf_writer.c
[INFO] [stderr]   cc -std=gnu11 -Wall -Wextra -Wsign-compare -Wundef -Wno-format-zero-length -Wpointer-arith -Wno-missing-braces -Wno-missing-field-initializers -Wno-missing-attributes -pipe -g3 -fvisibility=hidden -Wimplicit-fallthrough -O3 -funroll-loops -O0 -ffunction-sections -fdata-sections -fPIC -gdwarf-4 -fno-omit-frame-pointer -m64 -Wall -c -O0 -ffunction-sections -fdata-sections -fPIC -gdwarf-4 -fno-omit-frame-pointer -m64 -Wall -D_GNU_SOURCE -D_REENTRANT -Iinclude -Iinclude -o src/cache_bin.o src/cache_bin.c
[INFO] [stderr]   cc -std=gnu11 -Wall -Wextra -Wsign-compare -Wundef -Wno-format-zero-length -Wpointer-arith -Wno-missing-braces -Wno-missing-field-initializers -Wno-missing-attributes -pipe -g3 -fvisibility=hidden -Wimplicit-fallthrough -O3 -funroll-loops -O0 -ffunction-sections -fdata-sections -fPIC -gdwarf-4 -fno-omit-frame-pointer -m64 -Wall -c -O0 -ffunction-sections -fdata-sections -fPIC -gdwarf-4 -fno-omit-frame-pointer -m64 -Wall -D_GNU_SOURCE -D_REENTRANT -Iinclude -Iinclude -o src/ckh.o src/ckh.c
[INFO] [stderr]   cc -std=gnu11 -Wall -Wextra -Wsign-compare -Wundef -Wno-format-zero-length -Wpointer-arith -Wno-missing-braces -Wno-missing-field-initializers -Wno-missing-attributes -pipe -g3 -fvisibility=hidden -Wimplicit-fallthrough -O3 -funroll-loops -O0 -ffunction-sections -fdata-sections -fPIC -gdwarf-4 -fno-omit-frame-pointer -m64 -Wall -c -O0 -ffunction-sections -fdata-sections -fPIC -gdwarf-4 -fno-omit-frame-pointer -m64 -Wall -D_GNU_SOURCE -D_REENTRANT -Iinclude -Iinclude -o src/counter.o src/counter.c
[INFO] [stderr]   cc -std=gnu11 -Wall -Wextra -Wsign-compare -Wundef -Wno-format-zero-length -Wpointer-arith -Wno-missing-braces -Wno-missing-field-initializers -Wno-missing-attributes -pipe -g3 -fvisibility=hidden -Wimplicit-fallthrough -O3 -funroll-loops -O0 -ffunction-sections -fdata-sections -fPIC -gdwarf-4 -fno-omit-frame-pointer -m64 -Wall -c -O0 -ffunction-sections -fdata-sections -fPIC -gdwarf-4 -fno-omit-frame-pointer -m64 -Wall -D_GNU_SOURCE -D_REENTRANT -Iinclude -Iinclude -o src/ctl.o src/ctl.c
[INFO] [stderr]   cc -std=gnu11 -Wall -Wextra -Wsign-compare -Wundef -Wno-format-zero-length -Wpointer-arith -Wno-missing-braces -Wno-missing-field-initializers -Wno-missing-attributes -pipe -g3 -fvisibility=hidden -Wimplicit-fallthrough -O3 -funroll-loops -O0 -ffunction-sections -fdata-sections -fPIC -gdwarf-4 -fno-omit-frame-pointer -m64 -Wall -c -O0 -ffunction-sections -fdata-sections -fPIC -gdwarf-4 -fno-omit-frame-pointer -m64 -Wall -D_GNU_SOURCE -D_REENTRANT -Iinclude -Iinclude -o src/decay.o src/decay.c
[INFO] [stderr]   cc -std=gnu11 -Wall -Wextra -Wsign-compare -Wundef -Wno-format-zero-length -Wpointer-arith -Wno-missing-braces -Wno-missing-field-initializers -Wno-missing-attributes -pipe -g3 -fvisibility=hidden -Wimplicit-fallthrough -O3 -funroll-loops -O0 -ffunction-sections -fdata-sections -fPIC -gdwarf-4 -fno-omit-frame-pointer -m64 -Wall -c -O0 -ffunction-sections -fdata-sections -fPIC -gdwarf-4 -fno-omit-frame-pointer -m64 -Wall -D_GNU_SOURCE -D_REENTRANT -Iinclude -Iinclude -o src/div.o src/div.c
[INFO] [stderr]   cc -std=gnu11 -Wall -Wextra -Wsign-compare -Wundef -Wno-format-zero-length -Wpointer-arith -Wno-missing-braces -Wno-missing-field-initializers -Wno-missing-attributes -pipe -g3 -fvisibility=hidden -Wimplicit-fallthrough -O3 -funroll-loops -O0 -ffunction-sections -fdata-sections -fPIC -gdwarf-4 -fno-omit-frame-pointer -m64 -Wall -c -O0 -ffunction-sections -fdata-sections -fPIC -gdwarf-4 -fno-omit-frame-pointer -m64 -Wall -D_GNU_SOURCE -D_REENTRANT -Iinclude -Iinclude -o src/ecache.o src/ecache.c
[INFO] [stderr]   cc -std=gnu11 -Wall -Wextra -Wsign-compare -Wundef -Wno-format-zero-length -Wpointer-arith -Wno-missing-braces -Wno-missing-field-initializers -Wno-missing-attributes -pipe -g3 -fvisibility=hidden -Wimplicit-fallthrough -O3 -funroll-loops -O0 -ffunction-sections -fdata-sections -fPIC -gdwarf-4 -fno-omit-frame-pointer -m64 -Wall -c -O0 -ffunction-sections -fdata-sections -fPIC -gdwarf-4 -fno-omit-frame-pointer -m64 -Wall -D_GNU_SOURCE -D_REENTRANT -Iinclude -Iinclude -o src/edata.o src/edata.c
[INFO] [stderr]   cc -std=gnu11 -Wall -Wextra -Wsign-compare -Wundef -Wno-format-zero-length -Wpointer-arith -Wno-missing-braces -Wno-missing-field-initializers -Wno-missing-attributes -pipe -g3 -fvisibility=hidden -Wimplicit-fallthrough -O3 -funroll-loops -O0 -ffunction-sections -fdata-sections -fPIC -gdwarf-4 -fno-omit-frame-pointer -m64 -Wall -c -O0 -ffunction-sections -fdata-sections -fPIC -gdwarf-4 -fno-omit-frame-pointer -m64 -Wall -D_GNU_SOURCE -D_REENTRANT -Iinclude -Iinclude -o src/edata_cache.o src/edata_cache.c
[INFO] [stderr]   cc -std=gnu11 -Wall -Wextra -Wsign-compare -Wundef -Wno-format-zero-length -Wpointer-arith -Wno-missing-braces -Wno-missing-field-initializers -Wno-missing-attributes -pipe -g3 -fvisibility=hidden -Wimplicit-fallthrough -O3 -funroll-loops -O0 -ffunction-sections -fdata-sections -fPIC -gdwarf-4 -fno-omit-frame-pointer -m64 -Wall -c -O0 -ffunction-sections -fdata-sections -fPIC -gdwarf-4 -fno-omit-frame-pointer -m64 -Wall -D_GNU_SOURCE -D_REENTRANT -Iinclude -Iinclude -o src/ehooks.o src/ehooks.c
[INFO] [stderr]   cc -std=gnu11 -Wall -Wextra -Wsign-compare -Wundef -Wno-format-zero-length -Wpointer-arith -Wno-missing-braces -Wno-missing-field-initializers -Wno-missing-attributes -pipe -g3 -fvisibility=hidden -Wimplicit-fallthrough -O3 -funroll-loops -O0 -ffunction-sections -fdata-sections -fPIC -gdwarf-4 -fno-omit-frame-pointer -m64 -Wall -c -O0 -ffunction-sections -fdata-sections -fPIC -gdwarf-4 -fno-omit-frame-pointer -m64 -Wall -D_GNU_SOURCE -D_REENTRANT -Iinclude -Iinclude -o src/emap.o src/emap.c
[INFO] [stderr]   cc -std=gnu11 -Wall -Wextra -Wsign-compare -Wundef -Wno-format-zero-length -Wpointer-arith -Wno-missing-braces -Wno-missing-field-initializers -Wno-missing-attributes -pipe -g3 -fvisibility=hidden -Wimplicit-fallthrough -O3 -funroll-loops -O0 -ffunction-sections -fdata-sections -fPIC -gdwarf-4 -fno-omit-frame-pointer -m64 -Wall -c -O0 -ffunction-sections -fdata-sections -fPIC -gdwarf-4 -fno-omit-frame-pointer -m64 -Wall -D_GNU_SOURCE -D_REENTRANT -Iinclude -Iinclude -o src/eset.o src/eset.c
[INFO] [stderr]   cc -std=gnu11 -Wall -Wextra -Wsign-compare -Wundef -Wno-format-zero-length -Wpointer-arith -Wno-missing-braces -Wno-missing-field-initializers -Wno-missing-attributes -pipe -g3 -fvisibility=hidden -Wimplicit-fallthrough -O3 -funroll-loops -O0 -ffunction-sections -fdata-sections -fPIC -gdwarf-4 -fno-omit-frame-pointer -m64 -Wall -c -O0 -ffunction-sections -fdata-sections -fPIC -gdwarf-4 -fno-omit-frame-pointer -m64 -Wall -D_GNU_SOURCE -D_REENTRANT -Iinclude -Iinclude -o src/exp_grow.o src/exp_grow.c
[INFO] [stderr]   cc -std=gnu11 -Wall -Wextra -Wsign-compare -Wundef -Wno-format-zero-length -Wpointer-arith -Wno-missing-braces -Wno-missing-field-initializers -Wno-missing-attributes -pipe -g3 -fvisibility=hidden -Wimplicit-fallthrough -O3 -funroll-loops -O0 -ffunction-sections -fdata-sections -fPIC -gdwarf-4 -fno-omit-frame-pointer -m64 -Wall -c -O0 -ffunction-sections -fdata-sections -fPIC -gdwarf-4 -fno-omit-frame-pointer -m64 -Wall -D_GNU_SOURCE -D_REENTRANT -Iinclude -Iinclude -o src/extent.o src/extent.c
[INFO] [stderr]   cc -std=gnu11 -Wall -Wextra -Wsign-compare -Wundef -Wno-format-zero-length -Wpointer-arith -Wno-missing-braces -Wno-missing-field-initializers -Wno-missing-attributes -pipe -g3 -fvisibility=hidden -Wimplicit-fallthrough -O3 -funroll-loops -O0 -ffunction-sections -fdata-sections -fPIC -gdwarf-4 -fno-omit-frame-pointer -m64 -Wall -c -O0 -ffunction-sections -fdata-sections -fPIC -gdwarf-4 -fno-omit-frame-pointer -m64 -Wall -D_GNU_SOURCE -D_REENTRANT -Iinclude -Iinclude -o src/extent_dss.o src/extent_dss.c
[INFO] [stderr]   cc -std=gnu11 -Wall -Wextra -Wsign-compare -Wundef -Wno-format-zero-length -Wpointer-arith -Wno-missing-braces -Wno-missing-field-initializers -Wno-missing-attributes -pipe -g3 -fvisibility=hidden -Wimplicit-fallthrough -O3 -funroll-loops -O0 -ffunction-sections -fdata-sections -fPIC -gdwarf-4 -fno-omit-frame-pointer -m64 -Wall -c -O0 -ffunction-sections -fdata-sections -fPIC -gdwarf-4 -fno-omit-frame-pointer -m64 -Wall -D_GNU_SOURCE -D_REENTRANT -Iinclude -Iinclude -o src/extent_mmap.o src/extent_mmap.c
[INFO] [stderr]   cc -std=gnu11 -Wall -Wextra -Wsign-compare -Wundef -Wno-format-zero-length -Wpointer-arith -Wno-missing-braces -Wno-missing-field-initializers -Wno-missing-attributes -pipe -g3 -fvisibility=hidden -Wimplicit-fallthrough -O3 -funroll-loops -O0 -ffunction-sections -fdata-sections -fPIC -gdwarf-4 -fno-omit-frame-pointer -m64 -Wall -c -O0 -ffunction-sections -fdata-sections -fPIC -gdwarf-4 -fno-omit-frame-pointer -m64 -Wall -D_GNU_SOURCE -D_REENTRANT -Iinclude -Iinclude -o src/fxp.o src/fxp.c
[INFO] [stderr]   cc -std=gnu11 -Wall -Wextra -Wsign-compare -Wundef -Wno-format-zero-length -Wpointer-arith -Wno-missing-braces -Wno-missing-field-initializers -Wno-missing-attributes -pipe -g3 -fvisibility=hidden -Wimplicit-fallthrough -O3 -funroll-loops -O0 -ffunction-sections -fdata-sections -fPIC -gdwarf-4 -fno-omit-frame-pointer -m64 -Wall -c -O0 -ffunction-sections -fdata-sections -fPIC -gdwarf-4 -fno-omit-frame-pointer -m64 -Wall -D_GNU_SOURCE -D_REENTRANT -Iinclude -Iinclude -o src/san.o src/san.c
[INFO] [stderr]   cc -std=gnu11 -Wall -Wextra -Wsign-compare -Wundef -Wno-format-zero-length -Wpointer-arith -Wno-missing-braces -Wno-missing-field-initializers -Wno-missing-attributes -pipe -g3 -fvisibility=hidden -Wimplicit-fallthrough -O3 -funroll-loops -O0 -ffunction-sections -fdata-sections -fPIC -gdwarf-4 -fno-omit-frame-pointer -m64 -Wall -c -O0 -ffunction-sections -fdata-sections -fPIC -gdwarf-4 -fno-omit-frame-pointer -m64 -Wall -D_GNU_SOURCE -D_REENTRANT -Iinclude -Iinclude -o src/san_bump.o src/san_bump.c
[INFO] [stderr]   cc -std=gnu11 -Wall -Wextra -Wsign-compare -Wundef -Wno-format-zero-length -Wpointer-arith -Wno-missing-braces -Wno-missing-field-initializers -Wno-missing-attributes -pipe -g3 -fvisibility=hidden -Wimplicit-fallthrough -O3 -funroll-loops -O0 -ffunction-sections -fdata-sections -fPIC -gdwarf-4 -fno-omit-frame-pointer -m64 -Wall -c -O0 -ffunction-sections -fdata-sections -fPIC -gdwarf-4 -fno-omit-frame-pointer -m64 -Wall -D_GNU_SOURCE -D_REENTRANT -Iinclude -Iinclude -o src/hook.o src/hook.c
[INFO] [stderr]   cc -std=gnu11 -Wall -Wextra -Wsign-compare -Wundef -Wno-format-zero-length -Wpointer-arith -Wno-missing-braces -Wno-missing-field-initializers -Wno-missing-attributes -pipe -g3 -fvisibility=hidden -Wimplicit-fallthrough -O3 -funroll-loops -O0 -ffunction-sections -fdata-sections -fPIC -gdwarf-4 -fno-omit-frame-pointer -m64 -Wall -c -O0 -ffunction-sections -fdata-sections -fPIC -gdwarf-4 -fno-omit-frame-pointer -m64 -Wall -D_GNU_SOURCE -D_REENTRANT -Iinclude -Iinclude -o src/hpa.o src/hpa.c
[INFO] [stderr] 
[INFO] [stderr]   --- stderr
[INFO] [stderr]   <built-in>: fatal error: when writing output to src/fxp.d: No space left on device
[INFO] [stderr]   compilation terminated.
[INFO] [stderr]   make: *** [Makefile:479: src/fxp.o] Error 1
[INFO] [stderr]   make: *** Waiting for unfinished jobs....
[INFO] [stderr]   {standard input}: Assembler messages:
[INFO] [stderr]   {standard input}: Fatal error: can't write 3887 bytes to section .debug_str of src/san_bump.o: 'No space left on device'
[INFO] [stderr]   {standard input}: Fatal error: src/san_bump.o: No space left on device
[INFO] [stderr]   make: *** [Makefile:478: src/san_bump.o] Error 1
[INFO] [stderr]   {standard input}: Assembler messages:
[INFO] [stderr]   {standard input}: Fatal error: can't fill 1 byte in section .rodata.config_debug of src/extent_dss.o: 'No space left on device'
[INFO] [stderr]   as: BFD (GNU Binutils for Ubuntu) 2.38 assertion fail ../../bfd/elf.c:3120
[INFO] [stderr]   as: BFD (GNU Binutils for Ubuntu) 2.38 assertion fail ../../bfd/elf.c:3120
[INFO] [stderr]   as: BFD (GNU Binutils for Ubuntu) 2.38 assertion fail ../../bfd/elf.c:3120
[INFO] [stderr]   as: BFD (GNU Binutils for Ubuntu) 2.38 assertion fail ../../bfd/elf.c:3120
[INFO] [stderr]   as: BFD (GNU Binutils for Ubuntu) 2.38 assertion fail ../../bfd/elf.c:3120
[INFO] [stderr]   as: BFD (GNU Binutils for Ubuntu) 2.38 assertion fail ../../bfd/elf.c:3120
[INFO] [stderr]   as: BFD (GNU Binutils for Ubuntu) 2.38 assertion fail ../../bfd/elf.c:3120
[INFO] [stderr]   as: BFD (GNU Binutils for Ubuntu) 2.38 assertion fail ../../bfd/elf.c:3120
[INFO] [stderr]   as: BFD (GNU Binutils for Ubuntu) 2.38 assertion fail ../../bfd/elf.c:3120
[INFO] [stderr]   as: BFD (GNU Binutils for Ubuntu) 2.38 assertion fail ../../bfd/elf.c:3120
[INFO] [stderr]   as: BFD (GNU Binutils for Ubuntu) 2.38 assertion fail ../../bfd/elf.c:3120
[INFO] [stderr]   as: BFD (GNU Binutils for Ubuntu) 2.38 assertion fail ../../bfd/elf.c:3120
[INFO] [stderr]   as: BFD (GNU Binutils for Ubuntu) 2.38 assertion fail ../../bfd/elf.c:3120
[INFO] [stderr]   as: BFD (GNU Binutils for Ubuntu) 2.38 assertion fail ../../bfd/elf.c:3120
[INFO] [stderr]   as: BFD (GNU Binutils for Ubuntu) 2.38 assertion fail ../../bfd/elf.c:3120
[INFO] [stderr]   as: BFD (GNU Binutils for Ubuntu) 2.38 assertion fail ../../bfd/elf.c:3120
[INFO] [stderr]   as: BFD (GNU Binutils for Ubuntu) 2.38 assertion fail ../../bfd/elf.c:3120
[INFO] [stderr]   as: BFD (GNU Binutils for Ubuntu) 2.38 assertion fail ../../bfd/elf.c:3120
[INFO] [stderr]   as: BFD (GNU Binutils for Ubuntu) 2.38 assertion fail ../../bfd/elf.c:3120
[INFO] [stderr]   as: BFD (GNU Binutils for Ubuntu) 2.38 assertion fail ../../bfd/elf.c:3120
[INFO] [stderr]   as: BFD (GNU Binutils for Ubuntu) 2.38 assertion fail ../../bfd/elf.c:3120
[INFO] [stderr]   as: BFD (GNU Binutils for Ubuntu) 2.38 assertion fail ../../bfd/elf.c:3120
[INFO] [stderr]   as: BFD (GNU Binutils for Ubuntu) 2.38 assertion fail ../../bfd/elf.c:3120
[INFO] [stderr]   as: BFD (GNU Binutils for Ubuntu) 2.38 assertion fail ../../bfd/elf.c:3120
[INFO] [stderr]   as: BFD (GNU Binutils for Ubuntu) 2.38 assertion fail ../../bfd/elf.c:3120
[INFO] [stderr]   as: BFD (GNU Binutils for Ubuntu) 2.38 assertion fail ../../bfd/elf.c:3120
[INFO] [stderr]   as: BFD (GNU Binutils for Ubuntu) 2.38 assertion fail ../../bfd/elf.c:3120
[INFO] [stderr]   as: BFD (GNU Binutils for Ubuntu) 2.38 assertion fail ../../bfd/elf.c:3120
[INFO] [stderr]   as: BFD (GNU Binutils for Ubuntu) 2.38 assertion fail ../../bfd/elf.c:3120
[INFO] [stderr]   as: BFD (GNU Binutils for Ubuntu) 2.38 assertion fail ../../bfd/elf.c:3120
[INFO] [stderr]   as: BFD (GNU Binutils for Ubuntu) 2.38 assertion fail ../../bfd/elf.c:3120
[INFO] [stderr]   as: BFD (GNU Binutils for Ubuntu) 2.38 assertion fail ../../bfd/elf.c:3120
[INFO] [stderr]   as: BFD (GNU Binutils for Ubuntu) 2.38 assertion fail ../../bfd/elf.c:3120
[INFO] [stderr]   as: BFD (GNU Binutils for Ubuntu) 2.38 assertion fail ../../bfd/elf.c:3120
[INFO] [stderr]   as: BFD (GNU Binutils for Ubuntu) 2.38 assertion fail ../../bfd/elf.c:3120
[INFO] [stderr]   as: BFD (GNU Binutils for Ubuntu) 2.38 assertion fail ../../bfd/elf.c:3120
[INFO] [stderr]   as: BFD (GNU Binutils for Ubuntu) 2.38 assertion fail ../../bfd/elf.c:3120
[INFO] [stderr]   as: BFD (GNU Binutils for Ubuntu) 2.38 assertion fail ../../bfd/elf.c:3120
[INFO] [stderr]   as: BFD (GNU Binutils for Ubuntu) 2.38 assertion fail ../../bfd/elf.c:3120
[INFO] [stderr]   as: BFD (GNU Binutils for Ubuntu) 2.38 assertion fail ../../bfd/elf.c:3120
[INFO] [stderr]   as: BFD (GNU Binutils for Ubuntu) 2.38 assertion fail ../../bfd/elf.c:3120
[INFO] [stderr]   as: BFD (GNU Binutils for Ubuntu) 2.38 assertion fail ../../bfd/elf.c:3120
[INFO] [stderr]   as: BFD (GNU Binutils for Ubuntu) 2.38 assertion fail ../../bfd/elf.c:3120
[INFO] [stderr]   as: BFD (GNU Binutils for Ubuntu) 2.38 assertion fail ../../bfd/elf.c:3120
[INFO] [stderr]   as: BFD (GNU Binutils for Ubuntu) 2.38 assertion fail ../../bfd/elf.c:3120
[INFO] [stderr]   as: BFD (GNU Binutils for Ubuntu) 2.38 assertion fail ../../bfd/elf.c:3120
[INFO] [stderr]   as: BFD (GNU Binutils for Ubuntu) 2.38 assertion fail ../../bfd/elf.c:3120
[INFO] [stderr]   as: BFD (GNU Binutils for Ubuntu) 2.38 assertion fail ../../bfd/elf.c:3120
[INFO] [stderr]   as: BFD (GNU Binutils for Ubuntu) 2.38 assertion fail ../../bfd/elf.c:3120
[INFO] [stderr]   as: BFD (GNU Binutils for Ubuntu) 2.38 assertion fail ../../bfd/elf.c:3120
[INFO] [stderr]   as: BFD (GNU Binutils for Ubuntu) 2.38 assertion fail ../../bfd/elf.c:3120
[INFO] [stderr]   as: BFD (GNU Binutils for Ubuntu) 2.38 assertion fail ../../bfd/elf.c:3120
[INFO] [stderr]   as: BFD (GNU Binutils for Ubuntu) 2.38 assertion fail ../../bfd/elf.c:3120
[INFO] [stderr]   as: BFD (GNU Binutils for Ubuntu) 2.38 assertion fail ../../bfd/elf.c:3120
[INFO] [stderr]   as: BFD (GNU Binutils for Ubuntu) 2.38 assertion fail ../../bfd/elf.c:3120
[INFO] [stderr]   as: BFD (GNU Binutils for Ubuntu) 2.38 assertion fail ../../bfd/elf.c:3120
[INFO] [stderr]   as: BFD (GNU Binutils for Ubuntu) 2.38 assertion fail ../../bfd/elf.c:3120
[INFO] [stderr]   as: BFD (GNU Binutils for Ubuntu) 2.38 assertion fail ../../bfd/elf.c:3120
[INFO] [stderr]   as: BFD (GNU Binutils for Ubuntu) 2.38 assertion fail ../../bfd/elf.c:3120
[INFO] [stderr]   as: BFD (GNU Binutils for Ubuntu) 2.38 assertion fail ../../bfd/elf.c:3120
[INFO] [stderr]   as: BFD (GNU Binutils for Ubuntu) 2.38 assertion fail ../../bfd/elf.c:3120
[INFO] [stderr]   as: BFD (GNU Binutils for Ubuntu) 2.38 assertion fail ../../bfd/elf.c:3120
[INFO] [stderr]   as: BFD (GNU Binutils for Ubuntu) 2.38 assertion fail ../../bfd/elf.c:3120
[INFO] [stderr]   as: BFD (GNU Binutils for Ubuntu) 2.38 assertion fail ../../bfd/elf.c:3120
[INFO] [stderr]   as: BFD (GNU Binutils for Ubuntu) 2.38 assertion fail ../../bfd/elf.c:3120
[INFO] [stderr]   as: BFD (GNU Binutils for Ubuntu) 2.38 assertion fail ../../bfd/elf.c:3120
[INFO] [stderr]   as: BFD (GNU Binutils for Ubuntu) 2.38 assertion fail ../../bfd/elf.c:3120
[INFO] [stderr]   as: BFD (GNU Binutils for Ubuntu) 2.38 assertion fail ../../bfd/elf.c:3120
[INFO] [stderr]   as: BFD (GNU Binutils for Ubuntu) 2.38 assertion fail ../../bfd/elf.c:3120
[INFO] [stderr]   as: BFD (GNU Binutils for Ubuntu) 2.38 assertion fail ../../bfd/elf.c:3120
[INFO] [stderr]   as: BFD (GNU Binutils for Ubuntu) 2.38 assertion fail ../../bfd/elf.c:3120
[INFO] [stderr]   as: BFD (GNU Binutils for Ubuntu) 2.38 assertion fail ../../bfd/elf.c:3120
[INFO] [stderr]   as: BFD (GNU Binutils for Ubuntu) 2.38 assertion fail ../../bfd/elf.c:3120
[INFO] [stderr]   as: BFD (GNU Binutils for Ubuntu) 2.38 assertion fail ../../bfd/elf.c:3120
[INFO] [stderr]   as: BFD (GNU Binutils for Ubuntu) 2.38 assertion fail ../../bfd/elf.c:3120
[INFO] [stderr]   as: BFD (GNU Binutils for Ubuntu) 2.38 assertion fail ../../bfd/elf.c:3120
[INFO] [stderr]   as: BFD (GNU Binutils for Ubuntu) 2.38 assertion fail ../../bfd/elf.c:3120
[INFO] [stderr]   as: BFD (GNU Binutils for Ubuntu) 2.38 assertion fail ../../bfd/elf.c:3120
[INFO] [stderr]   as: BFD (GNU Binutils for Ubuntu) 2.38 assertion fail ../../bfd/elf.c:3120
[INFO] [stderr]   as: BFD (GNU Binutils for Ubuntu) 2.38 assertion fail ../../bfd/elf.c:3120
[INFO] [stderr]   as: BFD (GNU Binutils for Ubuntu) 2.38 assertion fail ../../bfd/elf.c:3120
[INFO] [stderr]   as: BFD (GNU Binutils for Ubuntu) 2.38 assertion fail ../../bfd/elf.c:3120
[INFO] [stderr]   as: BFD (GNU Binutils for Ubuntu) 2.38 assertion fail ../../bfd/elf.c:3120
[INFO] [stderr]   as: BFD (GNU Binutils for Ubuntu) 2.38 assertion fail ../../bfd/elf.c:3120
[INFO] [stderr]   as: BFD (GNU Binutils for Ubuntu) 2.38 assertion fail ../../bfd/elf.c:3120
[INFO] [stderr]   as: BFD (GNU Binutils for Ubuntu) 2.38 assertion fail ../../bfd/elf.c:3120
[INFO] [stderr]   as: BFD (GNU Binutils for Ubuntu) 2.38 assertion fail ../../bfd/elf.c:3120
[INFO] [stderr]   as: BFD (GNU Binutils for Ubuntu) 2.38 assertion fail ../../bfd/elf.c:3120
[INFO] [stderr]   as: BFD (GNU Binutils for Ubuntu) 2.38 assertion fail ../../bfd/elf.c:3120
[INFO] [stderr]   as: BFD (GNU Binutils for Ubuntu) 2.38 assertion fail ../../bfd/elf.c:3120
[INFO] [stderr]   as: BFD (GNU Binutils for Ubuntu) 2.38 assertion fail ../../bfd/elf.c:3120
[INFO] [stderr]   as: BFD (GNU Binutils for Ubuntu) 2.38 assertion fail ../../bfd/elf.c:3120
[INFO] [stderr]   as: BFD (GNU Binutils for Ubuntu) 2.38 assertion fail ../../bfd/elf.c:3120
[INFO] [stderr]   as: BFD (GNU Binutils for Ubuntu) 2.38 assertion fail ../../bfd/elf.c:3120
[INFO] [stderr]   as: BFD (GNU Binutils for Ubuntu) 2.38 assertion fail ../../bfd/elf.c:3120
[INFO] [stderr]   as: BFD (GNU Binutils for Ubuntu) 2.38 assertion fail ../../bfd/elf.c:3120
[INFO] [stderr]   as: BFD (GNU Binutils for Ubuntu) 2.38 assertion fail ../../bfd/elf.c:3120
[INFO] [stderr]   as: BFD (GNU Binutils for Ubuntu) 2.38 assertion fail ../../bfd/elf.c:3120
[INFO] [stderr]   as: BFD (GNU Binutils for Ubuntu) 2.38 assertion fail ../../bfd/elf.c:3120
[INFO] [stderr]   as: BFD (GNU Binutils for Ubuntu) 2.38 assertion fail ../../bfd/elf.c:3120
[INFO] [stderr]   as: BFD (GNU Binutils for Ubuntu) 2.38 assertion fail ../../bfd/elf.c:3120
[INFO] [stderr]   as: BFD (GNU Binutils for Ubuntu) 2.38 assertion fail ../../bfd/elf.c:3120
[INFO] [stderr]   as: BFD (GNU Binutils for Ubuntu) 2.38 assertion fail ../../bfd/elf.c:3120
[INFO] [stderr]   as: BFD (GNU Binutils for Ubuntu) 2.38 assertion fail ../../bfd/elf.c:3120
[INFO] [stderr]   as: BFD (GNU Binutils for Ubuntu) 2.38 assertion fail ../../bfd/elf.c:3120
[INFO] [stderr]   as: BFD (GNU Binutils for Ubuntu) 2.38 assertion fail ../../bfd/elf.c:3120
[INFO] [stderr]   as: BFD (GNU Binutils for Ubuntu) 2.38 assertion fail ../../bfd/elf.c:3120
[INFO] [stderr]   as: BFD (GNU Binutils for Ubuntu) 2.38 assertion fail ../../bfd/elf.c:3120
[INFO] [stderr]   as: BFD (GNU Binutils for Ubuntu) 2.38 assertion fail ../../bfd/elf.c:3120
[INFO] [stderr]   as: BFD (GNU Binutils for Ubuntu) 2.38 assertion fail ../../bfd/elf.c:3120
[INFO] [stderr]   as: BFD (GNU Binutils for Ubuntu) 2.38 assertion fail ../../bfd/elf.c:3120
[INFO] [stderr]   as: BFD (GNU Binutils for Ubuntu) 2.38 assertion fail ../../bfd/elf.c:3120
[INFO] [stderr]   as: BFD (GNU Binutils for Ubuntu) 2.38 assertion fail ../../bfd/elf.c:3120
[INFO] [stderr]   as: BFD (GNU Binutils for Ubuntu) 2.38 assertion fail ../../bfd/elf.c:3120
[INFO] [stderr]   as: BFD (GNU Binutils for Ubuntu) 2.38 assertion fail ../../bfd/elf.c:3120
[INFO] [stderr]   as: BFD (GNU Binutils for Ubuntu) 2.38 assertion fail ../../bfd/elf.c:3120
[INFO] [stderr]   as: BFD (GNU Binutils for Ubuntu) 2.38 assertion fail ../../bfd/elf.c:3120
[INFO] [stderr]   as: BFD (GNU Binutils for Ubuntu) 2.38 assertion fail ../../bfd/elf.c:3120
[INFO] [stderr]   as: BFD (GNU Binutils for Ubuntu) 2.38 assertion fail ../../bfd/elf.c:3120
[INFO] [stderr]   as: BFD (GNU Binutils for Ubuntu) 2.38 assertion fail ../../bfd/elf.c:3120
[INFO] [stderr]   as: BFD (GNU Binutils for Ubuntu) 2.38 assertion fail ../../bfd/elf.c:3120
[INFO] [stderr]   as: BFD (GNU Binutils for Ubuntu) 2.38 assertion fail ../../bfd/elf.c:3120
[INFO] [stderr]   as: BFD (GNU Binutils for Ubuntu) 2.38 assertion fail ../../bfd/elf.c:3120
[INFO] [stderr]   as: BFD (GNU Binutils for Ubuntu) 2.38 assertion fail ../../bfd/elf.c:3120
[INFO] [stderr]   as: BFD (GNU Binutils for Ubuntu) 2.38 assertion fail ../../bfd/elf.c:3120
[INFO] [stderr]   as: BFD (GNU Binutils for Ubuntu) 2.38 assertion fail ../../bfd/elf.c:3120
[INFO] [stderr]   as: BFD (GNU Binutils for Ubuntu) 2.38 assertion fail ../../bfd/elf.c:3120
[INFO] [stderr]   as: BFD (GNU Binutils for Ubuntu) 2.38 assertion fail ../../bfd/elf.c:3120
[INFO] [stderr]   as: BFD (GNU Binutils for Ubuntu) 2.38 assertion fail ../../bfd/elf.c:3120
[INFO] [stderr]   as: BFD (GNU Binutils for Ubuntu) 2.38 assertion fail ../../bfd/elf.c:3120
[INFO] [stderr]   as: BFD (GNU Binutils for Ubuntu) 2.38 assertion fail ../../bfd/elf.c:3120
[INFO] [stderr]   as: BFD (GNU Binutils for Ubuntu) 2.38 assertion fail ../../bfd/elf.c:3120
[INFO] [stderr]   as: BFD (GNU Binutils for Ubuntu) 2.38 assertion fail ../../bfd/elf.c:3120
[INFO] [stderr]   as: BFD (GNU Binutils for Ubuntu) 2.38 assertion fail ../../bfd/elf.c:3120
[INFO] [stderr]   as: BFD (GNU Binutils for Ubuntu) 2.38 assertion fail ../../bfd/elf.c:3120
[INFO] [stderr]   as: BFD (GNU Binutils for Ubuntu) 2.38 assertion fail ../../bfd/elf.c:3120
[INFO] [stderr]   as: BFD (GNU Binutils for Ubuntu) 2.38 assertion fail ../../bfd/elf.c:3120
[INFO] [stderr]   as: BFD (GNU Binutils for Ubuntu) 2.38 assertion fail ../../bfd/elf.c:3120
[INFO] [stderr]   as: BFD (GNU Binutils for Ubuntu) 2.38 assertion fail ../../bfd/elf.c:3120
[INFO] [stderr]   as: BFD (GNU Binutils for Ubuntu) 2.38 assertion fail ../../bfd/elf.c:3120
[INFO] [stderr]   as: BFD (GNU Binutils for Ubuntu) 2.38 assertion fail ../../bfd/elf.c:3120
[INFO] [stderr]   as: BFD (GNU Binutils for Ubuntu) 2.38 assertion fail ../../bfd/elf.c:3120
[INFO] [stderr]   as: BFD (GNU Binutils for Ubuntu) 2.38 assertion fail ../../bfd/elf.c:3120
[INFO] [stderr]   as: BFD (GNU Binutils for Ubuntu) 2.38 assertion fail ../../bfd/elf.c:3120
[INFO] [stderr]   as: BFD (GNU Binutils for Ubuntu) 2.38 assertion fail ../../bfd/elf.c:3120
[INFO] [stderr]   as: BFD (GNU Binutils for Ubuntu) 2.38 assertion fail ../../bfd/elf.c:3120
[INFO] [stderr]   as: BFD (GNU Binutils for Ubuntu) 2.38 assertion fail ../../bfd/elf.c:3120
[INFO] [stderr]   as: BFD (GNU Binutils for Ubuntu) 2.38 assertion fail ../../bfd/elf.c:3120
[INFO] [stderr]   as: BFD (GNU Binutils for Ubuntu) 2.38 assertion fail ../../bfd/elf.c:3120
[INFO] [stderr]   as: BFD (GNU Binutils for Ubuntu) 2.38 assertion fail ../../bfd/elf.c:3120
[INFO] [stderr]   as: BFD (GNU Binutils for Ubuntu) 2.38 assertion fail ../../bfd/elf.c:3120
[INFO] [stderr]   as: BFD (GNU Binutils for Ubuntu) 2.38 assertion fail ../../bfd/elf.c:3120
[INFO] [stderr]   as: BFD (GNU Binutils for Ubuntu) 2.38 assertion fail ../../bfd/elf.c:3120
[INFO] [stderr]   as: BFD (GNU Binutils for Ubuntu) 2.38 assertion fail ../../bfd/elf.c:3120
[INFO] [stderr]   as: BFD (GNU Binutils for Ubuntu) 2.38 assertion fail ../../bfd/elf.c:3120
[INFO] [stderr]   as: BFD (GNU Binutils for Ubuntu) 2.38 assertion fail ../../bfd/elf.c:3120
[INFO] [stderr]   as: BFD (GNU Binutils for Ubuntu) 2.38 assertion fail ../../bfd/elf.c:3120
[INFO] [stderr]   as: BFD (GNU Binutils for Ubuntu) 2.38 assertion fail ../../bfd/elf.c:3120
[INFO] [stderr]   as: BFD (GNU Binutils for Ubuntu) 2.38 assertion fail ../../bfd/elf.c:3120
[INFO] [stderr]   as: BFD (GNU Binutils for Ubuntu) 2.38 assertion fail ../../bfd/elf.c:3120
[INFO] [stderr]   as: BFD (GNU Binutils for Ubuntu) 2.38 assertion fail ../../bfd/elf.c:3120
[INFO] [stderr]   as: BFD (GNU Binutils for Ubuntu) 2.38 assertion fail ../../bfd/elf.c:3120
[INFO] [stderr]   as: BFD (GNU Binutils for Ubuntu) 2.38 assertion fail ../../bfd/elf.c:3120
[INFO] [stderr]   as: BFD (GNU Binutils for Ubuntu) 2.38 assertion fail ../../bfd/elf.c:3120
[INFO] [stderr]   as: BFD (GNU Binutils for Ubuntu) 2.38 assertion fail ../../bfd/elf.c:3120
[INFO] [stderr]   as: BFD (GNU Binutils for Ubuntu) 2.38 assertion fail ../../bfd/elf.c:3120
[INFO] [stderr]   as: BFD (GNU Binutils for Ubuntu) 2.38 assertion fail ../../bfd/elf.c:3120
[INFO] [stderr]   as: BFD (GNU Binutils for Ubuntu) 2.38 assertion fail ../../bfd/elf.c:3120
[INFO] [stderr]   as: BFD (GNU Binutils for Ubuntu) 2.38 assertion fail ../../bfd/elf.c:3120
[INFO] [stderr]   as: BFD (GNU Binutils for Ubuntu) 2.38 assertion fail ../../bfd/elf.c:3120
[INFO] [stderr]   as: BFD (GNU Binutils for Ubuntu) 2.38 assertion fail ../../bfd/elf.c:3120
[INFO] [stderr]   as: BFD (GNU Binutils for Ubuntu) 2.38 assertion fail ../../bfd/elf.c:3120
[INFO] [stderr]   as: BFD (GNU Binutils for Ubuntu) 2.38 assertion fail ../../bfd/elf.c:3120
[INFO] [stderr]   as: BFD (GNU Binutils for Ubuntu) 2.38 assertion fail ../../bfd/elf.c:3120
[INFO] [stderr]   as: BFD (GNU Binutils for Ubuntu) 2.38 assertion fail ../../bfd/elf.c:3120
[INFO] [stderr]   as: BFD (GNU Binutils for Ubuntu) 2.38 assertion fail ../../bfd/elf.c:3120
[INFO] [stderr]   as: BFD (GNU Binutils for Ubuntu) 2.38 assertion fail ../../bfd/elf.c:3120
[INFO] [stderr]   as: BFD (GNU Binutils for Ubuntu) 2.38 assertion fail ../../bfd/elf.c:3120
[INFO] [stderr]   as: BFD (GNU Binutils for Ubuntu) 2.38 assertion fail ../../bfd/elf.c:3120
[INFO] [stderr]   as: BFD (GNU Binutils for Ubuntu) 2.38 assertion fail ../../bfd/elf.c:3120
[INFO] [stderr]   as: BFD (GNU Binutils for Ubuntu) 2.38 assertion fail ../../bfd/elf.c:3120
[INFO] [stderr]   as: BFD (GNU Binutils for Ubuntu) 2.38 assertion fail ../../bfd/elf.c:3120
[INFO] [stderr]   as: BFD (GNU Binutils for Ubuntu) 2.38 assertion fail ../../bfd/elf.c:3120
[INFO] [stderr]   as: BFD (GNU Binutils for Ubuntu) 2.38 assertion fail ../../bfd/elf.c:3120
[INFO] [stderr]   as: BFD (GNU Binutils for Ubuntu) 2.38 assertion fail ../../bfd/elf.c:3120
[INFO] [stderr]   as: BFD (GNU Binutils for Ubuntu) 2.38 assertion fail ../../bfd/elf.c:3120
[INFO] [stderr]   as: BFD (GNU Binutils for Ubuntu) 2.38 assertion fail ../../bfd/elf.c:3120
[INFO] [stderr]   as: BFD (GNU Binutils for Ubuntu) 2.38 assertion fail ../../bfd/elf.c:3120
[INFO] [stderr]   as: BFD (GNU Binutils for Ubuntu) 2.38 assertion fail ../../bfd/elf.c:3120
[INFO] [stderr]   as: BFD (GNU Binutils for Ubuntu) 2.38 assertion fail ../../bfd/elf.c:3120
[INFO] [stderr]   as: BFD (GNU Binutils for Ubuntu) 2.38 assertion fail ../../bfd/elf.c:3120
[INFO] [stderr]   as: BFD (GNU Binutils for Ubuntu) 2.38 assertion fail ../../bfd/elf.c:3120
[INFO] [stderr]   as: BFD (GNU Binutils for Ubuntu) 2.38 assertion fail ../../bfd/elf.c:3120
[INFO] [stderr]   as: BFD (GNU Binutils for Ubuntu) 2.38 assertion fail ../../bfd/elf.c:3120
[INFO] [stderr]   as: BFD (GNU Binutils for Ubuntu) 2.38 assertion fail ../../bfd/elf.c:3120
[INFO] [stderr]   as: BFD (GNU Binutils for Ubuntu) 2.38 assertion fail ../../bfd/elf.c:3120
[INFO] [stderr]   as: BFD (GNU Binutils for Ubuntu) 2.38 assertion fail ../../bfd/elf.c:3120
[INFO] [stderr]   as: BFD (GNU Binutils for Ubuntu) 2.38 assertion fail ../../bfd/elf.c:3120
[INFO] [stderr]   as: BFD (GNU Binutils for Ubuntu) 2.38 assertion fail ../../bfd/elf.c:3120
[INFO] [stderr]   as: BFD (GNU Binutils for Ubuntu) 2.38 assertion fail ../../bfd/elf.c:3120
[INFO] [stderr]   as: BFD (GNU Binutils for Ubuntu) 2.38 assertion fail ../../bfd/elf.c:3120
[INFO] [stderr]   as: BFD (GNU Binutils for Ubuntu) 2.38 assertion fail ../../bfd/elf.c:3120
[INFO] [stderr]   as: BFD (GNU Binutils for Ubuntu) 2.38 assertion fail ../../bfd/elf.c:3120
[INFO] [stderr]   as: BFD (GNU Binutils for Ubuntu) 2.38 assertion fail ../../bfd/elf.c:3120
[INFO] [stderr]   as: BFD (GNU Binutils for Ubuntu) 2.38 assertion fail ../../bfd/elf.c:3120
[INFO] [stderr]   as: BFD (GNU Binutils for Ubuntu) 2.38 assertion fail ../../bfd/elf.c:3120
[INFO] [stderr]   as: BFD (GNU Binutils for Ubuntu) 2.38 assertion fail ../../bfd/elf.c:3120
[INFO] [stderr]   as: BFD (GNU Binutils for Ubuntu) 2.38 assertion fail ../../bfd/elf.c:3120
[INFO] [stderr]   as: BFD (GNU Binutils for Ubuntu) 2.38 assertion fail ../../bfd/elf.c:3120
[INFO] [stderr]   as: BFD (GNU Binutils for Ubuntu) 2.38 assertion fail ../../bfd/elf.c:3120
[INFO] [stderr]   as: BFD (GNU Binutils for Ubuntu) 2.38 assertion fail ../../bfd/elf.c:3120
[INFO] [stderr]   as: BFD (GNU Binutils for Ubuntu) 2.38 assertion fail ../../bfd/elf.c:3120
[INFO] [stderr]   as: BFD (GNU Binutils for Ubuntu) 2.38 assertion fail ../../bfd/elf.c:3120
[INFO] [stderr]   as: BFD (GNU Binutils for Ubuntu) 2.38 assertion fail ../../bfd/elf.c:3120
[INFO] [stderr]   as: BFD (GNU Binutils for Ubuntu) 2.38 assertion fail ../../bfd/elf.c:3120
[INFO] [stderr]   as: BFD (GNU Binutils for Ubuntu) 2.38 assertion fail ../../bfd/elf.c:3120
[INFO] [stderr]   as: BFD (GNU Binutils for Ubuntu) 2.38 assertion fail ../../bfd/elf.c:3120
[INFO] [stderr]   as: BFD (GNU Binutils for Ubuntu) 2.38 assertion fail ../../bfd/elf.c:3120
[INFO] [stderr]   as: BFD (GNU Binutils for Ubuntu) 2.38 assertion fail ../../bfd/elf.c:3120
[INFO] [stderr]   as: BFD (GNU Binutils for Ubuntu) 2.38 assertion fail ../../bfd/elf.c:3120
[INFO] [stderr]   as: BFD (GNU Binutils for Ubuntu) 2.38 assertion fail ../../bfd/elf.c:3120
[INFO] [stderr]   as: BFD (GNU Binutils for Ubuntu) 2.38 assertion fail ../../bfd/elf.c:3120
[INFO] [stderr]   as: BFD (GNU Binutils for Ubuntu) 2.38 assertion fail ../../bfd/elf.c:3120
[INFO] [stderr]   as: BFD (GNU Binutils for Ubuntu) 2.38 assertion fail ../../bfd/elf.c:3120
[INFO] [stderr]   as: BFD (GNU Binutils for Ubuntu) 2.38 assertion fail ../../bfd/elf.c:3120
[INFO] [stderr]   as: BFD (GNU Binutils for Ubuntu) 2.38 assertion fail ../../bfd/elf.c:3120
[INFO] [stderr]   as: BFD (GNU Binutils for Ubuntu) 2.38 assertion fail ../../bfd/elf.c:3120
[INFO] [stderr]   as: BFD (GNU Binutils for Ubuntu) 2.38 assertion fail ../../bfd/elf.c:3120
[INFO] [stderr]   as: BFD (GNU Binutils for Ubuntu) 2.38 assertion fail ../../bfd/elf.c:3120
[INFO] [stderr]   as: BFD (GNU Binutils for Ubuntu) 2.38 assertion fail ../../bfd/elf.c:3120
[INFO] [stderr]   as: BFD (GNU Binutils for Ubuntu) 2.38 assertion fail ../../bfd/elf.c:3120
[INFO] [stderr]   as: BFD (GNU Binutils for Ubuntu) 2.38 assertion fail ../../bfd/elf.c:3120
[INFO] [stderr]   as: BFD (GNU Binutils for Ubuntu) 2.38 assertion fail ../../bfd/elf.c:3120
[INFO] [stderr]   as: BFD (GNU Binutils for Ubuntu) 2.38 assertion fail ../../bfd/elf.c:3120
[INFO] [stderr]   as: BFD (GNU Binutils for Ubuntu) 2.38 assertion fail ../../bfd/elf.c:3120
[INFO] [stderr]   as: BFD (GNU Binutils for Ubuntu) 2.38 assertion fail ../../bfd/elf.c:3120
[INFO] [stderr]   as: BFD (GNU Binutils for Ubuntu) 2.38 assertion fail ../../bfd/elf.c:3120
[INFO] [stderr]   as: BFD (GNU Binutils for Ubuntu) 2.38 assertion fail ../../bfd/elf.c:3120
[INFO] [stderr]   as: BFD (GNU Binutils for Ubuntu) 2.38 assertion fail ../../bfd/elf.c:3120
[INFO] [stderr]   as: BFD (GNU Binutils for Ubuntu) 2.38 assertion fail ../../bfd/elf.c:3120
[INFO] [stderr]   as: BFD (GNU Binutils for Ubuntu) 2.38 assertion fail ../../bfd/elf.c:3120
[INFO] [stderr]   as: BFD (GNU Binutils for Ubuntu) 2.38 assertion fail ../../bfd/elf.c:3120
[INFO] [stderr]   as: BFD (GNU Binutils for Ubuntu) 2.38 assertion fail ../../bfd/elf.c:3120
[INFO] [stderr]   as: BFD (GNU Binutils for Ubuntu) 2.38 assertion fail ../../bfd/elf.c:3120
[INFO] [stderr]   as: BFD (GNU Binutils for Ubuntu) 2.38 assertion fail ../../bfd/elf.c:3120
[INFO] [stderr]   as: BFD (GNU Binutils for Ubuntu) 2.38 assertion fail ../../bfd/elf.c:3120
[INFO] [stderr]   as: BFD (GNU Binutils for Ubuntu) 2.38 assertion fail ../../bfd/elf.c:3120
[INFO] [stderr]   as: BFD (GNU Binutils for Ubuntu) 2.38 assertion fail ../../bfd/elf.c:3120
[INFO] [stderr]   as: BFD (GNU Binutils for Ubuntu) 2.38 assertion fail ../../bfd/elf.c:3120
[INFO] [stderr]   as: BFD (GNU Binutils for Ubuntu) 2.38 assertion fail ../../bfd/elf.c:3120
[INFO] [stderr]   as: BFD (GNU Binutils for Ubuntu) 2.38 assertion fail ../../bfd/elf.c:3120
[INFO] [stderr]   as: BFD (GNU Binutils for Ubuntu) 2.38 assertion fail ../../bfd/elf.c:3120
[INFO] [stderr]   as: BFD (GNU Binutils for Ubuntu) 2.38 assertion fail ../../bfd/elf.c:3120
[INFO] [stderr]   as: BFD (GNU Binutils for Ubuntu) 2.38 assertion fail ../../bfd/elf.c:3120
[INFO] [stderr]   as: BFD (GNU Binutils for Ubuntu) 2.38 assertion fail ../../bfd/elf.c:3120
[INFO] [stderr]   make: *** [Makefile:480: src/extent_dss.o] Error 1
[INFO] [stderr] 
[INFO] [stderr]   thread 'main' panicked at /opt/rustwide/cargo-home/registry/src/index.crates.io-1949cf8c6b5b557f/jemalloc-sys-0.5.4+5.3.0-patched/build.rs:351:9:
[INFO] [stderr]   command did not execute successfully: cd "/opt/rustwide/target/debug/build/jemalloc-sys-b9f5f2bea76f89e8/out/build" && "make" "-j" "16"
[INFO] [stderr]   expected success, got: exit status: 2
[INFO] [stderr]   stack backtrace:
[INFO] [stderr]      0:     0x64a83a84590a - std::backtrace_rs::backtrace::libunwind::trace::hb059275cfc8d6126
[INFO] [stderr]                                  at /rustc/6067b36314ab5eb2eb47cecc464545ba58e1ad24/library/std/src/../../backtrace/src/backtrace/libunwind.rs:116:5
[INFO] [stderr]      1:     0x64a83a84590a - std::backtrace_rs::backtrace::trace_unsynchronized::h2da071e4327ce3ee
[INFO] [stderr]                                  at /rustc/6067b36314ab5eb2eb47cecc464545ba58e1ad24/library/std/src/../../backtrace/src/backtrace/mod.rs:66:5
[INFO] [stderr]      2:     0x64a83a84590a - std::sys::backtrace::_print_fmt::h842a1474e6f8d23f
[INFO] [stderr]                                  at /rustc/6067b36314ab5eb2eb47cecc464545ba58e1ad24/library/std/src/sys/backtrace.rs:66:9
[INFO] [stderr]      3:     0x64a83a84590a - <std::sys::backtrace::BacktraceLock::print::DisplayBacktrace as core::fmt::Display>::fmt::h71a62eb3b9696b12
[INFO] [stderr]                                  at /rustc/6067b36314ab5eb2eb47cecc464545ba58e1ad24/library/std/src/sys/backtrace.rs:39:26
[INFO] [stderr]      4:     0x64a83a86a413 - core::fmt::rt::Argument::fmt::hdb6b616786b41dc1
[INFO] [stderr]                                  at /rustc/6067b36314ab5eb2eb47cecc464545ba58e1ad24/library/core/src/fmt/rt.rs:177:76
[INFO] [stderr]      5:     0x64a83a86a413 - core::fmt::write::h2cc1698af7e2d686
[INFO] [stderr]                                  at /rustc/6067b36314ab5eb2eb47cecc464545ba58e1ad24/library/core/src/fmt/mod.rs:1440:21
[INFO] [stderr]      6:     0x64a83a842133 - std::io::Write::write_fmt::h00c8700df393f328
[INFO] [stderr]                                  at /rustc/6067b36314ab5eb2eb47cecc464545ba58e1ad24/library/std/src/io/mod.rs:1887:15
[INFO] [stderr]      7:     0x64a83a845752 - std::sys::backtrace::BacktraceLock::print::h147fe35b4ea13b08
[INFO] [stderr]                                  at /rustc/6067b36314ab5eb2eb47cecc464545ba58e1ad24/library/std/src/sys/backtrace.rs:42:9
[INFO] [stderr]      8:     0x64a83a8468df - std::panicking::default_hook::{{closure}}::hbd44223dbdc0d208
[INFO] [stderr]                                  at /rustc/6067b36314ab5eb2eb47cecc464545ba58e1ad24/library/std/src/panicking.rs:298:22
[INFO] [stderr]      9:     0x64a83a84674a - std::panicking::default_hook::h20f81eb0576efcec
[INFO] [stderr]                                  at /rustc/6067b36314ab5eb2eb47cecc464545ba58e1ad24/library/std/src/panicking.rs:325:9
[INFO] [stderr]     10:     0x64a83a8472c2 - std::panicking::rust_panic_with_hook::h625eea43051b2edc
[INFO] [stderr]                                  at /rustc/6067b36314ab5eb2eb47cecc464545ba58e1ad24/library/std/src/panicking.rs:831:13
[INFO] [stderr]     11:     0x64a83a84704a - std::panicking::begin_panic_handler::{{closure}}::h4f9159cfbc3f6bd3
[INFO] [stderr]                                  at /rustc/6067b36314ab5eb2eb47cecc464545ba58e1ad24/library/std/src/panicking.rs:704:13
[INFO] [stderr]     12:     0x64a83a845e09 - std::sys::backtrace::__rust_end_short_backtrace::h0390abce48353151
[INFO] [stderr]                                  at /rustc/6067b36314ab5eb2eb47cecc464545ba58e1ad24/library/std/src/sys/backtrace.rs:168:18
[INFO] [stderr]     13:     0x64a83a846cdd - rust_begin_unwind
[INFO] [stderr]                                  at /rustc/6067b36314ab5eb2eb47cecc464545ba58e1ad24/library/std/src/panicking.rs:695:5
[INFO] [stderr]     14:     0x64a83a8691e0 - core::panicking::panic_fmt::h9e7c637e9e5f29c9
[INFO] [stderr]                                  at /rustc/6067b36314ab5eb2eb47cecc464545ba58e1ad24/library/core/src/panicking.rs:75:14
[INFO] [stderr]     15:     0x64a83a7c4427 - build_script_build::execute::h33c6a56e1003de53
[INFO] [stderr]     16:     0x64a83a7c4276 - build_script_build::run::hd925292d1ba9c92f
[INFO] [stderr]     17:     0x64a83a7c363f - build_script_build::main::h9ea013a1551a13c1
[INFO] [stderr]     18:     0x64a83a7c5823 - core::ops::function::FnOnce::call_once::h73d96ca5f23798e3
[INFO] [stderr]     19:     0x64a83a7c4f86 - std::sys::backtrace::__rust_begin_short_backtrace::h5f1a2fdf10cdb339
[INFO] [stderr]     20:     0x64a83a7c4f09 - std::rt::lang_start::{{closure}}::hb09d4d447ce1ca79
[INFO] [stderr]     21:     0x64a83a83de20 - core::ops::function::impls::<impl core::ops::function::FnOnce<A> for &F>::call_once::h1b085b6c1d2518b2
[INFO] [stderr]                                  at /rustc/6067b36314ab5eb2eb47cecc464545ba58e1ad24/library/core/src/ops/function.rs:284:13
[INFO] [stderr]     22:     0x64a83a83de20 - std::panicking::try::do_call::h382f964a5a23b565
[INFO] [stderr]                                  at /rustc/6067b36314ab5eb2eb47cecc464545ba58e1ad24/library/std/src/panicking.rs:587:40
[INFO] [stderr]     23:     0x64a83a83de20 - std::panicking::try::h57f991055eb622f9
[INFO] [stderr]                                  at /rustc/6067b36314ab5eb2eb47cecc464545ba58e1ad24/library/std/src/panicking.rs:550:19
[INFO] [stderr]     24:     0x64a83a83de20 - std::panic::catch_unwind::h4d9a74ef04456343
[INFO] [stderr]                                  at /rustc/6067b36314ab5eb2eb47cecc464545ba58e1ad24/library/std/src/panic.rs:358:14
[INFO] [stderr]     25:     0x64a83a83de20 - std::rt::lang_start_internal::{{closure}}::h2faa8ae84a93f314
[INFO] [stderr]                                  at /rustc/6067b36314ab5eb2eb47cecc464545ba58e1ad24/library/std/src/rt.rs:163:24
[INFO] [stderr]     26:     0x64a83a83de20 - std::panicking::try::do_call::h0f8932bf638a9bf5
[INFO] [stderr]                                  at /rustc/6067b36314ab5eb2eb47cecc464545ba58e1ad24/library/std/src/panicking.rs:587:40
[INFO] [stderr]     27:     0x64a83a83de20 - std::panicking::try::h683416ea756b175d
[INFO] [stderr]                                  at /rustc/6067b36314ab5eb2eb47cecc464545ba58e1ad24/library/std/src/panicking.rs:550:19
[INFO] [stderr]     28:     0x64a83a83de20 - std::panic::catch_unwind::h56189fac8994979f
[INFO] [stderr]                                  at /rustc/6067b36314ab5eb2eb47cecc464545ba58e1ad24/library/std/src/panic.rs:358:14
[INFO] [stderr]     29:     0x64a83a83de20 - std::rt::lang_start_internal::h8bbc1061691274fe
[INFO] [stderr]                                  at /rustc/6067b36314ab5eb2eb47cecc464545ba58e1ad24/library/std/src/rt.rs:159:5
[INFO] [stderr]     30:     0x64a83a7c4ef1 - std::rt::lang_start::h3a1902ba79245779
[INFO] [stderr]     31:     0x64a83a7c4b95 - main
[INFO] [stderr]     32:     0x7562f1cf8d90 - <unknown>
[INFO] [stderr]     33:     0x7562f1cf8e40 - __libc_start_main
[INFO] [stderr]     34:     0x64a83a7be5c5 - _start
[INFO] [stderr]     35:                0x0 - <unknown>
[INFO] running `Command { std: "docker" "inspect" "662de8da18d27ac89f0e8c84ca1ec0fc5ef65b465123abb89fda0468896351a6", kill_on_drop: false }`
[INFO] running `Command { std: "docker" "rm" "-f" "662de8da18d27ac89f0e8c84ca1ec0fc5ef65b465123abb89fda0468896351a6", kill_on_drop: false }`
[INFO] [stdout] 662de8da18d27ac89f0e8c84ca1ec0fc5ef65b465123abb89fda0468896351a6
