[INFO] cloning repository https://github.com/yanfenglee/paste
[INFO] running `Command { std: "git" "-c" "credential.helper=" "-c" "credential.helper=/workspace/cargo-home/bin/git-credential-null" "clone" "--bare" "https://github.com/yanfenglee/paste" "/workspace/cache/git-repos/https%3A%2F%2Fgithub.com%2Fyanfenglee%2Fpaste", kill_on_drop: false }`
[INFO] [stderr] Cloning into bare repository '/workspace/cache/git-repos/https%3A%2F%2Fgithub.com%2Fyanfenglee%2Fpaste'...
[INFO] running `Command { std: "git" "rev-parse" "HEAD", kill_on_drop: false }`
[INFO] [stdout] a9ff7b056d1f3cc1957469955ebeacb531044fe4
[INFO] testing yanfenglee/paste against nightly-2025-01-18 for randomize-layout-2
[INFO] running `Command { std: "git" "clone" "/workspace/cache/git-repos/https%3A%2F%2Fgithub.com%2Fyanfenglee%2Fpaste" "/workspace/builds/worker-0-tc1/source", kill_on_drop: false }`
[INFO] [stderr] Cloning into '/workspace/builds/worker-0-tc1/source'...
[INFO] [stderr] done.
[INFO] validating manifest of git repo https://github.com/yanfenglee/paste on toolchain nightly-2025-01-18
[INFO] running `Command { std: CARGO_HOME="/workspace/cargo-home" RUSTUP_HOME="/workspace/rustup-home" "/workspace/cargo-home/bin/cargo" "+nightly-2025-01-18" "metadata" "--manifest-path" "Cargo.toml" "--no-deps", kill_on_drop: false }`
[INFO] started tweaking git repo https://github.com/yanfenglee/paste
[INFO] finished tweaking git repo https://github.com/yanfenglee/paste
[INFO] tweaked toml for git repo https://github.com/yanfenglee/paste written to /workspace/builds/worker-0-tc1/source/Cargo.toml
[INFO] crate git repo https://github.com/yanfenglee/paste already has a lockfile, it will not be regenerated
[INFO] running `Command { std: CARGO_HOME="/workspace/cargo-home" RUSTUP_HOME="/workspace/rustup-home" "/workspace/cargo-home/bin/cargo" "+nightly-2025-01-18" "fetch" "--manifest-path" "Cargo.toml", kill_on_drop: false }`
[INFO] running `Command { std: "docker" "create" "-v" "/var/lib/crater-agent-workspace/builds/worker-0-tc1/target:/opt/rustwide/target:rw,Z" "-v" "/var/lib/crater-agent-workspace/builds/worker-0-tc1/source:/opt/rustwide/workdir:ro,Z" "-v" "/var/lib/crater-agent-workspace/cargo-home:/opt/rustwide/cargo-home:ro,Z" "-v" "/var/lib/crater-agent-workspace/rustup-home:/opt/rustwide/rustup-home:ro,Z" "-e" "SOURCE_DIR=/opt/rustwide/workdir" "-e" "CARGO_TARGET_DIR=/opt/rustwide/target" "-e" "CARGO_HOME=/opt/rustwide/cargo-home" "-e" "RUSTUP_HOME=/opt/rustwide/rustup-home" "-w" "/opt/rustwide/workdir" "-m" "1610612736" "--user" "0:0" "--network" "none" "ghcr.io/rust-lang/crates-build-env/linux@sha256:819108c5571ea2e421544af4d832f968d213c87fbe3707a016657f43d2f853bc" "/opt/rustwide/cargo-home/bin/cargo" "+nightly-2025-01-18" "metadata" "--no-deps" "--format-version=1", kill_on_drop: false }`
[INFO] [stdout] 5f03c6b5b8179aaf7ebfdafb85849b658c8e41a22da77bfec26b79809945fc7b
[INFO] running `Command { std: "docker" "start" "-a" "5f03c6b5b8179aaf7ebfdafb85849b658c8e41a22da77bfec26b79809945fc7b", kill_on_drop: false }`
[INFO] running `Command { std: "docker" "inspect" "5f03c6b5b8179aaf7ebfdafb85849b658c8e41a22da77bfec26b79809945fc7b", kill_on_drop: false }`
[INFO] running `Command { std: "docker" "rm" "-f" "5f03c6b5b8179aaf7ebfdafb85849b658c8e41a22da77bfec26b79809945fc7b", kill_on_drop: false }`
[INFO] [stdout] 5f03c6b5b8179aaf7ebfdafb85849b658c8e41a22da77bfec26b79809945fc7b
[INFO] running `Command { std: "docker" "create" "-v" "/var/lib/crater-agent-workspace/builds/worker-0-tc1/target:/opt/rustwide/target:rw,Z" "-v" "/var/lib/crater-agent-workspace/builds/worker-0-tc1/source:/opt/rustwide/workdir:ro,Z" "-v" "/var/lib/crater-agent-workspace/cargo-home:/opt/rustwide/cargo-home:ro,Z" "-v" "/var/lib/crater-agent-workspace/rustup-home:/opt/rustwide/rustup-home:ro,Z" "-e" "SOURCE_DIR=/opt/rustwide/workdir" "-e" "CARGO_TARGET_DIR=/opt/rustwide/target" "-e" "CARGO_INCREMENTAL=0" "-e" "RUST_BACKTRACE=full" "-e" "RUSTFLAGS=--cap-lints=forbid" "-e" "RUSTDOCFLAGS=--cap-lints=forbid" "-e" "CARGO_HOME=/opt/rustwide/cargo-home" "-e" "RUSTUP_HOME=/opt/rustwide/rustup-home" "-w" "/opt/rustwide/workdir" "-m" "1610612736" "--user" "0:0" "--network" "none" "ghcr.io/rust-lang/crates-build-env/linux@sha256:819108c5571ea2e421544af4d832f968d213c87fbe3707a016657f43d2f853bc" "/opt/rustwide/cargo-home/bin/cargo" "+nightly-2025-01-18" "build" "--frozen" "--message-format=json", kill_on_drop: false }`
[INFO] [stdout] 0972ae27653b014ec582f6d87a79edfa188ce24e981ed2adb8bb445ff656b6f4
[INFO] running `Command { std: "docker" "start" "-a" "0972ae27653b014ec582f6d87a79edfa188ce24e981ed2adb8bb445ff656b6f4", kill_on_drop: false }`
[INFO] [stderr]    Compiling proc-macro2 v1.0.70
[INFO] [stderr]    Compiling unicode-ident v1.0.12
[INFO] [stderr]    Compiling libc v0.2.150
[INFO] [stderr]    Compiling version_check v0.9.4
[INFO] [stderr]    Compiling syn v1.0.109
[INFO] [stderr]    Compiling memchr v2.3.4
[INFO] [stderr]    Compiling slab v0.4.9
[INFO] [stderr]    Compiling futures-core v0.3.29
[INFO] [stderr]    Compiling log v0.4.20
[INFO] [stderr]    Compiling futures-sink v0.3.29
[INFO] [stderr]    Compiling futures-channel v0.3.29
[INFO] [stderr]    Compiling cfg-if v0.1.10
[INFO] [stderr]    Compiling futures-task v0.3.29
[INFO] [stderr]    Compiling pin-project-lite v0.2.13
[INFO] [stderr]    Compiling futures-util v0.3.29
[INFO] [stderr]    Compiling bitflags v1.3.2
[INFO] [stderr]    Compiling lazy_static v1.4.0
[INFO] [stderr]    Compiling pin-utils v0.1.0
[INFO] [stderr]    Compiling pin-project-lite v0.1.12
[INFO] [stderr]    Compiling futures-io v0.3.29
[INFO] [stderr]    Compiling bytes v0.5.6
[INFO] [stderr]    Compiling smallvec v1.11.2
[INFO] [stderr]    Compiling lock_api v0.4.11
[INFO] [stderr]    Compiling pin-project-internal v0.4.30
[INFO] [stderr]    Compiling parking_lot_core v0.8.6
[INFO] [stderr]    Compiling instant v0.1.12
[INFO] [stderr]    Compiling percent-encoding v2.3.1
[INFO] [stderr]    Compiling quote v1.0.33
[INFO] [stderr]    Compiling iovec v0.1.4
[INFO] [stderr]    Compiling net2 v0.2.39
[INFO] [stderr]    Compiling signal-hook-registry v1.4.1
[INFO] [stderr]    Compiling ryu v1.0.15
[INFO] [stderr]    Compiling serde v1.0.193
[INFO] [stderr]    Compiling scopeguard v1.2.0
[INFO] [stderr]    Compiling mio v0.6.23
[INFO] [stderr]    Compiling syn v2.0.39
[INFO] [stderr]    Compiling num_cpus v1.16.0
[INFO] [stderr]    Compiling convert_case v0.4.0
[INFO] [stderr]    Compiling tinyvec_macros v0.1.1
[INFO] [stderr]    Compiling mio-uds v0.6.8
[INFO] [stderr]    Compiling getrandom v0.1.16
[INFO] [stderr]    Compiling tokio v0.2.25
[INFO] [stderr]    Compiling parking_lot v0.11.2
[INFO] [stderr]    Compiling threadpool v1.8.1
[INFO] [stderr]    Compiling tinyvec v1.6.0
[INFO] [stderr]    Compiling standback v0.2.17
[INFO] [stderr]    Compiling copyless v0.1.5
[INFO] [stderr]    Compiling unicode-bidi v0.3.13
[INFO] [stderr]    Compiling proc-macro-hack v0.5.20+deprecated
[INFO] [stderr]    Compiling typenum v1.17.0
[INFO] [stderr]    Compiling itoa v1.0.9
[INFO] [stderr]    Compiling radium v0.5.3
[INFO] [stderr]    Compiling unicode-normalization v0.1.22
[INFO] [stderr]    Compiling rand_core v0.5.1
[INFO] [stderr]    Compiling form_urlencoded v1.2.1
[INFO] [stderr]    Compiling generic-array v0.14.7
[INFO] [stderr]    Compiling async-trait v0.1.74
[INFO] [stderr]    Compiling either v1.9.0
[INFO] [stderr]    Compiling lexical-core v0.7.6
[INFO] [stderr]    Compiling thiserror v1.0.50
[INFO] [stderr]    Compiling bytes v1.5.0
[INFO] [stderr]    Compiling ppv-lite86 v0.2.17
[INFO] [stderr]    Compiling idna v0.5.0
[INFO] [stderr]    Compiling rand_chacha v0.2.2
[INFO] [stderr]    Compiling tokio-util v0.3.1
[INFO] [stderr]    Compiling nom v6.2.2
[INFO] [stderr]    Compiling const_fn v0.4.9
[INFO] [stderr]    Compiling static_assertions v1.1.0
[INFO] [stderr]    Compiling heck v0.4.1
[INFO] [stderr]    Compiling fnv v1.0.7
[INFO] [stderr]    Compiling wyz v0.2.0
[INFO] [stderr]    Compiling funty v1.1.0
[INFO] [stderr]    Compiling arrayvec v0.5.2
[INFO] [stderr]    Compiling match_cfg v0.1.0
[INFO] [stderr]    Compiling once_cell v1.18.0
[INFO] [stderr]    Compiling matches v0.1.10
[INFO] [stderr]    Compiling tap v1.0.1
[INFO] [stderr]    Compiling idna v0.2.3
[INFO] [stderr]    Compiling hostname v0.3.1
[INFO] [stderr]    Compiling tracing-core v0.1.32
[INFO] [stderr]    Compiling http v0.2.11
[INFO] [stderr]    Compiling bitvec v0.19.6
[INFO] [stderr]    Compiling url v2.5.0
[INFO] [stderr]    Compiling rand v0.7.3
[INFO] [stderr]    Compiling time v0.2.27
[INFO] [stderr]    Compiling indexmap v1.9.3
[INFO] [stderr]    Compiling quick-error v1.2.3
[INFO] [stderr]    Compiling alloc-no-stdlib v2.0.4
[INFO] [stderr]    Compiling crc32fast v1.3.2
[INFO] [stderr]    Compiling futures-macro v0.3.29
[INFO] [stderr]    Compiling serde_derive v1.0.193
[INFO] [stderr]    Compiling thiserror-impl v1.0.50
[INFO] [stderr]    Compiling pin-project-internal v1.1.3
[INFO] [stderr]    Compiling linked-hash-map v0.5.6
[INFO] [stderr]    Compiling lru-cache v0.1.2
[INFO] [stderr]    Compiling alloc-stdlib v0.2.2
[INFO] [stderr]    Compiling resolv-conf v0.7.0
[INFO] [stderr]    Compiling derive_more v0.99.17
[INFO] [stderr]    Compiling actix-macros v0.1.3
[INFO] [stderr]    Compiling enum-as-inner v0.3.4
[INFO] [stderr]    Compiling time-macros-impl v0.1.2
[INFO] [stderr]    Compiling pin-project v1.1.3
[INFO] [stderr]    Compiling tracing v0.1.40
[INFO] [stderr]    Compiling aho-corasick v0.7.15
[INFO] [stderr]    Compiling cookie v0.14.4
[INFO] [stderr]    Compiling num-traits v0.2.17
[INFO] [stderr]    Compiling serde_json v1.0.108
[INFO] [stderr]    Compiling time-macros v0.1.1
[INFO] [stderr]    Compiling httparse v1.8.0
[INFO] [stderr]    Compiling regex-syntax v0.6.29
[INFO] [stderr]    Compiling hashbrown v0.12.3
[INFO] [stderr]    Compiling adler v1.0.2
[INFO] [stderr]    Compiling miniz_oxide v0.7.1
[INFO] [stderr]    Compiling pin-project v0.4.30
[INFO] [stderr]    Compiling actix-codec v0.3.0
[INFO] [stderr]    Compiling tracing-futures v0.2.5
[INFO] [stderr]    Compiling brotli-decompressor v2.5.1
[INFO] [stderr]    Compiling block-buffer v0.9.0
[INFO] [stderr]    Compiling digest v0.9.0
[INFO] [stderr]    Compiling opaque-debug v0.3.0
[INFO] [stderr]    Compiling askama_escape v0.10.3
[INFO] [stderr]    Compiling cpufeatures v0.2.11
[INFO] [stderr]    Compiling byteorder v1.5.0
[INFO] [stderr]    Compiling sha-1 v0.9.8
[INFO] [stderr]    Compiling fxhash v0.2.1
[INFO] [stderr]    Compiling regex v1.4.6
[INFO] [stderr]    Compiling actix-service v1.0.6
[INFO] [stderr]    Compiling actix-threadpool v0.3.3
[INFO] [stderr]    Compiling actix-rt v1.1.1
[INFO] [stderr]    Compiling futures v0.3.29
[INFO] [stderr]    Compiling trust-dns-proto v0.19.7
[INFO] [stderr]    Compiling brotli v3.4.0
[INFO] [stderr]    Compiling h2 v0.2.7
[INFO] [stderr]    Compiling actix-utils v2.0.0
[INFO] [stderr]    Compiling flate2 v1.0.28
[INFO] [stderr]    Compiling trust-dns-resolver v0.19.7
[INFO] [stderr]    Compiling socket2 v0.3.19
[INFO] [stderr]    Compiling encoding_rs v0.8.33
[INFO] [stderr]    Compiling base64 v0.13.1
[INFO] [stderr]    Compiling itoa v0.4.8
[INFO] [stderr]    Compiling serde_urlencoded v0.7.1
[INFO] [stderr]    Compiling language-tags v0.2.2
[INFO] [stderr]    Compiling mime v0.3.17
[INFO] [stderr]    Compiling actix-connect v2.0.0
[INFO] [stderr]    Compiling toml v0.5.11
[INFO] [stderr]    Compiling actix-server v1.0.4
[INFO] [stderr]    Compiling askama_shared v0.11.2
[INFO] [stderr]    Compiling actix-http v2.2.2
[INFO] [stderr]    Compiling bytestring v1.3.1
[INFO] [stderr]    Compiling humansize v1.1.1
[INFO] [stderr]    Compiling actix-router v0.2.7
[INFO] [stderr]    Compiling actix-testing v1.0.1
[INFO] [stderr]    Compiling actix-tls v2.0.0
[INFO] [stderr]    Compiling askama_derive v0.10.5
[INFO] [stderr]    Compiling actix-web-codegen v0.4.0
[INFO] [stderr]    Compiling iana-time-zone v0.1.58
[INFO] [stderr]    Compiling chrono v0.4.31
[INFO] [stderr]    Compiling awc v2.0.3
[INFO] [stderr]    Compiling actix-web v3.3.3
[INFO] [stderr]    Compiling askama v0.10.5
[INFO] [stderr]    Compiling paste v0.1.0 (/opt/rustwide/workdir)
[INFO] [stderr]     Finished `dev` profile [unoptimized + debuginfo] target(s) in 2m 03s
[INFO] running `Command { std: "docker" "inspect" "0972ae27653b014ec582f6d87a79edfa188ce24e981ed2adb8bb445ff656b6f4", kill_on_drop: false }`
[INFO] running `Command { std: "docker" "rm" "-f" "0972ae27653b014ec582f6d87a79edfa188ce24e981ed2adb8bb445ff656b6f4", kill_on_drop: false }`
[INFO] [stdout] 0972ae27653b014ec582f6d87a79edfa188ce24e981ed2adb8bb445ff656b6f4
[INFO] running `Command { std: "docker" "create" "-v" "/var/lib/crater-agent-workspace/builds/worker-0-tc1/target:/opt/rustwide/target:rw,Z" "-v" "/var/lib/crater-agent-workspace/builds/worker-0-tc1/source:/opt/rustwide/workdir:ro,Z" "-v" "/var/lib/crater-agent-workspace/cargo-home:/opt/rustwide/cargo-home:ro,Z" "-v" "/var/lib/crater-agent-workspace/rustup-home:/opt/rustwide/rustup-home:ro,Z" "-e" "SOURCE_DIR=/opt/rustwide/workdir" "-e" "CARGO_TARGET_DIR=/opt/rustwide/target" "-e" "CARGO_INCREMENTAL=0" "-e" "RUST_BACKTRACE=full" "-e" "RUSTFLAGS=--cap-lints=forbid" "-e" "RUSTDOCFLAGS=--cap-lints=forbid" "-e" "CARGO_HOME=/opt/rustwide/cargo-home" "-e" "RUSTUP_HOME=/opt/rustwide/rustup-home" "-w" "/opt/rustwide/workdir" "-m" "1610612736" "--user" "0:0" "--network" "none" "ghcr.io/rust-lang/crates-build-env/linux@sha256:819108c5571ea2e421544af4d832f968d213c87fbe3707a016657f43d2f853bc" "/opt/rustwide/cargo-home/bin/cargo" "+nightly-2025-01-18" "test" "--frozen" "--no-run" "--message-format=json", kill_on_drop: false }`
[INFO] [stdout] fac6c212e48f78ca57fa2fcf62b01f812bbca9170d56ffc0530aac4f5c31e2c9
[INFO] running `Command { std: "docker" "start" "-a" "fac6c212e48f78ca57fa2fcf62b01f812bbca9170d56ffc0530aac4f5c31e2c9", kill_on_drop: false }`
[INFO] [stderr]    Compiling paste v0.1.0 (/opt/rustwide/workdir)
[INFO] [stdout] warning: unused `Result` that must be used
[INFO] [stdout]   --> src/local_cache.rs:66:9
[INFO] [stdout]    |
[INFO] [stdout] 66 |         local_cache::set("aa", &3);
[INFO] [stdout]    |         ^^^^^^^^^^^^^^^^^^^^^^^^^^
[INFO] [stdout]    |
[INFO] [stdout]    = note: this `Result` may be an `Err` variant, which should be handled
[INFO] [stdout]    = note: `#[warn(unused_must_use)]` on by default
[INFO] [stdout] help: use `let _ = ...` to ignore the resulting value
[INFO] [stdout]    |
[INFO] [stdout] 66 |         let _ = local_cache::set("aa", &3);
[INFO] [stdout]    |         +++++++
[INFO] [stdout] 
[INFO] [stdout] 
[INFO] [stdout] warning: unused `Result` that must be used
[INFO] [stdout]   --> src/local_cache.rs:86:9
[INFO] [stdout]    |
[INFO] [stdout] 86 |         local_cache::set("aa", &user);
[INFO] [stdout]    |         ^^^^^^^^^^^^^^^^^^^^^^^^^^^^^
[INFO] [stdout]    |
[INFO] [stdout]    = note: this `Result` may be an `Err` variant, which should be handled
[INFO] [stdout] help: use `let _ = ...` to ignore the resulting value
[INFO] [stdout]    |
[INFO] [stdout] 86 |         let _ = local_cache::set("aa", &user);
[INFO] [stdout]    |         +++++++
[INFO] [stdout] 
[INFO] [stdout] 
[INFO] [stdout] warning: unused `Result` that must be used
[INFO] [stdout]   --> src/local_cache.rs:99:9
[INFO] [stdout]    |
[INFO] [stdout] 99 |         local_cache::setex("aa", &user, 3000);
[INFO] [stdout]    |         ^^^^^^^^^^^^^^^^^^^^^^^^^^^^^^^^^^^^^
[INFO] [stdout]    |
[INFO] [stdout]    = note: this `Result` may be an `Err` variant, which should be handled
[INFO] [stdout] help: use `let _ = ...` to ignore the resulting value
[INFO] [stdout]    |
[INFO] [stdout] 99 |         let _ = local_cache::setex("aa", &user, 3000);
[INFO] [stdout]    |         +++++++
[INFO] [stdout] 
[INFO] [stdout] 
[INFO] [stderr]     Finished `test` profile [unoptimized + debuginfo] target(s) in 1.78s
[INFO] running `Command { std: "docker" "inspect" "fac6c212e48f78ca57fa2fcf62b01f812bbca9170d56ffc0530aac4f5c31e2c9", kill_on_drop: false }`
[INFO] running `Command { std: "docker" "rm" "-f" "fac6c212e48f78ca57fa2fcf62b01f812bbca9170d56ffc0530aac4f5c31e2c9", kill_on_drop: false }`
[INFO] [stdout] fac6c212e48f78ca57fa2fcf62b01f812bbca9170d56ffc0530aac4f5c31e2c9
[INFO] running `Command { std: "docker" "create" "-v" "/var/lib/crater-agent-workspace/builds/worker-0-tc1/target:/opt/rustwide/target:rw,Z" "-v" "/var/lib/crater-agent-workspace/builds/worker-0-tc1/source:/opt/rustwide/workdir:ro,Z" "-v" "/var/lib/crater-agent-workspace/cargo-home:/opt/rustwide/cargo-home:ro,Z" "-v" "/var/lib/crater-agent-workspace/rustup-home:/opt/rustwide/rustup-home:ro,Z" "-e" "SOURCE_DIR=/opt/rustwide/workdir" "-e" "CARGO_TARGET_DIR=/opt/rustwide/target" "-e" "CARGO_INCREMENTAL=0" "-e" "RUST_BACKTRACE=full" "-e" "RUSTFLAGS=--cap-lints=forbid" "-e" "RUSTDOCFLAGS=--cap-lints=forbid" "-e" "CARGO_HOME=/opt/rustwide/cargo-home" "-e" "RUSTUP_HOME=/opt/rustwide/rustup-home" "-w" "/opt/rustwide/workdir" "-m" "1610612736" "--user" "0:0" "--network" "none" "ghcr.io/rust-lang/crates-build-env/linux@sha256:819108c5571ea2e421544af4d832f968d213c87fbe3707a016657f43d2f853bc" "/opt/rustwide/cargo-home/bin/cargo" "+nightly-2025-01-18" "test" "--frozen", kill_on_drop: false }`
[INFO] [stdout] ef740e0acd8929aa952ea799a0e3f844ad09865d99fcbd0ec6087ae2beeb55fc
[INFO] running `Command { std: "docker" "start" "-a" "ef740e0acd8929aa952ea799a0e3f844ad09865d99fcbd0ec6087ae2beeb55fc", kill_on_drop: false }`
[INFO] [stderr] warning: unused `Result` that must be used
[INFO] [stderr]   --> src/local_cache.rs:66:9
[INFO] [stderr]    |
[INFO] [stderr] 66 |         local_cache::set("aa", &3);
[INFO] [stderr]    |         ^^^^^^^^^^^^^^^^^^^^^^^^^^
[INFO] [stderr]    |
[INFO] [stderr]    = note: this `Result` may be an `Err` variant, which should be handled
[INFO] [stderr]    = note: `#[warn(unused_must_use)]` on by default
[INFO] [stderr] help: use `let _ = ...` to ignore the resulting value
[INFO] [stderr]    |
[INFO] [stderr] 66 |         let _ = local_cache::set("aa", &3);
[INFO] [stderr]    |         +++++++
[INFO] [stderr] 
[INFO] [stderr] warning: unused `Result` that must be used
[INFO] [stderr]   --> src/local_cache.rs:86:9
[INFO] [stderr]    |
[INFO] [stderr] 86 |         local_cache::set("aa", &user);
[INFO] [stderr]    |         ^^^^^^^^^^^^^^^^^^^^^^^^^^^^^
[INFO] [stderr]    |
[INFO] [stderr]    = note: this `Result` may be an `Err` variant, which should be handled
[INFO] [stderr] help: use `let _ = ...` to ignore the resulting value
[INFO] [stderr]    |
[INFO] [stderr] 86 |         let _ = local_cache::set("aa", &user);
[INFO] [stderr]    |         +++++++
[INFO] [stderr] 
[INFO] [stderr] warning: unused `Result` that must be used
[INFO] [stderr]   --> src/local_cache.rs:99:9
[INFO] [stderr]    |
[INFO] [stderr] 99 |         local_cache::setex("aa", &user, 3000);
[INFO] [stderr]    |         ^^^^^^^^^^^^^^^^^^^^^^^^^^^^^^^^^^^^^
[INFO] [stderr]    |
[INFO] [stderr]    = note: this `Result` may be an `Err` variant, which should be handled
[INFO] [stderr] help: use `let _ = ...` to ignore the resulting value
[INFO] [stderr]    |
[INFO] [stderr] 99 |         let _ = local_cache::setex("aa", &user, 3000);
[INFO] [stderr]    |         +++++++
[INFO] [stderr] 
[INFO] [stderr] warning: `paste` (bin "paste" test) generated 3 warnings
[INFO] [stderr]     Finished `test` profile [unoptimized + debuginfo] target(s) in 0.25s
[INFO] [stderr]      Running unittests src/main.rs (/opt/rustwide/target/debug/deps/paste-4d3118d335446dba)
[INFO] [stdout] 
[INFO] [stdout] running 3 tests
[INFO] [stdout] test local_cache::test::test ... ok
[INFO] [stdout] test local_cache::test::test2 ... ok
[INFO] [stdout] test local_cache::test::test3 ... FAILED
[INFO] [stdout] 
[INFO] [stdout] failures:
[INFO] [stdout] 
[INFO] [stdout] ---- local_cache::test::test3 stdout ----
[INFO] [stdout] 
[INFO] [stdout] thread 'local_cache::test::test3' panicked at src/local_cache.rs:105:9:
[INFO] [stdout] assertion `left == right` failed
[INFO] [stdout]   left: Some(UserTest { id: 10, username: "111", password: Some("asdf") })
[INFO] [stdout]  right: None
[INFO] [stdout] stack backtrace:
[INFO] [stdout]    0:     0x6321377c812a - std::backtrace_rs::backtrace::libunwind::trace::hb059275cfc8d6126
[INFO] [stdout]                                at /rustc/6067b36314ab5eb2eb47cecc464545ba58e1ad24/library/std/src/../../backtrace/src/backtrace/libunwind.rs:116:5
[INFO] [stdout]    1:     0x6321377c812a - std::backtrace_rs::backtrace::trace_unsynchronized::h2da071e4327ce3ee
[INFO] [stdout]                                at /rustc/6067b36314ab5eb2eb47cecc464545ba58e1ad24/library/std/src/../../backtrace/src/backtrace/mod.rs:66:5
[INFO] [stdout]    2:     0x6321377c812a - std::sys::backtrace::_print_fmt::h842a1474e6f8d23f
[INFO] [stdout]                                at /rustc/6067b36314ab5eb2eb47cecc464545ba58e1ad24/library/std/src/sys/backtrace.rs:66:9
[INFO] [stdout]    3:     0x6321377c812a - <std::sys::backtrace::BacktraceLock::print::DisplayBacktrace as core::fmt::Display>::fmt::h71a62eb3b9696b12
[INFO] [stdout]                                at /rustc/6067b36314ab5eb2eb47cecc464545ba58e1ad24/library/std/src/sys/backtrace.rs:39:26
[INFO] [stdout]    4:     0x6321377ef7b3 - core::fmt::rt::Argument::fmt::hdb6b616786b41dc1
[INFO] [stdout]                                at /rustc/6067b36314ab5eb2eb47cecc464545ba58e1ad24/library/core/src/fmt/rt.rs:177:76
[INFO] [stdout]    5:     0x6321377ef7b3 - core::fmt::write::h2cc1698af7e2d686
[INFO] [stdout]                                at /rustc/6067b36314ab5eb2eb47cecc464545ba58e1ad24/library/core/src/fmt/mod.rs:1440:21
[INFO] [stdout]    6:     0x6321377c4c83 - std::io::Write::write_fmt::hab1b4cd059a79022
[INFO] [stdout]                                at /rustc/6067b36314ab5eb2eb47cecc464545ba58e1ad24/library/std/src/io/mod.rs:1887:15
[INFO] [stdout]    7:     0x6321377c7f72 - std::sys::backtrace::BacktraceLock::print::h147fe35b4ea13b08
[INFO] [stdout]                                at /rustc/6067b36314ab5eb2eb47cecc464545ba58e1ad24/library/std/src/sys/backtrace.rs:42:9
[INFO] [stdout]    8:     0x6321377c954f - std::panicking::default_hook::{{closure}}::hbd44223dbdc0d208
[INFO] [stdout]                                at /rustc/6067b36314ab5eb2eb47cecc464545ba58e1ad24/library/std/src/panicking.rs:298:22
[INFO] [stdout]    9:     0x6321377c9368 - std::panicking::default_hook::h20f81eb0576efcec
[INFO] [stdout]                                at /rustc/6067b36314ab5eb2eb47cecc464545ba58e1ad24/library/std/src/panicking.rs:322:9
[INFO] [stdout]   10:     0x632137779ae3 - <alloc::boxed::Box<F,A> as core::ops::function::Fn<Args>>::call::hdb53814c496a4d34
[INFO] [stdout]                                at /rustc/6067b36314ab5eb2eb47cecc464545ba58e1ad24/library/alloc/src/boxed.rs:2027:9
[INFO] [stdout]   11:     0x632137779ae3 - test::test_main::{{closure}}::hc0a4963c59427c24
[INFO] [stdout]                                at /rustc/6067b36314ab5eb2eb47cecc464545ba58e1ad24/library/test/src/lib.rs:134:21
[INFO] [stdout]   12:     0x6321377ca043 - <alloc::boxed::Box<F,A> as core::ops::function::Fn<Args>>::call::h591b2225413a77e9
[INFO] [stdout]                                at /rustc/6067b36314ab5eb2eb47cecc464545ba58e1ad24/library/alloc/src/boxed.rs:2027:9
[INFO] [stdout]   13:     0x6321377ca043 - std::panicking::rust_panic_with_hook::h625eea43051b2edc
[INFO] [stdout]                                at /rustc/6067b36314ab5eb2eb47cecc464545ba58e1ad24/library/std/src/panicking.rs:839:13
[INFO] [stdout]   14:     0x6321377c9cfa - std::panicking::begin_panic_handler::{{closure}}::h4f9159cfbc3f6bd3
[INFO] [stdout]                                at /rustc/6067b36314ab5eb2eb47cecc464545ba58e1ad24/library/std/src/panicking.rs:704:13
[INFO] [stdout]   15:     0x6321377c8629 - std::sys::backtrace::__rust_end_short_backtrace::h0390abce48353151
[INFO] [stdout]                                at /rustc/6067b36314ab5eb2eb47cecc464545ba58e1ad24/library/std/src/sys/backtrace.rs:168:18
[INFO] [stdout]   16:     0x6321377c998d - rust_begin_unwind
[INFO] [stdout]                                at /rustc/6067b36314ab5eb2eb47cecc464545ba58e1ad24/library/std/src/panicking.rs:695:5
[INFO] [stdout]   17:     0x6321377ee190 - core::panicking::panic_fmt::h9e7c637e9e5f29c9
[INFO] [stdout]                                at /rustc/6067b36314ab5eb2eb47cecc464545ba58e1ad24/library/core/src/panicking.rs:75:14
[INFO] [stdout]   18:     0x6321377ee582 - core::panicking::assert_failed_inner::h538bec7c1374cd9c
[INFO] [stdout]   19:     0x63213772d180 - core::panicking::assert_failed::h54fdd07be3221443
[INFO] [stdout]                                at /rustc/6067b36314ab5eb2eb47cecc464545ba58e1ad24/library/core/src/panicking.rs:364:5
[INFO] [stdout]   20:     0x63213773e6ff - paste::local_cache::test::test3::hc18cd9504f8983ae
[INFO] [stdout]                                at /opt/rustwide/workdir/src/local_cache.rs:105:9
[INFO] [stdout]   21:     0x63213773e347 - paste::local_cache::test::test3::{{closure}}::hdd81634de0f7636c
[INFO] [stdout]                                at /opt/rustwide/workdir/src/local_cache.rs:92:15
[INFO] [stdout]   22:     0x63213772c556 - core::ops::function::FnOnce::call_once::hb19f8d63161a7fcc
[INFO] [stdout]                                at /rustc/6067b36314ab5eb2eb47cecc464545ba58e1ad24/library/core/src/ops/function.rs:250:5
[INFO] [stdout]   23:     0x63213777f23b - core::ops::function::FnOnce::call_once::he27718dfdd183f43
[INFO] [stdout]                                at /rustc/6067b36314ab5eb2eb47cecc464545ba58e1ad24/library/core/src/ops/function.rs:250:5
[INFO] [stdout]   24:     0x63213777f23b - test::__rust_begin_short_backtrace::h4e84902998457a5d
[INFO] [stdout]                                at /rustc/6067b36314ab5eb2eb47cecc464545ba58e1ad24/library/test/src/lib.rs:632:18
[INFO] [stdout]   25:     0x63213777e173 - test::run_test_in_process::{{closure}}::h7176fd18fc1feca0
[INFO] [stdout]                                at /rustc/6067b36314ab5eb2eb47cecc464545ba58e1ad24/library/test/src/lib.rs:655:60
[INFO] [stdout]   26:     0x63213777e173 - <core::panic::unwind_safe::AssertUnwindSafe<F> as core::ops::function::FnOnce<()>>::call_once::hf79cff2a624d8cf7
[INFO] [stdout]                                at /rustc/6067b36314ab5eb2eb47cecc464545ba58e1ad24/library/core/src/panic/unwind_safe.rs:272:9
[INFO] [stdout]   27:     0x63213777e173 - std::panicking::try::do_call::h3da0561d9ab99c25
[INFO] [stdout]                                at /rustc/6067b36314ab5eb2eb47cecc464545ba58e1ad24/library/std/src/panicking.rs:587:40
[INFO] [stdout]   28:     0x63213777e173 - std::panicking::try::h41c9fa508bc61df6
[INFO] [stdout]                                at /rustc/6067b36314ab5eb2eb47cecc464545ba58e1ad24/library/std/src/panicking.rs:550:19
[INFO] [stdout]   29:     0x63213777e173 - std::panic::catch_unwind::h6b3ff07bb5afad93
[INFO] [stdout]                                at /rustc/6067b36314ab5eb2eb47cecc464545ba58e1ad24/library/std/src/panic.rs:358:14
[INFO] [stdout]   30:     0x63213777e173 - test::run_test_in_process::hc7253dd11b39b9f4
[INFO] [stdout]                                at /rustc/6067b36314ab5eb2eb47cecc464545ba58e1ad24/library/test/src/lib.rs:655:27
[INFO] [stdout]   31:     0x63213777e173 - test::run_test::{{closure}}::hfb2007f8649c30bb
[INFO] [stdout]                                at /rustc/6067b36314ab5eb2eb47cecc464545ba58e1ad24/library/test/src/lib.rs:576:43
[INFO] [stdout]   32:     0x632137741255 - test::run_test::{{closure}}::h56a17aa7a282a9f4
[INFO] [stdout]                                at /rustc/6067b36314ab5eb2eb47cecc464545ba58e1ad24/library/test/src/lib.rs:606:41
[INFO] [stdout]   33:     0x632137741255 - std::sys::backtrace::__rust_begin_short_backtrace::hd2d2d2fb8e8c6aac
[INFO] [stdout]                                at /rustc/6067b36314ab5eb2eb47cecc464545ba58e1ad24/library/std/src/sys/backtrace.rs:152:18
[INFO] [stdout]   34:     0x632137744b3a - std::thread::Builder::spawn_unchecked_::{{closure}}::{{closure}}::h4faa3f9db6133423
[INFO] [stdout]                                at /rustc/6067b36314ab5eb2eb47cecc464545ba58e1ad24/library/std/src/thread/mod.rs:559:17
[INFO] [stdout]   35:     0x632137744b3a - <core::panic::unwind_safe::AssertUnwindSafe<F> as core::ops::function::FnOnce<()>>::call_once::hf2e855a36a4ea846
[INFO] [stdout]                                at /rustc/6067b36314ab5eb2eb47cecc464545ba58e1ad24/library/core/src/panic/unwind_safe.rs:272:9
[INFO] [stdout]   36:     0x632137744b3a - std::panicking::try::do_call::h2f73af3616c35465
[INFO] [stdout]                                at /rustc/6067b36314ab5eb2eb47cecc464545ba58e1ad24/library/std/src/panicking.rs:587:40
[INFO] [stdout]   37:     0x632137744b3a - std::panicking::try::hd1660ce9efadef5a
[INFO] [stdout]                                at /rustc/6067b36314ab5eb2eb47cecc464545ba58e1ad24/library/std/src/panicking.rs:550:19
[INFO] [stdout]   38:     0x632137744b3a - std::panic::catch_unwind::h5ee8d7823b8ca744
[INFO] [stdout]                                at /rustc/6067b36314ab5eb2eb47cecc464545ba58e1ad24/library/std/src/panic.rs:358:14
[INFO] [stdout]   39:     0x632137744b3a - std::thread::Builder::spawn_unchecked_::{{closure}}::h53c3a1894dce8407
[INFO] [stdout]                                at /rustc/6067b36314ab5eb2eb47cecc464545ba58e1ad24/library/std/src/thread/mod.rs:557:30
[INFO] [stdout]   40:     0x632137744b3a - core::ops::function::FnOnce::call_once{{vtable.shim}}::h048ce291ad4f62bf
[INFO] [stdout]                                at /rustc/6067b36314ab5eb2eb47cecc464545ba58e1ad24/library/core/src/ops/function.rs:250:5
[INFO] [stdout]   41:     0x6321377cdf7b - <alloc::boxed::Box<F,A> as core::ops::function::FnOnce<Args>>::call_once::ha52bedf99a3b4981
[INFO] [stdout]                                at /rustc/6067b36314ab5eb2eb47cecc464545ba58e1ad24/library/alloc/src/boxed.rs:2013:9
[INFO] [stdout]   42:     0x6321377cdf7b - <alloc::boxed::Box<F,A> as core::ops::function::FnOnce<Args>>::call_once::h567748934d80ccf8
[INFO] [stdout]                                at /rustc/6067b36314ab5eb2eb47cecc464545ba58e1ad24/library/alloc/src/boxed.rs:2013:9
[INFO] [stdout]   43:     0x6321377cdf7b - std::sys::pal::unix::thread::Thread::new::thread_start::h2d970728ae887adc
[INFO] [stdout]                                at /rustc/6067b36314ab5eb2eb47cecc464545ba58e1ad24/library/std/src/sys/pal/unix/thread.rs:106:17
[INFO] [stdout]   44:     0x76b2819eeac3 - <unknown>
[INFO] [stdout]   45:     0x76b281a7fa04 - clone
[INFO] [stdout]   46:                0x0 - <unknown>
[INFO] [stdout] 
[INFO] [stdout] 
[INFO] [stdout] failures:
[INFO] [stdout]     local_cache::test::test3
[INFO] [stdout] 
[INFO] [stdout] test result: FAILED. 2 passed; 1 failed; 0 ignored; 0 measured; 0 filtered out; finished in 4.12s
[INFO] [stdout] 
[INFO] [stderr] error: test failed, to rerun pass `--bin paste`
[INFO] running `Command { std: "docker" "inspect" "ef740e0acd8929aa952ea799a0e3f844ad09865d99fcbd0ec6087ae2beeb55fc", kill_on_drop: false }`
[INFO] running `Command { std: "docker" "rm" "-f" "ef740e0acd8929aa952ea799a0e3f844ad09865d99fcbd0ec6087ae2beeb55fc", kill_on_drop: false }`
[INFO] [stdout] ef740e0acd8929aa952ea799a0e3f844ad09865d99fcbd0ec6087ae2beeb55fc
