[INFO] cloning repository https://github.com/xpromache/yamcs-gateway
[INFO] running `Command { std: "git" "-c" "credential.helper=" "-c" "credential.helper=/workspace/cargo-home/bin/git-credential-null" "clone" "--bare" "https://github.com/xpromache/yamcs-gateway" "/workspace/cache/git-repos/https%3A%2F%2Fgithub.com%2Fxpromache%2Fyamcs-gateway", kill_on_drop: false }`
[INFO] [stderr] Cloning into bare repository '/workspace/cache/git-repos/https%3A%2F%2Fgithub.com%2Fxpromache%2Fyamcs-gateway'...
[INFO] running `Command { std: "git" "rev-parse" "HEAD", kill_on_drop: false }`
[INFO] [stdout] fa4785eec77fcd2cf08b291bcc4ba48ed845c266
[INFO] testing xpromache/yamcs-gateway against nightly-2025-01-18 for randomize-layout-2
[INFO] running `Command { std: "git" "clone" "/workspace/cache/git-repos/https%3A%2F%2Fgithub.com%2Fxpromache%2Fyamcs-gateway" "/workspace/builds/worker-5-tc1/source", kill_on_drop: false }`
[INFO] [stderr] Cloning into '/workspace/builds/worker-5-tc1/source'...
[INFO] [stderr] done.
[INFO] validating manifest of git repo https://github.com/xpromache/yamcs-gateway on toolchain nightly-2025-01-18
[INFO] running `Command { std: CARGO_HOME="/workspace/cargo-home" RUSTUP_HOME="/workspace/rustup-home" "/workspace/cargo-home/bin/cargo" "+nightly-2025-01-18" "metadata" "--manifest-path" "Cargo.toml" "--no-deps", kill_on_drop: false }`
[INFO] started tweaking git repo https://github.com/xpromache/yamcs-gateway
[INFO] finished tweaking git repo https://github.com/xpromache/yamcs-gateway
[INFO] tweaked toml for git repo https://github.com/xpromache/yamcs-gateway written to /workspace/builds/worker-5-tc1/source/Cargo.toml
[INFO] crate git repo https://github.com/xpromache/yamcs-gateway already has a lockfile, it will not be regenerated
[INFO] running `Command { std: CARGO_HOME="/workspace/cargo-home" RUSTUP_HOME="/workspace/rustup-home" "/workspace/cargo-home/bin/cargo" "+nightly-2025-01-18" "fetch" "--manifest-path" "Cargo.toml", kill_on_drop: false }`
[INFO] [stderr]     Updating crates.io index
[INFO] [stderr]  Downloading crates ...
[INFO] [stderr]   Downloaded byte_conv v0.1.1
[INFO] [stderr]   Downloaded prost-build v0.12.4
[INFO] [stderr]   Downloaded socketcan v3.3.0
[INFO] [stderr]   Downloaded ygw v0.3.0
[INFO] running `Command { std: "docker" "create" "-v" "/var/lib/crater-agent-workspace/builds/worker-5-tc1/target:/opt/rustwide/target:rw,Z" "-v" "/var/lib/crater-agent-workspace/builds/worker-5-tc1/source:/opt/rustwide/workdir:ro,Z" "-v" "/var/lib/crater-agent-workspace/cargo-home:/opt/rustwide/cargo-home:ro,Z" "-v" "/var/lib/crater-agent-workspace/rustup-home:/opt/rustwide/rustup-home:ro,Z" "-e" "SOURCE_DIR=/opt/rustwide/workdir" "-e" "CARGO_TARGET_DIR=/opt/rustwide/target" "-e" "CARGO_HOME=/opt/rustwide/cargo-home" "-e" "RUSTUP_HOME=/opt/rustwide/rustup-home" "-w" "/opt/rustwide/workdir" "-m" "1610612736" "--user" "0:0" "--network" "none" "ghcr.io/rust-lang/crates-build-env/linux@sha256:819108c5571ea2e421544af4d832f968d213c87fbe3707a016657f43d2f853bc" "/opt/rustwide/cargo-home/bin/cargo" "+nightly-2025-01-18" "metadata" "--no-deps" "--format-version=1", kill_on_drop: false }`
[INFO] [stdout] 1663aba81cffdd302bde06688ea44ab77dde545aaf3f41f48195f2b91a6fd4c3
[INFO] running `Command { std: "docker" "start" "-a" "1663aba81cffdd302bde06688ea44ab77dde545aaf3f41f48195f2b91a6fd4c3", kill_on_drop: false }`
[INFO] running `Command { std: "docker" "inspect" "1663aba81cffdd302bde06688ea44ab77dde545aaf3f41f48195f2b91a6fd4c3", kill_on_drop: false }`
[INFO] running `Command { std: "docker" "rm" "-f" "1663aba81cffdd302bde06688ea44ab77dde545aaf3f41f48195f2b91a6fd4c3", kill_on_drop: false }`
[INFO] [stdout] 1663aba81cffdd302bde06688ea44ab77dde545aaf3f41f48195f2b91a6fd4c3
[INFO] running `Command { std: "docker" "create" "-v" "/var/lib/crater-agent-workspace/builds/worker-5-tc1/target:/opt/rustwide/target:rw,Z" "-v" "/var/lib/crater-agent-workspace/builds/worker-5-tc1/source:/opt/rustwide/workdir:ro,Z" "-v" "/var/lib/crater-agent-workspace/cargo-home:/opt/rustwide/cargo-home:ro,Z" "-v" "/var/lib/crater-agent-workspace/rustup-home:/opt/rustwide/rustup-home:ro,Z" "-e" "SOURCE_DIR=/opt/rustwide/workdir" "-e" "CARGO_TARGET_DIR=/opt/rustwide/target" "-e" "CARGO_INCREMENTAL=0" "-e" "RUST_BACKTRACE=full" "-e" "RUSTFLAGS=--cap-lints=forbid" "-e" "RUSTDOCFLAGS=--cap-lints=forbid" "-e" "CARGO_HOME=/opt/rustwide/cargo-home" "-e" "RUSTUP_HOME=/opt/rustwide/rustup-home" "-w" "/opt/rustwide/workdir" "-m" "1610612736" "--user" "0:0" "--network" "none" "ghcr.io/rust-lang/crates-build-env/linux@sha256:819108c5571ea2e421544af4d832f968d213c87fbe3707a016657f43d2f853bc" "/opt/rustwide/cargo-home/bin/cargo" "+nightly-2025-01-18" "build" "--frozen" "--message-format=json", kill_on_drop: false }`
[INFO] [stdout] 2da9272b277e3786732894fb06c7d28ffc6a23653ed3cdab3296d9b1dfd25960
[INFO] running `Command { std: "docker" "start" "-a" "2da9272b277e3786732894fb06c7d28ffc6a23653ed3cdab3296d9b1dfd25960", kill_on_drop: false }`
[INFO] [stderr]    Compiling proc-macro2 v1.0.79
[INFO] [stderr]    Compiling unicode-ident v1.0.12
[INFO] [stderr]    Compiling libc v0.2.153
[INFO] [stderr]    Compiling autocfg v1.1.0
[INFO] [stderr]    Compiling cfg-if v1.0.0
[INFO] [stderr]    Compiling either v1.10.0
[INFO] [stderr]    Compiling anyhow v1.0.81
[INFO] [stderr]    Compiling memchr v2.7.1
[INFO] [stderr]    Compiling regex-syntax v0.8.2
[INFO] [stderr]    Compiling itertools v0.10.5
[INFO] [stderr]    Compiling log v0.4.21
[INFO] [stderr]    Compiling pin-project-lite v0.2.13
[INFO] [stderr]    Compiling once_cell v1.19.0
[INFO] [stderr]    Compiling aho-corasick v1.1.2
[INFO] [stderr]    Compiling quote v1.0.35
[INFO] [stderr]    Compiling lock_api v0.4.11
[INFO] [stderr]    Compiling parking_lot_core v0.9.9
[INFO] [stderr]    Compiling rustix v0.38.31
[INFO] [stderr]    Compiling bytes v1.5.0
[INFO] [stderr]    Compiling syn v2.0.52
[INFO] [stderr]    Compiling byteorder v1.5.0
[INFO] [stderr]    Compiling jobserver v0.1.31
[INFO] [stderr]    Compiling scopeguard v1.2.0
[INFO] [stderr]    Compiling prettyplease v0.2.17
[INFO] [stderr]    Compiling smallvec v1.13.1
[INFO] [stderr]    Compiling equivalent v1.0.1
[INFO] [stderr]    Compiling bitflags v2.4.2
[INFO] [stderr]    Compiling linux-raw-sys v0.4.13
[INFO] [stderr]    Compiling hashbrown v0.14.3
[INFO] [stderr]    Compiling futures-core v0.3.30
[INFO] [stderr]    Compiling cc v1.0.90
[INFO] [stderr]    Compiling regex-automata v0.4.6
[INFO] [stderr]    Compiling indexmap v2.2.5
[INFO] [stderr]    Compiling slab v0.4.9
[INFO] [stderr]    Compiling pkg-config v0.3.30
[INFO] [stderr]    Compiling fixedbitset v0.4.2
[INFO] [stderr]    Compiling fastrand v2.0.1
[INFO] [stderr]    Compiling futures-sink v0.3.30
[INFO] [stderr]    Compiling petgraph v0.6.4
[INFO] [stderr]    Compiling parking_lot v0.12.1
[INFO] [stderr]    Compiling mio v0.8.11
[INFO] [stderr]    Compiling zstd-sys v2.0.10+zstd.1.5.6
[INFO] [stderr]    Compiling socket2 v0.5.6
[INFO] [stderr]    Compiling num_cpus v1.16.0
[INFO] [stderr]    Compiling tempfile v3.10.1
[INFO] [stderr]    Compiling signal-hook-registry v1.4.1
[INFO] [stderr]    Compiling heck v0.4.1
[INFO] [stderr]    Compiling pin-utils v0.1.0
[INFO] [stderr]    Compiling multimap v0.8.3
[INFO] [stderr]    Compiling futures-channel v0.3.30
[INFO] [stderr]    Compiling thiserror v1.0.58
[INFO] [stderr]    Compiling futures-io v0.3.30
[INFO] [stderr]    Compiling futures-task v0.3.30
[INFO] [stderr]    Compiling tracing-core v0.1.32
[INFO] [stderr]    Compiling zstd-safe v7.1.0
[INFO] [stderr]    Compiling regex v1.10.3
[INFO] [stderr]    Compiling syn v1.0.109
[INFO] [stderr]    Compiling serde v1.0.203
[INFO] [stderr]    Compiling utf8parse v0.2.1
[INFO] [stderr]    Compiling anstyle-parse v0.2.3
[INFO] [stderr]    Compiling getrandom v0.2.14
[INFO] [stderr]    Compiling memoffset v0.7.1
[INFO] [stderr]    Compiling anstyle v1.0.6
[INFO] [stderr]    Compiling colorchoice v1.0.0
[INFO] [stderr]    Compiling async-trait v0.1.78
[INFO] [stderr]    Compiling anstyle-query v1.0.2
[INFO] [stderr]    Compiling no-std-net v0.6.0
[INFO] [stderr]    Compiling pnet_base v0.34.0
[INFO] [stderr]    Compiling anstream v0.6.13
[INFO] [stderr]    Compiling rand_core v0.6.4
[INFO] [stderr]    Compiling humantime v2.1.0
[INFO] [stderr]    Compiling linked-hash-map v0.5.6
[INFO] [stderr]    Compiling yaml-rust v0.4.5
[INFO] [stderr]    Compiling pnet_macros_support v0.34.0
[INFO] [stderr]    Compiling hex v0.4.3
[INFO] [stderr]    Compiling nb v1.1.0
[INFO] [stderr]    Compiling bitflags v1.3.2
[INFO] [stderr]    Compiling nix v0.26.4
[INFO] [stderr]    Compiling prost-derive v0.12.4
[INFO] [stderr]    Compiling tokio-macros v2.2.0
[INFO] [stderr]    Compiling futures-macro v0.3.30
[INFO] [stderr]    Compiling tracing-attributes v0.1.27
[INFO] [stderr]    Compiling tokio v1.36.0
[INFO] [stderr]    Compiling futures-util v0.3.30
[INFO] [stderr]    Compiling prost v0.12.4
[INFO] [stderr]    Compiling thiserror-impl v1.0.58
[INFO] [stderr]    Compiling prost-types v0.12.4
[INFO] [stderr]    Compiling zerocopy-derive v0.7.35
[INFO] [stderr]    Compiling prost-build v0.12.4
[INFO] [stderr]    Compiling zerocopy v0.7.35
[INFO] [stderr]    Compiling tracing v0.1.40
[INFO] [stderr]    Compiling serde_derive v1.0.203
[INFO] [stderr]    Compiling ppv-lite86 v0.2.20
[INFO] [stderr]    Compiling env_filter v0.1.0
[INFO] [stderr]    Compiling futures-executor v0.3.30
[INFO] [stderr]    Compiling futures v0.3.30
[INFO] [stderr]    Compiling env_logger v0.11.3
[INFO] [stderr]    Compiling pnet_macros v0.34.0
[INFO] [stderr]    Compiling rand_chacha v0.3.1
[INFO] [stderr]    Compiling rand v0.8.5
[INFO] [stderr]    Compiling ygw v0.5.7 (/opt/rustwide/workdir/ygw)
[INFO] [stderr]    Compiling ygw v0.3.0
[INFO] [stderr]    Compiling pnet_packet v0.34.0
[INFO] [stderr]    Compiling tokio-stream v0.1.15
[INFO] [stderr]    Compiling tokio-util v0.7.10
[INFO] [stderr]    Compiling embedded-can v0.4.1
[INFO] [stderr]    Compiling byte_conv v0.1.1
[INFO] [stderr]    Compiling ygw-macros v0.2.0 (/opt/rustwide/workdir/ygw-macros)
[INFO] [stderr]    Compiling zstd v0.13.1
[INFO] [stderr]    Compiling surge-ping v0.8.1
[INFO] [stderr]    Compiling ygw-mil1553 v0.3.0 (/opt/rustwide/workdir/ygw-mil1553)
[INFO] [stderr]    Compiling neli-proc-macros v0.1.3
[INFO] [stderr]    Compiling neli v0.6.4
[INFO] [stderr]    Compiling socketcan v3.3.0
[INFO] [stdout] warning: unused import: `Value`
[INFO] [stdout]  --> ygw/src/nodes/pingnode.rs:5:92
[INFO] [stdout]   |
[INFO] [stdout] 5 |         ygw::{ParameterData, ParameterDefinition, ParameterDefinitionList, ParameterValue, Value},
[INFO] [stdout]   |                                                                                            ^^^^^
[INFO] [stdout]   |
[INFO] [stdout]   = note: `#[warn(unused_imports)]` on by default
[INFO] [stdout] 
[INFO] [stdout] 
[INFO] [stdout] warning: unused variable: `e`
[INFO] [stdout]    --> ygw/src/ygw_server.rs:275:40
[INFO] [stdout]     |
[INFO] [stdout] 275 | ...                   if let Err(e) = recorder_tx.send(enc_msg.clone()).await {
[INFO] [stdout]     |                                  ^ help: if this is intentional, prefix it with an underscore: `_e`
[INFO] [stdout]     |
[INFO] [stdout]     = note: `#[warn(unused_variables)]` on by default
[INFO] [stdout] 
[INFO] [stdout] 
[INFO] [stdout] warning: unused variable: `rx`
[INFO] [stdout]   --> ygw/src/nodes/pingnode.rs:47:13
[INFO] [stdout]    |
[INFO] [stdout] 47 |         mut rx: Receiver<YgwMessage>,
[INFO] [stdout]    |             ^^ help: if this is intentional, prefix it with an underscore: `_rx`
[INFO] [stdout] 
[INFO] [stdout] 
[INFO] [stdout] warning: variable does not need to be mutable
[INFO] [stdout]   --> ygw/src/nodes/pingnode.rs:47:9
[INFO] [stdout]    |
[INFO] [stdout] 47 |         mut rx: Receiver<YgwMessage>,
[INFO] [stdout]    |         ----^^
[INFO] [stdout]    |         |
[INFO] [stdout]    |         help: remove this `mut`
[INFO] [stdout]    |
[INFO] [stdout]    = note: `#[warn(unused_mut)]` on by default
[INFO] [stdout] 
[INFO] [stdout] 
[INFO] [stdout] warning: function `check_name` is never used
[INFO] [stdout]    --> ygw/src/nodes/ygw_socketcan.rs:248:4
[INFO] [stdout]     |
[INFO] [stdout] 248 | fn check_name(fqn: &str, cmd_name: &str) -> bool {
[INFO] [stdout]     |    ^^^^^^^^^^
[INFO] [stdout]     |
[INFO] [stdout]     = note: `#[warn(dead_code)]` on by default
[INFO] [stdout] 
[INFO] [stdout] 
[INFO] [stderr]    Compiling quickstart v0.1.0 (/opt/rustwide/workdir/quickstart)
[INFO] [stdout] warning: unused import: `Link`
[INFO] [stdout]   --> quickstart/src/mynode.rs:11:5
[INFO] [stdout]    |
[INFO] [stdout] 11 |     Link, LinkStatus, Result, YgwError, YgwLinkNodeProperties, YgwNode,
[INFO] [stdout]    |     ^^^^
[INFO] [stdout]    |
[INFO] [stdout]    = note: `#[warn(unused_imports)]` on by default
[INFO] [stdout] 
[INFO] [stdout] 
[INFO] [stdout] warning: unused imports: `PingNode`, `ShellCmdNode`, and `ShellCmd`
[INFO] [stdout]  --> quickstart/src/main.rs:6:20
[INFO] [stdout]   |
[INFO] [stdout] 6 |         pingnode::{PingNode, PingNodeBuilder},
[INFO] [stdout]   |                    ^^^^^^^^
[INFO] [stdout] 7 |         shellcmd::{ShellCmd, ShellCmdArg, ShellCmdNode, ShellCmdNodeBuilder},
[INFO] [stdout]   |                    ^^^^^^^^               ^^^^^^^^^^^^
[INFO] [stdout] 
[INFO] [stdout] 
[INFO] [stdout] warning: fields `abcd` and `xyz` are never read
[INFO] [stdout]   --> quickstart/src/mynode.rs:19:5
[INFO] [stdout]    |
[INFO] [stdout] 18 | pub struct BasicType {
[INFO] [stdout]    |            --------- fields in this struct
[INFO] [stdout] 19 |     abcd: u32,
[INFO] [stdout]    |     ^^^^
[INFO] [stdout] 20 |     xyz: f32,
[INFO] [stdout]    |     ^^^
[INFO] [stdout]    |
[INFO] [stdout]    = note: `#[warn(dead_code)]` on by default
[INFO] [stdout] 
[INFO] [stdout] 
[INFO] [stderr]     Finished `dev` profile [unoptimized + debuginfo] target(s) in 2m 09s
[INFO] running `Command { std: "docker" "inspect" "2da9272b277e3786732894fb06c7d28ffc6a23653ed3cdab3296d9b1dfd25960", kill_on_drop: false }`
[INFO] running `Command { std: "docker" "rm" "-f" "2da9272b277e3786732894fb06c7d28ffc6a23653ed3cdab3296d9b1dfd25960", kill_on_drop: false }`
[INFO] [stdout] 2da9272b277e3786732894fb06c7d28ffc6a23653ed3cdab3296d9b1dfd25960
[INFO] running `Command { std: "docker" "create" "-v" "/var/lib/crater-agent-workspace/builds/worker-5-tc1/target:/opt/rustwide/target:rw,Z" "-v" "/var/lib/crater-agent-workspace/builds/worker-5-tc1/source:/opt/rustwide/workdir:ro,Z" "-v" "/var/lib/crater-agent-workspace/cargo-home:/opt/rustwide/cargo-home:ro,Z" "-v" "/var/lib/crater-agent-workspace/rustup-home:/opt/rustwide/rustup-home:ro,Z" "-e" "SOURCE_DIR=/opt/rustwide/workdir" "-e" "CARGO_TARGET_DIR=/opt/rustwide/target" "-e" "CARGO_INCREMENTAL=0" "-e" "RUST_BACKTRACE=full" "-e" "RUSTFLAGS=--cap-lints=forbid" "-e" "RUSTDOCFLAGS=--cap-lints=forbid" "-e" "CARGO_HOME=/opt/rustwide/cargo-home" "-e" "RUSTUP_HOME=/opt/rustwide/rustup-home" "-w" "/opt/rustwide/workdir" "-m" "1610612736" "--user" "0:0" "--network" "none" "ghcr.io/rust-lang/crates-build-env/linux@sha256:819108c5571ea2e421544af4d832f968d213c87fbe3707a016657f43d2f853bc" "/opt/rustwide/cargo-home/bin/cargo" "+nightly-2025-01-18" "test" "--frozen" "--no-run" "--message-format=json", kill_on_drop: false }`
[INFO] [stdout] 1eaf7c30406e6743751444b2fde00a1d2951d8420e1e0c9b503dea3e4a70512b
[INFO] running `Command { std: "docker" "start" "-a" "1eaf7c30406e6743751444b2fde00a1d2951d8420e1e0c9b503dea3e4a70512b", kill_on_drop: false }`
[INFO] [stderr]    Compiling bitflags v2.4.2
[INFO] [stderr]    Compiling rustix v0.38.31
[INFO] [stderr]    Compiling linux-raw-sys v0.4.13
[INFO] [stderr]    Compiling fastrand v2.0.1
[INFO] [stderr]    Compiling ygw-macros v0.2.0 (/opt/rustwide/workdir/ygw-macros)
[INFO] [stderr]    Compiling tempfile v3.10.1
[INFO] [stderr]    Compiling prost-build v0.12.4
[INFO] [stderr]    Compiling ygw v0.3.0
[INFO] [stderr]    Compiling ygw v0.5.7 (/opt/rustwide/workdir/ygw)
[INFO] [stdout] warning: unused import: `Value`
[INFO] [stdout]  --> ygw/src/nodes/pingnode.rs:5:92
[INFO] [stdout]   |
[INFO] [stdout] 5 |         ygw::{ParameterData, ParameterDefinition, ParameterDefinitionList, ParameterValue, Value},
[INFO] [stdout]   |                                                                                            ^^^^^
[INFO] [stdout]   |
[INFO] [stdout]   = note: `#[warn(unused_imports)]` on by default
[INFO] [stdout] 
[INFO] [stdout] 
[INFO] [stdout] warning: unused import: `Value`
[INFO] [stdout]  --> ygw/src/nodes/pingnode.rs:5:92
[INFO] [stdout]   |
[INFO] [stdout] 5 |         ygw::{ParameterData, ParameterDefinition, ParameterDefinitionList, ParameterValue, Value},
[INFO] [stdout]   |                                                                                            ^^^^^
[INFO] [stdout]   |
[INFO] [stdout]   = note: `#[warn(unused_imports)]` on by default
[INFO] [stdout] 
[INFO] [stdout] 
[INFO] [stdout] warning: unused variable: `e`
[INFO] [stdout]    --> ygw/src/ygw_server.rs:275:40
[INFO] [stdout]     |
[INFO] [stdout] 275 | ...                   if let Err(e) = recorder_tx.send(enc_msg.clone()).await {
[INFO] [stdout]     |                                  ^ help: if this is intentional, prefix it with an underscore: `_e`
[INFO] [stdout]     |
[INFO] [stdout]     = note: `#[warn(unused_variables)]` on by default
[INFO] [stdout] 
[INFO] [stdout] 
[INFO] [stdout] warning: unused variable: `e`
[INFO] [stdout]    --> ygw/src/ygw_server.rs:275:40
[INFO] [stdout]     |
[INFO] [stdout] 275 | ...                   if let Err(e) = recorder_tx.send(enc_msg.clone()).await {
[INFO] [stdout]     |                                  ^ help: if this is intentional, prefix it with an underscore: `_e`
[INFO] [stdout]     |
[INFO] [stdout]     = note: `#[warn(unused_variables)]` on by default
[INFO] [stdout] 
[INFO] [stdout] 
[INFO] [stdout] warning: unused variable: `rx`
[INFO] [stdout]   --> ygw/src/nodes/pingnode.rs:47:13
[INFO] [stdout]    |
[INFO] [stdout] 47 |         mut rx: Receiver<YgwMessage>,
[INFO] [stdout]    |             ^^ help: if this is intentional, prefix it with an underscore: `_rx`
[INFO] [stdout] 
[INFO] [stdout] 
[INFO] [stdout] warning: variable does not need to be mutable
[INFO] [stdout]   --> ygw/src/nodes/pingnode.rs:47:9
[INFO] [stdout]    |
[INFO] [stdout] 47 |         mut rx: Receiver<YgwMessage>,
[INFO] [stdout]    |         ----^^
[INFO] [stdout]    |         |
[INFO] [stdout]    |         help: remove this `mut`
[INFO] [stdout]    |
[INFO] [stdout]    = note: `#[warn(unused_mut)]` on by default
[INFO] [stdout] 
[INFO] [stdout] 
[INFO] [stdout] warning: unused variable: `rx`
[INFO] [stdout]   --> ygw/src/nodes/pingnode.rs:47:13
[INFO] [stdout]    |
[INFO] [stdout] 47 |         mut rx: Receiver<YgwMessage>,
[INFO] [stdout]    |             ^^ help: if this is intentional, prefix it with an underscore: `_rx`
[INFO] [stdout] 
[INFO] [stdout] 
[INFO] [stdout] warning: variable does not need to be mutable
[INFO] [stdout]   --> ygw/src/nodes/pingnode.rs:47:9
[INFO] [stdout]    |
[INFO] [stdout] 47 |         mut rx: Receiver<YgwMessage>,
[INFO] [stdout]    |         ----^^
[INFO] [stdout]    |         |
[INFO] [stdout]    |         help: remove this `mut`
[INFO] [stdout]    |
[INFO] [stdout]    = note: `#[warn(unused_mut)]` on by default
[INFO] [stdout] 
[INFO] [stdout] 
[INFO] [stderr]    Compiling ygw-mil1553 v0.3.0 (/opt/rustwide/workdir/ygw-mil1553)
[INFO] [stdout] warning: function `check_name` is never used
[INFO] [stdout]    --> ygw/src/nodes/ygw_socketcan.rs:248:4
[INFO] [stdout]     |
[INFO] [stdout] 248 | fn check_name(fqn: &str, cmd_name: &str) -> bool {
[INFO] [stdout]     |    ^^^^^^^^^^
[INFO] [stdout]     |
[INFO] [stdout]     = note: `#[warn(dead_code)]` on by default
[INFO] [stdout] 
[INFO] [stdout] 
[INFO] [stdout] warning: function `check_name` is never used
[INFO] [stdout]    --> ygw/src/nodes/ygw_socketcan.rs:248:4
[INFO] [stdout]     |
[INFO] [stdout] 248 | fn check_name(fqn: &str, cmd_name: &str) -> bool {
[INFO] [stdout]     |    ^^^^^^^^^^
[INFO] [stdout]     |
[INFO] [stdout]     = note: `#[warn(dead_code)]` on by default
[INFO] [stdout] 
[INFO] [stdout] 
[INFO] [stderr]    Compiling quickstart v0.1.0 (/opt/rustwide/workdir/quickstart)
[INFO] [stdout] warning: unused import: `Link`
[INFO] [stdout]   --> quickstart/src/mynode.rs:11:5
[INFO] [stdout]    |
[INFO] [stdout] 11 |     Link, LinkStatus, Result, YgwError, YgwLinkNodeProperties, YgwNode,
[INFO] [stdout]    |     ^^^^
[INFO] [stdout]    |
[INFO] [stdout]    = note: `#[warn(unused_imports)]` on by default
[INFO] [stdout] 
[INFO] [stdout] 
[INFO] [stdout] warning: unused imports: `PingNode`, `ShellCmdNode`, and `ShellCmd`
[INFO] [stdout]  --> quickstart/src/main.rs:6:20
[INFO] [stdout]   |
[INFO] [stdout] 6 |         pingnode::{PingNode, PingNodeBuilder},
[INFO] [stdout]   |                    ^^^^^^^^
[INFO] [stdout] 7 |         shellcmd::{ShellCmd, ShellCmdArg, ShellCmdNode, ShellCmdNodeBuilder},
[INFO] [stdout]   |                    ^^^^^^^^               ^^^^^^^^^^^^
[INFO] [stdout] 
[INFO] [stdout] 
[INFO] [stdout] warning: fields `abcd` and `xyz` are never read
[INFO] [stdout]   --> quickstart/src/mynode.rs:19:5
[INFO] [stdout]    |
[INFO] [stdout] 18 | pub struct BasicType {
[INFO] [stdout]    |            --------- fields in this struct
[INFO] [stdout] 19 |     abcd: u32,
[INFO] [stdout]    |     ^^^^
[INFO] [stdout] 20 |     xyz: f32,
[INFO] [stdout]    |     ^^^
[INFO] [stdout]    |
[INFO] [stdout]    = note: `#[warn(dead_code)]` on by default
[INFO] [stdout] 
[INFO] [stdout] 
[INFO] [stderr]     Finished `test` profile [unoptimized + debuginfo] target(s) in 19.31s
[INFO] running `Command { std: "docker" "inspect" "1eaf7c30406e6743751444b2fde00a1d2951d8420e1e0c9b503dea3e4a70512b", kill_on_drop: false }`
[INFO] running `Command { std: "docker" "rm" "-f" "1eaf7c30406e6743751444b2fde00a1d2951d8420e1e0c9b503dea3e4a70512b", kill_on_drop: false }`
[INFO] [stdout] 1eaf7c30406e6743751444b2fde00a1d2951d8420e1e0c9b503dea3e4a70512b
[INFO] running `Command { std: "docker" "create" "-v" "/var/lib/crater-agent-workspace/builds/worker-5-tc1/target:/opt/rustwide/target:rw,Z" "-v" "/var/lib/crater-agent-workspace/builds/worker-5-tc1/source:/opt/rustwide/workdir:ro,Z" "-v" "/var/lib/crater-agent-workspace/cargo-home:/opt/rustwide/cargo-home:ro,Z" "-v" "/var/lib/crater-agent-workspace/rustup-home:/opt/rustwide/rustup-home:ro,Z" "-e" "SOURCE_DIR=/opt/rustwide/workdir" "-e" "CARGO_TARGET_DIR=/opt/rustwide/target" "-e" "CARGO_INCREMENTAL=0" "-e" "RUST_BACKTRACE=full" "-e" "RUSTFLAGS=--cap-lints=forbid" "-e" "RUSTDOCFLAGS=--cap-lints=forbid" "-e" "CARGO_HOME=/opt/rustwide/cargo-home" "-e" "RUSTUP_HOME=/opt/rustwide/rustup-home" "-w" "/opt/rustwide/workdir" "-m" "1610612736" "--user" "0:0" "--network" "none" "ghcr.io/rust-lang/crates-build-env/linux@sha256:819108c5571ea2e421544af4d832f968d213c87fbe3707a016657f43d2f853bc" "/opt/rustwide/cargo-home/bin/cargo" "+nightly-2025-01-18" "test" "--frozen", kill_on_drop: false }`
[INFO] [stdout] a820a4049cbc28b1ce8d090ac957c2dc56c0f654ef747921997d62853ac5179b
[INFO] running `Command { std: "docker" "start" "-a" "a820a4049cbc28b1ce8d090ac957c2dc56c0f654ef747921997d62853ac5179b", kill_on_drop: false }`
[INFO] [stderr] warning: unused import: `Value`
[INFO] [stderr]  --> ygw/src/nodes/pingnode.rs:5:92
[INFO] [stderr]   |
[INFO] [stderr] 5 |         ygw::{ParameterData, ParameterDefinition, ParameterDefinitionList, ParameterValue, Value},
[INFO] [stderr]   |                                                                                            ^^^^^
[INFO] [stderr]   |
[INFO] [stderr]   = note: `#[warn(unused_imports)]` on by default
[INFO] [stderr] 
[INFO] [stderr] warning: unused variable: `e`
[INFO] [stderr]    --> ygw/src/ygw_server.rs:275:40
[INFO] [stderr]     |
[INFO] [stderr] 275 | ...                   if let Err(e) = recorder_tx.send(enc_msg.clone()).await {
[INFO] [stderr]     |                                  ^ help: if this is intentional, prefix it with an underscore: `_e`
[INFO] [stderr]     |
[INFO] [stderr]     = note: `#[warn(unused_variables)]` on by default
[INFO] [stderr] 
[INFO] [stderr] warning: unused variable: `rx`
[INFO] [stderr]   --> ygw/src/nodes/pingnode.rs:47:13
[INFO] [stderr]    |
[INFO] [stderr] 47 |         mut rx: Receiver<YgwMessage>,
[INFO] [stderr]    |             ^^ help: if this is intentional, prefix it with an underscore: `_rx`
[INFO] [stderr] 
[INFO] [stderr] warning: variable does not need to be mutable
[INFO] [stderr]   --> ygw/src/nodes/pingnode.rs:47:9
[INFO] [stderr]    |
[INFO] [stderr] 47 |         mut rx: Receiver<YgwMessage>,
[INFO] [stderr]    |         ----^^
[INFO] [stderr]    |         |
[INFO] [stderr]    |         help: remove this `mut`
[INFO] [stderr]    |
[INFO] [stderr]    = note: `#[warn(unused_mut)]` on by default
[INFO] [stderr] 
[INFO] [stderr] warning: function `check_name` is never used
[INFO] [stderr]    --> ygw/src/nodes/ygw_socketcan.rs:248:4
[INFO] [stderr]     |
[INFO] [stderr] 248 | fn check_name(fqn: &str, cmd_name: &str) -> bool {
[INFO] [stderr]     |    ^^^^^^^^^^
[INFO] [stderr]     |
[INFO] [stderr]     = note: `#[warn(dead_code)]` on by default
[INFO] [stderr] 
[INFO] [stderr] warning: `ygw` (lib) generated 5 warnings (run `cargo fix --lib -p ygw` to apply 2 suggestions)
[INFO] [stderr] warning: `ygw` (lib test) generated 5 warnings (5 duplicates)
[INFO] [stderr] warning: unused import: `Link`
[INFO] [stderr]   --> quickstart/src/mynode.rs:11:5
[INFO] [stderr]    |
[INFO] [stderr] 11 |     Link, LinkStatus, Result, YgwError, YgwLinkNodeProperties, YgwNode,
[INFO] [stderr]    |     ^^^^
[INFO] [stderr]    |
[INFO] [stderr]    = note: `#[warn(unused_imports)]` on by default
[INFO] [stderr] 
[INFO] [stderr] warning: unused imports: `PingNode`, `ShellCmdNode`, and `ShellCmd`
[INFO] [stderr]  --> quickstart/src/main.rs:6:20
[INFO] [stderr]   |
[INFO] [stderr] 6 |         pingnode::{PingNode, PingNodeBuilder},
[INFO] [stderr]   |                    ^^^^^^^^
[INFO] [stderr] 7 |         shellcmd::{ShellCmd, ShellCmdArg, ShellCmdNode, ShellCmdNodeBuilder},
[INFO] [stderr]   |                    ^^^^^^^^               ^^^^^^^^^^^^
[INFO] [stderr] 
[INFO] [stderr] warning: fields `abcd` and `xyz` are never read
[INFO] [stderr]   --> quickstart/src/mynode.rs:19:5
[INFO] [stderr]    |
[INFO] [stderr] 18 | pub struct BasicType {
[INFO] [stderr]    |            --------- fields in this struct
[INFO] [stderr] 19 |     abcd: u32,
[INFO] [stderr]    |     ^^^^
[INFO] [stderr] 20 |     xyz: f32,
[INFO] [stderr]    |     ^^^
[INFO] [stderr]    |
[INFO] [stderr]    = note: `#[warn(dead_code)]` on by default
[INFO] [stderr] 
[INFO] [stderr] warning: `quickstart` (bin "quickstart" test) generated 3 warnings (run `cargo fix --bin "quickstart" --tests` to apply 2 suggestions)
[INFO] [stderr]     Finished `test` profile [unoptimized + debuginfo] target(s) in 0.21s
[INFO] [stderr]      Running unittests src/main.rs (/opt/rustwide/target/debug/deps/quickstart-f98cff5a8dcef4b2)
[INFO] [stderr]      Running unittests src/lib.rs (/opt/rustwide/target/debug/deps/ygw-f9d7a850e0a6279a)
[INFO] [stdout] 
[INFO] [stdout] running 0 tests
[INFO] [stdout] 
[INFO] [stdout] test result: ok. 0 passed; 0 failed; 0 ignored; 0 measured; 0 filtered out; finished in 0.00s
[INFO] [stdout] 
[INFO] [stdout] 
[INFO] [stdout] running 9 tests
[INFO] [stdout] test record_file::tests::test1 ... ok
[INFO] [stdout] test utc_converter::tests::test_nano_unix_to_instant ... ok
[INFO] [stdout] test recorder::tests::test2 ... ok
[INFO] [stdout] test utc_converter::tests::test0 ... ok
[INFO] [stdout] test utc_converter::tests::test_negative ... ok
[INFO] [stdout] test utc_converter::tests::test2008 ... ok
[INFO] [stdout] test ygw_server::tests::test_frame_too_long ... FAILED
[INFO] [stdout] test ygw_server::tests::test_tm ... FAILED
[INFO] [stdout] test ygw_server::tests::test_tc has been running for over 60 seconds
[ERROR] error running command: no output for 300 seconds
[INFO] running `Command { std: "docker" "inspect" "a820a4049cbc28b1ce8d090ac957c2dc56c0f654ef747921997d62853ac5179b", kill_on_drop: false }`
[INFO] running `Command { std: "docker" "rm" "-f" "a820a4049cbc28b1ce8d090ac957c2dc56c0f654ef747921997d62853ac5179b", kill_on_drop: false }`
[INFO] [stdout] a820a4049cbc28b1ce8d090ac957c2dc56c0f654ef747921997d62853ac5179b
