[INFO] cloning repository https://github.com/xjcaa/dca_listener
[INFO] running `Command { std: "git" "-c" "credential.helper=" "-c" "credential.helper=/workspace/cargo-home/bin/git-credential-null" "clone" "--bare" "https://github.com/xjcaa/dca_listener" "/workspace/cache/git-repos/https%3A%2F%2Fgithub.com%2Fxjcaa%2Fdca_listener", kill_on_drop: false }`
[INFO] [stderr] Cloning into bare repository '/workspace/cache/git-repos/https%3A%2F%2Fgithub.com%2Fxjcaa%2Fdca_listener'...
[INFO] running `Command { std: "git" "rev-parse" "HEAD", kill_on_drop: false }`
[INFO] [stdout] aedf7950fd6f01b6c6edd2e17f7078f9a951d19e
[INFO] testing xjcaa/dca_listener against nightly-2025-01-18+rustflags=-Zrandomize-layout for randomize-layout-2
[INFO] running `Command { std: "git" "clone" "/workspace/cache/git-repos/https%3A%2F%2Fgithub.com%2Fxjcaa%2Fdca_listener" "/workspace/builds/worker-4-tc2/source", kill_on_drop: false }`
[INFO] [stderr] Cloning into '/workspace/builds/worker-4-tc2/source'...
[INFO] [stderr] done.
[INFO] validating manifest of git repo https://github.com/xjcaa/dca_listener on toolchain nightly-2025-01-18
[INFO] running `Command { std: CARGO_HOME="/workspace/cargo-home" RUSTUP_HOME="/workspace/rustup-home" "/workspace/cargo-home/bin/cargo" "+nightly-2025-01-18" "metadata" "--manifest-path" "Cargo.toml" "--no-deps", kill_on_drop: false }`
[INFO] started tweaking git repo https://github.com/xjcaa/dca_listener
[INFO] finished tweaking git repo https://github.com/xjcaa/dca_listener
[INFO] tweaked toml for git repo https://github.com/xjcaa/dca_listener written to /workspace/builds/worker-4-tc2/source/Cargo.toml
[INFO] crate git repo https://github.com/xjcaa/dca_listener already has a lockfile, it will not be regenerated
[INFO] running `Command { std: CARGO_HOME="/workspace/cargo-home" RUSTUP_HOME="/workspace/rustup-home" "/workspace/cargo-home/bin/cargo" "+nightly-2025-01-18" "fetch" "--manifest-path" "Cargo.toml", kill_on_drop: false }`
[INFO] [stderr]     Blocking waiting for file lock on package cache
[INFO] [stderr]     Blocking waiting for file lock on package cache
[INFO] running `Command { std: "docker" "create" "-v" "/var/lib/crater-agent-workspace/builds/worker-4-tc2/target:/opt/rustwide/target:rw,Z" "-v" "/var/lib/crater-agent-workspace/builds/worker-4-tc2/source:/opt/rustwide/workdir:ro,Z" "-v" "/var/lib/crater-agent-workspace/cargo-home:/opt/rustwide/cargo-home:ro,Z" "-v" "/var/lib/crater-agent-workspace/rustup-home:/opt/rustwide/rustup-home:ro,Z" "-e" "SOURCE_DIR=/opt/rustwide/workdir" "-e" "CARGO_TARGET_DIR=/opt/rustwide/target" "-e" "CARGO_HOME=/opt/rustwide/cargo-home" "-e" "RUSTUP_HOME=/opt/rustwide/rustup-home" "-w" "/opt/rustwide/workdir" "-m" "1610612736" "--user" "0:0" "--network" "none" "ghcr.io/rust-lang/crates-build-env/linux@sha256:819108c5571ea2e421544af4d832f968d213c87fbe3707a016657f43d2f853bc" "/opt/rustwide/cargo-home/bin/cargo" "+nightly-2025-01-18" "metadata" "--no-deps" "--format-version=1", kill_on_drop: false }`
[INFO] [stdout] 24e1fbd85e013153f9525d8490fa49342e26c6f6dd9f6b158d744270487863c5
[INFO] running `Command { std: "docker" "start" "-a" "24e1fbd85e013153f9525d8490fa49342e26c6f6dd9f6b158d744270487863c5", kill_on_drop: false }`
[INFO] running `Command { std: "docker" "inspect" "24e1fbd85e013153f9525d8490fa49342e26c6f6dd9f6b158d744270487863c5", kill_on_drop: false }`
[INFO] running `Command { std: "docker" "rm" "-f" "24e1fbd85e013153f9525d8490fa49342e26c6f6dd9f6b158d744270487863c5", kill_on_drop: false }`
[INFO] [stdout] 24e1fbd85e013153f9525d8490fa49342e26c6f6dd9f6b158d744270487863c5
[INFO] running `Command { std: "docker" "create" "-v" "/var/lib/crater-agent-workspace/builds/worker-4-tc2/target:/opt/rustwide/target:rw,Z" "-v" "/var/lib/crater-agent-workspace/builds/worker-4-tc2/source:/opt/rustwide/workdir:ro,Z" "-v" "/var/lib/crater-agent-workspace/cargo-home:/opt/rustwide/cargo-home:ro,Z" "-v" "/var/lib/crater-agent-workspace/rustup-home:/opt/rustwide/rustup-home:ro,Z" "-e" "SOURCE_DIR=/opt/rustwide/workdir" "-e" "CARGO_TARGET_DIR=/opt/rustwide/target" "-e" "CARGO_INCREMENTAL=0" "-e" "RUST_BACKTRACE=full" "-e" "RUSTFLAGS=--cap-lints=forbid -Zrandomize-layout" "-e" "RUSTDOCFLAGS=--cap-lints=forbid" "-e" "CARGO_HOME=/opt/rustwide/cargo-home" "-e" "RUSTUP_HOME=/opt/rustwide/rustup-home" "-w" "/opt/rustwide/workdir" "-m" "1610612736" "--user" "0:0" "--network" "none" "ghcr.io/rust-lang/crates-build-env/linux@sha256:819108c5571ea2e421544af4d832f968d213c87fbe3707a016657f43d2f853bc" "/opt/rustwide/cargo-home/bin/cargo" "+nightly-2025-01-18" "build" "--frozen" "--message-format=json", kill_on_drop: false }`
[INFO] [stdout] 6965c8dbcc018d306eead97771ff347b8bf1d7c401f94f82441fd74763537538
[INFO] running `Command { std: "docker" "start" "-a" "6965c8dbcc018d306eead97771ff347b8bf1d7c401f94f82441fd74763537538", kill_on_drop: false }`
[INFO] [stderr]    Compiling proc-macro2 v1.0.92
[INFO] [stderr]    Compiling unicode-ident v1.0.14
[INFO] [stderr]    Compiling libc v0.2.169
[INFO] [stderr]    Compiling cfg-if v1.0.0
[INFO] [stderr]    Compiling autocfg v1.4.0
[INFO] [stderr]    Compiling serde v1.0.216
[INFO] [stderr]    Compiling version_check v0.9.5
[INFO] [stderr]    Compiling typenum v1.17.0
[INFO] [stderr]    Compiling subtle v2.6.1
[INFO] [stderr]    Compiling once_cell v1.20.2
[INFO] [stderr]    Compiling byteorder v1.5.0
[INFO] [stderr]    Compiling syn v1.0.109
[INFO] [stderr]    Compiling cpufeatures v0.2.16
[INFO] [stderr]    Compiling generic-array v0.14.7
[INFO] [stderr]    Compiling num-traits v0.2.19
[INFO] [stderr]    Compiling hashbrown v0.15.2
[INFO] [stderr]    Compiling equivalent v1.0.1
[INFO] [stderr]    Compiling shlex v1.3.0
[INFO] [stderr]    Compiling cfg_aliases v0.2.1
[INFO] [stderr]    Compiling winnow v0.6.20
[INFO] [stderr]    Compiling toml_datetime v0.6.8
[INFO] [stderr]    Compiling quote v1.0.37
[INFO] [stderr]    Compiling indexmap v2.7.0
[INFO] [stderr]    Compiling syn v2.0.91
[INFO] [stderr]    Compiling ahash v0.8.11
[INFO] [stderr]    Compiling semver v1.0.24
[INFO] [stderr]    Compiling jobserver v0.1.32
[INFO] [stderr]    Compiling cc v1.2.5
[INFO] [stderr]    Compiling borsh v1.5.3
[INFO] [stderr]    Compiling log v0.4.22
[INFO] [stderr]    Compiling bs58 v0.5.1
[INFO] [stderr]    Compiling toml_edit v0.22.22
[INFO] [stderr]    Compiling rustc_version v0.4.1
[INFO] [stderr]    Compiling solana-sanitize v2.1.7
[INFO] [stderr]    Compiling solana-atomic-u64 v2.1.7
[INFO] [stderr]    Compiling memchr v2.7.4
[INFO] [stderr]    Compiling curve25519-dalek v4.1.3
[INFO] [stderr]    Compiling solana-decode-error v2.1.7
[INFO] [stderr]    Compiling five8_core v0.1.1
[INFO] [stderr]    Compiling five8_const v0.1.3
[INFO] [stderr]    Compiling itoa v1.0.14
[INFO] [stderr]    Compiling getrandom v0.2.15
[INFO] [stderr]    Compiling rand_core v0.6.4
[INFO] [stderr]    Compiling fnv v1.0.7
[INFO] [stderr]    Compiling thiserror v1.0.69
[INFO] [stderr]    Compiling num-integer v0.1.46
[INFO] [stderr]    Compiling getrandom v0.1.16
[INFO] [stderr]    Compiling crunchy v0.2.2
[INFO] [stderr]    Compiling lazy_static v1.5.0
[INFO] [stderr]    Compiling pin-project-lite v0.2.15
[INFO] [stderr]    Compiling opaque-debug v0.3.1
[INFO] [stderr]    Compiling pkg-config v0.3.31
[INFO] [stderr]    Compiling proc-macro-crate v3.2.0
[INFO] [stderr]    Compiling rand_core v0.5.1
[INFO] [stderr]    Compiling digest v0.9.0
[INFO] [stderr]    Compiling num-bigint v0.4.6
[INFO] [stderr]    Compiling libsecp256k1-core v0.2.2
[INFO] [stderr]    Compiling bytes v1.9.0
[INFO] [stderr]    Compiling solana-msg v2.1.7
[INFO] [stderr]    Compiling smallvec v1.13.2
[INFO] [stderr]    Compiling toml v0.5.11
[INFO] [stderr]    Compiling base64 v0.22.1
[INFO] [stderr]    Compiling borsh-derive-internal v0.10.4
[INFO] [stderr]    Compiling borsh-schema-derive-internal v0.10.4
[INFO] [stderr]    Compiling libsecp256k1-gen-ecmult v0.2.1
[INFO] [stderr]    Compiling libsecp256k1-gen-genmult v0.2.1
[INFO] [stderr]    Compiling feature-probe v0.1.1
[INFO] [stderr]    Compiling libsecp256k1 v0.6.0
[INFO] [stderr]    Compiling solana-program-memory v2.1.7
[INFO] [stderr]    Compiling bv v0.11.1
[INFO] [stderr]    Compiling memoffset v0.9.1
[INFO] [stderr]    Compiling arrayref v0.3.9
[INFO] [stderr]    Compiling blake3 v1.5.5
[INFO] [stderr]    Compiling lock_api v0.4.12
[INFO] [stderr]    Compiling base64 v0.12.3
[INFO] [stderr]    Compiling keccak v0.1.5
[INFO] [stderr]    Compiling proc-macro-crate v0.1.5
[INFO] [stderr]    Compiling openssl-src v300.4.1+3.4.0
[INFO] [stderr]    Compiling parking_lot_core v0.9.10
[INFO] [stderr]    Compiling vcpkg v0.2.15
[INFO] [stderr]    Compiling arrayvec v0.7.6
[INFO] [stderr]    Compiling constant_time_eq v0.3.1
[INFO] [stderr]    Compiling percent-encoding v2.3.1
[INFO] [stderr]    Compiling scopeguard v1.2.0
[INFO] [stderr]    Compiling ryu v1.0.18
[INFO] [stderr]    Compiling serde_derive v1.0.216
[INFO] [stderr]    Compiling zerocopy-derive v0.7.35
[INFO] [stderr]    Compiling zeroize_derive v1.4.2
[INFO] [stderr]    Compiling borsh-derive v1.5.3
[INFO] [stderr]    Compiling bytemuck_derive v1.8.1
[INFO] [stderr]    Compiling curve25519-dalek-derive v0.1.1
[INFO] [stderr]    Compiling thiserror-impl v1.0.69
[INFO] [stderr]    Compiling borsh-derive v0.10.4
[INFO] [stderr]    Compiling solana-sdk-macro v2.1.7
[INFO] [stderr]    Compiling zeroize v1.8.1
[INFO] [stderr]    Compiling zerocopy v0.7.35
[INFO] [stderr]    Compiling openssl-sys v0.9.104
[INFO] [stderr]    Compiling num-derive v0.4.2
[INFO] [stderr]    Compiling futures-core v0.3.31
[INFO] [stderr]    Compiling bytemuck v1.21.0
[INFO] [stderr]    Compiling solana-native-token v2.1.7
[INFO] [stderr]    Compiling solana-program-option v2.1.7
[INFO] [stderr]    Compiling either v1.13.0
[INFO] [stderr]    Compiling serde_json v1.0.134
[INFO] [stderr]    Compiling ppv-lite86 v0.2.20
[INFO] [stderr]    Compiling slab v0.4.9
[INFO] [stderr]    Compiling parking_lot v0.12.3
[INFO] [stderr]    Compiling hashbrown v0.13.2
[INFO] [stderr]    Compiling synstructure v0.13.1
[INFO] [stderr]    Compiling rand_chacha v0.3.1
[INFO] [stderr]    Compiling rand_chacha v0.2.2
[INFO] [stderr]    Compiling rand v0.8.5
[INFO] [stderr]    Compiling borsh v0.10.4
[INFO] [stderr]    Compiling rand v0.7.3
[INFO] [stderr]    Compiling socket2 v0.5.8
[INFO] [stderr]    Compiling paste v1.0.15
[INFO] [stderr]    Compiling solana-borsh v2.1.7
[INFO] [stderr]    Compiling foreign-types-shared v0.1.1
[INFO] [stderr]    Compiling openssl v0.10.68
[INFO] [stderr]    Compiling foreign-types v0.3.2
[INFO] [stderr]    Compiling ark-std v0.4.0
[INFO] [stderr]    Compiling ark-serialize-derive v0.4.2
[INFO] [stderr]    Compiling openssl-macros v0.1.1
[INFO] [stderr]    Compiling tokio-macros v2.4.0
[INFO] [stderr]    Compiling displaydoc v0.2.5
[INFO] [stderr]    Compiling signal-hook-registry v1.4.2
[INFO] [stderr]    Compiling mio v1.0.3
[INFO] [stderr]    Compiling ident_case v1.0.1
[INFO] [stderr]    Compiling futures-sink v0.3.31
[INFO] [stderr]    Compiling strsim v0.11.1
[INFO] [stderr]    Compiling darling_core v0.20.10
[INFO] [stderr]    Compiling tokio v1.42.0
[INFO] [stderr]    Compiling zerofrom-derive v0.1.5
[INFO] [stderr]    Compiling itertools v0.10.5
[INFO] [stderr]    Compiling derivative v2.2.0
[INFO] [stderr]    Compiling ark-ff-macros v0.4.2
[INFO] [stderr]    Compiling solana-hash v2.1.7
[INFO] [stderr]    Compiling bincode v1.3.3
[INFO] [stderr]    Compiling bitflags v2.6.0
[INFO] [stderr]    Compiling crypto-common v0.1.6
[INFO] [stderr]    Compiling block-buffer v0.10.4
[INFO] [stderr]    Compiling digest v0.10.7
[INFO] [stderr]    Compiling block-buffer v0.9.0
[INFO] [stderr]    Compiling crypto-mac v0.8.0
[INFO] [stderr]    Compiling sha2 v0.10.8
[INFO] [stderr]    Compiling sha2 v0.9.9
[INFO] [stderr]    Compiling hmac v0.8.1
[INFO] [stderr]    Compiling solana-sha256-hasher v2.1.7
[INFO] [stderr]    Compiling hmac-drbg v0.3.0
[INFO] [stderr]    Compiling solana-serde-varint v2.1.7
[INFO] [stderr]    Compiling sha3 v0.10.8
[INFO] [stderr]    Compiling serde_bytes v0.11.15
[INFO] [stderr]    Compiling solana-fee-calculator v2.1.7
[INFO] [stderr]    Compiling solana-short-vec v2.1.7
[INFO] [stderr]    Compiling ark-serialize v0.4.2
[INFO] [stderr]    Compiling solana-pubkey v2.1.7
[INFO] [stderr]    Compiling ark-ff-asm v0.4.2
[INFO] [stderr]    Compiling ring v0.17.8
[INFO] [stderr]    Compiling solana-instruction v2.1.7
[INFO] [stderr]    Compiling solana-sysvar-id v2.1.7
[INFO] [stderr]    Compiling solana-program-error v2.1.7
[INFO] [stderr]    Compiling solana-epoch-schedule v2.1.7
[INFO] [stderr]    Compiling solana-clock v2.1.7
[INFO] [stderr]    Compiling solana-account-info v2.1.7
[INFO] [stderr]    Compiling solana-program-pack v2.1.7
[INFO] [stderr]    Compiling solana-cpi v2.1.7
[INFO] [stderr]    Compiling solana-program-entrypoint v2.1.7
[INFO] [stderr]    Compiling solana-slot-history v2.1.7
[INFO] [stderr]    Compiling solana-last-restart-slot v2.1.7
[INFO] [stderr]    Compiling solana-slot-hashes v2.1.7
[INFO] [stderr]    Compiling solana-rent v2.1.7
[INFO] [stderr]    Compiling solana-serialize-utils v2.1.7
[INFO] [stderr]    Compiling solana-bincode v2.1.7
[INFO] [stderr]    Compiling solana-transaction-error v2.1.7
[INFO] [stderr]    Compiling solana-stable-layout v2.1.7
[INFO] [stderr]    Compiling ark-ff v0.4.2
[INFO] [stderr]    Compiling darling_macro v0.20.10
[INFO] [stderr]    Compiling hmac v0.12.1
[INFO] [stderr]    Compiling zerofrom v0.1.5
[INFO] [stderr]    Compiling yoke-derive v0.7.5
[INFO] [stderr]    Compiling pin-utils v0.1.0
[INFO] [stderr]    Compiling stable_deref_trait v1.2.0
[INFO] [stderr]    Compiling signature v1.6.4
[INFO] [stderr]    Compiling ed25519 v1.5.3
[INFO] [stderr]    Compiling darling v0.20.10
[INFO] [stderr]    Compiling curve25519-dalek v3.2.0
[INFO] [stderr]    Compiling futures-channel v0.3.31
[INFO] [stderr]    Compiling zerovec-derive v0.10.3
[INFO] [stderr]    Compiling yoke v0.7.5
[INFO] [stderr]    Compiling futures-macro v0.3.31
[INFO] [stderr]    Compiling num_enum_derive v0.7.3
[INFO] [stderr]    Compiling solana-secp256k1-recover v2.1.7
[INFO] [stderr]    Compiling futures-io v0.3.31
[INFO] [stderr]    Compiling siphasher v0.3.11
[INFO] [stderr]    Compiling futures-task v0.3.31
[INFO] [stderr]    Compiling solana-program v2.1.7
[INFO] [stderr]    Compiling futures-util v0.3.31
[INFO] [stderr]    Compiling zerovec v0.10.4
[INFO] [stderr]    Compiling num_enum v0.7.3
[INFO] [stderr]    Compiling ed25519-dalek v1.0.1
[INFO] [stderr]    Compiling serde_with_macros v3.11.0
[INFO] [stderr]    Compiling solana-feature-set v2.1.7
[INFO] [stderr]    Compiling untrusted v0.9.0
[INFO] [stderr]    Compiling derivation-path v0.2.0
[INFO] [stderr]    Compiling spin v0.9.8
[INFO] [stderr]    Compiling cfg_eval v0.1.2
[INFO] [stderr]    Compiling qstring v0.7.2
[INFO] [stderr]    Compiling uriparse v0.6.4
[INFO] [stderr]    Compiling serde_with v3.11.0
[INFO] [stderr]    Compiling solana-precompile-error v2.1.7
[INFO] [stderr]    Compiling iana-time-zone v0.1.61
[INFO] [stderr]    Compiling chrono v0.4.39
[INFO] [stderr]    Compiling solana-packet v2.1.7
[INFO] [stderr]    Compiling solana-derivation-path v2.1.7
[INFO] [stderr]    Compiling tinystr v0.7.6
[INFO] [stderr]    Compiling ed25519-dalek-bip32 v0.2.0
[INFO] [stderr]    Compiling solana-signature v2.1.7
[INFO] [stderr]    Compiling pbkdf2 v0.11.0
[INFO] [stderr]    Compiling solana-inflation v2.1.7
[INFO] [stderr]    Compiling itertools v0.12.1
[INFO] [stderr]    Compiling memmap2 v0.5.10
[INFO] [stderr]    Compiling tracing-core v0.1.33
[INFO] [stderr]    Compiling writeable v0.5.5
[INFO] [stderr]    Compiling litemap v0.7.4
[INFO] [stderr]    Compiling crossbeam-utils v0.8.21
[INFO] [stderr]    Compiling icu_provider_macros v1.5.0
[INFO] [stderr]    Compiling icu_locid v1.5.0
[INFO] [stderr]    Compiling tracing v0.1.41
[INFO] [stderr]    Compiling icu_locid_transform_data v1.5.0
[INFO] [stderr]    Compiling httparse v1.9.5
[INFO] [stderr]    Compiling icu_collections v1.5.0
[INFO] [stderr]    Compiling icu_provider v1.5.0
[INFO] [stderr]    Compiling tokio-util v0.7.13
[INFO] [stderr]    Compiling icu_locid_transform v1.5.0
[INFO] [stderr]    Compiling icu_properties_data v1.5.0
[INFO] [stderr]    Compiling write16 v1.0.0
[INFO] [stderr]    Compiling utf16_iter v1.0.5
[INFO] [stderr]    Compiling utf8_iter v1.0.4
[INFO] [stderr]    Compiling icu_normalizer_data v1.5.0
[INFO] [stderr]    Compiling try-lock v0.2.5
[INFO] [stderr]    Compiling want v0.3.1
[INFO] [stderr]    Compiling rustls-webpki v0.101.7
[INFO] [stderr]    Compiling form_urlencoded v1.2.1
[INFO] [stderr]    Compiling http v0.2.12
[INFO] [stderr]    Compiling rustls v0.21.12
[INFO] [stderr]    Compiling sct v0.7.1
[INFO] [stderr]    Compiling tower-service v0.3.3
[INFO] [stderr]    Compiling icu_properties v1.5.1
[INFO] [stderr]    Compiling ark-poly v0.4.2
[INFO] [stderr]    Compiling solana-account v2.1.7
[INFO] [stderr]    Compiling alloc-no-stdlib v2.0.4
[INFO] [stderr]    Compiling unicase v2.8.0
[INFO] [stderr]    Compiling alloc-stdlib v0.2.2
[INFO] [stderr]    Compiling adler2 v2.0.0
[INFO] [stderr]    Compiling http-body v0.4.6
[INFO] [stderr]    Compiling brotli-decompressor v4.0.1
[INFO] [stderr]    Compiling miniz_oxide v0.8.2
[INFO] [stderr]    Compiling mime_guess v2.0.5
[INFO] [stderr]    Compiling h2 v0.3.26
[INFO] [stderr]    Compiling crc32fast v1.4.2
[INFO] [stderr]    Compiling ark-ec v0.4.2
[INFO] [stderr]    Compiling httpdate v1.0.3
[INFO] [stderr]    Compiling mime v0.3.17
[INFO] [stderr]    Compiling flate2 v1.0.35
[INFO] [stderr]    Compiling brotli v7.0.0
[INFO] [stderr]    Compiling icu_normalizer v1.5.0
[INFO] [stderr]    Compiling tokio-rustls v0.24.1
[INFO] [stderr]    Compiling serde_urlencoded v0.7.1
[INFO] [stderr]    Compiling idna_adapter v1.2.0
[INFO] [stderr]    Compiling ark-bn254 v0.4.0
[INFO] [stderr]    Compiling idna v1.0.3
[INFO] [stderr]    Compiling solana-bn254 v2.1.7
[INFO] [stderr]    Compiling url v2.5.4
[INFO] [stderr]    Compiling encoding_rs v0.8.35
[INFO] [stderr] rustc-LLVM ERROR: IO failure on output stream: No space left on device
[INFO] [stderr] error: could not compile `url` (lib)
[INFO] [stderr] 
[INFO] [stderr] Caused by:
[INFO] [stderr]   process didn't exit successfully: `/opt/rustwide/rustup-home/toolchains/nightly-2025-01-18-x86_64-unknown-linux-gnu/bin/rustc --crate-name url --edition=2018 /opt/rustwide/cargo-home/registry/src/index.crates.io-1949cf8c6b5b557f/url-2.5.4/src/lib.rs --error-format=json --json=diagnostic-rendered-ansi,artifacts,future-incompat --crate-type lib --emit=dep-info,metadata,link -C embed-bitcode=no -C debuginfo=2 --cfg 'feature="default"' --cfg 'feature="std"' --check-cfg 'cfg(docsrs,test)' --check-cfg 'cfg(feature, values("debugger_visualizer", "default", "expose_internals", "serde", "std"))' -C metadata=a7316a1c0b49b023 -C extra-filename=-c014287a773b56d2 --out-dir /opt/rustwide/target/debug/deps -L dependency=/opt/rustwide/target/debug/deps --extern form_urlencoded=/opt/rustwide/target/debug/deps/libform_urlencoded-004e3ec578e725f5.rmeta --extern idna=/opt/rustwide/target/debug/deps/libidna-0ce653c92af84cee.rmeta --extern percent_encoding=/opt/rustwide/target/debug/deps/libpercent_encoding-94c0844c6dae7341.rmeta --cap-lints allow --cap-lints=forbid -Zrandomize-layout` (exit status: 101)
[INFO] [stderr] warning: build failed, waiting for other jobs to finish...
[INFO] [stderr] rustc-LLVM ERROR: IO failure on output stream: No space left on device
[INFO] [stderr] rustc-LLVM ERROR: IO failure on output stream: No space left on device
[INFO] [stderr] error: could not compile `encoding_rs` (lib)
[INFO] [stderr] 
[INFO] [stderr] Caused by:
[INFO] [stderr]   No space left on device (os error 28)
[INFO] [stderr] 
[INFO] [stderr] Caused by:
[INFO] [stderr]   failed to parse process output: `/opt/rustwide/rustup-home/toolchains/nightly-2025-01-18-x86_64-unknown-linux-gnu/bin/rustc --crate-name encoding_rs --edition=2018 /opt/rustwide/cargo-home/registry/src/index.crates.io-1949cf8c6b5b557f/encoding_rs-0.8.35/src/lib.rs --error-format=json --json=diagnostic-rendered-ansi,artifacts,future-incompat --crate-type lib --emit=dep-info,metadata,link -C embed-bitcode=no -C debuginfo=2 --cfg 'feature="alloc"' --cfg 'feature="default"' --check-cfg 'cfg(docsrs,test)' --check-cfg 'cfg(feature, values("alloc", "any_all_workaround", "default", "fast-big5-hanzi-encode", "fast-gb-hanzi-encode", "fast-hangul-encode", "fast-hanja-encode", "fast-kanji-encode", "fast-legacy-encode", "less-slow-big5-hanzi-encode", "less-slow-gb-hanzi-encode", "less-slow-kanji-encode", "serde", "simd-accel"))' -C metadata=700ff2159f809d3e -C extra-filename=-bc709cb77e6abdb6 --out-dir /opt/rustwide/target/debug/deps -L dependency=/opt/rustwide/target/debug/deps --extern cfg_if=/opt/rustwide/target/debug/deps/libcfg_if-8f0231822091c729.rmeta --cap-lints allow --cap-lints=forbid -Zrandomize-layout` (exit status: 101)
[INFO] [stderr] error: could not compile `solana-bn254` (lib)
[INFO] [stderr] 
[INFO] [stderr] Caused by:
[INFO] [stderr]   No space left on device (os error 28)
[INFO] [stderr] 
[INFO] [stderr] Caused by:
[INFO] [stderr]   failed to parse process output: `/opt/rustwide/rustup-home/toolchains/nightly-2025-01-18-x86_64-unknown-linux-gnu/bin/rustc --crate-name solana_bn254 --edition=2021 /opt/rustwide/cargo-home/registry/src/index.crates.io-1949cf8c6b5b557f/solana-bn254-2.1.7/src/lib.rs --error-format=json --json=diagnostic-rendered-ansi,artifacts,future-incompat --crate-type lib --emit=dep-info,metadata,link -C embed-bitcode=no -C debuginfo=2 --warn=unexpected_cfgs --check-cfg 'cfg(target_os, values("solana"))' --check-cfg 'cfg(feature, values("frozen-abi", "no-entrypoint"))' --check-cfg 'cfg(docsrs,test)' --check-cfg 'cfg(feature, values())' -C metadata=f8dfae8d3c266874 -C extra-filename=-e7c9325c0fede398 --out-dir /opt/rustwide/target/debug/deps -L dependency=/opt/rustwide/target/debug/deps --extern ark_bn254=/opt/rustwide/target/debug/deps/libark_bn254-af96c72160b4c2be.rmeta --extern ark_ec=/opt/rustwide/target/debug/deps/libark_ec-c80ad41d51b6c587.rmeta --extern ark_ff=/opt/rustwide/target/debug/deps/libark_ff-256860fbe93d97e5.rmeta --extern ark_serialize=/opt/rustwide/target/debug/deps/libark_serialize-2be43c3fab29b673.rmeta --extern bytemuck=/opt/rustwide/target/debug/deps/libbytemuck-afb5e5dad178b9a2.rmeta --extern solana_program=/opt/rustwide/target/debug/deps/libsolana_program-a4e963ad115c5387.rlib --extern thiserror=/opt/rustwide/target/debug/deps/libthiserror-ff1c8dbb46936029.rmeta --cap-lints allow --cap-lints=forbid -Zrandomize-layout -L native=/opt/rustwide/target/debug/build/blake3-25bb2956e1be4b3a/out -L native=/opt/rustwide/target/debug/build/blake3-25bb2956e1be4b3a/out` (exit status: 101)
[INFO] [stdout] error: failed to write to `/opt/rustwide/target/debug/deps/rmetaeDxs2s/lib.rmeta`: No space left on device (os error 28)
[INFO] [stdout] 
[INFO] [stdout] 
[INFO] [stderr] error: could not compile `brotli` (lib) due to 1 previous error
[INFO] [stderr] rustc-LLVM ERROR: IO failure on output stream: No space left on device
[INFO] [stderr] error: could not compile `rustls` (lib)
[INFO] [stderr] 
[INFO] [stderr] Caused by:
[INFO] [stderr]   No space left on device (os error 28)
[INFO] [stderr] 
[INFO] [stderr] Caused by:
[INFO] [stderr]   failed to parse process output: `/opt/rustwide/rustup-home/toolchains/nightly-2025-01-18-x86_64-unknown-linux-gnu/bin/rustc --crate-name rustls --edition=2021 /opt/rustwide/cargo-home/registry/src/index.crates.io-1949cf8c6b5b557f/rustls-0.21.12/src/lib.rs --error-format=json --json=diagnostic-rendered-ansi,artifacts,future-incompat --crate-type lib --emit=dep-info,metadata,link -C embed-bitcode=no -C debuginfo=2 --cfg 'feature="dangerous_configuration"' --cfg 'feature="default"' --cfg 'feature="log"' --cfg 'feature="logging"' --cfg 'feature="tls12"' --check-cfg 'cfg(docsrs,test)' --check-cfg 'cfg(feature, values("dangerous_configuration", "default", "log", "logging", "quic", "read_buf", "rustversion", "secret_extraction", "tls12"))' -C metadata=d3eaad46b80fe2c9 -C extra-filename=-5fcb0cfe600748c5 --out-dir /opt/rustwide/target/debug/deps -L dependency=/opt/rustwide/target/debug/deps --extern log=/opt/rustwide/target/debug/deps/liblog-432729ba6130c373.rmeta --extern ring=/opt/rustwide/target/debug/deps/libring-9b720fdb2c995f7f.rmeta --extern webpki=/opt/rustwide/target/debug/deps/libwebpki-60b06c5876cbb843.rmeta --extern sct=/opt/rustwide/target/debug/deps/libsct-151d7fa4fd91ced1.rmeta --cap-lints allow --cap-lints=forbid -Zrandomize-layout -L native=/opt/rustwide/target/debug/build/ring-74597eea03ed24ff/out` (exit status: 101)
[INFO] [stdout] error: failed to write to `/opt/rustwide/target/debug/deps/rmeta1fX0kP/lib.rmeta`: No space left on device (os error 28)
[INFO] [stdout] 
[INFO] [stdout] 
[INFO] [stderr] error: could not compile `h2` (lib) due to 1 previous error
[INFO] [stderr] warning: openssl-sys@0.9.104: building OpenSSL: 'make' reported failure with exit status: 2
[INFO] [stderr] warning: openssl-sys@0.9.104: openssl-src: failed to build OpenSSL from source
[INFO] [stderr] error: failed to run custom build command for `openssl-sys v0.9.104`
[INFO] [stderr] note: To improve backtraces for build dependencies, set the CARGO_PROFILE_DEV_BUILD_OVERRIDE_DEBUG=true environment variable to enable debug information generation.
[INFO] [stderr] 
[INFO] [stderr] Caused by:
[INFO] [stderr]   process didn't exit successfully: `/opt/rustwide/target/debug/build/openssl-sys-c06a0f84cd0a74cf/build-script-main` (exit status: 1)
[INFO] [stderr]   --- stdout
[INFO] [stderr]   cargo:rustc-check-cfg=cfg(osslconf, values("OPENSSL_NO_OCB", "OPENSSL_NO_SM4", "OPENSSL_NO_SEED", "OPENSSL_NO_CHACHA", "OPENSSL_NO_CAST", "OPENSSL_NO_IDEA", "OPENSSL_NO_CAMELLIA", "OPENSSL_NO_RC4", "OPENSSL_NO_BF", "OPENSSL_NO_PSK", "OPENSSL_NO_DEPRECATED_3_0", "OPENSSL_NO_SCRYPT", "OPENSSL_NO_SM3", "OPENSSL_NO_RMD160", "OPENSSL_NO_EC2M", "OPENSSL_NO_OCSP", "OPENSSL_NO_CMS", "OPENSSL_NO_COMP", "OPENSSL_NO_SOCK", "OPENSSL_NO_STDIO", "OPENSSL_NO_EC", "OPENSSL_NO_SSL3_METHOD", "OPENSSL_NO_KRB5", "OPENSSL_NO_TLSEXT", "OPENSSL_NO_SRP", "OPENSSL_NO_RFC3779", "OPENSSL_NO_SHA", "OPENSSL_NO_NEXTPROTONEG", "OPENSSL_NO_ENGINE", "OPENSSL_NO_BUF_FREELISTS"))
[INFO] [stderr]   cargo:rustc-check-cfg=cfg(openssl)
[INFO] [stderr]   cargo:rustc-check-cfg=cfg(libressl)
[INFO] [stderr]   cargo:rustc-check-cfg=cfg(boringssl)
[INFO] [stderr]   cargo:rustc-check-cfg=cfg(libressl250)
[INFO] [stderr]   cargo:rustc-check-cfg=cfg(libressl251)
[INFO] [stderr]   cargo:rustc-check-cfg=cfg(libressl252)
[INFO] [stderr]   cargo:rustc-check-cfg=cfg(libressl261)
[INFO] [stderr]   cargo:rustc-check-cfg=cfg(libressl270)
[INFO] [stderr]   cargo:rustc-check-cfg=cfg(libressl271)
[INFO] [stderr]   cargo:rustc-check-cfg=cfg(libressl273)
[INFO] [stderr]   cargo:rustc-check-cfg=cfg(libressl280)
[INFO] [stderr]   cargo:rustc-check-cfg=cfg(libressl281)
[INFO] [stderr]   cargo:rustc-check-cfg=cfg(libressl291)
[INFO] [stderr]   cargo:rustc-check-cfg=cfg(libressl310)
[INFO] [stderr]   cargo:rustc-check-cfg=cfg(libressl321)
[INFO] [stderr]   cargo:rustc-check-cfg=cfg(libressl332)
[INFO] [stderr]   cargo:rustc-check-cfg=cfg(libressl340)
[INFO] [stderr]   cargo:rustc-check-cfg=cfg(libressl350)
[INFO] [stderr]   cargo:rustc-check-cfg=cfg(libressl360)
[INFO] [stderr]   cargo:rustc-check-cfg=cfg(libressl361)
[INFO] [stderr]   cargo:rustc-check-cfg=cfg(libressl370)
[INFO] [stderr]   cargo:rustc-check-cfg=cfg(libressl380)
[INFO] [stderr]   cargo:rustc-check-cfg=cfg(libressl381)
[INFO] [stderr]   cargo:rustc-check-cfg=cfg(libressl382)
[INFO] [stderr]   cargo:rustc-check-cfg=cfg(libressl390)
[INFO] [stderr]   cargo:rustc-check-cfg=cfg(libressl400)
[INFO] [stderr]   cargo:rustc-check-cfg=cfg(ossl101)
[INFO] [stderr]   cargo:rustc-check-cfg=cfg(ossl102)
[INFO] [stderr]   cargo:rustc-check-cfg=cfg(ossl102f)
[INFO] [stderr]   cargo:rustc-check-cfg=cfg(ossl102h)
[INFO] [stderr]   cargo:rustc-check-cfg=cfg(ossl110)
[INFO] [stderr]   cargo:rustc-check-cfg=cfg(ossl110f)
[INFO] [stderr]   cargo:rustc-check-cfg=cfg(ossl110g)
[INFO] [stderr]   cargo:rustc-check-cfg=cfg(ossl110h)
[INFO] [stderr]   cargo:rustc-check-cfg=cfg(ossl111)
[INFO] [stderr]   cargo:rustc-check-cfg=cfg(ossl111b)
[INFO] [stderr]   cargo:rustc-check-cfg=cfg(ossl111c)
[INFO] [stderr]   cargo:rustc-check-cfg=cfg(ossl111d)
[INFO] [stderr]   cargo:rustc-check-cfg=cfg(ossl300)
[INFO] [stderr]   cargo:rustc-check-cfg=cfg(ossl310)
[INFO] [stderr]   cargo:rustc-check-cfg=cfg(ossl320)
[INFO] [stderr]   cargo:rustc-check-cfg=cfg(ossl330)
[INFO] [stderr]   cargo:rustc-check-cfg=cfg(ossl340)
[INFO] [stderr]   cargo:rerun-if-env-changed=X86_64_UNKNOWN_LINUX_GNU_OPENSSL_NO_VENDOR
[INFO] [stderr]   X86_64_UNKNOWN_LINUX_GNU_OPENSSL_NO_VENDOR unset
[INFO] [stderr]   cargo:rerun-if-env-changed=OPENSSL_NO_VENDOR
[INFO] [stderr]   OPENSSL_NO_VENDOR unset
[INFO] [stderr]   cargo:rerun-if-env-changed=X86_64_UNKNOWN_LINUX_GNU_OPENSSL_CONFIG_DIR
[INFO] [stderr]   X86_64_UNKNOWN_LINUX_GNU_OPENSSL_CONFIG_DIR unset
[INFO] [stderr]   cargo:rerun-if-env-changed=OPENSSL_CONFIG_DIR
[INFO] [stderr]   OPENSSL_CONFIG_DIR unset
[INFO] [stderr]   TARGET = Some(x86_64-unknown-linux-gnu)
[INFO] [stderr]   OUT_DIR = Some(/opt/rustwide/target/debug/build/openssl-sys-851bb86a2fa8bcce/out)
[INFO] [stderr]   cargo:rerun-if-env-changed=CC_x86_64-unknown-linux-gnu
[INFO] [stderr]   CC_x86_64-unknown-linux-gnu = None
[INFO] [stderr]   cargo:rerun-if-env-changed=CC_x86_64_unknown_linux_gnu
[INFO] [stderr]   CC_x86_64_unknown_linux_gnu = None
[INFO] [stderr]   cargo:rerun-if-env-changed=HOST_CC
[INFO] [stderr]   HOST_CC = None
[INFO] [stderr]   cargo:rerun-if-env-changed=CC
[INFO] [stderr]   CC = None
[INFO] [stderr]   cargo:rerun-if-env-changed=CC_ENABLE_DEBUG_OUTPUT
[INFO] [stderr]   RUSTC_WRAPPER = None
[INFO] [stderr]   cargo:rerun-if-env-changed=CRATE_CC_NO_DEFAULTS
[INFO] [stderr]   CRATE_CC_NO_DEFAULTS = None
[INFO] [stderr]   DEBUG = Some(true)
[INFO] [stderr]   CARGO_CFG_TARGET_FEATURE = Some(fxsr,sse,sse2,x87)
[INFO] [stderr]   cargo:rerun-if-env-changed=CFLAGS_x86_64-unknown-linux-gnu
[INFO] [stderr]   CFLAGS_x86_64-unknown-linux-gnu = None
[INFO] [stderr]   cargo:rerun-if-env-changed=CFLAGS_x86_64_unknown_linux_gnu
[INFO] [stderr]   CFLAGS_x86_64_unknown_linux_gnu = None
[INFO] [stderr]   cargo:rerun-if-env-changed=HOST_CFLAGS
[INFO] [stderr]   HOST_CFLAGS = None
[INFO] [stderr]   cargo:rerun-if-env-changed=CFLAGS
[INFO] [stderr]   CFLAGS = None
[INFO] [stderr]   CARGO_ENCODED_RUSTFLAGS = Some(--cap-lints=forbid-Zrandomize-layout)
[INFO] [stderr]   cargo:rerun-if-env-changed=AR_x86_64-unknown-linux-gnu
[INFO] [stderr]   AR_x86_64-unknown-linux-gnu = None
[INFO] [stderr]   cargo:rerun-if-env-changed=AR_x86_64_unknown_linux_gnu
[INFO] [stderr]   AR_x86_64_unknown_linux_gnu = None
[INFO] [stderr]   cargo:rerun-if-env-changed=HOST_AR
[INFO] [stderr]   HOST_AR = None
[INFO] [stderr]   cargo:rerun-if-env-changed=AR
[INFO] [stderr]   AR = None
[INFO] [stderr]   cargo:rerun-if-env-changed=ARFLAGS_x86_64-unknown-linux-gnu
[INFO] [stderr]   ARFLAGS_x86_64-unknown-linux-gnu = None
[INFO] [stderr]   cargo:rerun-if-env-changed=ARFLAGS_x86_64_unknown_linux_gnu
[INFO] [stderr]   ARFLAGS_x86_64_unknown_linux_gnu = None
[INFO] [stderr]   cargo:rerun-if-env-changed=HOST_ARFLAGS
[INFO] [stderr]   HOST_ARFLAGS = None
[INFO] [stderr]   cargo:rerun-if-env-changed=ARFLAGS
[INFO] [stderr]   ARFLAGS = None
[INFO] [stderr]   cargo:rerun-if-env-changed=RANLIB_x86_64-unknown-linux-gnu
[INFO] [stderr]   RANLIB_x86_64-unknown-linux-gnu = None
[INFO] [stderr]   cargo:rerun-if-env-changed=RANLIB_x86_64_unknown_linux_gnu
[INFO] [stderr]   RANLIB_x86_64_unknown_linux_gnu = None
[INFO] [stderr]   cargo:rerun-if-env-changed=HOST_RANLIB
[INFO] [stderr]   HOST_RANLIB = None
[INFO] [stderr]   cargo:rerun-if-env-changed=RANLIB
[INFO] [stderr]   RANLIB = None
[INFO] [stderr]   cargo:rerun-if-env-changed=RANLIBFLAGS_x86_64-unknown-linux-gnu
[INFO] [stderr]   RANLIBFLAGS_x86_64-unknown-linux-gnu = None
[INFO] [stderr]   cargo:rerun-if-env-changed=RANLIBFLAGS_x86_64_unknown_linux_gnu
[INFO] [stderr]   RANLIBFLAGS_x86_64_unknown_linux_gnu = None
[INFO] [stderr]   cargo:rerun-if-env-changed=HOST_RANLIBFLAGS
[INFO] [stderr]   HOST_RANLIBFLAGS = None
[INFO] [stderr]   cargo:rerun-if-env-changed=RANLIBFLAGS
[INFO] [stderr]   RANLIBFLAGS = None
[INFO] [stderr]   running cd "/opt/rustwide/target/debug/build/openssl-sys-851bb86a2fa8bcce/out/openssl-build/build/src" && env -u CROSS_COMPILE AR="ar" CC="cc" RANLIB="ranlib" "perl" "./Configure" "--prefix=/opt/rustwide/target/debug/build/openssl-sys-851bb86a2fa8bcce/out/openssl-build/install" "--openssldir=/usr/local/ssl" "no-shared" "no-module" "no-ssl3" "no-tests" "no-comp" "no-zlib" "no-zlib-dynamic" "--libdir=lib" "no-md2" "no-rc5" "no-weak-ssl-ciphers" "no-camellia" "no-idea" "no-seed" "linux-x86_64" "-O2" "-ffunction-sections" "-fdata-sections" "-fPIC" "-gdwarf-4" "-fno-omit-frame-pointer" "-m64"
[INFO] [stderr]   Configuring OpenSSL version 3.4.0 for target linux-x86_64
[INFO] [stderr]   Using os-specific seed configuration
[INFO] [stderr]   Created configdata.pm
[INFO] [stderr]   Running configdata.pm
[INFO] [stderr]   Created Makefile.in
[INFO] [stderr]   Created Makefile
[INFO] [stderr]   Created include/openssl/configuration.h
[INFO] [stderr] 
[INFO] [stderr]   **********************************************************************
[INFO] [stderr]   ***                                                                ***
[INFO] [stderr]   ***   OpenSSL has been successfully configured                     ***
[INFO] [stderr]   ***                                                                ***
[INFO] [stderr]   ***   If you encounter a problem while building, please open an    ***
[INFO] [stderr]   ***   issue on GitHub <https://github.com/openssl/openssl/issues>  ***
[INFO] [stderr]   ***   and include the output from the following command:           ***
[INFO] [stderr]   ***                                                                ***
[INFO] [stderr]   ***       perl configdata.pm --dump                                ***
[INFO] [stderr]   ***                                                                ***
[INFO] [stderr]   ***   (If you are new to OpenSSL, you might want to consult the    ***
[INFO] [stderr]   ***   'Troubleshooting' section in the INSTALL.md file first)      ***
[INFO] [stderr]   ***                                                                ***
[INFO] [stderr]   **********************************************************************
[INFO] [stderr]   running cd "/opt/rustwide/target/debug/build/openssl-sys-851bb86a2fa8bcce/out/openssl-build/build/src" && "make" "depend"
[INFO] [stderr]   running cd "/opt/rustwide/target/debug/build/openssl-sys-851bb86a2fa8bcce/out/openssl-build/build/src" && MAKEFLAGS="-j --jobserver-fds=8,9 --jobserver-auth=8,9" "make" "build_libs"
[INFO] [stderr]   /usr/bin/perl util/mkinstallvars.pl PREFIX=. BINDIR=apps APPLINKDIR=ms LIBDIR= INCLUDEDIR=include "INCLUDEDIR=./include" ENGINESDIR=engines MODULESDIR=providers "VERSION=3.4.0" "LDLIBS=-ldl -pthread " > builddata.pm
[INFO] [stderr]   /usr/bin/perl "-I." "-Iutil/perl" "-Mconfigdata" "-MOpenSSL::paramnames" "util/dofile.pl" "-oMakefile" crypto/params_idx.c.in > crypto/params_idx.c
[INFO] [stderr]   /usr/bin/perl util/mkinstallvars.pl "PREFIX=/opt/rustwide/target/debug/build/openssl-sys-851bb86a2fa8bcce/out/openssl-build/install" BINDIR=bin "LIBDIR=lib" "libdir=/opt/rustwide/target/debug/build/openssl-sys-851bb86a2fa8bcce/out/openssl-build/install/lib" INCLUDEDIR=include APPLINKDIR=include/openssl "ENGINESDIR=/opt/rustwide/target/debug/build/openssl-sys-851bb86a2fa8bcce/out/openssl-build/install/lib/engines-3" "MODULESDIR=/opt/rustwide/target/debug/build/openssl-sys-851bb86a2fa8bcce/out/openssl-build/install/lib/ossl-modules" "PKGCONFIGDIR=/opt/rustwide/target/debug/build/openssl-sys-851bb86a2fa8bcce/out/openssl-build/install/lib/pkgconfig" "CMAKECONFIGDIR=/opt/rustwide/target/debug/build/openssl-sys-851bb86a2fa8bcce/out/openssl-build/install/lib/cmake/OpenSSL" "LDLIBS=-ldl -pthread " "VERSION=3.4.0" > installdata.pm
[INFO] [stderr]   /usr/bin/perl "-I." "-Mconfigdata" "util/dofile.pl" "-oMakefile" include/crypto/bn_conf.h.in > include/crypto/bn_conf.h
[INFO] [stderr]   /usr/bin/perl "-I." "-Mconfigdata" "util/dofile.pl" "-oMakefile" include/crypto/dso_conf.h.in > include/crypto/dso_conf.h
[INFO] [stderr]   /usr/bin/perl "-I." "-Iutil/perl" "-Mconfigdata" "-MOpenSSL::paramnames" "util/dofile.pl" "-oMakefile" include/internal/param_names.h.in > include/internal/param_names.h
[INFO] [stderr]   /usr/bin/perl "-I." "-Mconfigdata" "util/dofile.pl" "-oMakefile" include/openssl/asn1.h.in > include/openssl/asn1.h
[INFO] [stderr]   /usr/bin/perl "-I." "-Mconfigdata" "util/dofile.pl" "-oMakefile" include/openssl/asn1t.h.in > include/openssl/asn1t.h
[INFO] [stderr]   /usr/bin/perl "-I." "-Mconfigdata" "util/dofile.pl" "-oMakefile" include/openssl/bio.h.in > include/openssl/bio.h
[INFO] [stderr]   /usr/bin/perl "-I." "-Mconfigdata" "util/dofile.pl" "-oMakefile" include/openssl/cmp.h.in > include/openssl/cmp.h
[INFO] [stderr]   /usr/bin/perl "-I." "-Mconfigdata" "util/dofile.pl" "-oMakefile" include/openssl/cms.h.in > include/openssl/cms.h
[INFO] [stderr]   /usr/bin/perl "-I." "-Mconfigdata" "util/dofile.pl" "-oMakefile" include/openssl/comp.h.in > include/openssl/comp.h
[INFO] [stderr]   /usr/bin/perl "-I." "-Mconfigdata" "util/dofile.pl" "-oMakefile" include/openssl/conf.h.in > include/openssl/conf.h
[INFO] [stderr]   /usr/bin/perl "-I." "-Iutil/perl" "-Mconfigdata" "-MOpenSSL::paramnames" "util/dofile.pl" "-oMakefile" include/openssl/core_names.h.in > include/openssl/core_names.h
[INFO] [stderr]   /usr/bin/perl "-I." "-Mconfigdata" "util/dofile.pl" "-oMakefile" include/openssl/crmf.h.in > include/openssl/crmf.h
[INFO] [stderr]   /usr/bin/perl "-I." "-Mconfigdata" "util/dofile.pl" "-oMakefile" include/openssl/crypto.h.in > include/openssl/crypto.h
[INFO] [stderr]   /usr/bin/perl "-I." "-Mconfigdata" "util/dofile.pl" "-oMakefile" include/openssl/ct.h.in > include/openssl/ct.h
[INFO] [stderr]   /usr/bin/perl "-I." "-Mconfigdata" "util/dofile.pl" "-oMakefile" include/openssl/err.h.in > include/openssl/err.h
[INFO] [stderr]   /usr/bin/perl "-I." "-Mconfigdata" "util/dofile.pl" "-oMakefile" include/openssl/ess.h.in > include/openssl/ess.h
[INFO] [stderr]   /usr/bin/perl "-I." "-Mconfigdata" "util/dofile.pl" "-oMakefile" include/openssl/fipskey.h.in > include/openssl/fipskey.h
[INFO] [stderr]   /usr/bin/perl "-I." "-Mconfigdata" "util/dofile.pl" "-oMakefile" include/openssl/lhash.h.in > include/openssl/lhash.h
[INFO] [stderr]   /usr/bin/perl "-I." "-Mconfigdata" "util/dofile.pl" "-oMakefile" include/openssl/ocsp.h.in > include/openssl/ocsp.h
[INFO] [stderr]   /usr/bin/perl "-I." "-Mconfigdata" "util/dofile.pl" "-oMakefile" include/openssl/opensslv.h.in > include/openssl/opensslv.h
[INFO] [stderr]   /usr/bin/perl "-I." "-Mconfigdata" "util/dofile.pl" "-oMakefile" include/openssl/pkcs12.h.in > include/openssl/pkcs12.h
[INFO] [stderr]   /usr/bin/perl "-I." "-Mconfigdata" "util/dofile.pl" "-oMakefile" include/openssl/pkcs7.h.in > include/openssl/pkcs7.h
[INFO] [stderr]   /usr/bin/perl "-I." "-Mconfigdata" "util/dofile.pl" "-oMakefile" include/openssl/safestack.h.in > include/openssl/safestack.h
[INFO] [stderr]   /usr/bin/perl "-I." "-Mconfigdata" "util/dofile.pl" "-oMakefile" include/openssl/srp.h.in > include/openssl/srp.h
[INFO] [stderr]   /usr/bin/perl "-I." "-Mconfigdata" "util/dofile.pl" "-oMakefile" include/openssl/ssl.h.in > include/openssl/ssl.h
[INFO] [stderr]   /usr/bin/perl "-I." "-Mconfigdata" "util/dofile.pl" "-oMakefile" include/openssl/ui.h.in > include/openssl/ui.h
[INFO] [stderr]   /usr/bin/perl "-I." "-Mconfigdata" "util/dofile.pl" "-oMakefile" include/openssl/x509.h.in > include/openssl/x509.h
[INFO] [stderr]   /usr/bin/perl "-I." "-Mconfigdata" "util/dofile.pl" "-oMakefile" include/openssl/x509_acert.h.in > include/openssl/x509_acert.h
[INFO] [stderr]   /usr/bin/perl "-I." "-Mconfigdata" "util/dofile.pl" "-oMakefile" include/openssl/x509_vfy.h.in > include/openssl/x509_vfy.h
[INFO] [stderr]   /usr/bin/perl "-I." "-Mconfigdata" "util/dofile.pl" "-oMakefile" include/openssl/x509v3.h.in > include/openssl/x509v3.h
[INFO] [stderr]   /usr/bin/perl "-I." "-Mconfigdata" "-Mbuilddata" "util/dofile.pl" "-oMakefile" exporters/pkg-config/libcrypto.pc.in > libcrypto.pc
[INFO] [stderr]   /usr/bin/perl "-I." "-Mconfigdata" "-Mbuilddata" "util/dofile.pl" "-oMakefile" exporters/pkg-config/libssl.pc.in > libssl.pc
[INFO] [stderr]   /usr/bin/perl "-I." "-Mconfigdata" "-Mbuilddata" "util/dofile.pl" "-oMakefile" exporters/cmake/OpenSSLConfig.cmake.in > OpenSSLConfig.cmake
[INFO] [stderr]   /usr/bin/perl "-I." "-Mconfigdata" "-Minstalldata" "util/dofile.pl" "-oMakefile" exporters/cmake/OpenSSLConfig.cmake.in > exporters/OpenSSLConfig.cmake
[INFO] [stderr]   /usr/bin/perl "-I." "-Mconfigdata" "-Minstalldata" "util/dofile.pl" "-oMakefile" exporters/pkg-config/libcrypto.pc.in > exporters/libcrypto.pc
[INFO] [stderr]   /usr/bin/perl "-I." "-Mconfigdata" "-Minstalldata" "util/dofile.pl" "-oMakefile" exporters/pkg-config/libssl.pc.in > exporters/libssl.pc
[INFO] [stderr]   /usr/bin/perl "-I." "-Mconfigdata" "-Mbuilddata" "-Mbuilddata" "-Mbuilddata" "util/dofile.pl" "-oMakefile" exporters/pkg-config/openssl.pc.in > openssl.pc
[INFO] [stderr]   /usr/bin/perl "-I." "-Mconfigdata" "-Mconfigdata" "-Mbuilddata" "util/dofile.pl" "-oMakefile" exporters/cmake/OpenSSLConfigVersion.cmake.in > OpenSSLConfigVersion.cmake
[INFO] [stderr]   /usr/bin/perl "-I." "-Mconfigdata" "-Mconfigdata" "-Minstalldata" "util/dofile.pl" "-oMakefile" exporters/cmake/OpenSSLConfigVersion.cmake.in > exporters/OpenSSLConfigVersion.cmake
[INFO] [stderr]   /usr/bin/perl "-I." "-Mconfigdata" "-Mconfigdata" "-Mconfigdata" "-Minstalldata" "util/dofile.pl" "-oMakefile" exporters/pkg-config/openssl.pc.in > exporters/openssl.pc
[INFO] [stderr]   "make" depend && "make" _build_libs
[INFO] [stderr]   make[1]: Entering directory '/opt/rustwide/target/debug/build/openssl-sys-851bb86a2fa8bcce/out/openssl-build/build/src'
[INFO] [stderr]   make[1]: Leaving directory '/opt/rustwide/target/debug/build/openssl-sys-851bb86a2fa8bcce/out/openssl-build/build/src'
[INFO] [stderr]   make[1]: Entering directory '/opt/rustwide/target/debug/build/openssl-sys-851bb86a2fa8bcce/out/openssl-build/build/src'
[INFO] [stderr]   cc  -I. -Iinclude -Iapps/include  -fPIC -pthread -m64 -Wa,--noexecstack -Wall -O3 -O2 -ffunction-sections -fdata-sections -fPIC -gdwarf-4 -fno-omit-frame-pointer -m64 -DOPENSSL_USE_NODELETE -DL_ENDIAN -DOPENSSL_PIC -DOPENSSLDIR="\"/usr/local/ssl\"" -DENGINESDIR="\"/opt/rustwide/target/debug/build/openssl-sys-851bb86a2fa8bcce/out/openssl-build/install/lib/engines-3\"" -DMODULESDIR="\"/opt/rustwide/target/debug/build/openssl-sys-851bb86a2fa8bcce/out/openssl-build/install/lib/ossl-modules\"" -DOPENSSL_BUILDING_OPENSSL -DNDEBUG  -MMD -MF apps/lib/libapps-lib-app_libctx.d.tmp -c -o apps/lib/libapps-lib-app_libctx.o apps/lib/app_libctx.c
[INFO] [stderr]   cc  -I. -Iinclude -Iapps/include  -fPIC -pthread -m64 -Wa,--noexecstack -Wall -O3 -O2 -ffunction-sections -fdata-sections -fPIC -gdwarf-4 -fno-omit-frame-pointer -m64 -DOPENSSL_USE_NODELETE -DL_ENDIAN -DOPENSSL_PIC -DOPENSSLDIR="\"/usr/local/ssl\"" -DENGINESDIR="\"/opt/rustwide/target/debug/build/openssl-sys-851bb86a2fa8bcce/out/openssl-build/install/lib/engines-3\"" -DMODULESDIR="\"/opt/rustwide/target/debug/build/openssl-sys-851bb86a2fa8bcce/out/openssl-build/install/lib/ossl-modules\"" -DOPENSSL_BUILDING_OPENSSL -DNDEBUG  -MMD -MF apps/lib/libapps-lib-app_params.d.tmp -c -o apps/lib/libapps-lib-app_params.o apps/lib/app_params.c
[INFO] [stderr]   cc  -I. -Iinclude -Iapps/include  -fPIC -pthread -m64 -Wa,--noexecstack -Wall -O3 -O2 -ffunction-sections -fdata-sections -fPIC -gdwarf-4 -fno-omit-frame-pointer -m64 -DOPENSSL_USE_NODELETE -DL_ENDIAN -DOPENSSL_PIC -DOPENSSLDIR="\"/usr/local/ssl\"" -DENGINESDIR="\"/opt/rustwide/target/debug/build/openssl-sys-851bb86a2fa8bcce/out/openssl-build/install/lib/engines-3\"" -DMODULESDIR="\"/opt/rustwide/target/debug/build/openssl-sys-851bb86a2fa8bcce/out/openssl-build/install/lib/ossl-modules\"" -DOPENSSL_BUILDING_OPENSSL -DNDEBUG  -MMD -MF apps/lib/libapps-lib-app_provider.d.tmp -c -o apps/lib/libapps-lib-app_provider.o apps/lib/app_provider.c
[INFO] [stderr]   cc  -I. -Iinclude -Iapps/include  -fPIC -pthread -m64 -Wa,--noexecstack -Wall -O3 -O2 -ffunction-sections -fdata-sections -fPIC -gdwarf-4 -fno-omit-frame-pointer -m64 -DOPENSSL_USE_NODELETE -DL_ENDIAN -DOPENSSL_PIC -DOPENSSLDIR="\"/usr/local/ssl\"" -DENGINESDIR="\"/opt/rustwide/target/debug/build/openssl-sys-851bb86a2fa8bcce/out/openssl-build/install/lib/engines-3\"" -DMODULESDIR="\"/opt/rustwide/target/debug/build/openssl-sys-851bb86a2fa8bcce/out/openssl-build/install/lib/ossl-modules\"" -DOPENSSL_BUILDING_OPENSSL -DNDEBUG  -MMD -MF apps/lib/libapps-lib-app_rand.d.tmp -c -o apps/lib/libapps-lib-app_rand.o apps/lib/app_rand.c
[INFO] [stderr]   cc  -I. -Iinclude -Iapps/include  -fPIC -pthread -m64 -Wa,--noexecstack -Wall -O3 -O2 -ffunction-sections -fdata-sections -fPIC -gdwarf-4 -fno-omit-frame-pointer -m64 -DOPENSSL_USE_NODELETE -DL_ENDIAN -DOPENSSL_PIC -DOPENSSLDIR="\"/usr/local/ssl\"" -DENGINESDIR="\"/opt/rustwide/target/debug/build/openssl-sys-851bb86a2fa8bcce/out/openssl-build/install/lib/engines-3\"" -DMODULESDIR="\"/opt/rustwide/target/debug/build/openssl-sys-851bb86a2fa8bcce/out/openssl-build/install/lib/ossl-modules\"" -DOPENSSL_BUILDING_OPENSSL -DNDEBUG  -MMD -MF apps/lib/libapps-lib-app_x509.d.tmp -c -o apps/lib/libapps-lib-app_x509.o apps/lib/app_x509.c
[INFO] [stderr]   cc  -I. -Iinclude -Iapps/include  -fPIC -pthread -m64 -Wa,--noexecstack -Wall -O3 -O2 -ffunction-sections -fdata-sections -fPIC -gdwarf-4 -fno-omit-frame-pointer -m64 -DOPENSSL_USE_NODELETE -DL_ENDIAN -DOPENSSL_PIC -DOPENSSLDIR="\"/usr/local/ssl\"" -DENGINESDIR="\"/opt/rustwide/target/debug/build/openssl-sys-851bb86a2fa8bcce/out/openssl-build/install/lib/engines-3\"" -DMODULESDIR="\"/opt/rustwide/target/debug/build/openssl-sys-851bb86a2fa8bcce/out/openssl-build/install/lib/ossl-modules\"" -DOPENSSL_BUILDING_OPENSSL -DNDEBUG  -MMD -MF apps/lib/libapps-lib-apps.d.tmp -c -o apps/lib/libapps-lib-apps.o apps/lib/apps.c
[INFO] [stderr]   cc  -I. -Iinclude -Iapps/include  -fPIC -pthread -m64 -Wa,--noexecstack -Wall -O3 -O2 -ffunction-sections -fdata-sections -fPIC -gdwarf-4 -fno-omit-frame-pointer -m64 -DOPENSSL_USE_NODELETE -DL_ENDIAN -DOPENSSL_PIC -DOPENSSLDIR="\"/usr/local/ssl\"" -DENGINESDIR="\"/opt/rustwide/target/debug/build/openssl-sys-851bb86a2fa8bcce/out/openssl-build/install/lib/engines-3\"" -DMODULESDIR="\"/opt/rustwide/target/debug/build/openssl-sys-851bb86a2fa8bcce/out/openssl-build/install/lib/ossl-modules\"" -DOPENSSL_BUILDING_OPENSSL -DNDEBUG  -MMD -MF apps/lib/libapps-lib-apps_opt_printf.d.tmp -c -o apps/lib/libapps-lib-apps_opt_printf.o apps/lib/apps_opt_printf.c
[INFO] [stderr]   cc  -I. -Iinclude -Iapps/include  -fPIC -pthread -m64 -Wa,--noexecstack -Wall -O3 -O2 -ffunction-sections -fdata-sections -fPIC -gdwarf-4 -fno-omit-frame-pointer -m64 -DOPENSSL_USE_NODELETE -DL_ENDIAN -DOPENSSL_PIC -DOPENSSLDIR="\"/usr/local/ssl\"" -DENGINESDIR="\"/opt/rustwide/target/debug/build/openssl-sys-851bb86a2fa8bcce/out/openssl-build/install/lib/engines-3\"" -DMODULESDIR="\"/opt/rustwide/target/debug/build/openssl-sys-851bb86a2fa8bcce/out/openssl-build/install/lib/ossl-modules\"" -DOPENSSL_BUILDING_OPENSSL -DNDEBUG  -MMD -MF apps/lib/libapps-lib-apps_ui.d.tmp -c -o apps/lib/libapps-lib-apps_ui.o apps/lib/apps_ui.c
[INFO] [stderr]   cc  -I. -Iinclude -Iapps/include  -fPIC -pthread -m64 -Wa,--noexecstack -Wall -O3 -O2 -ffunction-sections -fdata-sections -fPIC -gdwarf-4 -fno-omit-frame-pointer -m64 -DOPENSSL_USE_NODELETE -DL_ENDIAN -DOPENSSL_PIC -DOPENSSLDIR="\"/usr/local/ssl\"" -DENGINESDIR="\"/opt/rustwide/target/debug/build/openssl-sys-851bb86a2fa8bcce/out/openssl-build/install/lib/engines-3\"" -DMODULESDIR="\"/opt/rustwide/target/debug/build/openssl-sys-851bb86a2fa8bcce/out/openssl-build/install/lib/ossl-modules\"" -DOPENSSL_BUILDING_OPENSSL -DNDEBUG  -MMD -MF apps/lib/libapps-lib-columns.d.tmp -c -o apps/lib/libapps-lib-columns.o apps/lib/columns.c
[INFO] [stderr]   make[1]: Leaving directory '/opt/rustwide/target/debug/build/openssl-sys-851bb86a2fa8bcce/out/openssl-build/build/src'
[INFO] [stderr]   cargo:warning=building OpenSSL: 'make' reported failure with exit status: 2
[INFO] [stderr]   cargo:warning=openssl-src: failed to build OpenSSL from source
[INFO] [stderr] 
[INFO] [stderr]   --- stderr
[INFO] [stderr]   DEBUG: all keys: APPLINKDIR, BINDIR, CMAKECONFIGDIR, ENGINESDIR, INCLUDEDIR, LDLIBS, LIBDIR, MODULESDIR, PKGCONFIGDIR, PREFIX, VERSION, libdir
[INFO] [stderr]   No value given for CMAKECONFIGDIR
[INFO] [stderr]   No value given for PKGCONFIGDIR
[INFO] [stderr]   No value given for libdir
[INFO] [stderr]   DEBUG: PREFIX = . => PREFIX = /opt/rustwide/target/debug/build/openssl-sys-851bb86a2fa8bcce/out/openssl-build/build/src
[INFO] [stderr]   DEBUG: libdir = . => libdir = /opt/rustwide/target/debug/build/openssl-sys-851bb86a2fa8bcce/out/openssl-build/build/src
[INFO] [stderr]   DEBUG: BINDIR = apps => BINDIR = /opt/rustwide/target/debug/build/openssl-sys-851bb86a2fa8bcce/out/openssl-build/build/src/apps, BINDIR_REL_PREFIX = apps
[INFO] [stderr]   DEBUG: LIBDIR =  => LIBDIR = /opt/rustwide/target/debug/build/openssl-sys-851bb86a2fa8bcce/out/openssl-build/build/src, LIBDIR_REL_PREFIX = 
[INFO] [stderr]   DEBUG: INCLUDEDIR = [ include, ./include ] => INCLUDEDIR = [ /opt/rustwide/target/debug/build/openssl-sys-851bb86a2fa8bcce/out/openssl-build/build/src/include, /opt/rustwide/target/debug/build/openssl-sys-851bb86a2fa8bcce/out/openssl-build/build/src/include ], INCLUDEDIR_REL_PREFIX = [ include, ./include ]
[INFO] [stderr]   DEBUG: APPLINKDIR = ms => APPLINKDIR = /opt/rustwide/target/debug/build/openssl-sys-851bb86a2fa8bcce/out/openssl-build/build/src/ms, APPLINKDIR_REL_PREFIX = ms
[INFO] [stderr]   DEBUG: ENGINESDIR = engines => ENGINESDIR = /opt/rustwide/target/debug/build/openssl-sys-851bb86a2fa8bcce/out/openssl-build/build/src/engines, ENGINESDIR_REL_LIBDIR = engines
[INFO] [stderr]   DEBUG: MODULESDIR = providers => MODULESDIR = /opt/rustwide/target/debug/build/openssl-sys-851bb86a2fa8bcce/out/openssl-build/build/src/providers, MODULESDIR_REL_LIBDIR = providers
[INFO] [stderr]   DEBUG: PKGCONFIGDIR = . => PKGCONFIGDIR = /opt/rustwide/target/debug/build/openssl-sys-851bb86a2fa8bcce/out/openssl-build/build/src, PKGCONFIGDIR_REL_LIBDIR = .
[INFO] [stderr]   DEBUG: CMAKECONFIGDIR = . => CMAKECONFIGDIR = /opt/rustwide/target/debug/build/openssl-sys-851bb86a2fa8bcce/out/openssl-build/build/src, CMAKECONFIGDIR_REL_LIBDIR = .
[INFO] [stderr]   DEBUG: all keys: APPLINKDIR, BINDIR, CMAKECONFIGDIR, ENGINESDIR, INCLUDEDIR, LDLIBS, LIBDIR, MODULESDIR, PKGCONFIGDIR, PREFIX, VERSION, libdir
[INFO] [stderr]   DEBUG: PREFIX = /opt/rustwide/target/debug/build/openssl-sys-851bb86a2fa8bcce/out/openssl-build/install => PREFIX = /opt/rustwide/target/debug/build/openssl-sys-851bb86a2fa8bcce/out/openssl-build/install
[INFO] [stderr]   DEBUG: libdir = /opt/rustwide/target/debug/build/openssl-sys-851bb86a2fa8bcce/out/openssl-build/install/lib => libdir = /opt/rustwide/target/debug/build/openssl-sys-851bb86a2fa8bcce/out/openssl-build/install/lib
[INFO] [stderr]   DEBUG: BINDIR = bin => BINDIR = /opt/rustwide/target/debug/build/openssl-sys-851bb86a2fa8bcce/out/openssl-build/install/bin, BINDIR_REL_PREFIX = bin
[INFO] [stderr]   DEBUG: LIBDIR = lib => LIBDIR = /opt/rustwide/target/debug/build/openssl-sys-851bb86a2fa8bcce/out/openssl-build/install/lib, LIBDIR_REL_PREFIX = lib
[INFO] [stderr]   DEBUG: INCLUDEDIR = include => INCLUDEDIR = /opt/rustwide/target/debug/build/openssl-sys-851bb86a2fa8bcce/out/openssl-build/install/include, INCLUDEDIR_REL_PREFIX = include
[INFO] [stderr]   DEBUG: APPLINKDIR = include/openssl => APPLINKDIR = /opt/rustwide/target/debug/build/openssl-sys-851bb86a2fa8bcce/out/openssl-build/install/include/openssl, APPLINKDIR_REL_PREFIX = include/openssl
[INFO] [stderr]   DEBUG: ENGINESDIR = /opt/rustwide/target/debug/build/openssl-sys-851bb86a2fa8bcce/out/openssl-build/install/lib/engines-3 => ENGINESDIR = /opt/rustwide/target/debug/build/openssl-sys-851bb86a2fa8bcce/out/openssl-build/install/lib/engines-3, ENGINESDIR_REL_LIBDIR = engines-3
[INFO] [stderr]   DEBUG: MODULESDIR = /opt/rustwide/target/debug/build/openssl-sys-851bb86a2fa8bcce/out/openssl-build/install/lib/ossl-modules => MODULESDIR = /opt/rustwide/target/debug/build/openssl-sys-851bb86a2fa8bcce/out/openssl-build/install/lib/ossl-modules, MODULESDIR_REL_LIBDIR = ossl-modules
[INFO] [stderr]   DEBUG: PKGCONFIGDIR = /opt/rustwide/target/debug/build/openssl-sys-851bb86a2fa8bcce/out/openssl-build/install/lib/pkgconfig => PKGCONFIGDIR = /opt/rustwide/target/debug/build/openssl-sys-851bb86a2fa8bcce/out/openssl-build/install/lib/pkgconfig, PKGCONFIGDIR_REL_LIBDIR = pkgconfig
[INFO] [stderr]   DEBUG: CMAKECONFIGDIR = /opt/rustwide/target/debug/build/openssl-sys-851bb86a2fa8bcce/out/openssl-build/install/lib/cmake/OpenSSL => CMAKECONFIGDIR = /opt/rustwide/target/debug/build/openssl-sys-851bb86a2fa8bcce/out/openssl-build/install/lib/cmake/OpenSSL, CMAKECONFIGDIR_REL_LIBDIR = cmake/OpenSSL
[INFO] [stderr]   apps/lib/apps_ui.c:223:1: fatal error: error writing to /tmp/ccFj1hH2.s: No space left on device
[INFO] [stderr]     223 | }
[INFO] [stderr]         | ^
[INFO] [stderr]   compilation terminated.
[INFO] [stderr]   make[1]: *** [Makefile:3947: apps/lib/libapps-lib-apps_ui.o] Error 1
[INFO] [stderr]   make[1]: *** Waiting for unfinished jobs....
[INFO] [stderr]   apps/lib/apps.c:3474:1: fatal error: error writing to /tmp/cc03A3tJ.s: No space left on device
[INFO] [stderr]    3474 | }
[INFO] [stderr]         | ^
[INFO] [stderr]   compilation terminated.
[INFO] [stderr]   make[1]: *** [Makefile:3931: apps/lib/libapps-lib-apps.o] Error 1
[INFO] [stderr]   make: *** [Makefile:2391: build_libs] Error 2
[INFO] [stderr] 
[INFO] [stderr] 
[INFO] [stderr] 
[INFO] [stderr]   Error building OpenSSL:
[INFO] [stderr]       'make' reported failure with exit status: 2
[INFO] [stderr]       Command failed: cd "/opt/rustwide/target/debug/build/openssl-sys-851bb86a2fa8bcce/out/openssl-build/build/src" && MAKEFLAGS="-j --jobserver-fds=8,9 --jobserver-auth=8,9" "make" "build_libs"
[INFO] [stderr] 
[INFO] [stderr] 
[INFO] [stderr] 
[INFO] running `Command { std: "docker" "inspect" "6965c8dbcc018d306eead97771ff347b8bf1d7c401f94f82441fd74763537538", kill_on_drop: false }`
[INFO] running `Command { std: "docker" "rm" "-f" "6965c8dbcc018d306eead97771ff347b8bf1d7c401f94f82441fd74763537538", kill_on_drop: false }`
[INFO] [stdout] 6965c8dbcc018d306eead97771ff347b8bf1d7c401f94f82441fd74763537538
