[INFO] cloning repository https://github.com/vincent-smit/chippy8
[INFO] running `Command { std: "git" "-c" "credential.helper=" "-c" "credential.helper=/workspace/cargo-home/bin/git-credential-null" "clone" "--bare" "https://github.com/vincent-smit/chippy8" "/workspace/cache/git-repos/https%3A%2F%2Fgithub.com%2Fvincent-smit%2Fchippy8", kill_on_drop: false }`
[INFO] [stderr] Cloning into bare repository '/workspace/cache/git-repos/https%3A%2F%2Fgithub.com%2Fvincent-smit%2Fchippy8'...
[INFO] running `Command { std: "git" "rev-parse" "HEAD", kill_on_drop: false }`
[INFO] [stdout] f12331165607f3b7aabb786def27fa47d8eb7e83
[INFO] testing vincent-smit/chippy8 against nightly-2025-01-18+rustflags=-Zrandomize-layout for randomize-layout-2
[INFO] running `Command { std: "git" "clone" "/workspace/cache/git-repos/https%3A%2F%2Fgithub.com%2Fvincent-smit%2Fchippy8" "/workspace/builds/worker-2-tc2/source", kill_on_drop: false }`
[INFO] [stderr] Cloning into '/workspace/builds/worker-2-tc2/source'...
[INFO] [stderr] done.
[INFO] validating manifest of git repo https://github.com/vincent-smit/chippy8 on toolchain nightly-2025-01-18
[INFO] running `Command { std: CARGO_HOME="/workspace/cargo-home" RUSTUP_HOME="/workspace/rustup-home" "/workspace/cargo-home/bin/cargo" "+nightly-2025-01-18" "metadata" "--manifest-path" "Cargo.toml" "--no-deps", kill_on_drop: false }`
[INFO] started tweaking git repo https://github.com/vincent-smit/chippy8
[INFO] finished tweaking git repo https://github.com/vincent-smit/chippy8
[INFO] tweaked toml for git repo https://github.com/vincent-smit/chippy8 written to /workspace/builds/worker-2-tc2/source/Cargo.toml
[INFO] crate git repo https://github.com/vincent-smit/chippy8 already has a lockfile, it will not be regenerated
[INFO] running `Command { std: CARGO_HOME="/workspace/cargo-home" RUSTUP_HOME="/workspace/rustup-home" "/workspace/cargo-home/bin/cargo" "+nightly-2025-01-18" "fetch" "--manifest-path" "Cargo.toml", kill_on_drop: false }`
[INFO] running `Command { std: "docker" "create" "-v" "/var/lib/crater-agent-workspace/builds/worker-2-tc2/target:/opt/rustwide/target:rw,Z" "-v" "/var/lib/crater-agent-workspace/builds/worker-2-tc2/source:/opt/rustwide/workdir:ro,Z" "-v" "/var/lib/crater-agent-workspace/cargo-home:/opt/rustwide/cargo-home:ro,Z" "-v" "/var/lib/crater-agent-workspace/rustup-home:/opt/rustwide/rustup-home:ro,Z" "-e" "SOURCE_DIR=/opt/rustwide/workdir" "-e" "CARGO_TARGET_DIR=/opt/rustwide/target" "-e" "CARGO_HOME=/opt/rustwide/cargo-home" "-e" "RUSTUP_HOME=/opt/rustwide/rustup-home" "-w" "/opt/rustwide/workdir" "-m" "1610612736" "--user" "0:0" "--network" "none" "ghcr.io/rust-lang/crates-build-env/linux@sha256:819108c5571ea2e421544af4d832f968d213c87fbe3707a016657f43d2f853bc" "/opt/rustwide/cargo-home/bin/cargo" "+nightly-2025-01-18" "metadata" "--no-deps" "--format-version=1", kill_on_drop: false }`
[INFO] [stdout] 227c702cadc7fcf90818eb18836587d433c7c166708fc90af741d9240e3de109
[INFO] running `Command { std: "docker" "start" "-a" "227c702cadc7fcf90818eb18836587d433c7c166708fc90af741d9240e3de109", kill_on_drop: false }`
[INFO] running `Command { std: "docker" "inspect" "227c702cadc7fcf90818eb18836587d433c7c166708fc90af741d9240e3de109", kill_on_drop: false }`
[INFO] running `Command { std: "docker" "rm" "-f" "227c702cadc7fcf90818eb18836587d433c7c166708fc90af741d9240e3de109", kill_on_drop: false }`
[INFO] [stdout] 227c702cadc7fcf90818eb18836587d433c7c166708fc90af741d9240e3de109
[INFO] running `Command { std: "docker" "create" "-v" "/var/lib/crater-agent-workspace/builds/worker-2-tc2/target:/opt/rustwide/target:rw,Z" "-v" "/var/lib/crater-agent-workspace/builds/worker-2-tc2/source:/opt/rustwide/workdir:ro,Z" "-v" "/var/lib/crater-agent-workspace/cargo-home:/opt/rustwide/cargo-home:ro,Z" "-v" "/var/lib/crater-agent-workspace/rustup-home:/opt/rustwide/rustup-home:ro,Z" "-e" "SOURCE_DIR=/opt/rustwide/workdir" "-e" "CARGO_TARGET_DIR=/opt/rustwide/target" "-e" "CARGO_INCREMENTAL=0" "-e" "RUST_BACKTRACE=full" "-e" "RUSTFLAGS=--cap-lints=forbid -Zrandomize-layout" "-e" "RUSTDOCFLAGS=--cap-lints=forbid" "-e" "CARGO_HOME=/opt/rustwide/cargo-home" "-e" "RUSTUP_HOME=/opt/rustwide/rustup-home" "-w" "/opt/rustwide/workdir" "-m" "1610612736" "--user" "0:0" "--network" "none" "ghcr.io/rust-lang/crates-build-env/linux@sha256:819108c5571ea2e421544af4d832f968d213c87fbe3707a016657f43d2f853bc" "/opt/rustwide/cargo-home/bin/cargo" "+nightly-2025-01-18" "build" "--frozen" "--message-format=json", kill_on_drop: false }`
[INFO] [stdout] eb1eb8d40b30fe8160e5356e38a351a0d03ada2b68033d48a456ed3f05f8ed99
[INFO] running `Command { std: "docker" "start" "-a" "eb1eb8d40b30fe8160e5356e38a351a0d03ada2b68033d48a456ed3f05f8ed99", kill_on_drop: false }`
[INFO] [stderr]    Compiling autocfg v0.1.5
[INFO] [stderr]    Compiling libc v0.2.60
[INFO] [stderr]    Compiling cfg-if v0.1.9
[INFO] [stderr]    Compiling spin v0.5.0
[INFO] [stderr]    Compiling xml-rs v0.8.0
[INFO] [stderr]    Compiling proc-macro2 v0.4.30
[INFO] [stderr]    Compiling unicode-xid v0.1.0
[INFO] [stderr]    Compiling semver-parser v0.7.0
[INFO] [stderr]    Compiling cc v1.0.38
[INFO] [stderr]    Compiling arrayvec v0.4.11
[INFO] [stderr]    Compiling log v0.4.7
[INFO] [stderr]    Compiling byteorder v1.3.2
[INFO] [stderr]    Compiling rand_core v0.4.0
[INFO] [stderr]    Compiling nodrop v0.1.13
[INFO] [stderr]    Compiling bitflags v1.1.0
[INFO] [stderr]    Compiling khronos_api v3.1.0
[INFO] [stderr]    Compiling nix v0.14.1
[INFO] [stderr]    Compiling syn v0.15.42
[INFO] [stderr]    Compiling void v1.0.2
[INFO] [stderr]    Compiling lazy_static v1.3.0
[INFO] [stderr]    Compiling rand_core v0.3.1
[INFO] [stderr]    Compiling crossbeam-utils v0.6.6
[INFO] [stderr]    Compiling pkg-config v0.3.15
[INFO] [stderr]    Compiling rand_xorshift v0.1.1
[INFO] [stderr]    Compiling rand_isaac v0.1.1
[INFO] [stderr]    Compiling rand_hc v0.1.0
[INFO] [stderr]    Compiling semver v0.9.0
[INFO] [stderr]    Compiling num-traits v0.2.8
[INFO] [stderr]    Compiling rand_pcg v0.1.2
[INFO] [stderr]    Compiling rand_chacha v0.1.1
[INFO] [stderr]    Compiling rand v0.6.5
[INFO] [stderr]    Compiling rand_jitter v0.1.4
[INFO] [stderr]    Compiling scopeguard v1.0.0
[INFO] [stderr]    Compiling same-file v1.0.5
[INFO] [stderr]    Compiling stable_deref_trait v1.1.1
[INFO] [stderr]    Compiling rustc_version v0.2.3
[INFO] [stderr]    Compiling downcast-rs v1.0.4
[INFO] [stderr]    Compiling owning_ref v0.4.0
[INFO] [stderr]    Compiling walkdir v2.2.9
[INFO] [stderr]    Compiling num-integer v0.1.41
[INFO] [stderr]    Compiling rayon-core v1.5.0
[INFO] [stderr]    Compiling scopeguard v0.3.3
[INFO] [stderr]    Compiling stb_truetype v0.2.6
[INFO] [stderr]    Compiling smallvec v0.6.10
[INFO] [stderr]    Compiling xdg v2.2.0
[INFO] [stderr]    Compiling lock_api v0.1.5
[INFO] [stderr]    Compiling crossbeam-queue v0.1.2
[INFO] [stderr]    Compiling memoffset v0.5.1
[INFO] [stderr]    Compiling x11-dl v2.18.3
[INFO] [stderr]    Compiling parking_lot_core v0.4.0
[INFO] [stderr]    Compiling quote v0.6.13
[INFO] [stderr]    Compiling gl_generator v0.11.0
[INFO] [stderr]    Compiling rand_os v0.1.3
[INFO] [stderr]    Compiling crossbeam-epoch v0.7.2
[INFO] [stderr]    Compiling memmap v0.7.0
[INFO] [stderr]    Compiling num_cpus v1.10.1
[INFO] [stderr]    Compiling wayland-scanner v0.21.13
[INFO] [stderr]    Compiling crc32fast v1.2.0
[INFO] [stderr]    Compiling adler32 v1.0.3
[INFO] [stderr]    Compiling num-derive v0.2.5
[INFO] [stderr]    Compiling shared_library v0.1.9
[INFO] [stderr]    Compiling libloading v0.5.2
[INFO] [stderr]    Compiling backtrace-sys v0.1.31
[INFO] [stderr]    Compiling getrandom v0.1.6
[INFO] [stderr]    Compiling num-rational v0.2.2
[INFO] [stderr]    Compiling crossbeam-deque v0.6.3
[INFO] [stderr]    Compiling num-iter v0.1.39
[INFO] [stderr]    Compiling lzw v0.10.0
[INFO] [stderr]    Compiling either v1.5.2
[INFO] [stderr]    Compiling percent-encoding v1.0.1
[INFO] [stderr]    Compiling ppv-lite86 v0.2.5
[INFO] [stderr]    Compiling rand_core v0.5.0
[INFO] [stderr]    Compiling dlib v0.4.1
[INFO] [stderr]    Compiling osmesa-sys v0.1.2
[INFO] [stderr]    Compiling wayland-sys v0.21.13
[INFO] [stderr]    Compiling inflate v0.4.5
[INFO] [stderr]    Compiling glutin_glx_sys v0.1.5
[INFO] [stderr]    Compiling glutin_egl_sys v0.1.3
[INFO] [stderr]    Compiling glium v0.25.1
[INFO] [stderr]    Compiling rayon v1.1.0
[INFO] [stderr] error: could not parse/generate dep info at: /opt/rustwide/target/debug/deps/ppv_lite86-7c0edce4bab579b5.d
[INFO] [stderr] 
[INFO] [stderr] Caused by:
[INFO] [stderr]   failed to write `/opt/rustwide/target/debug/.fingerprint/ppv-lite86-7c0edce4bab579b5/dep-lib-ppv_lite86`
[INFO] [stderr] 
[INFO] [stderr] Caused by:
[INFO] [stderr]   No space left on device (os error 28)
[INFO] [stderr] warning: build failed, waiting for other jobs to finish...
[INFO] [stderr] rustc-LLVM ERROR: IO failure on output stream: No space left on device
[INFO] [stderr] error: could not compile `inflate` (lib)
[INFO] [stderr] 
[INFO] [stderr] Caused by:
[INFO] [stderr]   No space left on device (os error 28)
[INFO] [stderr] 
[INFO] [stderr] Caused by:
[INFO] [stderr]   failed to parse process output: `/opt/rustwide/rustup-home/toolchains/nightly-2025-01-18-x86_64-unknown-linux-gnu/bin/rustc --crate-name inflate --edition=2015 /opt/rustwide/cargo-home/registry/src/index.crates.io-1949cf8c6b5b557f/inflate-0.4.5/src/lib.rs --error-format=json --json=diagnostic-rendered-ansi,artifacts,future-incompat --crate-type lib --emit=dep-info,metadata,link -C embed-bitcode=no -C debuginfo=2 --cfg 'feature="default"' --check-cfg 'cfg(docsrs,test)' --check-cfg 'cfg(feature, values("default", "unstable"))' -C metadata=55683fb9940e4c42 -C extra-filename=-27e5e7f6417e76e6 --out-dir /opt/rustwide/target/debug/deps -L dependency=/opt/rustwide/target/debug/deps --extern adler32=/opt/rustwide/target/debug/deps/libadler32-6ee344958985ffc6.rmeta --cap-lints allow --cap-lints=forbid -Zrandomize-layout` (exit status: 101)
[INFO] [stderr] rustc-LLVM ERROR: IO failure on output stream: No space left on device
[INFO] [stderr] error: could not compile `rayon-core` (lib)
[INFO] [stderr] 
[INFO] [stderr] Caused by:
[INFO] [stderr]   No space left on device (os error 28)
[INFO] [stderr] 
[INFO] [stderr] Caused by:
[INFO] [stderr]   failed to parse process output: `/opt/rustwide/rustup-home/toolchains/nightly-2025-01-18-x86_64-unknown-linux-gnu/bin/rustc --crate-name rayon_core --edition=2015 /opt/rustwide/cargo-home/registry/src/index.crates.io-1949cf8c6b5b557f/rayon-core-1.5.0/src/lib.rs --error-format=json --json=diagnostic-rendered-ansi,artifacts,future-incompat --crate-type lib --emit=dep-info,metadata,link -C embed-bitcode=no -C debuginfo=2 --check-cfg 'cfg(docsrs,test)' --check-cfg 'cfg(feature, values())' -C metadata=357603cf4f8d8ff7 -C extra-filename=-b77841ed60fc605e --out-dir /opt/rustwide/target/debug/deps -L dependency=/opt/rustwide/target/debug/deps --extern crossbeam_deque=/opt/rustwide/target/debug/deps/libcrossbeam_deque-3552127fcd6fd73f.rmeta --extern crossbeam_queue=/opt/rustwide/target/debug/deps/libcrossbeam_queue-95e409daabd20519.rmeta --extern crossbeam_utils=/opt/rustwide/target/debug/deps/libcrossbeam_utils-f9ad63d2494902e8.rmeta --extern lazy_static=/opt/rustwide/target/debug/deps/liblazy_static-33b3af47556425c3.rmeta --extern num_cpus=/opt/rustwide/target/debug/deps/libnum_cpus-fed37292bad24c7c.rmeta --cap-lints allow --cap-lints=forbid -Zrandomize-layout` (exit status: 101)
[INFO] [stdout] error: failed to write to `/opt/rustwide/target/debug/deps/rmetavAoBe6/lib.rmeta`: No space left on device (os error 28)
[INFO] [stdout] 
[INFO] [stdout] 
[INFO] [stderr] error: could not compile `num-traits` (lib) due to 1 previous error
[INFO] [stderr] warning: backtrace-sys@0.1.31: src/libbacktrace/sort.c:108:1: fatal error: error closing /tmp/ccbR6yNI.s: No space left on device
[INFO] [stderr] warning: backtrace-sys@0.1.31:   108 | }
[INFO] [stderr] warning: backtrace-sys@0.1.31:       | ^
[INFO] [stderr] warning: backtrace-sys@0.1.31: compilation terminated.
[INFO] [stderr] error: failed to run custom build command for `backtrace-sys v0.1.31`
[INFO] [stderr] note: To improve backtraces for build dependencies, set the CARGO_PROFILE_DEV_BUILD_OVERRIDE_DEBUG=true environment variable to enable debug information generation.
[INFO] [stderr] 
[INFO] [stderr] Caused by:
[INFO] [stderr]   process didn't exit successfully: `/opt/rustwide/target/debug/build/backtrace-sys-39085850fc5e815e/build-script-build` (exit status: 1)
[INFO] [stderr]   --- stdout
[INFO] [stderr]   cargo:rustc-cfg=rbt
[INFO] [stderr]   TARGET = Some("x86_64-unknown-linux-gnu")
[INFO] [stderr]   OPT_LEVEL = Some("0")
[INFO] [stderr]   HOST = Some("x86_64-unknown-linux-gnu")
[INFO] [stderr]   CC_x86_64-unknown-linux-gnu = None
[INFO] [stderr]   CC_x86_64_unknown_linux_gnu = None
[INFO] [stderr]   HOST_CC = None
[INFO] [stderr]   CC = None
[INFO] [stderr]   CFLAGS_x86_64-unknown-linux-gnu = None
[INFO] [stderr]   CFLAGS_x86_64_unknown_linux_gnu = None
[INFO] [stderr]   HOST_CFLAGS = None
[INFO] [stderr]   CFLAGS = None
[INFO] [stderr]   CRATE_CC_NO_DEFAULTS = None
[INFO] [stderr]   CARGO_CFG_TARGET_FEATURE = Some("fxsr,sse,sse2,x87")
[INFO] [stderr]   running: "cc" "-O0" "-ffunction-sections" "-fdata-sections" "-fPIC" "-m64" "-I" "src/libbacktrace" "-I" "/opt/rustwide/target/debug/build/backtrace-sys-8176226a38e24587/out" "-fvisibility=hidden" "-DBACKTRACE_ELF_SIZE=64" "-DBACKTRACE_SUPPORTED=1" "-DBACKTRACE_USES_MALLOC=1" "-DBACKTRACE_SUPPORTS_THREADS=0" "-DBACKTRACE_SUPPORTS_DATA=0" "-DHAVE_DL_ITERATE_PHDR=1" "-D_GNU_SOURCE=1" "-D_LARGE_FILES=1" "-Dbacktrace_full=__rbt_backtrace_full" "-Dbacktrace_dwarf_add=__rbt_backtrace_dwarf_add" "-Dbacktrace_initialize=__rbt_backtrace_initialize" "-Dbacktrace_pcinfo=__rbt_backtrace_pcinfo" "-Dbacktrace_syminfo=__rbt_backtrace_syminfo" "-Dbacktrace_get_view=__rbt_backtrace_get_view" "-Dbacktrace_release_view=__rbt_backtrace_release_view" "-Dbacktrace_alloc=__rbt_backtrace_alloc" "-Dbacktrace_free=__rbt_backtrace_free" "-Dbacktrace_vector_finish=__rbt_backtrace_vector_finish" "-Dbacktrace_vector_grow=__rbt_backtrace_vector_grow" "-Dbacktrace_vector_release=__rbt_backtrace_vector_release" "-Dbacktrace_close=__rbt_backtrace_close" "-Dbacktrace_open=__rbt_backtrace_open" "-Dbacktrace_print=__rbt_backtrace_print" "-Dbacktrace_simple=__rbt_backtrace_simple" "-Dbacktrace_qsort=__rbt_backtrace_qsort" "-Dbacktrace_create_state=__rbt_backtrace_create_state" "-Dbacktrace_uncompress_zdebug=__rbt_backtrace_uncompress_zdebug" "-Dmacho_get_view=__rbt_macho_get_view" "-Dmacho_symbol_type_relevant=__rbt_macho_symbol_type_relevant" "-Dmacho_get_commands=__rbt_macho_get_commands" "-Dmacho_try_dsym=__rbt_macho_try_dsym" "-Dmacho_try_dwarf=__rbt_macho_try_dwarf" "-Dmacho_get_addr_range=__rbt_macho_get_addr_range" "-Dmacho_get_uuid=__rbt_macho_get_uuid" "-Dmacho_add=__rbt_macho_add" "-Dmacho_add_symtab=__rbt_macho_add_symtab" "-Dmacho_file_to_host_u64=__rbt_macho_file_to_host_u64" "-Dmacho_file_to_host_u32=__rbt_macho_file_to_host_u32" "-Dmacho_file_to_host_u16=__rbt_macho_file_to_host_u16" "-o" "/opt/rustwide/target/debug/build/backtrace-sys-8176226a38e24587/out/src/libbacktrace/alloc.o" "-c" "src/libbacktrace/alloc.c"
[INFO] [stderr]   exit status: 0
[INFO] [stderr]   running: "cc" "-O0" "-ffunction-sections" "-fdata-sections" "-fPIC" "-m64" "-I" "src/libbacktrace" "-I" "/opt/rustwide/target/debug/build/backtrace-sys-8176226a38e24587/out" "-fvisibility=hidden" "-DBACKTRACE_ELF_SIZE=64" "-DBACKTRACE_SUPPORTED=1" "-DBACKTRACE_USES_MALLOC=1" "-DBACKTRACE_SUPPORTS_THREADS=0" "-DBACKTRACE_SUPPORTS_DATA=0" "-DHAVE_DL_ITERATE_PHDR=1" "-D_GNU_SOURCE=1" "-D_LARGE_FILES=1" "-Dbacktrace_full=__rbt_backtrace_full" "-Dbacktrace_dwarf_add=__rbt_backtrace_dwarf_add" "-Dbacktrace_initialize=__rbt_backtrace_initialize" "-Dbacktrace_pcinfo=__rbt_backtrace_pcinfo" "-Dbacktrace_syminfo=__rbt_backtrace_syminfo" "-Dbacktrace_get_view=__rbt_backtrace_get_view" "-Dbacktrace_release_view=__rbt_backtrace_release_view" "-Dbacktrace_alloc=__rbt_backtrace_alloc" "-Dbacktrace_free=__rbt_backtrace_free" "-Dbacktrace_vector_finish=__rbt_backtrace_vector_finish" "-Dbacktrace_vector_grow=__rbt_backtrace_vector_grow" "-Dbacktrace_vector_release=__rbt_backtrace_vector_release" "-Dbacktrace_close=__rbt_backtrace_close" "-Dbacktrace_open=__rbt_backtrace_open" "-Dbacktrace_print=__rbt_backtrace_print" "-Dbacktrace_simple=__rbt_backtrace_simple" "-Dbacktrace_qsort=__rbt_backtrace_qsort" "-Dbacktrace_create_state=__rbt_backtrace_create_state" "-Dbacktrace_uncompress_zdebug=__rbt_backtrace_uncompress_zdebug" "-Dmacho_get_view=__rbt_macho_get_view" "-Dmacho_symbol_type_relevant=__rbt_macho_symbol_type_relevant" "-Dmacho_get_commands=__rbt_macho_get_commands" "-Dmacho_try_dsym=__rbt_macho_try_dsym" "-Dmacho_try_dwarf=__rbt_macho_try_dwarf" "-Dmacho_get_addr_range=__rbt_macho_get_addr_range" "-Dmacho_get_uuid=__rbt_macho_get_uuid" "-Dmacho_add=__rbt_macho_add" "-Dmacho_add_symtab=__rbt_macho_add_symtab" "-Dmacho_file_to_host_u64=__rbt_macho_file_to_host_u64" "-Dmacho_file_to_host_u32=__rbt_macho_file_to_host_u32" "-Dmacho_file_to_host_u16=__rbt_macho_file_to_host_u16" "-o" "/opt/rustwide/target/debug/build/backtrace-sys-8176226a38e24587/out/src/libbacktrace/dwarf.o" "-c" "src/libbacktrace/dwarf.c"
[INFO] [stderr]   exit status: 0
[INFO] [stderr]   running: "cc" "-O0" "-ffunction-sections" "-fdata-sections" "-fPIC" "-m64" "-I" "src/libbacktrace" "-I" "/opt/rustwide/target/debug/build/backtrace-sys-8176226a38e24587/out" "-fvisibility=hidden" "-DBACKTRACE_ELF_SIZE=64" "-DBACKTRACE_SUPPORTED=1" "-DBACKTRACE_USES_MALLOC=1" "-DBACKTRACE_SUPPORTS_THREADS=0" "-DBACKTRACE_SUPPORTS_DATA=0" "-DHAVE_DL_ITERATE_PHDR=1" "-D_GNU_SOURCE=1" "-D_LARGE_FILES=1" "-Dbacktrace_full=__rbt_backtrace_full" "-Dbacktrace_dwarf_add=__rbt_backtrace_dwarf_add" "-Dbacktrace_initialize=__rbt_backtrace_initialize" "-Dbacktrace_pcinfo=__rbt_backtrace_pcinfo" "-Dbacktrace_syminfo=__rbt_backtrace_syminfo" "-Dbacktrace_get_view=__rbt_backtrace_get_view" "-Dbacktrace_release_view=__rbt_backtrace_release_view" "-Dbacktrace_alloc=__rbt_backtrace_alloc" "-Dbacktrace_free=__rbt_backtrace_free" "-Dbacktrace_vector_finish=__rbt_backtrace_vector_finish" "-Dbacktrace_vector_grow=__rbt_backtrace_vector_grow" "-Dbacktrace_vector_release=__rbt_backtrace_vector_release" "-Dbacktrace_close=__rbt_backtrace_close" "-Dbacktrace_open=__rbt_backtrace_open" "-Dbacktrace_print=__rbt_backtrace_print" "-Dbacktrace_simple=__rbt_backtrace_simple" "-Dbacktrace_qsort=__rbt_backtrace_qsort" "-Dbacktrace_create_state=__rbt_backtrace_create_state" "-Dbacktrace_uncompress_zdebug=__rbt_backtrace_uncompress_zdebug" "-Dmacho_get_view=__rbt_macho_get_view" "-Dmacho_symbol_type_relevant=__rbt_macho_symbol_type_relevant" "-Dmacho_get_commands=__rbt_macho_get_commands" "-Dmacho_try_dsym=__rbt_macho_try_dsym" "-Dmacho_try_dwarf=__rbt_macho_try_dwarf" "-Dmacho_get_addr_range=__rbt_macho_get_addr_range" "-Dmacho_get_uuid=__rbt_macho_get_uuid" "-Dmacho_add=__rbt_macho_add" "-Dmacho_add_symtab=__rbt_macho_add_symtab" "-Dmacho_file_to_host_u64=__rbt_macho_file_to_host_u64" "-Dmacho_file_to_host_u32=__rbt_macho_file_to_host_u32" "-Dmacho_file_to_host_u16=__rbt_macho_file_to_host_u16" "-o" "/opt/rustwide/target/debug/build/backtrace-sys-8176226a38e24587/out/src/libbacktrace/fileline.o" "-c" "src/libbacktrace/fileline.c"
[INFO] [stderr]   exit status: 0
[INFO] [stderr]   running: "cc" "-O0" "-ffunction-sections" "-fdata-sections" "-fPIC" "-m64" "-I" "src/libbacktrace" "-I" "/opt/rustwide/target/debug/build/backtrace-sys-8176226a38e24587/out" "-fvisibility=hidden" "-DBACKTRACE_ELF_SIZE=64" "-DBACKTRACE_SUPPORTED=1" "-DBACKTRACE_USES_MALLOC=1" "-DBACKTRACE_SUPPORTS_THREADS=0" "-DBACKTRACE_SUPPORTS_DATA=0" "-DHAVE_DL_ITERATE_PHDR=1" "-D_GNU_SOURCE=1" "-D_LARGE_FILES=1" "-Dbacktrace_full=__rbt_backtrace_full" "-Dbacktrace_dwarf_add=__rbt_backtrace_dwarf_add" "-Dbacktrace_initialize=__rbt_backtrace_initialize" "-Dbacktrace_pcinfo=__rbt_backtrace_pcinfo" "-Dbacktrace_syminfo=__rbt_backtrace_syminfo" "-Dbacktrace_get_view=__rbt_backtrace_get_view" "-Dbacktrace_release_view=__rbt_backtrace_release_view" "-Dbacktrace_alloc=__rbt_backtrace_alloc" "-Dbacktrace_free=__rbt_backtrace_free" "-Dbacktrace_vector_finish=__rbt_backtrace_vector_finish" "-Dbacktrace_vector_grow=__rbt_backtrace_vector_grow" "-Dbacktrace_vector_release=__rbt_backtrace_vector_release" "-Dbacktrace_close=__rbt_backtrace_close" "-Dbacktrace_open=__rbt_backtrace_open" "-Dbacktrace_print=__rbt_backtrace_print" "-Dbacktrace_simple=__rbt_backtrace_simple" "-Dbacktrace_qsort=__rbt_backtrace_qsort" "-Dbacktrace_create_state=__rbt_backtrace_create_state" "-Dbacktrace_uncompress_zdebug=__rbt_backtrace_uncompress_zdebug" "-Dmacho_get_view=__rbt_macho_get_view" "-Dmacho_symbol_type_relevant=__rbt_macho_symbol_type_relevant" "-Dmacho_get_commands=__rbt_macho_get_commands" "-Dmacho_try_dsym=__rbt_macho_try_dsym" "-Dmacho_try_dwarf=__rbt_macho_try_dwarf" "-Dmacho_get_addr_range=__rbt_macho_get_addr_range" "-Dmacho_get_uuid=__rbt_macho_get_uuid" "-Dmacho_add=__rbt_macho_add" "-Dmacho_add_symtab=__rbt_macho_add_symtab" "-Dmacho_file_to_host_u64=__rbt_macho_file_to_host_u64" "-Dmacho_file_to_host_u32=__rbt_macho_file_to_host_u32" "-Dmacho_file_to_host_u16=__rbt_macho_file_to_host_u16" "-o" "/opt/rustwide/target/debug/build/backtrace-sys-8176226a38e24587/out/src/libbacktrace/posix.o" "-c" "src/libbacktrace/posix.c"
[INFO] [stderr]   exit status: 0
[INFO] [stderr]   running: "cc" "-O0" "-ffunction-sections" "-fdata-sections" "-fPIC" "-m64" "-I" "src/libbacktrace" "-I" "/opt/rustwide/target/debug/build/backtrace-sys-8176226a38e24587/out" "-fvisibility=hidden" "-DBACKTRACE_ELF_SIZE=64" "-DBACKTRACE_SUPPORTED=1" "-DBACKTRACE_USES_MALLOC=1" "-DBACKTRACE_SUPPORTS_THREADS=0" "-DBACKTRACE_SUPPORTS_DATA=0" "-DHAVE_DL_ITERATE_PHDR=1" "-D_GNU_SOURCE=1" "-D_LARGE_FILES=1" "-Dbacktrace_full=__rbt_backtrace_full" "-Dbacktrace_dwarf_add=__rbt_backtrace_dwarf_add" "-Dbacktrace_initialize=__rbt_backtrace_initialize" "-Dbacktrace_pcinfo=__rbt_backtrace_pcinfo" "-Dbacktrace_syminfo=__rbt_backtrace_syminfo" "-Dbacktrace_get_view=__rbt_backtrace_get_view" "-Dbacktrace_release_view=__rbt_backtrace_release_view" "-Dbacktrace_alloc=__rbt_backtrace_alloc" "-Dbacktrace_free=__rbt_backtrace_free" "-Dbacktrace_vector_finish=__rbt_backtrace_vector_finish" "-Dbacktrace_vector_grow=__rbt_backtrace_vector_grow" "-Dbacktrace_vector_release=__rbt_backtrace_vector_release" "-Dbacktrace_close=__rbt_backtrace_close" "-Dbacktrace_open=__rbt_backtrace_open" "-Dbacktrace_print=__rbt_backtrace_print" "-Dbacktrace_simple=__rbt_backtrace_simple" "-Dbacktrace_qsort=__rbt_backtrace_qsort" "-Dbacktrace_create_state=__rbt_backtrace_create_state" "-Dbacktrace_uncompress_zdebug=__rbt_backtrace_uncompress_zdebug" "-Dmacho_get_view=__rbt_macho_get_view" "-Dmacho_symbol_type_relevant=__rbt_macho_symbol_type_relevant" "-Dmacho_get_commands=__rbt_macho_get_commands" "-Dmacho_try_dsym=__rbt_macho_try_dsym" "-Dmacho_try_dwarf=__rbt_macho_try_dwarf" "-Dmacho_get_addr_range=__rbt_macho_get_addr_range" "-Dmacho_get_uuid=__rbt_macho_get_uuid" "-Dmacho_add=__rbt_macho_add" "-Dmacho_add_symtab=__rbt_macho_add_symtab" "-Dmacho_file_to_host_u64=__rbt_macho_file_to_host_u64" "-Dmacho_file_to_host_u32=__rbt_macho_file_to_host_u32" "-Dmacho_file_to_host_u16=__rbt_macho_file_to_host_u16" "-o" "/opt/rustwide/target/debug/build/backtrace-sys-8176226a38e24587/out/src/libbacktrace/read.o" "-c" "src/libbacktrace/read.c"
[INFO] [stderr]   exit status: 0
[INFO] [stderr]   running: "cc" "-O0" "-ffunction-sections" "-fdata-sections" "-fPIC" "-m64" "-I" "src/libbacktrace" "-I" "/opt/rustwide/target/debug/build/backtrace-sys-8176226a38e24587/out" "-fvisibility=hidden" "-DBACKTRACE_ELF_SIZE=64" "-DBACKTRACE_SUPPORTED=1" "-DBACKTRACE_USES_MALLOC=1" "-DBACKTRACE_SUPPORTS_THREADS=0" "-DBACKTRACE_SUPPORTS_DATA=0" "-DHAVE_DL_ITERATE_PHDR=1" "-D_GNU_SOURCE=1" "-D_LARGE_FILES=1" "-Dbacktrace_full=__rbt_backtrace_full" "-Dbacktrace_dwarf_add=__rbt_backtrace_dwarf_add" "-Dbacktrace_initialize=__rbt_backtrace_initialize" "-Dbacktrace_pcinfo=__rbt_backtrace_pcinfo" "-Dbacktrace_syminfo=__rbt_backtrace_syminfo" "-Dbacktrace_get_view=__rbt_backtrace_get_view" "-Dbacktrace_release_view=__rbt_backtrace_release_view" "-Dbacktrace_alloc=__rbt_backtrace_alloc" "-Dbacktrace_free=__rbt_backtrace_free" "-Dbacktrace_vector_finish=__rbt_backtrace_vector_finish" "-Dbacktrace_vector_grow=__rbt_backtrace_vector_grow" "-Dbacktrace_vector_release=__rbt_backtrace_vector_release" "-Dbacktrace_close=__rbt_backtrace_close" "-Dbacktrace_open=__rbt_backtrace_open" "-Dbacktrace_print=__rbt_backtrace_print" "-Dbacktrace_simple=__rbt_backtrace_simple" "-Dbacktrace_qsort=__rbt_backtrace_qsort" "-Dbacktrace_create_state=__rbt_backtrace_create_state" "-Dbacktrace_uncompress_zdebug=__rbt_backtrace_uncompress_zdebug" "-Dmacho_get_view=__rbt_macho_get_view" "-Dmacho_symbol_type_relevant=__rbt_macho_symbol_type_relevant" "-Dmacho_get_commands=__rbt_macho_get_commands" "-Dmacho_try_dsym=__rbt_macho_try_dsym" "-Dmacho_try_dwarf=__rbt_macho_try_dwarf" "-Dmacho_get_addr_range=__rbt_macho_get_addr_range" "-Dmacho_get_uuid=__rbt_macho_get_uuid" "-Dmacho_add=__rbt_macho_add" "-Dmacho_add_symtab=__rbt_macho_add_symtab" "-Dmacho_file_to_host_u64=__rbt_macho_file_to_host_u64" "-Dmacho_file_to_host_u32=__rbt_macho_file_to_host_u32" "-Dmacho_file_to_host_u16=__rbt_macho_file_to_host_u16" "-o" "/opt/rustwide/target/debug/build/backtrace-sys-8176226a38e24587/out/src/libbacktrace/sort.o" "-c" "src/libbacktrace/sort.c"
[INFO] [stderr]   cargo:warning=src/libbacktrace/sort.c:108:1: fatal error: error closing /tmp/ccbR6yNI.s: No space left on device
[INFO] [stderr]   cargo:warning=  108 | }
[INFO] [stderr]   cargo:warning=      | ^
[INFO] [stderr]   cargo:warning=compilation terminated.
[INFO] [stderr]   exit status: 1
[INFO] [stderr] 
[INFO] [stderr]   --- stderr
[INFO] [stderr] 
[INFO] [stderr] 
[INFO] [stderr]   error occurred: Command "cc" "-O0" "-ffunction-sections" "-fdata-sections" "-fPIC" "-m64" "-I" "src/libbacktrace" "-I" "/opt/rustwide/target/debug/build/backtrace-sys-8176226a38e24587/out" "-fvisibility=hidden" "-DBACKTRACE_ELF_SIZE=64" "-DBACKTRACE_SUPPORTED=1" "-DBACKTRACE_USES_MALLOC=1" "-DBACKTRACE_SUPPORTS_THREADS=0" "-DBACKTRACE_SUPPORTS_DATA=0" "-DHAVE_DL_ITERATE_PHDR=1" "-D_GNU_SOURCE=1" "-D_LARGE_FILES=1" "-Dbacktrace_full=__rbt_backtrace_full" "-Dbacktrace_dwarf_add=__rbt_backtrace_dwarf_add" "-Dbacktrace_initialize=__rbt_backtrace_initialize" "-Dbacktrace_pcinfo=__rbt_backtrace_pcinfo" "-Dbacktrace_syminfo=__rbt_backtrace_syminfo" "-Dbacktrace_get_view=__rbt_backtrace_get_view" "-Dbacktrace_release_view=__rbt_backtrace_release_view" "-Dbacktrace_alloc=__rbt_backtrace_alloc" "-Dbacktrace_free=__rbt_backtrace_free" "-Dbacktrace_vector_finish=__rbt_backtrace_vector_finish" "-Dbacktrace_vector_grow=__rbt_backtrace_vector_grow" "-Dbacktrace_vector_release=__rbt_backtrace_vector_release" "-Dbacktrace_close=__rbt_backtrace_close" "-Dbacktrace_open=__rbt_backtrace_open" "-Dbacktrace_print=__rbt_backtrace_print" "-Dbacktrace_simple=__rbt_backtrace_simple" "-Dbacktrace_qsort=__rbt_backtrace_qsort" "-Dbacktrace_create_state=__rbt_backtrace_create_state" "-Dbacktrace_uncompress_zdebug=__rbt_backtrace_uncompress_zdebug" "-Dmacho_get_view=__rbt_macho_get_view" "-Dmacho_symbol_type_relevant=__rbt_macho_symbol_type_relevant" "-Dmacho_get_commands=__rbt_macho_get_commands" "-Dmacho_try_dsym=__rbt_macho_try_dsym" "-Dmacho_try_dwarf=__rbt_macho_try_dwarf" "-Dmacho_get_addr_range=__rbt_macho_get_addr_range" "-Dmacho_get_uuid=__rbt_macho_get_uuid" "-Dmacho_add=__rbt_macho_add" "-Dmacho_add_symtab=__rbt_macho_add_symtab" "-Dmacho_file_to_host_u64=__rbt_macho_file_to_host_u64" "-Dmacho_file_to_host_u32=__rbt_macho_file_to_host_u32" "-Dmacho_file_to_host_u16=__rbt_macho_file_to_host_u16" "-o" "/opt/rustwide/target/debug/build/backtrace-sys-8176226a38e24587/out/src/libbacktrace/sort.o" "-c" "src/libbacktrace/sort.c" with args "cc" did not execute successfully (status code exit status: 1).
[INFO] [stderr] 
[INFO] [stderr] 
[INFO] [stdout] error: error writing dependencies to `/opt/rustwide/target/debug/deps/rayon-fdb8e3d0fd789ca2.d`: No space left on device (os error 28)
[INFO] [stdout] 
[INFO] [stdout] 
[INFO] [stderr] error: could not compile `rayon` (lib) due to 1 previous error
[INFO] [stdout] error: failed to write to `/opt/rustwide/target/debug/deps/rmetaZRDKO1/lib.rmeta`: No space left on device (os error 28)
[INFO] [stdout] 
[INFO] [stdout] 
[INFO] [stderr] error: could not compile `parking_lot_core` (lib) due to 1 previous error
[INFO] [stderr] rustc-LLVM ERROR: IO failure on output stream: No space left on device
[INFO] [stderr] error: could not parse/generate dep info at: /opt/rustwide/target/debug/deps/wayland_sys-9c2f3eee4db7f2d0.d
[INFO] [stderr] 
[INFO] [stderr] Caused by:
[INFO] [stderr]   failed to write `/opt/rustwide/target/debug/.fingerprint/wayland-sys-9c2f3eee4db7f2d0/dep-lib-wayland_sys`
[INFO] [stderr] 
[INFO] [stderr] Caused by:
[INFO] [stderr]   No space left on device (os error 28)
[INFO] [stderr] rustc-LLVM ERROR: IO failure on output stream: No space left on device
[INFO] [stdout] error: couldn't create a temp dir: No space left on device (os error 28) at path "/opt/rustwide/target/debug/deps/rmetazltqol"
[INFO] [stdout] 
[INFO] [stdout] 
[INFO] [stderr] error: could not compile `glutin_glx_sys` (build script)
[INFO] [stderr] 
[INFO] [stderr] Caused by:
[INFO] [stderr]   No space left on device (os error 28)
[INFO] [stderr] 
[INFO] [stderr] Caused by:
[INFO] [stderr]   failed to parse process output: `/opt/rustwide/rustup-home/toolchains/nightly-2025-01-18-x86_64-unknown-linux-gnu/bin/rustc --crate-name build_script_build --edition=2018 /opt/rustwide/cargo-home/registry/src/index.crates.io-1949cf8c6b5b557f/glutin_glx_sys-0.1.5/build.rs --error-format=json --json=diagnostic-rendered-ansi,artifacts,future-incompat --crate-type bin --emit=dep-info,link -C embed-bitcode=no --check-cfg 'cfg(docsrs,test)' --check-cfg 'cfg(feature, values())' -C metadata=ad305d74039ca4f8 -C extra-filename=-46ad282c684ebe7b --out-dir /opt/rustwide/target/debug/build/glutin_glx_sys-46ad282c684ebe7b -L dependency=/opt/rustwide/target/debug/deps --extern gl_generator=/opt/rustwide/target/debug/deps/libgl_generator-ce12fb82f24fdcbd.rlib --cap-lints allow --cap-lints=forbid -Zrandomize-layout` (exit status: 101)
[INFO] [stderr] error: could not compile `glutin_egl_sys` (build script)
[INFO] [stderr] 
[INFO] [stderr] Caused by:
[INFO] [stderr]   No space left on device (os error 28)
[INFO] [stderr] 
[INFO] [stderr] Caused by:
[INFO] [stderr]   failed to parse process output: `/opt/rustwide/rustup-home/toolchains/nightly-2025-01-18-x86_64-unknown-linux-gnu/bin/rustc --crate-name build_script_build --edition=2018 /opt/rustwide/cargo-home/registry/src/index.crates.io-1949cf8c6b5b557f/glutin_egl_sys-0.1.3/build.rs --error-format=json --json=diagnostic-rendered-ansi,artifacts,future-incompat --crate-type bin --emit=dep-info,link -C embed-bitcode=no --check-cfg 'cfg(docsrs,test)' --check-cfg 'cfg(feature, values())' -C metadata=7fba727072899446 -C extra-filename=-fc189c20c25585df --out-dir /opt/rustwide/target/debug/build/glutin_egl_sys-fc189c20c25585df -L dependency=/opt/rustwide/target/debug/deps --extern gl_generator=/opt/rustwide/target/debug/deps/libgl_generator-ce12fb82f24fdcbd.rlib --cap-lints allow --cap-lints=forbid -Zrandomize-layout` (exit status: 101)
[INFO] [stderr] error: could not compile `wayland-scanner` (lib) due to 1 previous error
[INFO] [stderr] rustc-LLVM ERROR: IO failure on output stream: No space left on device
[INFO] [stderr] error: could not compile `glium` (build script)
[INFO] [stderr] 
[INFO] [stderr] Caused by:
[INFO] [stderr]   No space left on device (os error 28)
[INFO] [stderr] 
[INFO] [stderr] Caused by:
[INFO] [stderr]   failed to parse process output: `/opt/rustwide/rustup-home/toolchains/nightly-2025-01-18-x86_64-unknown-linux-gnu/bin/rustc --crate-name build_script_main --edition=2015 /opt/rustwide/cargo-home/registry/src/index.crates.io-1949cf8c6b5b557f/glium-0.25.1/build/main.rs --error-format=json --json=diagnostic-rendered-ansi,artifacts,future-incompat --crate-type bin --emit=dep-info,link -C embed-bitcode=no --cfg 'feature="default"' --cfg 'feature="glutin"' --check-cfg 'cfg(docsrs,test)' --check-cfg 'cfg(feature, values("default", "glutin", "icon_loading", "test_headless", "unstable"))' -C metadata=0cebaf7fa4bc52ba -C extra-filename=-419d9fc0b64bfd0c --out-dir /opt/rustwide/target/debug/build/glium-419d9fc0b64bfd0c -L dependency=/opt/rustwide/target/debug/deps --extern gl_generator=/opt/rustwide/target/debug/deps/libgl_generator-ce12fb82f24fdcbd.rlib --cap-lints allow --cap-lints=forbid -Zrandomize-layout` (exit status: 101)
[INFO] running `Command { std: "docker" "inspect" "eb1eb8d40b30fe8160e5356e38a351a0d03ada2b68033d48a456ed3f05f8ed99", kill_on_drop: false }`
[INFO] running `Command { std: "docker" "rm" "-f" "eb1eb8d40b30fe8160e5356e38a351a0d03ada2b68033d48a456ed3f05f8ed99", kill_on_drop: false }`
[INFO] [stdout] eb1eb8d40b30fe8160e5356e38a351a0d03ada2b68033d48a456ed3f05f8ed99
