[INFO] cloning repository https://github.com/vgisclabs/sequoia-chameleon-gnupg
[INFO] running `Command { std: "git" "-c" "credential.helper=" "-c" "credential.helper=/workspace/cargo-home/bin/git-credential-null" "clone" "--bare" "https://github.com/vgisclabs/sequoia-chameleon-gnupg" "/workspace/cache/git-repos/https%3A%2F%2Fgithub.com%2Fvgisclabs%2Fsequoia-chameleon-gnupg", kill_on_drop: false }`
[INFO] [stderr] Cloning into bare repository '/workspace/cache/git-repos/https%3A%2F%2Fgithub.com%2Fvgisclabs%2Fsequoia-chameleon-gnupg'...
[INFO] running `Command { std: "git" "rev-parse" "HEAD", kill_on_drop: false }`
[INFO] [stdout] baeb68d59f3af6bfb15bf7bc1562ba922e58bfa7
[INFO] testing vgisclabs/sequoia-chameleon-gnupg/baeb68d59f3af6bfb15bf7bc1562ba922e58bfa7 against nightly-2025-01-18 for randomize-layout-2
[INFO] running `Command { std: "git" "clone" "/workspace/cache/git-repos/https%3A%2F%2Fgithub.com%2Fvgisclabs%2Fsequoia-chameleon-gnupg" "/workspace/builds/worker-5-tc1/source", kill_on_drop: false }`
[INFO] [stderr] Cloning into '/workspace/builds/worker-5-tc1/source'...
[INFO] [stderr] done.
[INFO] validating manifest of git repo https://github.com/vgisclabs/sequoia-chameleon-gnupg on toolchain nightly-2025-01-18
[INFO] running `Command { std: CARGO_HOME="/workspace/cargo-home" RUSTUP_HOME="/workspace/rustup-home" "/workspace/cargo-home/bin/cargo" "+nightly-2025-01-18" "metadata" "--manifest-path" "Cargo.toml" "--no-deps", kill_on_drop: false }`
[INFO] started tweaking git repo https://github.com/vgisclabs/sequoia-chameleon-gnupg
[INFO] finished tweaking git repo https://github.com/vgisclabs/sequoia-chameleon-gnupg
[INFO] tweaked toml for git repo https://github.com/vgisclabs/sequoia-chameleon-gnupg written to /workspace/builds/worker-5-tc1/source/Cargo.toml
[INFO] crate git repo https://github.com/vgisclabs/sequoia-chameleon-gnupg already has a lockfile, it will not be regenerated
[INFO] running `Command { std: CARGO_HOME="/workspace/cargo-home" RUSTUP_HOME="/workspace/rustup-home" "/workspace/cargo-home/bin/cargo" "+nightly-2025-01-18" "fetch" "--manifest-path" "Cargo.toml", kill_on_drop: false }`
[INFO] [stderr]     Updating crates.io index
[INFO] [stderr]  Downloading crates ...
[INFO] [stderr]   Downloaded nettle-sys v2.3.0
[INFO] [stderr]   Downloaded stfu8 v0.2.7
[INFO] [stderr]   Downloaded sequoia-policy-config v0.6.0
[INFO] [stderr]   Downloaded ntest_test_cases v0.9.3
[INFO] [stderr]   Downloaded streaming-stats v0.1.29
[INFO] [stderr]   Downloaded clap_mangen v0.2.23
[INFO] [stderr]   Downloaded clap_complete v4.5.24
[INFO] [stderr]   Downloaded hickory-client v0.24.1
[INFO] [stderr]   Downloaded sequoia-net v0.28.0
[INFO] [stderr]   Downloaded win-crypto-ng v0.5.1
[INFO] [stderr]   Downloaded capnp-rpc v0.19.2
[INFO] [stderr]   Downloaded sequoia-gpg-agent v0.4.2
[INFO] [stderr]   Downloaded capnp v0.19.6
[INFO] [stderr]   Downloaded enumber v0.3.1
[INFO] [stderr]   Downloaded sequoia-cert-store v0.6.0
[INFO] [stderr]   Downloaded openpgp-cert-d v0.3.2
[INFO] [stderr]   Downloaded ntest v0.9.3
[INFO] [stderr]   Downloaded roff v0.2.2
[INFO] [stderr]   Downloaded capnp-futures v0.19.0
[INFO] [stderr]   Downloaded z-base-32 v0.1.4
[INFO] [stderr]   Downloaded botan v0.10.7
[INFO] [stderr]   Downloaded histo v1.0.0
[INFO] [stderr]   Downloaded botan-sys v0.10.5
[INFO] [stderr]   Downloaded ntest_timeout v0.9.3
[INFO] [stderr]   Downloaded nettle v7.4.0
[INFO] [stderr]   Downloaded openssh-keys v0.6.4
[INFO] [stderr]   Downloaded sequoia-wot v0.12.0
[INFO] [stderr]   Downloaded daemonize v0.5.0
[INFO] [stderr]   Downloaded sequoia-ipc v0.35.0
[INFO] running `Command { std: "docker" "create" "-v" "/var/lib/crater-agent-workspace/builds/worker-5-tc1/target:/opt/rustwide/target:rw,Z" "-v" "/var/lib/crater-agent-workspace/builds/worker-5-tc1/source:/opt/rustwide/workdir:ro,Z" "-v" "/var/lib/crater-agent-workspace/cargo-home:/opt/rustwide/cargo-home:ro,Z" "-v" "/var/lib/crater-agent-workspace/rustup-home:/opt/rustwide/rustup-home:ro,Z" "-e" "SOURCE_DIR=/opt/rustwide/workdir" "-e" "CARGO_TARGET_DIR=/opt/rustwide/target" "-e" "CARGO_HOME=/opt/rustwide/cargo-home" "-e" "RUSTUP_HOME=/opt/rustwide/rustup-home" "-w" "/opt/rustwide/workdir" "-m" "1610612736" "--user" "0:0" "--network" "none" "ghcr.io/rust-lang/crates-build-env/linux@sha256:819108c5571ea2e421544af4d832f968d213c87fbe3707a016657f43d2f853bc" "/opt/rustwide/cargo-home/bin/cargo" "+nightly-2025-01-18" "metadata" "--no-deps" "--format-version=1", kill_on_drop: false }`
[INFO] [stdout] 888cbf4bbf5ae07c60916f6a6d93949186768b33bc07840654d6170b228bbdf4
[INFO] running `Command { std: "docker" "start" "-a" "888cbf4bbf5ae07c60916f6a6d93949186768b33bc07840654d6170b228bbdf4", kill_on_drop: false }`
[INFO] running `Command { std: "docker" "inspect" "888cbf4bbf5ae07c60916f6a6d93949186768b33bc07840654d6170b228bbdf4", kill_on_drop: false }`
[INFO] running `Command { std: "docker" "rm" "-f" "888cbf4bbf5ae07c60916f6a6d93949186768b33bc07840654d6170b228bbdf4", kill_on_drop: false }`
[INFO] [stdout] 888cbf4bbf5ae07c60916f6a6d93949186768b33bc07840654d6170b228bbdf4
[INFO] running `Command { std: "docker" "create" "-v" "/var/lib/crater-agent-workspace/builds/worker-5-tc1/target:/opt/rustwide/target:rw,Z" "-v" "/var/lib/crater-agent-workspace/builds/worker-5-tc1/source:/opt/rustwide/workdir:ro,Z" "-v" "/var/lib/crater-agent-workspace/cargo-home:/opt/rustwide/cargo-home:ro,Z" "-v" "/var/lib/crater-agent-workspace/rustup-home:/opt/rustwide/rustup-home:ro,Z" "-e" "SOURCE_DIR=/opt/rustwide/workdir" "-e" "CARGO_TARGET_DIR=/opt/rustwide/target" "-e" "CARGO_INCREMENTAL=0" "-e" "RUST_BACKTRACE=full" "-e" "RUSTFLAGS=--cap-lints=forbid" "-e" "RUSTDOCFLAGS=--cap-lints=forbid" "-e" "CARGO_HOME=/opt/rustwide/cargo-home" "-e" "RUSTUP_HOME=/opt/rustwide/rustup-home" "-w" "/opt/rustwide/workdir" "-m" "1610612736" "--user" "0:0" "--network" "none" "ghcr.io/rust-lang/crates-build-env/linux@sha256:819108c5571ea2e421544af4d832f968d213c87fbe3707a016657f43d2f853bc" "/opt/rustwide/cargo-home/bin/cargo" "+nightly-2025-01-18" "build" "--frozen" "--message-format=json", kill_on_drop: false }`
[INFO] [stdout] 7a11fceb3cad4660f38b0f25e3544790187854ba654e0bd4442ffa1e4426ef43
[INFO] running `Command { std: "docker" "start" "-a" "7a11fceb3cad4660f38b0f25e3544790187854ba654e0bd4442ffa1e4426ef43", kill_on_drop: false }`
[INFO] [stderr]    Compiling proc-macro2 v1.0.86
[INFO] [stderr]    Compiling unicode-ident v1.0.12
[INFO] [stderr]    Compiling cfg-if v1.0.0
[INFO] [stderr]    Compiling libc v0.2.158
[INFO] [stderr]    Compiling autocfg v1.3.0
[INFO] [stderr]    Compiling once_cell v1.19.0
[INFO] [stderr]    Compiling pkg-config v0.3.30
[INFO] [stderr]    Compiling shlex v1.3.0
[INFO] [stderr]    Compiling bitflags v2.6.0
[INFO] [stderr]    Compiling memchr v2.7.4
[INFO] [stderr]    Compiling byteorder v1.5.0
[INFO] [stderr]    Compiling version_check v0.9.5
[INFO] [stderr]    Compiling pin-project-lite v0.2.14
[INFO] [stderr]    Compiling regex-syntax v0.8.4
[INFO] [stderr]    Compiling parking_lot_core v0.9.10
[INFO] [stderr]    Compiling equivalent v1.0.1
[INFO] [stderr]    Compiling futures-core v0.3.30
[INFO] [stderr]    Compiling typenum v1.17.0
[INFO] [stderr]    Compiling vcpkg v0.2.15
[INFO] [stderr]    Compiling futures-sink v0.3.30
[INFO] [stderr]    Compiling scopeguard v1.2.0
[INFO] [stderr]    Compiling cc v1.1.15
[INFO] [stderr]    Compiling futures-io v0.3.30
[INFO] [stderr]    Compiling log v0.4.22
[INFO] [stderr]    Compiling thiserror v1.0.63
[INFO] [stderr]    Compiling futures-channel v0.3.30
[INFO] [stderr]    Compiling futures-task v0.3.30
[INFO] [stderr]    Compiling pin-utils v0.1.0
[INFO] [stderr]    Compiling bytes v1.7.1
[INFO] [stderr]    Compiling lock_api v0.4.12
[INFO] [stderr]    Compiling slab v0.4.9
[INFO] [stderr]    Compiling crunchy v0.2.2
[INFO] [stderr]    Compiling smallvec v1.13.2
[INFO] [stderr]    Compiling stable_deref_trait v1.2.0
[INFO] [stderr]    Compiling glob v0.3.1
[INFO] [stderr]    Compiling rustix v0.38.35
[INFO] [stderr]    Compiling hashbrown v0.14.5
[INFO] [stderr]    Compiling same-file v1.0.6
[INFO] [stderr]    Compiling quote v1.0.37
[INFO] [stderr]    Compiling tiny-keccak v2.0.2
[INFO] [stderr]    Compiling siphasher v0.3.11
[INFO] [stderr]    Compiling clang-sys v1.8.1
[INFO] [stderr]    Compiling walkdir v2.5.0
[INFO] [stderr]    Compiling syn v2.0.76
[INFO] [stderr]    Compiling phf_shared v0.10.0
[INFO] [stderr]    Compiling precomputed-hash v0.1.1
[INFO] [stderr]    Compiling fixedbitset v0.4.2
[INFO] [stderr]    Compiling dirs-sys-next v0.1.2
[INFO] [stderr]    Compiling either v1.13.0
[INFO] [stderr]    Compiling linux-raw-sys v0.4.14
[INFO] [stderr]    Compiling bit-vec v0.6.3
[INFO] [stderr]    Compiling new_debug_unreachable v1.0.6
[INFO] [stderr]    Compiling dirs-next v2.0.0
[INFO] [stderr]    Compiling indexmap v2.4.0
[INFO] [stderr]    Compiling term v0.7.0
[INFO] [stderr]    Compiling parking_lot v0.12.3
[INFO] [stderr]    Compiling bit-set v0.5.3
[INFO] [stderr]    Compiling itertools v0.11.0
[INFO] [stderr]    Compiling ena v0.14.3
[INFO] [stderr]    Compiling unicode-xid v0.2.5
[INFO] [stderr]    Compiling minimal-lexical v0.2.1
[INFO] [stderr]    Compiling anyhow v1.0.86
[INFO] [stderr]    Compiling lalrpop-util v0.20.2
[INFO] [stderr]    Compiling string_cache v0.8.7
[INFO] [stderr]    Compiling ahash v0.8.11
[INFO] [stderr]    Compiling ascii-canvas v3.0.0
[INFO] [stderr]    Compiling libloading v0.8.5
[INFO] [stderr]    Compiling openssl-sys v0.9.103
[INFO] [stderr]    Compiling writeable v0.5.5
[INFO] [stderr]    Compiling socket2 v0.5.7
[INFO] [stderr]    Compiling mio v1.0.2
[INFO] [stderr]    Compiling signal-hook-registry v1.4.2
[INFO] [stderr]    Compiling getrandom v0.2.15
[INFO] [stderr]    Compiling lazy_static v1.5.0
[INFO] [stderr]    Compiling nom v7.1.3
[INFO] [stderr]    Compiling bindgen v0.68.1
[INFO] [stderr]    Compiling regex-automata v0.4.7
[INFO] [stderr]    Compiling fastrand v2.1.1
[INFO] [stderr]    Compiling litemap v0.7.3
[INFO] [stderr]    Compiling petgraph v0.6.5
[INFO] [stderr]    Compiling peeking_take_while v0.1.2
[INFO] [stderr]    Compiling openssl v0.10.66
[INFO] [stderr]    Compiling foreign-types-shared v0.1.1
[INFO] [stderr]    Compiling rustc-hash v1.1.0
[INFO] [stderr]    Compiling lazycell v1.3.0
[INFO] [stderr]    Compiling tinyvec_macros v0.1.1
[INFO] [stderr]    Compiling tinyvec v1.8.0
[INFO] [stderr]    Compiling foreign-types v0.3.2
[INFO] [stderr]    Compiling rand_core v0.6.4
[INFO] [stderr]    Compiling bzip2-sys v0.1.11+1.0.8
[INFO] [stderr]    Compiling tracing-core v0.1.32
[INFO] [stderr]    Compiling crossbeam-utils v0.8.20
[INFO] [stderr]    Compiling itoa v1.0.11
[INFO] [stderr]    Compiling icu_locid_transform_data v1.5.0
[INFO] [stderr]    Compiling percent-encoding v2.3.1
[INFO] [stderr]    Compiling unicode-bidi v0.3.15
[INFO] [stderr]    Compiling sha1collisiondetection v0.3.4
[INFO] [stderr]    Compiling adler2 v2.0.0
[INFO] [stderr]    Compiling serde v1.0.209
[INFO] [stderr]    Compiling icu_properties_data v1.5.0
[INFO] [stderr]    Compiling miniz_oxide v0.8.0
[INFO] [stderr]    Compiling form_urlencoded v1.2.1
[INFO] [stderr]    Compiling generic-array v1.1.0
[INFO] [stderr]    Compiling aho-corasick v1.1.3
[INFO] [stderr]    Compiling unicode-normalization v0.1.23
[INFO] [stderr]    Compiling crc32fast v1.4.2
[INFO] [stderr]    Compiling icu_normalizer_data v1.5.0
[INFO] [stderr]    Compiling utf16_iter v1.0.5
[INFO] [stderr]    Compiling fnv v1.0.7
[INFO] [stderr]    Compiling utf8_iter v1.0.4
[INFO] [stderr]    Compiling write16 v1.0.0
[INFO] [stderr]    Compiling http v0.2.12
[INFO] [stderr]    Compiling idna v0.5.0
[INFO] [stderr]    Compiling bzip2 v0.4.4
[INFO] [stderr]    Compiling generic-array v0.14.7
[INFO] [stderr]    Compiling httparse v1.9.4
[INFO] [stderr]    Compiling flate2 v1.0.33
[INFO] [stderr]    Compiling tempfile v3.12.0
[INFO] [stderr]    Compiling native-tls v0.2.12
[INFO] [stderr]    Compiling libm v0.2.8
[INFO] [stderr]    Compiling utf8parse v0.2.2
[INFO] [stderr]    Compiling regex v1.10.6
[INFO] [stderr]    Compiling cexpr v0.6.0
[INFO] [stderr]    Compiling option-ext v0.2.0
[INFO] [stderr]    Compiling anstyle-parse v0.2.5
[INFO] [stderr]    Compiling buffered-reader v1.3.1
[INFO] [stderr]    Compiling dirs-sys v0.4.1
[INFO] [stderr]    Compiling url v2.5.2
[INFO] [stderr]    Compiling num-traits v0.2.19
[INFO] [stderr]    Compiling base64 v0.22.1
[INFO] [stderr]    Compiling ipnet v2.9.0
[INFO] [stderr]    Compiling xxhash-rust v0.8.12
[INFO] [stderr]    Compiling anstyle-query v1.1.1
[INFO] [stderr]    Compiling lalrpop v0.20.2
[INFO] [stderr]    Compiling colorchoice v1.0.2
[INFO] [stderr]    Compiling try-lock v0.2.5
[INFO] [stderr]    Compiling memsec v0.7.0
[INFO] [stderr]    Compiling anstyle v1.0.8
[INFO] [stderr]    Compiling heck v0.4.1
[INFO] [stderr]    Compiling is_terminal_polyfill v1.70.1
[INFO] [stderr]    Compiling openssl-probe v0.1.5
[INFO] [stderr]    Compiling dyn-clone v1.0.17
[INFO] [stderr]    Compiling want v0.3.1
[INFO] [stderr]    Compiling anstream v0.6.15
[INFO] [stderr]    Compiling http-body v0.4.6
[INFO] [stderr]    Compiling dirs v5.0.1
[INFO] [stderr]    Compiling crossbeam-epoch v0.9.18
[INFO] [stderr]    Compiling idna v0.4.0
[INFO] [stderr]    Compiling data-encoding v2.6.0
[INFO] [stderr]    Compiling strsim v0.11.1
[INFO] [stderr]    Compiling semver v1.0.23
[INFO] [stderr]    Compiling clap_lex v0.7.2
[INFO] [stderr]    Compiling httpdate v1.0.3
[INFO] [stderr]    Compiling ryu v1.0.18
[INFO] [stderr]    Compiling base64 v0.21.7
[INFO] [stderr]    Compiling tower-service v0.3.3
[INFO] [stderr]    Compiling match_cfg v0.1.0
[INFO] [stderr]    Compiling hostname v0.3.1
[INFO] [stderr]    Compiling crossbeam-deque v0.8.5
[INFO] [stderr]    Compiling clap_builder v4.5.15
[INFO] [stderr]    Compiling libsqlite3-sys v0.28.0
[INFO] [stderr]    Compiling nibble_vec v0.1.0
[INFO] [stderr]    Compiling endian-type v0.1.2
[INFO] [stderr]    Compiling rayon-core v1.12.1
[INFO] [stderr]    Compiling synstructure v0.13.1
[INFO] [stderr]    Compiling quick-error v1.2.3
[INFO] [stderr]    Compiling linked-hash-map v0.5.6
[INFO] [stderr]    Compiling resolv-conf v0.7.0
[INFO] [stderr]    Compiling radix_trie v0.2.1
[INFO] [stderr]    Compiling block-buffer v0.10.4
[INFO] [stderr]    Compiling crypto-common v0.1.6
[INFO] [stderr]    Compiling lru-cache v0.1.2
[INFO] [stderr]    Compiling rustls-pemfile v1.0.4
[INFO] [stderr]    Compiling encoding_rs v0.8.34
[INFO] [stderr]    Compiling sync_wrapper v0.1.2
[INFO] [stderr]    Compiling mime v0.3.17
[INFO] [stderr]    Compiling capnp v0.19.6
[INFO] [stderr]    Compiling iana-time-zone v0.1.60
[INFO] [stderr]    Compiling digest v0.10.7
[INFO] [stderr]    Compiling rustc_version v0.4.0
[INFO] [stderr]    Compiling fd-lock v4.0.2
[INFO] [stderr]    Compiling chrono v0.4.38
[INFO] [stderr]    Compiling crossbeam-channel v0.5.13
[INFO] [stderr]    Compiling crossbeam-queue v0.3.11
[INFO] [stderr]    Compiling sequoia-policy-config v0.6.0
[INFO] [stderr]    Compiling roff v0.2.2
[INFO] [stderr]    Compiling fallible-streaming-iterator v0.1.9
[INFO] [stderr]    Compiling fallible-iterator v0.3.0
[INFO] [stderr]    Compiling z-base-32 v0.1.4
[INFO] [stderr]    Compiling interprocess v1.2.1
[INFO] [stderr]    Compiling rayon v1.10.0
[INFO] [stderr]    Compiling sequoia-wot v0.12.0
[INFO] [stderr]    Compiling crossbeam v0.8.4
[INFO] [stderr]    Compiling fs2 v0.4.3
[INFO] [stderr]    Compiling gethostname v0.4.3
[INFO] [stderr]    Compiling num_cpus v1.16.0
[INFO] [stderr]    Compiling serde_json v1.0.127
[INFO] [stderr]    Compiling cpufeatures v0.2.13
[INFO] [stderr]    Compiling sha2 v0.10.8
[INFO] [stderr]    Compiling md-5 v0.10.6
[INFO] [stderr]    Compiling rtoolbox v0.0.2
[INFO] [stderr]    Compiling clap v4.5.16
[INFO] [stderr]    Compiling stfu8 v0.2.7
[INFO] [stderr]    Compiling clap_mangen v0.2.23
[INFO] [stderr]    Compiling clap_complete v4.5.24
[INFO] [stderr]    Compiling to_method v1.1.0
[INFO] [stderr]    Compiling rpassword v7.3.1
[INFO] [stderr]    Compiling zerocopy-derive v0.7.35
[INFO] [stderr]    Compiling futures-macro v0.3.30
[INFO] [stderr]    Compiling zerofrom-derive v0.1.4
[INFO] [stderr]    Compiling thiserror-impl v1.0.63
[INFO] [stderr]    Compiling yoke-derive v0.7.4
[INFO] [stderr]    Compiling zerovec-derive v0.10.3
[INFO] [stderr]    Compiling tokio-macros v2.4.0
[INFO] [stderr]    Compiling displaydoc v0.2.5
[INFO] [stderr]    Compiling icu_provider_macros v1.5.0
[INFO] [stderr]    Compiling tracing-attributes v0.1.27
[INFO] [stderr]    Compiling tokio v1.39.3
[INFO] [stderr]    Compiling futures-util v0.3.30
[INFO] [stderr]    Compiling zerocopy v0.7.35
[INFO] [stderr]    Compiling openssl-macros v0.1.1
[INFO] [stderr]    Compiling serde_derive v1.0.209
[INFO] [stderr]    Compiling enum-as-inner v0.6.0
[INFO] [stderr]    Compiling async-trait v0.1.81
[INFO] [stderr]    Compiling enumber v0.3.1
[INFO] [stderr]    Compiling openpgp-cert-d v0.3.2
[INFO] [stderr]    Compiling sequoia-chameleon-gnupg v0.11.2 (/opt/rustwide/workdir)
[INFO] [stderr]    Compiling zerofrom v0.1.4
[INFO] [stderr]    Compiling yoke v0.7.4
[INFO] [stderr]    Compiling ppv-lite86 v0.2.20
[INFO] [stderr]    Compiling zerovec v0.10.4
[INFO] [stderr]    Compiling openssh-keys v0.6.4
[INFO] [stderr]    Compiling shellexpand v3.1.0
[INFO] [stderr] warning: sequoia-chameleon-gnupg@0.11.2: shell completions written to /opt/rustwide/target/debug/build/sequoia-chameleon-gnupg-cc01e820bf5a3a95/out/shell-completions
[INFO] [stderr] warning: sequoia-chameleon-gnupg@0.11.2: man pages written to /opt/rustwide/target/debug/build/sequoia-chameleon-gnupg-cc01e820bf5a3a95/out/man-pages
[INFO] [stderr]    Compiling daemonize v0.5.0
[INFO] [stderr]    Compiling filetime v0.2.24
[INFO] [stderr]    Compiling rand_chacha v0.3.1
[INFO] [stderr]    Compiling tracing v0.1.40
[INFO] [stderr]    Compiling rand v0.8.5
[INFO] [stderr]    Compiling hashlink v0.9.1
[INFO] [stderr]    Compiling tinystr v0.7.6
[INFO] [stderr]    Compiling icu_collections v1.5.0
[INFO] [stderr]    Compiling rusqlite v0.31.0
[INFO] [stderr]    Compiling icu_locid v1.5.0
[INFO] [stderr]    Compiling nettle-sys v2.3.0
[INFO] [stderr]    Compiling rand_distr v0.4.3
[INFO] [stderr]    Compiling icu_provider v1.5.0
[INFO] [stderr]    Compiling icu_locid_transform v1.5.0
[INFO] [stderr]    Compiling futures-executor v0.3.30
[INFO] [stderr]    Compiling futures v0.3.30
[INFO] [stderr]    Compiling capnp-futures v0.19.0
[INFO] [stderr]    Compiling icu_properties v1.5.1
[INFO] [stderr]    Compiling capnp-rpc v0.19.2
[INFO] [stderr]    Compiling sequoia-openpgp v1.21.2
[INFO] [stderr]    Compiling sequoia-ipc v0.35.0
[INFO] [stderr]    Compiling sequoia-gpg-agent v0.4.2
[INFO] [stderr]    Compiling icu_normalizer v1.5.0
[INFO] [stderr]    Compiling idna v1.0.2
[INFO] [stderr]    Compiling tokio-util v0.7.11
[INFO] [stderr]    Compiling tokio-native-tls v0.3.1
[INFO] [stderr]    Compiling hickory-proto v0.24.1
[INFO] [stderr]    Compiling tokio-socks v0.5.2
[INFO] [stderr]    Compiling serde_urlencoded v0.7.1
[INFO] [stderr]    Compiling toml v0.5.11
[INFO] [stderr]    Compiling h2 v0.3.26
[INFO] [stderr]    Compiling nettle v7.4.0
[INFO] [stderr]    Compiling hyper v0.14.30
[INFO] [stderr]    Compiling hickory-client v0.24.1
[INFO] [stderr]    Compiling hickory-resolver v0.24.1
[INFO] [stderr]    Compiling hyper-tls v0.5.0
[INFO] [stderr]    Compiling reqwest v0.11.27
[INFO] [stderr]    Compiling sequoia-net v0.28.0
[INFO] [stderr]    Compiling sequoia-cert-store v0.6.0
[INFO] [stdout] warning: use of deprecated method `chrono::NaiveDateTime::timestamp`: use `.and_utc().timestamp()` instead
[INFO] [stdout]    --> src/utils.rs:293:23
[INFO] [stdout]     |
[INFO] [stdout] 293 |                 naive.timestamp().try_into()?, 0))
[INFO] [stdout]     |                       ^^^^^^^^^
[INFO] [stdout]     |
[INFO] [stdout]     = note: `#[warn(deprecated)]` on by default
[INFO] [stdout] 
[INFO] [stdout] 
[INFO] [stdout] warning: use of deprecated associated function `chrono::DateTime::<Tz>::from_utc`: Use TimeZone::from_utc_datetime() or DateTime::from_naive_utc_and_offset instead
[INFO] [stdout]    --> src/utils.rs:338:45
[INFO] [stdout]     |
[INFO] [stdout] 338 |                 let dtu = chrono::DateTime::from_utc(dt, chrono::Utc);
[INFO] [stdout]     |                                             ^^^^^^^^
[INFO] [stdout] 
[INFO] [stdout] 
[INFO] [stdout] warning: use of deprecated method `chrono::NaiveDateTime::timestamp`: use `.and_utc().timestamp()` instead
[INFO] [stdout]    --> src/utils.rs:293:23
[INFO] [stdout]     |
[INFO] [stdout] 293 |                 naive.timestamp().try_into()?, 0))
[INFO] [stdout]     |                       ^^^^^^^^^
[INFO] [stdout]     |
[INFO] [stdout]     = note: `#[warn(deprecated)]` on by default
[INFO] [stdout] 
[INFO] [stdout] 
[INFO] [stdout] warning: use of deprecated associated function `chrono::DateTime::<Tz>::from_utc`: Use TimeZone::from_utc_datetime() or DateTime::from_naive_utc_and_offset instead
[INFO] [stdout]    --> src/utils.rs:338:45
[INFO] [stdout]     |
[INFO] [stdout] 338 |                 let dtu = chrono::DateTime::from_utc(dt, chrono::Utc);
[INFO] [stdout]     |                                             ^^^^^^^^
[INFO] [stdout] 
[INFO] [stdout] 
[INFO] [stdout] warning: field `0` is never read
[INFO] [stdout]    --> src/generate_key.rs:404:12
[INFO] [stdout]     |
[INFO] [stdout] 404 |     Handle(String),
[INFO] [stdout]     |     ------ ^^^^^^
[INFO] [stdout]     |     |
[INFO] [stdout]     |     field in this variant
[INFO] [stdout]     |
[INFO] [stdout]     = note: `Parameter` has a derived impl for the trait `Debug`, but this is intentionally ignored during dead code analysis
[INFO] [stdout]     = note: `#[warn(dead_code)]` on by default
[INFO] [stdout] help: consider changing the field to be of unit type to suppress this warning while preserving the field numbering, or remove the field
[INFO] [stdout]     |
[INFO] [stdout] 404 |     Handle(()),
[INFO] [stdout]     |            ~~
[INFO] [stdout] 
[INFO] [stdout] 
[INFO] [stdout] warning: field `0` is never read
[INFO] [stdout]    --> src/generate_key.rs:406:13
[INFO] [stdout]     |
[INFO] [stdout] 406 |     KeyGrip(Keygrip),
[INFO] [stdout]     |     ------- ^^^^^^^
[INFO] [stdout]     |     |
[INFO] [stdout]     |     field in this variant
[INFO] [stdout]     |
[INFO] [stdout]     = note: `Parameter` has a derived impl for the trait `Debug`, but this is intentionally ignored during dead code analysis
[INFO] [stdout] help: consider changing the field to be of unit type to suppress this warning while preserving the field numbering, or remove the field
[INFO] [stdout]     |
[INFO] [stdout] 406 |     KeyGrip(()),
[INFO] [stdout]     |             ~~
[INFO] [stdout] 
[INFO] [stdout] 
[INFO] [stdout] warning: field `0` is never read
[INFO] [stdout]    --> src/generate_key.rs:407:16
[INFO] [stdout]     |
[INFO] [stdout] 407 |     SubkeyGrip(Keygrip),
[INFO] [stdout]     |     ---------- ^^^^^^^
[INFO] [stdout]     |     |
[INFO] [stdout]     |     field in this variant
[INFO] [stdout]     |
[INFO] [stdout]     = note: `Parameter` has a derived impl for the trait `Debug`, but this is intentionally ignored during dead code analysis
[INFO] [stdout] help: consider changing the field to be of unit type to suppress this warning while preserving the field numbering, or remove the field
[INFO] [stdout]     |
[INFO] [stdout] 407 |     SubkeyGrip(()),
[INFO] [stdout]     |                ~~
[INFO] [stdout] 
[INFO] [stdout] 
[INFO] [stdout] warning: unused return value of `into_raw_fd` that must be used
[INFO] [stdout]     --> src/gpg.rs:2419:9
[INFO] [stdout]      |
[INFO] [stdout] 2419 |         pwfd.into_raw_fd();
[INFO] [stdout]      |         ^^^^^^^^^^^^^^^^^^
[INFO] [stdout]      |
[INFO] [stdout]      = note: losing the raw file descriptor may leak resources
[INFO] [stdout]      = note: `#[warn(unused_must_use)]` on by default
[INFO] [stdout] help: use `let _ = ...` to ignore the resulting value
[INFO] [stdout]      |
[INFO] [stdout] 2419 |         let _ = pwfd.into_raw_fd();
[INFO] [stdout]      |         +++++++
[INFO] [stdout] 
[INFO] [stdout] 
[INFO] [stderr]     Finished `dev` profile [unoptimized + debuginfo] target(s) in 1m 18s
[INFO] running `Command { std: "docker" "inspect" "7a11fceb3cad4660f38b0f25e3544790187854ba654e0bd4442ffa1e4426ef43", kill_on_drop: false }`
[INFO] running `Command { std: "docker" "rm" "-f" "7a11fceb3cad4660f38b0f25e3544790187854ba654e0bd4442ffa1e4426ef43", kill_on_drop: false }`
[INFO] [stdout] 7a11fceb3cad4660f38b0f25e3544790187854ba654e0bd4442ffa1e4426ef43
[INFO] running `Command { std: "docker" "create" "-v" "/var/lib/crater-agent-workspace/builds/worker-5-tc1/target:/opt/rustwide/target:rw,Z" "-v" "/var/lib/crater-agent-workspace/builds/worker-5-tc1/source:/opt/rustwide/workdir:ro,Z" "-v" "/var/lib/crater-agent-workspace/cargo-home:/opt/rustwide/cargo-home:ro,Z" "-v" "/var/lib/crater-agent-workspace/rustup-home:/opt/rustwide/rustup-home:ro,Z" "-e" "SOURCE_DIR=/opt/rustwide/workdir" "-e" "CARGO_TARGET_DIR=/opt/rustwide/target" "-e" "CARGO_INCREMENTAL=0" "-e" "RUST_BACKTRACE=full" "-e" "RUSTFLAGS=--cap-lints=forbid" "-e" "RUSTDOCFLAGS=--cap-lints=forbid" "-e" "CARGO_HOME=/opt/rustwide/cargo-home" "-e" "RUSTUP_HOME=/opt/rustwide/rustup-home" "-w" "/opt/rustwide/workdir" "-m" "1610612736" "--user" "0:0" "--network" "none" "ghcr.io/rust-lang/crates-build-env/linux@sha256:819108c5571ea2e421544af4d832f968d213c87fbe3707a016657f43d2f853bc" "/opt/rustwide/cargo-home/bin/cargo" "+nightly-2025-01-18" "test" "--frozen" "--no-run" "--message-format=json", kill_on_drop: false }`
[INFO] [stdout] 2986464420fe1459d05f134fee894fd6ca7662feef2e23343559e0b10102e109
[INFO] running `Command { std: "docker" "start" "-a" "2986464420fe1459d05f134fee894fd6ca7662feef2e23343559e0b10102e109", kill_on_drop: false }`
[INFO] [stderr]    Compiling backtrace v0.3.73
[INFO] [stderr]    Compiling serde v1.0.209
[INFO] [stderr]    Compiling gimli v0.29.0
[INFO] [stderr]    Compiling adler v1.0.2
[INFO] [stderr]    Compiling object v0.36.3
[INFO] [stderr]    Compiling anyhow v1.0.86
[INFO] [stderr]    Compiling rustc-demangle v0.1.24
[INFO] [stderr]    Compiling num-traits v0.2.19
[INFO] [stderr]    Compiling ident_case v1.0.1
[INFO] [stderr]    Compiling syn v1.0.109
[INFO] [stderr]    Compiling toml_datetime v0.6.8
[INFO] [stderr]    Compiling winnow v0.6.18
[INFO] [stderr]    Compiling tar v0.4.41
[INFO] [stderr]    Compiling editdistancek v1.0.2
[INFO] [stderr]    Compiling diff v0.1.13
[INFO] [stderr]    Compiling miniz_oxide v0.7.4
[INFO] [stderr]    Compiling darling_core v0.20.10
[INFO] [stderr]    Compiling sequoia-wot v0.12.0
[INFO] [stderr]    Compiling sequoia-chameleon-gnupg v0.11.2 (/opt/rustwide/workdir)
[INFO] [stderr]    Compiling chrono v0.4.38
[INFO] [stderr]    Compiling rand_distr v0.4.3
[INFO] [stderr]    Compiling streaming-stats v0.1.29
[INFO] [stderr]    Compiling histo v1.0.0
[INFO] [stderr] warning: sequoia-chameleon-gnupg@0.11.2: shell completions written to /opt/rustwide/target/debug/build/sequoia-chameleon-gnupg-2643d1c046b21bab/out/shell-completions
[INFO] [stderr] warning: sequoia-chameleon-gnupg@0.11.2: man pages written to /opt/rustwide/target/debug/build/sequoia-chameleon-gnupg-2643d1c046b21bab/out/man-pages
[INFO] [stderr]    Compiling toml_edit v0.22.20
[INFO] [stderr]    Compiling addr2line v0.22.0
[INFO] [stderr]    Compiling darling_macro v0.20.10
[INFO] [stderr]    Compiling darling v0.20.10
[INFO] [stderr]    Compiling serde_with_macros v3.9.0
[INFO] [stderr]    Compiling ntest_test_cases v0.9.3
[INFO] [stderr]    Compiling serde_urlencoded v0.7.1
[INFO] [stderr]    Compiling toml v0.5.11
[INFO] [stderr]    Compiling serde_json v1.0.127
[INFO] [stderr]    Compiling reqwest v0.11.27
[INFO] [stderr]    Compiling serde_with v3.9.0
[INFO] [stderr]    Compiling proc-macro-crate v3.2.0
[INFO] [stderr]    Compiling sequoia-openpgp v1.21.2
[INFO] [stderr]    Compiling openpgp-cert-d v0.3.2
[INFO] [stderr]    Compiling ntest_timeout v0.9.3
[INFO] [stderr]    Compiling ntest v0.9.3
[INFO] [stderr]    Compiling sequoia-net v0.28.0
[INFO] [stderr]    Compiling sequoia-policy-config v0.6.0
[INFO] [stderr]    Compiling sequoia-ipc v0.35.0
[INFO] [stderr]    Compiling sequoia-cert-store v0.6.0
[INFO] [stderr]    Compiling sequoia-gpg-agent v0.4.2
[INFO] [stdout] warning: use of deprecated method `chrono::NaiveDateTime::timestamp`: use `.and_utc().timestamp()` instead
[INFO] [stdout]    --> src/utils.rs:293:23
[INFO] [stdout]     |
[INFO] [stdout] 293 |                 naive.timestamp().try_into()?, 0))
[INFO] [stdout]     |                       ^^^^^^^^^
[INFO] [stdout]     |
[INFO] [stdout]     = note: `#[warn(deprecated)]` on by default
[INFO] [stdout] 
[INFO] [stdout] 
[INFO] [stdout] warning: use of deprecated associated function `chrono::DateTime::<Tz>::from_utc`: Use TimeZone::from_utc_datetime() or DateTime::from_naive_utc_and_offset instead
[INFO] [stdout]    --> src/utils.rs:338:45
[INFO] [stdout]     |
[INFO] [stdout] 338 |                 let dtu = chrono::DateTime::from_utc(dt, chrono::Utc);
[INFO] [stdout]     |                                             ^^^^^^^^
[INFO] [stdout] 
[INFO] [stdout] 
[INFO] [stdout] warning: use of deprecated method `chrono::NaiveDateTime::timestamp`: use `.and_utc().timestamp()` instead
[INFO] [stdout]    --> src/utils.rs:293:23
[INFO] [stdout]     |
[INFO] [stdout] 293 |                 naive.timestamp().try_into()?, 0))
[INFO] [stdout]     |                       ^^^^^^^^^
[INFO] [stdout]     |
[INFO] [stdout]     = note: `#[warn(deprecated)]` on by default
[INFO] [stdout] 
[INFO] [stdout] 
[INFO] [stdout] warning: use of deprecated associated function `chrono::DateTime::<Tz>::from_utc`: Use TimeZone::from_utc_datetime() or DateTime::from_naive_utc_and_offset instead
[INFO] [stdout]    --> src/utils.rs:338:45
[INFO] [stdout]     |
[INFO] [stdout] 338 |                 let dtu = chrono::DateTime::from_utc(dt, chrono::Utc);
[INFO] [stdout]     |                                             ^^^^^^^^
[INFO] [stdout] 
[INFO] [stdout] 
[INFO] [stdout] warning: use of deprecated method `chrono::NaiveDateTime::timestamp`: use `.and_utc().timestamp()` instead
[INFO] [stdout]    --> src/utils.rs:293:23
[INFO] [stdout]     |
[INFO] [stdout] 293 |                 naive.timestamp().try_into()?, 0))
[INFO] [stdout]     |                       ^^^^^^^^^
[INFO] [stdout]     |
[INFO] [stdout]     = note: `#[warn(deprecated)]` on by default
[INFO] [stdout] 
[INFO] [stdout] 
[INFO] [stdout] warning: use of deprecated associated function `chrono::DateTime::<Tz>::from_utc`: Use TimeZone::from_utc_datetime() or DateTime::from_naive_utc_and_offset instead
[INFO] [stdout]    --> src/utils.rs:338:45
[INFO] [stdout]     |
[INFO] [stdout] 338 |                 let dtu = chrono::DateTime::from_utc(dt, chrono::Utc);
[INFO] [stdout]     |                                             ^^^^^^^^
[INFO] [stdout] 
[INFO] [stdout] 
[INFO] [stdout] warning: use of deprecated method `chrono::NaiveDateTime::timestamp`: use `.and_utc().timestamp()` instead
[INFO] [stdout]    --> src/utils.rs:293:23
[INFO] [stdout]     |
[INFO] [stdout] 293 |                 naive.timestamp().try_into()?, 0))
[INFO] [stdout]     |                       ^^^^^^^^^
[INFO] [stdout]     |
[INFO] [stdout]     = note: `#[warn(deprecated)]` on by default
[INFO] [stdout] 
[INFO] [stdout] 
[INFO] [stdout] warning: use of deprecated associated function `chrono::DateTime::<Tz>::from_utc`: Use TimeZone::from_utc_datetime() or DateTime::from_naive_utc_and_offset instead
[INFO] [stdout]    --> src/utils.rs:338:45
[INFO] [stdout]     |
[INFO] [stdout] 338 |                 let dtu = chrono::DateTime::from_utc(dt, chrono::Utc);
[INFO] [stdout]     |                                             ^^^^^^^^
[INFO] [stdout] 
[INFO] [stdout] 
[INFO] [stdout] warning: field `0` is never read
[INFO] [stdout]    --> src/generate_key.rs:404:12
[INFO] [stdout]     |
[INFO] [stdout] 404 |     Handle(String),
[INFO] [stdout]     |     ------ ^^^^^^
[INFO] [stdout]     |     |
[INFO] [stdout]     |     field in this variant
[INFO] [stdout]     |
[INFO] [stdout]     = note: `Parameter` has a derived impl for the trait `Debug`, but this is intentionally ignored during dead code analysis
[INFO] [stdout]     = note: `#[warn(dead_code)]` on by default
[INFO] [stdout] help: consider changing the field to be of unit type to suppress this warning while preserving the field numbering, or remove the field
[INFO] [stdout]     |
[INFO] [stdout] 404 |     Handle(()),
[INFO] [stdout]     |            ~~
[INFO] [stdout] 
[INFO] [stdout] 
[INFO] [stdout] warning: field `0` is never read
[INFO] [stdout]    --> src/generate_key.rs:406:13
[INFO] [stdout]     |
[INFO] [stdout] 406 |     KeyGrip(Keygrip),
[INFO] [stdout]     |     ------- ^^^^^^^
[INFO] [stdout]     |     |
[INFO] [stdout]     |     field in this variant
[INFO] [stdout]     |
[INFO] [stdout]     = note: `Parameter` has a derived impl for the trait `Debug`, but this is intentionally ignored during dead code analysis
[INFO] [stdout] help: consider changing the field to be of unit type to suppress this warning while preserving the field numbering, or remove the field
[INFO] [stdout]     |
[INFO] [stdout] 406 |     KeyGrip(()),
[INFO] [stdout]     |             ~~
[INFO] [stdout] 
[INFO] [stdout] 
[INFO] [stdout] warning: field `0` is never read
[INFO] [stdout]    --> src/generate_key.rs:407:16
[INFO] [stdout]     |
[INFO] [stdout] 407 |     SubkeyGrip(Keygrip),
[INFO] [stdout]     |     ---------- ^^^^^^^
[INFO] [stdout]     |     |
[INFO] [stdout]     |     field in this variant
[INFO] [stdout]     |
[INFO] [stdout]     = note: `Parameter` has a derived impl for the trait `Debug`, but this is intentionally ignored during dead code analysis
[INFO] [stdout] help: consider changing the field to be of unit type to suppress this warning while preserving the field numbering, or remove the field
[INFO] [stdout]     |
[INFO] [stdout] 407 |     SubkeyGrip(()),
[INFO] [stdout]     |                ~~
[INFO] [stdout] 
[INFO] [stdout] 
[INFO] [stdout] warning: unused return value of `into_raw_fd` that must be used
[INFO] [stdout]     --> src/gpg.rs:2419:9
[INFO] [stdout]      |
[INFO] [stdout] 2419 |         pwfd.into_raw_fd();
[INFO] [stdout]      |         ^^^^^^^^^^^^^^^^^^
[INFO] [stdout]      |
[INFO] [stdout]      = note: losing the raw file descriptor may leak resources
[INFO] [stdout]      = note: `#[warn(unused_must_use)]` on by default
[INFO] [stdout] help: use `let _ = ...` to ignore the resulting value
[INFO] [stdout]      |
[INFO] [stdout] 2419 |         let _ = pwfd.into_raw_fd();
[INFO] [stdout]      |         +++++++
[INFO] [stdout] 
[INFO] [stdout] 
[INFO] [stdout] warning: field `0` is never read
[INFO] [stdout]    --> src/generate_key.rs:404:12
[INFO] [stdout]     |
[INFO] [stdout] 404 |     Handle(String),
[INFO] [stdout]     |     ------ ^^^^^^
[INFO] [stdout]     |     |
[INFO] [stdout]     |     field in this variant
[INFO] [stdout]     |
[INFO] [stdout]     = note: `Parameter` has a derived impl for the trait `Debug`, but this is intentionally ignored during dead code analysis
[INFO] [stdout]     = note: `#[warn(dead_code)]` on by default
[INFO] [stdout] help: consider changing the field to be of unit type to suppress this warning while preserving the field numbering, or remove the field
[INFO] [stdout]     |
[INFO] [stdout] 404 |     Handle(()),
[INFO] [stdout]     |            ~~
[INFO] [stdout] 
[INFO] [stdout] 
[INFO] [stdout] warning: field `0` is never read
[INFO] [stdout]    --> src/generate_key.rs:406:13
[INFO] [stdout]     |
[INFO] [stdout] 406 |     KeyGrip(Keygrip),
[INFO] [stdout]     |     ------- ^^^^^^^
[INFO] [stdout]     |     |
[INFO] [stdout]     |     field in this variant
[INFO] [stdout]     |
[INFO] [stdout]     = note: `Parameter` has a derived impl for the trait `Debug`, but this is intentionally ignored during dead code analysis
[INFO] [stdout] help: consider changing the field to be of unit type to suppress this warning while preserving the field numbering, or remove the field
[INFO] [stdout]     |
[INFO] [stdout] 406 |     KeyGrip(()),
[INFO] [stdout]     |             ~~
[INFO] [stdout] 
[INFO] [stdout] 
[INFO] [stdout] warning: field `0` is never read
[INFO] [stdout]    --> src/generate_key.rs:407:16
[INFO] [stdout]     |
[INFO] [stdout] 407 |     SubkeyGrip(Keygrip),
[INFO] [stdout]     |     ---------- ^^^^^^^
[INFO] [stdout]     |     |
[INFO] [stdout]     |     field in this variant
[INFO] [stdout]     |
[INFO] [stdout]     = note: `Parameter` has a derived impl for the trait `Debug`, but this is intentionally ignored during dead code analysis
[INFO] [stdout] help: consider changing the field to be of unit type to suppress this warning while preserving the field numbering, or remove the field
[INFO] [stdout]     |
[INFO] [stdout] 407 |     SubkeyGrip(()),
[INFO] [stdout]     |                ~~
[INFO] [stdout] 
[INFO] [stdout] 
[INFO] [stdout] warning: unused return value of `into_raw_fd` that must be used
[INFO] [stdout]     --> src/gpg.rs:2419:9
[INFO] [stdout]      |
[INFO] [stdout] 2419 |         pwfd.into_raw_fd();
[INFO] [stdout]      |         ^^^^^^^^^^^^^^^^^^
[INFO] [stdout]      |
[INFO] [stdout]      = note: losing the raw file descriptor may leak resources
[INFO] [stdout]      = note: `#[warn(unused_must_use)]` on by default
[INFO] [stdout] help: use `let _ = ...` to ignore the resulting value
[INFO] [stdout]      |
[INFO] [stdout] 2419 |         let _ = pwfd.into_raw_fd();
[INFO] [stdout]      |         +++++++
[INFO] [stdout] 
[INFO] [stdout] 
[INFO] [stderr]     Finished `test` profile [unoptimized + debuginfo] target(s) in 47.56s
[INFO] running `Command { std: "docker" "inspect" "2986464420fe1459d05f134fee894fd6ca7662feef2e23343559e0b10102e109", kill_on_drop: false }`
[INFO] running `Command { std: "docker" "rm" "-f" "2986464420fe1459d05f134fee894fd6ca7662feef2e23343559e0b10102e109", kill_on_drop: false }`
[INFO] [stdout] 2986464420fe1459d05f134fee894fd6ca7662feef2e23343559e0b10102e109
[INFO] running `Command { std: "docker" "create" "-v" "/var/lib/crater-agent-workspace/builds/worker-5-tc1/target:/opt/rustwide/target:rw,Z" "-v" "/var/lib/crater-agent-workspace/builds/worker-5-tc1/source:/opt/rustwide/workdir:ro,Z" "-v" "/var/lib/crater-agent-workspace/cargo-home:/opt/rustwide/cargo-home:ro,Z" "-v" "/var/lib/crater-agent-workspace/rustup-home:/opt/rustwide/rustup-home:ro,Z" "-e" "SOURCE_DIR=/opt/rustwide/workdir" "-e" "CARGO_TARGET_DIR=/opt/rustwide/target" "-e" "CARGO_INCREMENTAL=0" "-e" "RUST_BACKTRACE=full" "-e" "RUSTFLAGS=--cap-lints=forbid" "-e" "RUSTDOCFLAGS=--cap-lints=forbid" "-e" "CARGO_HOME=/opt/rustwide/cargo-home" "-e" "RUSTUP_HOME=/opt/rustwide/rustup-home" "-w" "/opt/rustwide/workdir" "-m" "1610612736" "--user" "0:0" "--network" "none" "ghcr.io/rust-lang/crates-build-env/linux@sha256:819108c5571ea2e421544af4d832f968d213c87fbe3707a016657f43d2f853bc" "/opt/rustwide/cargo-home/bin/cargo" "+nightly-2025-01-18" "test" "--frozen", kill_on_drop: false }`
[INFO] [stdout] 93be9131e9b22f15fec13e30e38c92763a3c6b7bef49878974fa496344eab232
[INFO] running `Command { std: "docker" "start" "-a" "93be9131e9b22f15fec13e30e38c92763a3c6b7bef49878974fa496344eab232", kill_on_drop: false }`
[INFO] [stderr] warning: sequoia-chameleon-gnupg@0.11.2: shell completions written to /opt/rustwide/target/debug/build/sequoia-chameleon-gnupg-2643d1c046b21bab/out/shell-completions
[INFO] [stderr] warning: sequoia-chameleon-gnupg@0.11.2: man pages written to /opt/rustwide/target/debug/build/sequoia-chameleon-gnupg-2643d1c046b21bab/out/man-pages
[INFO] [stderr] warning: use of deprecated method `chrono::NaiveDateTime::timestamp`: use `.and_utc().timestamp()` instead
[INFO] [stderr]    --> src/utils.rs:293:23
[INFO] [stderr]     |
[INFO] [stderr] 293 |                 naive.timestamp().try_into()?, 0))
[INFO] [stderr]     |                       ^^^^^^^^^
[INFO] [stderr]     |
[INFO] [stderr]     = note: `#[warn(deprecated)]` on by default
[INFO] [stderr] 
[INFO] [stderr] warning: use of deprecated associated function `chrono::DateTime::<Tz>::from_utc`: Use TimeZone::from_utc_datetime() or DateTime::from_naive_utc_and_offset instead
[INFO] [stderr]    --> src/utils.rs:338:45
[INFO] [stderr]     |
[INFO] [stderr] 338 |                 let dtu = chrono::DateTime::from_utc(dt, chrono::Utc);
[INFO] [stderr]     |                                             ^^^^^^^^
[INFO] [stderr] 
[INFO] [stderr] warning: field `0` is never read
[INFO] [stderr]    --> src/generate_key.rs:404:12
[INFO] [stderr]     |
[INFO] [stderr] 404 |     Handle(String),
[INFO] [stderr]     |     ------ ^^^^^^
[INFO] [stderr]     |     |
[INFO] [stderr]     |     field in this variant
[INFO] [stderr]     |
[INFO] [stderr]     = note: `Parameter` has a derived impl for the trait `Debug`, but this is intentionally ignored during dead code analysis
[INFO] [stderr]     = note: `#[warn(dead_code)]` on by default
[INFO] [stderr] help: consider changing the field to be of unit type to suppress this warning while preserving the field numbering, or remove the field
[INFO] [stderr]     |
[INFO] [stderr] 404 |     Handle(()),
[INFO] [stderr]     |            ~~
[INFO] [stderr] 
[INFO] [stderr] warning: field `0` is never read
[INFO] [stderr]    --> src/generate_key.rs:406:13
[INFO] [stderr]     |
[INFO] [stderr] 406 |     KeyGrip(Keygrip),
[INFO] [stderr]     |     ------- ^^^^^^^
[INFO] [stderr]     |     |
[INFO] [stderr]     |     field in this variant
[INFO] [stderr]     |
[INFO] [stderr]     = note: `Parameter` has a derived impl for the trait `Debug`, but this is intentionally ignored during dead code analysis
[INFO] [stderr] help: consider changing the field to be of unit type to suppress this warning while preserving the field numbering, or remove the field
[INFO] [stderr]     |
[INFO] [stderr] 406 |     KeyGrip(()),
[INFO] [stderr]     |             ~~
[INFO] [stderr] 
[INFO] [stderr] warning: field `0` is never read
[INFO] [stderr]    --> src/generate_key.rs:407:16
[INFO] [stderr]     |
[INFO] [stderr] 407 |     SubkeyGrip(Keygrip),
[INFO] [stderr]     |     ---------- ^^^^^^^
[INFO] [stderr]     |     |
[INFO] [stderr]     |     field in this variant
[INFO] [stderr]     |
[INFO] [stderr]     = note: `Parameter` has a derived impl for the trait `Debug`, but this is intentionally ignored during dead code analysis
[INFO] [stderr] help: consider changing the field to be of unit type to suppress this warning while preserving the field numbering, or remove the field
[INFO] [stderr]     |
[INFO] [stderr] 407 |     SubkeyGrip(()),
[INFO] [stderr]     |                ~~
[INFO] [stderr] 
[INFO] [stderr] warning: unused return value of `into_raw_fd` that must be used
[INFO] [stderr]     --> src/gpg.rs:2419:9
[INFO] [stderr]      |
[INFO] [stderr] 2419 |         pwfd.into_raw_fd();
[INFO] [stderr]      |         ^^^^^^^^^^^^^^^^^^
[INFO] [stderr]      |
[INFO] [stderr]      = note: losing the raw file descriptor may leak resources
[INFO] [stderr]      = note: `#[warn(unused_must_use)]` on by default
[INFO] [stderr] help: use `let _ = ...` to ignore the resulting value
[INFO] [stderr]      |
[INFO] [stderr] 2419 |         let _ = pwfd.into_raw_fd();
[INFO] [stderr]      |         +++++++
[INFO] [stderr] 
[INFO] [stderr] warning: `sequoia-chameleon-gnupg` (bin "gpg-sq") generated 6 warnings
[INFO] [stderr] warning: `sequoia-chameleon-gnupg` (bin "gpgv-sq") generated 2 warnings (2 duplicates)
[INFO] [stderr] warning: `sequoia-chameleon-gnupg` (bin "gpgv-sq" test) generated 2 warnings (2 duplicates)
[INFO] [stderr] warning: `sequoia-chameleon-gnupg` (bin "gpg-sq" test) generated 6 warnings (6 duplicates)
[INFO] [stderr]     Finished `test` profile [unoptimized + debuginfo] target(s) in 1.39s
[INFO] [stderr]      Running unittests src/gpg.rs (/opt/rustwide/target/debug/deps/gpg_sq-2822eca8a56fc8f5)
[INFO] [stdout] 
[INFO] [stdout] running 7 tests
[INFO] [stdout] test argparse::options::tests::splitting ... ok
[INFO] [stdout] test argparse::options::tests::import_options ... ok
[INFO] [stdout] test argparse::tests::commandline ... ok
[INFO] [stderr] gpg: Note: "-q" is not considered an option
[INFO] [stderr] gpg: Note: "-q" is not considered an option
[INFO] [stderr] gpg: Note: "--status-fd" is not considered an option
[INFO] [stderr] gpg: Note: "--quiet" is not considered an option
[INFO] [stdout] test argparse::options::tests::tokenizing ... ok
[INFO] [stdout] test argparse::tests::file ... ok
[INFO] [stdout] test utils::tests::parse_expiration ... ok
[INFO] [stdout] test utils::tests::robustly_canonicalize ... ok
[INFO] [stdout] 
[INFO] [stdout] test result: ok. 7 passed; 0 failed; 0 ignored; 0 measured; 0 filtered out; finished in 0.01s
[INFO] [stdout] 
[INFO] [stderr]      Running unittests src/gpgv.rs (/opt/rustwide/target/debug/deps/gpgv_sq-640dc2e130812ed0)
[INFO] [stdout] 
[INFO] [stdout] running 7 tests
[INFO] [stdout] test argparse::options::tests::tokenizing ... ok
[INFO] [stderr] gpg: Note: "-q" is not considered an option
[INFO] [stdout] test utils::tests::robustly_canonicalize ... ok
[INFO] [stderr] gpg: Note: "-q" is not considered an option
[INFO] [stdout] test argparse::tests::commandline ... ok
[INFO] [stderr] gpg: Note: "--status-fd" is not considered an option
[INFO] [stderr] gpg: Note: "--quiet" is not considered an option
[INFO] [stdout] test argparse::options::tests::splitting ... ok
[INFO] [stdout] test argparse::options::tests::import_options ... ok
[INFO] [stdout] test utils::tests::parse_expiration ... ok
[INFO] [stdout] test argparse::tests::file ... ok
[INFO] [stdout] 
[INFO] [stdout] test result: ok. 7 passed; 0 failed; 0 ignored; 0 measured; 0 filtered out; finished in 0.08s
[INFO] [stdout] 
[INFO] [stderr]      Running tests/gpg.rs (/opt/rustwide/target/debug/deps/gpg-d7df96113743e0f3)
[INFO] [stdout] 
[INFO] [stdout] running 181 tests
[INFO] [stderr] warning: use of deprecated method `chrono::NaiveDateTime::timestamp`: use `.and_utc().timestamp()` instead
[INFO] [stderr]    --> src/utils.rs:293:23
[INFO] [stderr]     |
[INFO] [stderr] 293 |                 naive.timestamp().try_into()?, 0))
[INFO] [stderr]     |                       ^^^^^^^^^
[INFO] [stderr]     |
[INFO] [stderr]     = note: `#[warn(deprecated)]` on by default
[INFO] [stderr] 
[INFO] [stderr] warning: use of deprecated associated function `chrono::DateTime::<Tz>::from_utc`: Use TimeZone::from_utc_datetime() or DateTime::from_naive_utc_and_offset instead
[INFO] [stderr]    --> src/utils.rs:338:45
[INFO] [stderr]     |
[INFO] [stderr] 338 |                 let dtu = chrono::DateTime::from_utc(dt, chrono::Utc);
[INFO] [stderr]     |                                             ^^^^^^^^
[INFO] [stderr] 
[INFO] [stderr] warning: field `0` is never read
[INFO] [stderr]    --> src/generate_key.rs:404:12
[INFO] [stderr]     |
[INFO] [stderr] 404 |     Handle(String),
[INFO] [stderr]     |     ------ ^^^^^^
[INFO] [stderr]     |     |
[INFO] [stderr]     |     field in this variant
[INFO] [stderr]     |
[INFO] [stderr]     = note: `Parameter` has a derived impl for the trait `Debug`, but this is intentionally ignored during dead code analysis
[INFO] [stderr]     = note: `#[warn(dead_code)]` on by default
[INFO] [stderr] help: consider changing the field to be of unit type to suppress this warning while preserving the field numbering, or remove the field
[INFO] [stderr]     |
[INFO] [stderr] 404 |     Handle(()),
[INFO] [stderr]     |            ~~
[INFO] [stderr] 
[INFO] [stderr] warning: field `0` is never read
[INFO] [stderr]    --> src/generate_key.rs:406:13
[INFO] [stderr]     |
[INFO] [stderr] 406 |     KeyGrip(Keygrip),
[INFO] [stderr]     |     ------- ^^^^^^^
[INFO] [stderr]     |     |
[INFO] [stderr]     |     field in this variant
[INFO] [stderr]     |
[INFO] [stderr]     = note: `Parameter` has a derived impl for the trait `Debug`, but this is intentionally ignored during dead code analysis
[INFO] [stderr] help: consider changing the field to be of unit type to suppress this warning while preserving the field numbering, or remove the field
[INFO] [stderr]     |
[INFO] [stderr] 406 |     KeyGrip(()),
[INFO] [stderr]     |             ~~
[INFO] [stderr] 
[INFO] [stderr] warning: field `0` is never read
[INFO] [stderr]    --> src/generate_key.rs:407:16
[INFO] [stderr]     |
[INFO] [stderr] 407 |     SubkeyGrip(Keygrip),
[INFO] [stderr]     |     ---------- ^^^^^^^
[INFO] [stderr]     |     |
[INFO] [stderr]     |     field in this variant
[INFO] [stderr]     |
[INFO] [stderr]     = note: `Parameter` has a derived impl for the trait `Debug`, but this is intentionally ignored during dead code analysis
[INFO] [stderr] help: consider changing the field to be of unit type to suppress this warning while preserving the field numbering, or remove the field
[INFO] [stderr]     |
[INFO] [stderr] 407 |     SubkeyGrip(()),
[INFO] [stderr]     |                ~~
[INFO] [stderr] 
[INFO] [stderr] warning: unused return value of `into_raw_fd` that must be used
[INFO] [stderr]     --> src/gpg.rs:2419:9
[INFO] [stderr]      |
[INFO] [stderr] 2419 |         pwfd.into_raw_fd();
[INFO] [stderr]      |         ^^^^^^^^^^^^^^^^^^
[INFO] [stderr]      |
[INFO] [stderr]      = note: losing the raw file descriptor may leak resources
[INFO] [stderr]      = note: `#[warn(unused_must_use)]` on by default
[INFO] [stderr] help: use `let _ = ...` to ignore the resulting value
[INFO] [stderr]      |
[INFO] [stderr] 2419 |         let _ = pwfd.into_raw_fd();
[INFO] [stderr]      |         +++++++
[INFO] [stderr] 
[INFO] [stdout] test gpg::decrypt::empty ... ok
[INFO] [stdout] test gpg::decrypt::a_cert ... ok
[INFO] [stdout] test gpg::decrypt::symmetric_unwrap ... ok
[INFO] [stdout] test gpg::encrypt::fingerprint_recipient ... ok
[INFO] [stdout] test gpg::decrypt::symmetric_aes256 ... ok
[INFO] [stdout] test gpg::decrypt::symmetric_twofish ... ok
[INFO] [stdout] test gpg::decrypt::symmetric_aes128 ... ok
[INFO] [stdout] test gpg::decrypt::symmetric_aes192 ... ok
[INFO] [stdout] test gpg::decrypt::symmetric_blowfish ... ok
[INFO] [stdout] test gpg::encrypt::general_purpose_cv25519 ... ok
[INFO] [stdout] test gpg::decrypt::general_purpose_rsa2k ... ok
[INFO] [stdout] test gpg::decrypt::general_purpose_p521 ... ok
[INFO] [stdout] test gpg::decrypt::general_purpose_p384 ... ok
[INFO] [stdout] test gpg::encrypt::no_encryption_subkey ... ok
[INFO] [stdout] test gpg::decrypt::general_purpose_p256 ... ok
[INFO] [stdout] test gpg::encrypt::general_purpose_p256 ... ok
[INFO] [stdout] test gpg::decrypt::general_purpose_rsa4k ... ok
[INFO] [stdout] test gpg::decrypt::general_purpose_rsa3k ... ok
[INFO] [stdout] test gpg::encrypt::general_purpose_p384 ... ok
[INFO] [stdout] test gpg::encrypt::general_purpose_p521 ... ok
[INFO] [stdout] test gpg::encrypt::general_purpose_rsa2k ... ok
[INFO] [stdout] test gpg::decrypt::general_purpose_cv25519 ... ok
[INFO] [stdout] test gpg::encrypt::general_purpose_rsa3k ... ok
[INFO] [stdout] test gpg::export::general_purpose_cv25519 ... ok
[INFO] [stdout] test gpg::encrypt::general_purpose_rsa4k ... ok
[INFO] [stdout] test gpg::export::general_purpose_p384 ... ok
[INFO] [stdout] test gpg::encrypt::recipient_file ... ok
[INFO] [stdout] test gpg::export::general_purpose_p521 ... ok
[INFO] [stdout] test gpg::export::general_purpose_p256 ... ok
[INFO] [stdout] test gpg::decrypt::locked_loopback ... ok
[INFO] [stdout] test gpg::export::general_purpose_rsa2k ... ok
[INFO] [stdout] test gpg::export_ssh_key::ciphersuite_cv25519 ... ok
[INFO] [stdout] test gpg::export::local_sigs ... ok
[INFO] [stdout] test gpg::export::general_purpose_rsa3k ... ok
[INFO] [stdout] test gpg::export_ssh_key::ciphersuite_p256 ... ok
[INFO] [stdout] test gpg::export::general_purpose_rsa4k ... ok
[INFO] [stdout] test gpg::export_ssh_key::ciphersuite_p521 ... ok
[INFO] [stdout] test gpg::export_ssh_key::ciphersuite_p384 ... ok
[INFO] [stdout] test gpg::export_ssh_key::ciphersuite_rsa2k ... ok
[INFO] [stdout] test gpg::export_ssh_key::ciphersuite_rsa3k ... ok
[INFO] [stdout] test gpg::export_ssh_key::no_authentication_subkey ... ok
[INFO] [stdout] test gpg::export_ssh_key::ciphersuite_rsa4k ... ok
[INFO] [stdout] test gpg::import::cert_revocation ... ok
[INFO] [stdout] test gpg::decrypt::simple ... ok
[INFO] [stdout] test gpg::generate_key::creation_time ... ok
[INFO] [stdout] test gpg::generate_key::keyserver ... ok
[INFO] [stdout] test gpg::generate_key::eddsa_ecdh_25519 ... ok
[INFO] [stdout] test gpg::generate_key::dsa_rsa2k_by_id ... ok
[INFO] [stdout] test gpg::generate_key::preferences ... ok
[INFO] [stdout] test gpg::generate_key::usage ... ok
[INFO] [stdout] test gpg::generate_key::comments_and_directives ... ok
[INFO] [stdout] test gpg::generate_key::rsa2k_rsa2k ... ok
[INFO] [stdout] test gpg::generate_key::rsa2k_rsa2k_locked ... ok
[INFO] [stdout] test gpg::generate_key::ecdsa_ecdh_nistp256 ... ok
[INFO] [stdout] test gpg::import::local_sigs ... ok
[INFO] [stdout] test gpg::list_keys::empty ... ok
[INFO] [stdout] test gpg::list_keys::general_purpose_p256 ... ok
[INFO] [stdout] test gpg::list_keys::general_purpose_cv25519 ... ok
[INFO] [stdout] test gpg::list_keys::general_purpose_p384 ... ok
[INFO] [stdout] test gpg::import::general_purpose_p256 ... ok
[INFO] [stdout] test gpg::import::general_purpose_cv25519 ... ok
[INFO] [stdout] test gpg::import::general_purpose_p384 ... ok
[INFO] [stdout] test gpg::import::general_purpose_p521 ... ok
[INFO] [stdout] test gpg::list_keys::general_purpose_p521 ... ok
[INFO] [stdout] test gpg::import::general_purpose_rsa2k ... ok
[INFO] [stdout] test gpg::list_keys::general_purpose_rsa2k ... ok
[INFO] [stdout] test gpg::list_keys::general_purpose_rsa4k ... ok
[INFO] [stdout] test gpg::list_keys::general_purpose_rsa3k ... ok
[INFO] [stdout] test gpg::import::general_purpose_rsa3k ... ok
[INFO] [stdout] test gpg::import::general_purpose_rsa4k ... ok
[INFO] [stdout] test gpg::list_keys::policy_url ... ok
[INFO] [stdout] test gpg::list_packets::compressed_data ... ok
[INFO] [stdout] test gpg::list_keys::unusable_uids ... ok
[INFO] [stdout] test gpg::list_keys::notations ... ok
[INFO] [stdout] test gpg::list_keys::show_keys ... ok
[INFO] [stdout] test gpg::list_keys::dsa_elgamal ... ok
[INFO] [stdout] test gpg::list_keys::disabled ... ok
[INFO] [stdout] test gpg::list_packets::encrypted ... ok
[INFO] [stdout] test gpg::list_packets::general_purpose_p521 ... ok
[INFO] [stdout] test gpg::list_packets::general_purpose_p256 ... ok
[INFO] [stdout] test gpg::list_keys::designated_revoker ... ok
[INFO] [stdout] test gpg::list_keys::expired ... ok
[INFO] [stdout] test gpg::list_packets::general_purpose_cv25519 ... ok
[INFO] [stdout] test gpg::list_packets::general_purpose_rsa3k ... ok
[INFO] [stdout] test gpg::list_packets::general_purpose_p384 ... ok
[INFO] [stdout] test gpg::list_packets::general_purpose_rsa2k ... ok
[INFO] [stdout] test gpg::list_keys::expired_subkey ... ok
[INFO] [stdout] test gpg::list_packets::general_purpose_rsa4k ... ok
[INFO] [stdout] test gpg::list_packets::inline_signed ... ok
[INFO] [stdout] test gpg::list_packets::mdc ... ok
[INFO] [stdout] test gpg::list_packets::locked_key ... ok
[INFO] [stdout] test gpg::list_packets::user_attribute ... ok
[INFO] [stdout] test gpg::list_packets::literal ... ok
[INFO] [stdout] test gpg::list_packets::key_packets ... ok
[INFO] [stdout] test gpg::list_packets::marker ... ok
[INFO] [stdout] test gpg::list_packets::userid ... ok
[INFO] [stdout] test gpg::list_packets::signature ... ok
[INFO] [stdout] test gpg::migrate::migration_from_secring ... ok
[INFO] [stdout] test gpg::print_mds::print_md_md5 ... ok
[INFO] [stdout] test gpg::print_mds::print_md_ripemd160 ... ok
[INFO] [stdout] test gpg::print_mds::print_md_sha256 ... ok
[INFO] [stdout] test gpg::print_mds::print_md_sha1 ... ok
[INFO] [stdout] test gpg::print_mds::print_md_sha224 ... ok
[INFO] [stdout] test gpg::print_mds::print_md_sha384 ... ok
[INFO] [stdout] test gpg::print_mds::print_md_sha512 ... ok
[INFO] [stdout] test gpg::list_keys::queries ... ok
[INFO] [stdout] test gpg::print_mds::print_md_star ... ok
[INFO] [stdout] test gpg::print_mds::print_mds ... ok
[INFO] [stdout] test gpg::quick::add_key_all_dashes ... ok
[INFO] [stdout] test gpg::quick::add_key_cv25519 ... ok
[INFO] [stdout] test gpg::quick::add_key_default ... ok
[INFO] [stdout] test gpg::list_keys::revoked ... ok
[INFO] [stdout] test gpg::list_keys::locked ... ok
[INFO] [stdout] test gpg::quick::add_key_default_default_never ... ok
[INFO] [stdout] test gpg::quick::add_key_default_default_iso_date ... ok
[INFO] [stdout] test gpg::list_keys::list_signatures ... ok
[INFO] [stdout] test gpg::quick::add_key_default_auth ... ok
[INFO] [stdout] test gpg::quick::add_key_future_default ... ok
[INFO] [stdout] test gpg::quick::add_key_default_sign ... ok
[INFO] [stdout] test gpg::quick::add_key_default_default_dash ... ok
[INFO] [stdout] test gpg::quick::add_key_default_encr ... ok
[INFO] [stdout] test gpg::quick::add_key_default_encrypt ... ok
[INFO] [stdout] test gpg::quick::add_key_nistp256 ... ok
[INFO] [stdout] test gpg::quick::add_key_dsa ... ok
[INFO] [stdout] test gpg::quick::add_key_no_arg ... ok
[INFO] [stdout] test gpg::quick::add_key_rsa ... ok
[INFO] [stdout] test gpg::quick::add_key_default_default_none ... ok
[INFO] [stdout] test gpg::quick::add_key_ed25519 ... ok
[INFO] [stdout] test gpg::quick::add_key_rsa2048 ... ok
[INFO] [stdout] test gpg::quick::add_key_rsa_encrypt_space_sign ... ok
[INFO] [stdout] test gpg::quick::generate_key_default_auth ... ok
[INFO] [stdout] test gpg::quick::add_key_default_default ... ok
[INFO] [stdout] test gpg::list_keys::valid ... ok
[INFO] [stdout] test gpg::quick::add_key_default_default_iso_time ... ok
[INFO] [stdout] test gpg::quick::add_key_default_default_1y ... ok
[INFO] [stdout] test gpg::quick::add_key_rsa_encrypt_sign ... ok
[INFO] [stdout] test gpg::quick::generate_key_default_default_iso_date ... ok
[INFO] [stdout] test gpg::quick::generate_key_ed25519 ... ok
[INFO] [stdout] test gpg::quick::generate_key_future_default ... ok
[INFO] [stdout] test gpg::quick::generate_key_default_default ... ok
[INFO] [stdout] test gpg::quick::generate_key_default_default_dash ... ok
[INFO] [stdout] test gpg::quick::generate_key_default_default_1y ... ok
[INFO] [stdout] test gpg::quick::add_uid ... ok
[INFO] [stdout] test gpg::quick::generate_key_default_default_never ... ok
[INFO] [stdout] test gpg::quick::generate_key_nistp256 ... ok
[INFO] [stdout] test gpg::quick::generate_key_default_encr ... ok
[INFO] [stdout] test gpg::quick::generate_key_all_dashes ... ok
[INFO] [stdout] test gpg::quick::generate_key_default ... ok
[INFO] [stdout] test gpg::quick::generate_key_default_default_none ... ok
[INFO] [stdout] test gpg::quick::generate_key_dsa ... ok
[INFO] [stdout] test gpg::quick::generate_key_default_encrypt ... ok
[INFO] [stdout] test gpg::quick::generate_key_no_arg ... ok
[INFO] [stdout] test gpg::quick::generate_key_rsa ... ok
[INFO] [stdout] test gpg::quick::generate_key_rsa2048 ... ok
[INFO] [stdout] test gpg::quick::revoke_uid ... ok
[INFO] [stdout] test gpg::quick::generate_key_default_default_iso_time ... ok
[INFO] [stdout] test gpg::quick::generate_key_default_sign ... ok
[INFO] [stdout] test gpg::quick::generate_key_rsa_encrypt_sign ... ok
[INFO] [stdout] test gpg::quick::generate_key_rsa_encrypt_space_sign ... ok
[INFO] [stdout] test gpg::status_fd::untrusted_certificate_prompt ... ok
[INFO] [stdout] test gpg::sign::signers_are_deduplicated ... ok
[INFO] [stdout] test gpg::trust_models::always ... ok
[INFO] [stdout] test gpg::sign::no_signing_subkey ... ok
[INFO] [stdout] test gpg::verify::basic ... ok
[INFO] [stdout] test gpg::sign::general_purpose_cv25519 ... ok
[INFO] [stdout] test gpg::version::dump_options ... ok
[INFO] [stdout] test gpg::sign::general_purpose_rsa3k ... ok
[INFO] [stdout] test gpg::sign::general_purpose_p256 ... ok
[INFO] [stdout] test gpg::sign::general_purpose_p384 ... ok
[INFO] [stdout] test gpg::sign::general_purpose_rsa2k ... ok
[INFO] [stdout] test gpg::sign::general_purpose_p521 ... ok
[INFO] [stdout] test gpg::verify::hash_algos ... ok
[INFO] [stdout] test gpg::sign::general_purpose_rsa4k ... ok
[INFO] [stdout] test gpg::verify::show_uid_validity ... ok
[INFO] [stdout] test gpg::verify::wrong_key ... ok
[INFO] [stdout] test gpg::trust_models::auto ... ok
[INFO] [stdout] test gpg::verify::weak_hash_algos ... ok
[INFO] [stdout] test gpg::trust_models::pgp ... ok
[INFO] [stdout] test gpg::verify::extended ... ok
[INFO] [stdout] test gpg::verify::cipher_suites ... ok
[INFO] [stdout] test gpg::verify::signature_types ... ok
[INFO] [stdout] 
[INFO] [stdout] test result: ok. 181 passed; 0 failed; 0 ignored; 0 measured; 0 filtered out; finished in 68.14s
[INFO] [stdout] 
[INFO] [stderr]      Running tests/integration.rs (/opt/rustwide/target/debug/deps/integration-a4c78d6e3074f401)
[INFO] [stdout] 
[INFO] [stdout] running 2 tests
[INFO] [stderr] warning: use of deprecated method `chrono::NaiveDateTime::timestamp`: use `.and_utc().timestamp()` instead
[INFO] [stderr]    --> src/utils.rs:293:23
[INFO] [stderr]     |
[INFO] [stderr] 293 |                 naive.timestamp().try_into()?, 0))
[INFO] [stderr]     |                       ^^^^^^^^^
[INFO] [stderr]     |
[INFO] [stderr]     = note: `#[warn(deprecated)]` on by default
[INFO] [stderr] 
[INFO] [stderr] warning: use of deprecated associated function `chrono::DateTime::<Tz>::from_utc`: Use TimeZone::from_utc_datetime() or DateTime::from_naive_utc_and_offset instead
[INFO] [stderr]    --> src/utils.rs:338:45
[INFO] [stderr]     |
[INFO] [stderr] 338 |                 let dtu = chrono::DateTime::from_utc(dt, chrono::Utc);
[INFO] [stderr]     |                                             ^^^^^^^^
[INFO] [stderr] 
[INFO] [stderr] warning: field `0` is never read
[INFO] [stderr]    --> src/generate_key.rs:404:12
[INFO] [stderr]     |
[INFO] [stderr] 404 |     Handle(String),
[INFO] [stderr]     |     ------ ^^^^^^
[INFO] [stderr]     |     |
[INFO] [stderr]     |     field in this variant
[INFO] [stderr]     |
[INFO] [stderr]     = note: `Parameter` has a derived impl for the trait `Debug`, but this is intentionally ignored during dead code analysis
[INFO] [stderr]     = note: `#[warn(dead_code)]` on by default
[INFO] [stderr] help: consider changing the field to be of unit type to suppress this warning while preserving the field numbering, or remove the field
[INFO] [stderr]     |
[INFO] [stderr] 404 |     Handle(()),
[INFO] [stderr]     |            ~~
[INFO] [stderr] 
[INFO] [stderr] warning: field `0` is never read
[INFO] [stderr]    --> src/generate_key.rs:406:13
[INFO] [stderr]     |
[INFO] [stderr] 406 |     KeyGrip(Keygrip),
[INFO] [stderr]     |     ------- ^^^^^^^
[INFO] [stderr]     |     |
[INFO] [stderr]     |     field in this variant
[INFO] [stderr]     |
[INFO] [stderr]     = note: `Parameter` has a derived impl for the trait `Debug`, but this is intentionally ignored during dead code analysis
[INFO] [stderr] help: consider changing the field to be of unit type to suppress this warning while preserving the field numbering, or remove the field
[INFO] [stderr]     |
[INFO] [stderr] 406 |     KeyGrip(()),
[INFO] [stderr]     |             ~~
[INFO] [stderr] 
[INFO] [stderr] warning: field `0` is never read
[INFO] [stderr]    --> src/generate_key.rs:407:16
[INFO] [stderr]     |
[INFO] [stderr] 407 |     SubkeyGrip(Keygrip),
[INFO] [stderr]     |     ---------- ^^^^^^^
[INFO] [stderr]     |     |
[INFO] [stderr]     |     field in this variant
[INFO] [stderr]     |
[INFO] [stderr]     = note: `Parameter` has a derived impl for the trait `Debug`, but this is intentionally ignored during dead code analysis
[INFO] [stderr] help: consider changing the field to be of unit type to suppress this warning while preserving the field numbering, or remove the field
[INFO] [stderr]     |
[INFO] [stderr] 407 |     SubkeyGrip(()),
[INFO] [stderr]     |                ~~
[INFO] [stderr] 
[INFO] [stderr] warning: unused return value of `into_raw_fd` that must be used
[INFO] [stderr]     --> src/gpg.rs:2419:9
[INFO] [stderr]      |
[INFO] [stderr] 2419 |         pwfd.into_raw_fd();
[INFO] [stderr]      |         ^^^^^^^^^^^^^^^^^^
[INFO] [stderr]      |
[INFO] [stderr]      = note: losing the raw file descriptor may leak resources
[INFO] [stderr]      = note: `#[warn(unused_must_use)]` on by default
[INFO] [stderr] help: use `let _ = ...` to ignore the resulting value
[INFO] [stderr]      |
[INFO] [stderr] 2419 |         let _ = pwfd.into_raw_fd();
[INFO] [stderr]      |         +++++++
[INFO] [stderr] 
[INFO] [stdout] test password_store_git ... FAILED
[INFO] [stdout] test debsig_verify_0_30 ... FAILED
[INFO] [stdout] 
[INFO] [stdout] failures:
[INFO] [stdout] 
[INFO] [stdout] ---- password_store_git stdout ----
[INFO] [stdout] # Recording password-store-git
[INFO] [stdout] 
[INFO] [stdout]   - Package: password-store
[INFO] [stdout]   - Version: dddca73694d1ecc2381cde6c02a9d1466cf0ab41
[INFO] [stdout]   - Source: git
[INFO] [stdout]   - Created: 2024-02-23 15:32:16.529467928 UTC
[INFO] [stdout] 
[INFO] [stdout] ## Testing sample 0
[INFO] [stdout] 
[INFO] [stdout] thread '<unnamed>' panicked at tests/integration.rs:497:54:
[INFO] [stdout] called `Result::unwrap()` on an `Err` value: failed to spawn sq
[INFO] [stdout] 
[INFO] [stdout] Caused by:
[INFO] [stdout]     No such file or directory (os error 2)
[INFO] [stdout] 
[INFO] [stdout] Stack backtrace:
[INFO] [stdout]    0: <E as anyhow::context::ext::StdError>::ext_context
[INFO] [stdout]              at /opt/rustwide/cargo-home/registry/src/index.crates.io-1949cf8c6b5b557f/anyhow-1.0.86/src/backtrace.rs:27:14
[INFO] [stdout]    1: anyhow::context::<impl anyhow::Context<T,E> for core::result::Result<T,E>>::context
[INFO] [stdout]              at /opt/rustwide/cargo-home/registry/src/index.crates.io-1949cf8c6b5b557f/anyhow-1.0.86/src/context.rs:54:31
[INFO] [stdout]    2: integration::inspect_pgp
[INFO] [stdout]              at ./tests/integration.rs:599:21
[INFO] [stdout]    3: integration::Diff::distances::{{closure}}::{{closure}}
[INFO] [stdout]              at ./tests/integration.rs:497:34
[INFO] [stdout]    4: core::iter::adapters::map::map_fold::{{closure}}
[INFO] [stdout]              at /rustc/6067b36314ab5eb2eb47cecc464545ba58e1ad24/library/core/src/iter/adapters/map.rs:88:28
[INFO] [stdout]    5: core::iter::adapters::map::map_fold::{{closure}}
[INFO] [stdout]              at /rustc/6067b36314ab5eb2eb47cecc464545ba58e1ad24/library/core/src/iter/adapters/map.rs:88:21
[INFO] [stdout]    6: <core::slice::iter::Iter<T> as core::iter::traits::iterator::Iterator>::fold
[INFO] [stdout]              at /rustc/6067b36314ab5eb2eb47cecc464545ba58e1ad24/library/core/src/slice/iter/macros.rs:232:27
[INFO] [stdout]    7: <core::iter::adapters::map::Map<I,F> as core::iter::traits::iterator::Iterator>::fold
[INFO] [stdout]              at /rustc/6067b36314ab5eb2eb47cecc464545ba58e1ad24/library/core/src/iter/adapters/map.rs:128:9
[INFO] [stdout]    8: <core::iter::adapters::cloned::Cloned<I> as core::iter::traits::iterator::Iterator>::fold
[INFO] [stdout]              at /rustc/6067b36314ab5eb2eb47cecc464545ba58e1ad24/library/core/src/iter/adapters/cloned.rs:61:31
[INFO] [stdout]    9: <core::iter::adapters::map::Map<I,F> as core::iter::traits::iterator::Iterator>::fold
[INFO] [stdout]              at /rustc/6067b36314ab5eb2eb47cecc464545ba58e1ad24/library/core/src/iter/adapters/map.rs:128:9
[INFO] [stdout]   10: core::iter::traits::iterator::Iterator::for_each
[INFO] [stdout]              at /rustc/6067b36314ab5eb2eb47cecc464545ba58e1ad24/library/core/src/iter/traits/iterator.rs:800:9
[INFO] [stdout]   11: alloc::vec::Vec<T,A>::extend_trusted
[INFO] [stdout]              at /rustc/6067b36314ab5eb2eb47cecc464545ba58e1ad24/library/alloc/src/vec/mod.rs:3568:17
[INFO] [stdout]   12: <alloc::vec::Vec<T,A> as alloc::vec::spec_extend::SpecExtend<T,I>>::spec_extend
[INFO] [stdout]              at /rustc/6067b36314ab5eb2eb47cecc464545ba58e1ad24/library/alloc/src/vec/spec_extend.rs:29:9
[INFO] [stdout]   13: <alloc::vec::Vec<T> as alloc::vec::spec_from_iter_nested::SpecFromIterNested<T,I>>::from_iter
[INFO] [stdout]              at /rustc/6067b36314ab5eb2eb47cecc464545ba58e1ad24/library/alloc/src/vec/spec_from_iter_nested.rs:62:9
[INFO] [stdout]   14: <alloc::vec::Vec<T> as alloc::vec::spec_from_iter::SpecFromIter<T,I>>::from_iter
[INFO] [stdout]              at /rustc/6067b36314ab5eb2eb47cecc464545ba58e1ad24/library/alloc/src/vec/spec_from_iter.rs:34:9
[INFO] [stdout]   15: <alloc::vec::Vec<T> as core::iter::traits::collect::FromIterator<T>>::from_iter
[INFO] [stdout]              at /rustc/6067b36314ab5eb2eb47cecc464545ba58e1ad24/library/alloc/src/vec/mod.rs:3427:9
[INFO] [stdout]   16: core::iter::traits::iterator::Iterator::collect
[INFO] [stdout]              at /rustc/6067b36314ab5eb2eb47cecc464545ba58e1ad24/library/core/src/iter/traits/iterator.rs:1971:9
[INFO] [stdout]   17: integration::Diff::distances::{{closure}}
[INFO] [stdout]              at ./tests/integration.rs:475:13
[INFO] [stdout]   18: std::sync::once_lock::OnceLock<T>::get_or_init::{{closure}}
[INFO] [stdout]              at /rustc/6067b36314ab5eb2eb47cecc464545ba58e1ad24/library/std/src/sync/once_lock.rs:305:50
[INFO] [stdout]   19: std::sync::once_lock::OnceLock<T>::initialize::{{closure}}
[INFO] [stdout]              at /rustc/6067b36314ab5eb2eb47cecc464545ba58e1ad24/library/std/src/sync/once_lock.rs:513:19
[INFO] [stdout]   20: std::sync::poison::once::Once::call_once_force::{{closure}}
[INFO] [stdout]              at /rustc/6067b36314ab5eb2eb47cecc464545ba58e1ad24/library/std/src/sync/poison/once.rs:217:40
[INFO] [stdout]   21: std::sys::sync::once::futex::Once::call
[INFO] [stdout]              at /rustc/6067b36314ab5eb2eb47cecc464545ba58e1ad24/library/std/src/sys/sync/once/futex.rs:176:21
[INFO] [stdout]   22: std::sync::poison::once::Once::call_once_force
[INFO] [stdout]              at /rustc/6067b36314ab5eb2eb47cecc464545ba58e1ad24/library/std/src/sync/poison/once.rs:217:9
[INFO] [stdout]   23: std::sync::once_lock::OnceLock<T>::initialize
[INFO] [stdout]              at /rustc/6067b36314ab5eb2eb47cecc464545ba58e1ad24/library/std/src/sync/once_lock.rs:512:9
[INFO] [stdout]   24: std::sync::once_lock::OnceLock<T>::get_or_try_init
[INFO] [stdout]              at /rustc/6067b36314ab5eb2eb47cecc464545ba58e1ad24/library/std/src/sync/once_lock.rs:391:9
[INFO] [stdout]   25: std::sync::once_lock::OnceLock<T>::get_or_init
[INFO] [stdout]              at /rustc/6067b36314ab5eb2eb47cecc464545ba58e1ad24/library/std/src/sync/once_lock.rs:305:15
[INFO] [stdout]   26: integration::Diff::distances
[INFO] [stdout]              at ./tests/integration.rs:472:9
[INFO] [stdout]   27: integration::Diff::emit
[INFO] [stdout]              at ./tests/integration.rs:543:38
[INFO] [stdout]   28: integration::Experiment::run
[INFO] [stdout]              at ./tests/integration.rs:696:13
[INFO] [stdout]   29: integration::password_store_git::ntest_callback
[INFO] [stdout]              at ./tests/integration.rs:28:5
[INFO] [stdout]   30: integration::password_store_git::{{closure}}
[INFO] [stdout]              at ./tests/integration.rs:26:1
[INFO] [stdout]   31: std::sys::backtrace::__rust_begin_short_backtrace
[INFO] [stdout]              at /rustc/6067b36314ab5eb2eb47cecc464545ba58e1ad24/library/std/src/sys/backtrace.rs:152:18
[INFO] [stdout]   32: std::thread::Builder::spawn_unchecked_::{{closure}}::{{closure}}
[INFO] [stdout]              at /rustc/6067b36314ab5eb2eb47cecc464545ba58e1ad24/library/std/src/thread/mod.rs:559:17
[INFO] [stdout]   33: <core::panic::unwind_safe::AssertUnwindSafe<F> as core::ops::function::FnOnce<()>>::call_once
[INFO] [stdout]              at /rustc/6067b36314ab5eb2eb47cecc464545ba58e1ad24/library/core/src/panic/unwind_safe.rs:272:9
[INFO] [stdout]   34: std::panicking::try::do_call
[INFO] [stdout]              at /rustc/6067b36314ab5eb2eb47cecc464545ba58e1ad24/library/std/src/panicking.rs:587:40
[INFO] [stdout]   35: __rust_try
[INFO] [stdout]   36: std::panicking::try
[INFO] [stdout]              at /rustc/6067b36314ab5eb2eb47cecc464545ba58e1ad24/library/std/src/panicking.rs:550:19
[INFO] [stdout]   37: std::panic::catch_unwind
[INFO] [stdout]              at /rustc/6067b36314ab5eb2eb47cecc464545ba58e1ad24/library/std/src/panic.rs:358:14
[INFO] [stdout]   38: std::thread::Builder::spawn_unchecked_::{{closure}}
[INFO] [stdout]              at /rustc/6067b36314ab5eb2eb47cecc464545ba58e1ad24/library/std/src/thread/mod.rs:557:30
[INFO] [stdout]   39: core::ops::function::FnOnce::call_once{{vtable.shim}}
[INFO] [stdout]              at /rustc/6067b36314ab5eb2eb47cecc464545ba58e1ad24/library/core/src/ops/function.rs:250:5
[INFO] [stdout]   40: <alloc::boxed::Box<F,A> as core::ops::function::FnOnce<Args>>::call_once
[INFO] [stdout]              at /rustc/6067b36314ab5eb2eb47cecc464545ba58e1ad24/library/alloc/src/boxed.rs:2013:9
[INFO] [stdout]   41: <alloc::boxed::Box<F,A> as core::ops::function::FnOnce<Args>>::call_once
[INFO] [stdout]              at /rustc/6067b36314ab5eb2eb47cecc464545ba58e1ad24/library/alloc/src/boxed.rs:2013:9
[INFO] [stdout]   42: std::sys::pal::unix::thread::Thread::new::thread_start
[INFO] [stdout]              at /rustc/6067b36314ab5eb2eb47cecc464545ba58e1ad24/library/std/src/sys/pal/unix/thread.rs:106:17
[INFO] [stdout]   43: <unknown>
[INFO] [stdout]   44: clone
[INFO] [stdout] stack backtrace:
[INFO] [stdout]    0:     0x62dc8a9d60aa - std::backtrace_rs::backtrace::libunwind::trace::hb059275cfc8d6126
[INFO] [stdout]                                at /rustc/6067b36314ab5eb2eb47cecc464545ba58e1ad24/library/std/src/../../backtrace/src/backtrace/libunwind.rs:116:5
[INFO] [stdout]    1:     0x62dc8a9d60aa - std::backtrace_rs::backtrace::trace_unsynchronized::h2da071e4327ce3ee
[INFO] [stdout]                                at /rustc/6067b36314ab5eb2eb47cecc464545ba58e1ad24/library/std/src/../../backtrace/src/backtrace/mod.rs:66:5
[INFO] [stdout]    2:     0x62dc8a9d60aa - std::sys::backtrace::_print_fmt::h842a1474e6f8d23f
[INFO] [stdout]                                at /rustc/6067b36314ab5eb2eb47cecc464545ba58e1ad24/library/std/src/sys/backtrace.rs:66:9
[INFO] [stdout]    3:     0x62dc8a9d60aa - <std::sys::backtrace::BacktraceLock::print::DisplayBacktrace as core::fmt::Display>::fmt::h71a62eb3b9696b12
[INFO] [stdout]                                at /rustc/6067b36314ab5eb2eb47cecc464545ba58e1ad24/library/std/src/sys/backtrace.rs:39:26
[INFO] [stdout]    4:     0x62dc8aa01a53 - core::fmt::rt::Argument::fmt::hdb6b616786b41dc1
[INFO] [stdout]                                at /rustc/6067b36314ab5eb2eb47cecc464545ba58e1ad24/library/core/src/fmt/rt.rs:177:76
[INFO] [stdout]    5:     0x62dc8aa01a53 - core::fmt::write::h2cc1698af7e2d686
[INFO] [stdout]                                at /rustc/6067b36314ab5eb2eb47cecc464545ba58e1ad24/library/core/src/fmt/mod.rs:1440:21
[INFO] [stdout]    6:     0x62dc8a9d1f43 - std::io::Write::write_fmt::hab1b4cd059a79022
[INFO] [stdout]                                at /rustc/6067b36314ab5eb2eb47cecc464545ba58e1ad24/library/std/src/io/mod.rs:1887:15
[INFO] [stdout]    7:     0x62dc8a9d5ef2 - std::sys::backtrace::BacktraceLock::print::h147fe35b4ea13b08
[INFO] [stdout]                                at /rustc/6067b36314ab5eb2eb47cecc464545ba58e1ad24/library/std/src/sys/backtrace.rs:42:9
[INFO] [stdout]    8:     0x62dc8a9d74cf - std::panicking::default_hook::{{closure}}::hbd44223dbdc0d208
[INFO] [stdout]                                at /rustc/6067b36314ab5eb2eb47cecc464545ba58e1ad24/library/std/src/panicking.rs:298:22
[INFO] [stdout]    9:     0x62dc8a9d72e8 - std::panicking::default_hook::h20f81eb0576efcec
[INFO] [stdout]                                at /rustc/6067b36314ab5eb2eb47cecc464545ba58e1ad24/library/std/src/panicking.rs:322:9
[INFO] [stdout]   10:     0x62dc8a65cd73 - <alloc::boxed::Box<F,A> as core::ops::function::Fn<Args>>::call::hdb53814c496a4d34
[INFO] [stdout]                                at /rustc/6067b36314ab5eb2eb47cecc464545ba58e1ad24/library/alloc/src/boxed.rs:2027:9
[INFO] [stdout]   11:     0x62dc8a65cd73 - test::test_main::{{closure}}::hc0a4963c59427c24
[INFO] [stdout]                                at /rustc/6067b36314ab5eb2eb47cecc464545ba58e1ad24/library/test/src/lib.rs:134:21
[INFO] [stdout]   12:     0x62dc8a9d7fc3 - <alloc::boxed::Box<F,A> as core::ops::function::Fn<Args>>::call::h591b2225413a77e9
[INFO] [stdout]                                at /rustc/6067b36314ab5eb2eb47cecc464545ba58e1ad24/library/alloc/src/boxed.rs:2027:9
[INFO] [stdout]   13:     0x62dc8a9d7fc3 - std::panicking::rust_panic_with_hook::h625eea43051b2edc
[INFO] [stdout]                                at /rustc/6067b36314ab5eb2eb47cecc464545ba58e1ad24/library/std/src/panicking.rs:839:13
[INFO] [stdout]   14:     0x62dc8a9d7c7a - std::panicking::begin_panic_handler::{{closure}}::h4f9159cfbc3f6bd3
[INFO] [stdout]                                at /rustc/6067b36314ab5eb2eb47cecc464545ba58e1ad24/library/std/src/panicking.rs:704:13
[INFO] [stdout]   15:     0x62dc8a9d65a9 - std::sys::backtrace::__rust_end_short_backtrace::h0390abce48353151
[INFO] [stdout]                                at /rustc/6067b36314ab5eb2eb47cecc464545ba58e1ad24/library/std/src/sys/backtrace.rs:168:18
[INFO] [stdout]   16:     0x62dc8a9d790d - rust_begin_unwind
[INFO] [stdout]                                at /rustc/6067b36314ab5eb2eb47cecc464545ba58e1ad24/library/std/src/panicking.rs:695:5
[INFO] [stdout]   17:     0x62dc8a9ff480 - core::panicking::panic_fmt::h9e7c637e9e5f29c9
[INFO] [stdout]                                at /rustc/6067b36314ab5eb2eb47cecc464545ba58e1ad24/library/core/src/panicking.rs:75:14
[INFO] [stdout]   18:     0x62dc8a9ff956 - core::result::unwrap_failed::h7979f09313fe1849
[INFO] [stdout]                                at /rustc/6067b36314ab5eb2eb47cecc464545ba58e1ad24/library/core/src/result.rs:1704:5
[INFO] [stdout]   19:     0x62dc8a550dc9 - core::result::Result<T,E>::unwrap::h7fd012cf7aab9c3e
[INFO] [stdout]                                at /rustc/6067b36314ab5eb2eb47cecc464545ba58e1ad24/library/core/src/result.rs:1109:23
[INFO] [stdout]   20:     0x62dc8a550dc9 - integration::Diff::distances::{{closure}}::{{closure}}::hadfc8c8d297e3726
[INFO] [stdout]                                at /opt/rustwide/workdir/tests/integration.rs:497:34
[INFO] [stdout]   21:     0x62dc8a58d526 - core::iter::adapters::map::map_fold::{{closure}}::h158c05dbf1f9116e
[INFO] [stdout]                                at /rustc/6067b36314ab5eb2eb47cecc464545ba58e1ad24/library/core/src/iter/adapters/map.rs:88:28
[INFO] [stdout]   22:     0x62dc8a58d4cd - core::iter::adapters::map::map_fold::{{closure}}::h0347d5c5f3e4b81d
[INFO] [stdout]                                at /rustc/6067b36314ab5eb2eb47cecc464545ba58e1ad24/library/core/src/iter/adapters/map.rs:88:21
[INFO] [stdout]   23:     0x62dc8a567724 - <core::slice::iter::Iter<T> as core::iter::traits::iterator::Iterator>::fold::h669068689c2b6bfd
[INFO] [stdout]                                at /rustc/6067b36314ab5eb2eb47cecc464545ba58e1ad24/library/core/src/slice/iter/macros.rs:232:27
[INFO] [stdout]   24:     0x62dc8a55b7ea - <core::iter::adapters::map::Map<I,F> as core::iter::traits::iterator::Iterator>::fold::hbc8e3068cf74d41e
[INFO] [stdout]                                at /rustc/6067b36314ab5eb2eb47cecc464545ba58e1ad24/library/core/src/iter/adapters/map.rs:128:9
[INFO] [stdout]   25:     0x62dc8a55b7ea - <core::iter::adapters::cloned::Cloned<I> as core::iter::traits::iterator::Iterator>::fold::he68ad0fe6cb8b516
[INFO] [stdout]                                at /rustc/6067b36314ab5eb2eb47cecc464545ba58e1ad24/library/core/src/iter/adapters/cloned.rs:61:31
[INFO] [stdout]   26:     0x62dc8a586698 - <core::iter::adapters::map::Map<I,F> as core::iter::traits::iterator::Iterator>::fold::h83ee5c5d9dd11692
[INFO] [stdout]                                at /rustc/6067b36314ab5eb2eb47cecc464545ba58e1ad24/library/core/src/iter/adapters/map.rs:128:9
[INFO] [stdout]   27:     0x62dc8a58d205 - core::iter::traits::iterator::Iterator::for_each::h9adb9ccfcb5c45ee
[INFO] [stdout]                                at /rustc/6067b36314ab5eb2eb47cecc464545ba58e1ad24/library/core/src/iter/traits/iterator.rs:800:9
[INFO] [stdout]   28:     0x62dc8a581dbf - alloc::vec::Vec<T,A>::extend_trusted::h2aeb4d1bc239424d
[INFO] [stdout]                                at /rustc/6067b36314ab5eb2eb47cecc464545ba58e1ad24/library/alloc/src/vec/mod.rs:3568:17
[INFO] [stdout]   29:     0x62dc8a58645a - <alloc::vec::Vec<T,A> as alloc::vec::spec_extend::SpecExtend<T,I>>::spec_extend::h06d93cc992842b3f
[INFO] [stdout]                                at /rustc/6067b36314ab5eb2eb47cecc464545ba58e1ad24/library/alloc/src/vec/spec_extend.rs:29:9
[INFO] [stdout]   30:     0x62dc8a58074b - <alloc::vec::Vec<T> as alloc::vec::spec_from_iter_nested::SpecFromIterNested<T,I>>::from_iter::hc93f24339e6c9d30
[INFO] [stdout]                                at /rustc/6067b36314ab5eb2eb47cecc464545ba58e1ad24/library/alloc/src/vec/spec_from_iter_nested.rs:62:9
[INFO] [stdout]   31:     0x62dc8a58652d - <alloc::vec::Vec<T> as alloc::vec::spec_from_iter::SpecFromIter<T,I>>::from_iter::h0e67b0adb409ca35
[INFO] [stdout]                                at /rustc/6067b36314ab5eb2eb47cecc464545ba58e1ad24/library/alloc/src/vec/spec_from_iter.rs:34:9
[INFO] [stdout]   32:     0x62dc8a58631f - <alloc::vec::Vec<T> as core::iter::traits::collect::FromIterator<T>>::from_iter::h7c47c5de2317cbef
[INFO] [stdout]                                at /rustc/6067b36314ab5eb2eb47cecc464545ba58e1ad24/library/alloc/src/vec/mod.rs:3427:9
[INFO] [stdout]   33:     0x62dc8a58d164 - core::iter::traits::iterator::Iterator::collect::h3f9ccd8f489685c0
[INFO] [stdout]                                at /rustc/6067b36314ab5eb2eb47cecc464545ba58e1ad24/library/core/src/iter/traits/iterator.rs:1971:9
[INFO] [stdout]   34:     0x62dc8a54fef8 - integration::Diff::distances::{{closure}}::h3644da997c1ecb7a
[INFO] [stdout]                                at /opt/rustwide/workdir/tests/integration.rs:475:13
[INFO] [stdout]   35:     0x62dc8a56dbcd - std::sync::once_lock::OnceLock<T>::get_or_init::{{closure}}::h6c84429c6968f3df
[INFO] [stdout]                                at /rustc/6067b36314ab5eb2eb47cecc464545ba58e1ad24/library/std/src/sync/once_lock.rs:305:50
[INFO] [stdout]   36:     0x62dc8a56d8fe - std::sync::once_lock::OnceLock<T>::initialize::{{closure}}::h8d755a995df37b4f
[INFO] [stdout]                                at /rustc/6067b36314ab5eb2eb47cecc464545ba58e1ad24/library/std/src/sync/once_lock.rs:513:19
[INFO] [stdout]   37:     0x62dc8a59295d - std::sync::poison::once::Once::call_once_force::{{closure}}::hc91a68bb9a9ce1ca
[INFO] [stdout]                                at /rustc/6067b36314ab5eb2eb47cecc464545ba58e1ad24/library/std/src/sync/poison/once.rs:217:40
[INFO] [stdout]   38:     0x62dc8a9e2b04 - std::sys::sync::once::futex::Once::call::h815b83ce02d0388e
[INFO] [stdout]                                at /rustc/6067b36314ab5eb2eb47cecc464545ba58e1ad24/library/std/src/sys/sync/once/futex.rs:176:21
[INFO] [stdout]   39:     0x62dc8a59262a - std::sync::poison::once::Once::call_once_force::hd0620dd7f2054e03
[INFO] [stdout]                                at /rustc/6067b36314ab5eb2eb47cecc464545ba58e1ad24/library/std/src/sync/poison/once.rs:217:9
[INFO] [stdout]   40:     0x62dc8a56d832 - std::sync::once_lock::OnceLock<T>::initialize::h14ae1a8c70c46a9f
[INFO] [stdout]                                at /rustc/6067b36314ab5eb2eb47cecc464545ba58e1ad24/library/std/src/sync/once_lock.rs:512:9
[INFO] [stdout]   41:     0x62dc8a56ddf9 - std::sync::once_lock::OnceLock<T>::get_or_try_init::h4d126765e5d86e8e
[INFO] [stdout]                                at /rustc/6067b36314ab5eb2eb47cecc464545ba58e1ad24/library/std/src/sync/once_lock.rs:391:9
[INFO] [stdout]   42:     0x62dc8a56db93 - std::sync::once_lock::OnceLock<T>::get_or_init::hec65c9f7a0cdf496
[INFO] [stdout]                                at /rustc/6067b36314ab5eb2eb47cecc464545ba58e1ad24/library/std/src/sync/once_lock.rs:305:15
[INFO] [stdout]   43:     0x62dc8a54fdb5 - integration::Diff::distances::h9e5fbd1cfb92d68a
[INFO] [stdout]                                at /opt/rustwide/workdir/tests/integration.rs:472:9
[INFO] [stdout]   44:     0x62dc8a5514d7 - integration::Diff::emit::hee1794a48ab3df77
[INFO] [stdout]                                at /opt/rustwide/workdir/tests/integration.rs:543:38
[INFO] [stdout]   45:     0x62dc8a5543f1 - integration::Experiment::run::h55141dfec12f66bd
[INFO] [stdout]                                at /opt/rustwide/workdir/tests/integration.rs:696:13
[INFO] [stdout]   46:     0x62dc8a556b09 - integration::password_store_git::ntest_callback::h04553784e1f0f508
[INFO] [stdout]                                at /opt/rustwide/workdir/tests/integration.rs:28:5
[INFO] [stdout]   47:     0x62dc8a556ba3 - integration::password_store_git::{{closure}}::h1a5dc548dd1bdbb1
[INFO] [stdout]                                at /opt/rustwide/workdir/tests/integration.rs:26:1
[INFO] [stdout]   48:     0x62dc8a597ab3 - std::sys::backtrace::__rust_begin_short_backtrace::h51a0523253ab2808
[INFO] [stdout]                                at /rustc/6067b36314ab5eb2eb47cecc464545ba58e1ad24/library/std/src/sys/backtrace.rs:152:18
[INFO] [stdout]   49:     0x62dc8a5b04ab - std::thread::Builder::spawn_unchecked_::{{closure}}::{{closure}}::h3b8150183dfbd6c0
[INFO] [stdout]                                at /rustc/6067b36314ab5eb2eb47cecc464545ba58e1ad24/library/std/src/thread/mod.rs:559:17
[INFO] [stdout]   50:     0x62dc8a5b6950 - <core::panic::unwind_safe::AssertUnwindSafe<F> as core::ops::function::FnOnce<()>>::call_once::he69c09b503200d0e
[INFO] [stdout]                                at /rustc/6067b36314ab5eb2eb47cecc464545ba58e1ad24/library/core/src/panic/unwind_safe.rs:272:9
[INFO] [stdout]   51:     0x62dc8a5a1adf - std::panicking::try::do_call::h1a33b49298663a57
[INFO] [stdout]                                at /rustc/6067b36314ab5eb2eb47cecc464545ba58e1ad24/library/std/src/panicking.rs:587:40
[INFO] [stdout]   52:     0x62dc8a5b4fab - __rust_try
[INFO] [stdout]   53:     0x62dc8a5afefa - std::panicking::try::hf68792d6deedfd05
[INFO] [stdout]                                at /rustc/6067b36314ab5eb2eb47cecc464545ba58e1ad24/library/std/src/panicking.rs:550:19
[INFO] [stdout]   54:     0x62dc8a5afefa - std::panic::catch_unwind::hfa639e3ab31bfe5a
[INFO] [stdout]                                at /rustc/6067b36314ab5eb2eb47cecc464545ba58e1ad24/library/std/src/panic.rs:358:14
[INFO] [stdout]   55:     0x62dc8a5afefa - std::thread::Builder::spawn_unchecked_::{{closure}}::h99d08f0b1e0a1446
[INFO] [stdout]                                at /rustc/6067b36314ab5eb2eb47cecc464545ba58e1ad24/library/std/src/thread/mod.rs:557:30
[INFO] [stdout]   56:     0x62dc8a586d1e - core::ops::function::FnOnce::call_once{{vtable.shim}}::ha0546baacd6f775b
[INFO] [stdout]                                at /rustc/6067b36314ab5eb2eb47cecc464545ba58e1ad24/library/core/src/ops/function.rs:250:5
[INFO] [stdout]   57:     0x62dc8a9de1db - <alloc::boxed::Box<F,A> as core::ops::function::FnOnce<Args>>::call_once::ha52bedf99a3b4981
[INFO] [stdout]                                at /rustc/6067b36314ab5eb2eb47cecc464545ba58e1ad24/library/alloc/src/boxed.rs:2013:9
[INFO] [stdout]   58:     0x62dc8a9de1db - <alloc::boxed::Box<F,A> as core::ops::function::FnOnce<Args>>::call_once::h567748934d80ccf8
[INFO] [stdout]                                at /rustc/6067b36314ab5eb2eb47cecc464545ba58e1ad24/library/alloc/src/boxed.rs:2013:9
[INFO] [stdout]   59:     0x62dc8a9de1db - std::sys::pal::unix::thread::Thread::new::thread_start::h2d970728ae887adc
[INFO] [stdout]                                at /rustc/6067b36314ab5eb2eb47cecc464545ba58e1ad24/library/std/src/sys/pal/unix/thread.rs:106:17
[INFO] [stdout]   60:     0x7aa870494ac3 - <unknown>
[INFO] [stdout]   61:     0x7aa870525a04 - clone
[INFO] [stdout]   62:                0x0 - <unknown>
[INFO] [stdout] 
[INFO] [stdout] thread 'password_store_git' panicked at tests/integration.rs:26:1:
[INFO] [stdout] explicit panic
[INFO] [stdout] stack backtrace:
[INFO] [stdout]    0:     0x62dc8a9d60aa - std::backtrace_rs::backtrace::libunwind::trace::hb059275cfc8d6126
[INFO] [stdout]                                at /rustc/6067b36314ab5eb2eb47cecc464545ba58e1ad24/library/std/src/../../backtrace/src/backtrace/libunwind.rs:116:5
[INFO] [stdout]    1:     0x62dc8a9d60aa - std::backtrace_rs::backtrace::trace_unsynchronized::h2da071e4327ce3ee
[INFO] [stdout]                                at /rustc/6067b36314ab5eb2eb47cecc464545ba58e1ad24/library/std/src/../../backtrace/src/backtrace/mod.rs:66:5
[INFO] [stdout]    2:     0x62dc8a9d60aa - std::sys::backtrace::_print_fmt::h842a1474e6f8d23f
[INFO] [stdout]                                at /rustc/6067b36314ab5eb2eb47cecc464545ba58e1ad24/library/std/src/sys/backtrace.rs:66:9
[INFO] [stdout]    3:     0x62dc8a9d60aa - <std::sys::backtrace::BacktraceLock::print::DisplayBacktrace as core::fmt::Display>::fmt::h71a62eb3b9696b12
[INFO] [stdout]                                at /rustc/6067b36314ab5eb2eb47cecc464545ba58e1ad24/library/std/src/sys/backtrace.rs:39:26
[INFO] [stdout]    4:     0x62dc8aa01a53 - core::fmt::rt::Argument::fmt::hdb6b616786b41dc1
[INFO] [stdout]                                at /rustc/6067b36314ab5eb2eb47cecc464545ba58e1ad24/library/core/src/fmt/rt.rs:177:76
[INFO] [stdout]    5:     0x62dc8aa01a53 - core::fmt::write::h2cc1698af7e2d686
[INFO] [stdout]                                at /rustc/6067b36314ab5eb2eb47cecc464545ba58e1ad24/library/core/src/fmt/mod.rs:1440:21
[INFO] [stdout]    6:     0x62dc8a9d1f43 - std::io::Write::write_fmt::hab1b4cd059a79022
[INFO] [stdout]                                at /rustc/6067b36314ab5eb2eb47cecc464545ba58e1ad24/library/std/src/io/mod.rs:1887:15
[INFO] [stdout]    7:     0x62dc8a9d5ef2 - std::sys::backtrace::BacktraceLock::print::h147fe35b4ea13b08
[INFO] [stdout]                                at /rustc/6067b36314ab5eb2eb47cecc464545ba58e1ad24/library/std/src/sys/backtrace.rs:42:9
[INFO] [stdout]    8:     0x62dc8a9d74cf - std::panicking::default_hook::{{closure}}::hbd44223dbdc0d208
[INFO] [stdout]                                at /rustc/6067b36314ab5eb2eb47cecc464545ba58e1ad24/library/std/src/panicking.rs:298:22
[INFO] [stdout]    9:     0x62dc8a9d72e8 - std::panicking::default_hook::h20f81eb0576efcec
[INFO] [stdout]                                at /rustc/6067b36314ab5eb2eb47cecc464545ba58e1ad24/library/std/src/panicking.rs:322:9
[INFO] [stdout]   10:     0x62dc8a65cd73 - <alloc::boxed::Box<F,A> as core::ops::function::Fn<Args>>::call::hdb53814c496a4d34
[INFO] [stdout]                                at /rustc/6067b36314ab5eb2eb47cecc464545ba58e1ad24/library/alloc/src/boxed.rs:2027:9
[INFO] [stdout]   11:     0x62dc8a65cd73 - test::test_main::{{closure}}::hc0a4963c59427c24
[INFO] [stdout]                                at /rustc/6067b36314ab5eb2eb47cecc464545ba58e1ad24/library/test/src/lib.rs:134:21
[INFO] [stdout]   12:     0x62dc8a9d7fc3 - <alloc::boxed::Box<F,A> as core::ops::function::Fn<Args>>::call::h591b2225413a77e9
[INFO] [stdout]                                at /rustc/6067b36314ab5eb2eb47cecc464545ba58e1ad24/library/alloc/src/boxed.rs:2027:9
[INFO] [stdout]   13:     0x62dc8a9d7fc3 - std::panicking::rust_panic_with_hook::h625eea43051b2edc
[INFO] [stdout]                                at /rustc/6067b36314ab5eb2eb47cecc464545ba58e1ad24/library/std/src/panicking.rs:839:13
[INFO] [stdout]   14:     0x62dc8a9d7dcc - std::panicking::begin_panic::{{closure}}::hb6f83f64bbc6469c
[INFO] [stdout]                                at /rustc/6067b36314ab5eb2eb47cecc464545ba58e1ad24/library/std/src/panicking.rs:768:9
[INFO] [stdout]   15:     0x62dc8a9d65b9 - std::sys::backtrace::__rust_end_short_backtrace::h892ae3ae8be3daf3
[INFO] [stdout]                                at /rustc/6067b36314ab5eb2eb47cecc464545ba58e1ad24/library/std/src/sys/backtrace.rs:168:18
[INFO] [stdout]   16:     0x62dc8a9d7cd2 - std::panicking::begin_panic::h855074417e0a5787
[INFO] [stdout]                                at /rustc/6067b36314ab5eb2eb47cecc464545ba58e1ad24/library/std/src/panicking.rs:767:5
[INFO] [stdout]   17:     0x62dc8a5568c6 - integration::password_store_git::hbe1035b454eb3fa6
[INFO] [stdout]                                at /opt/rustwide/workdir/tests/integration.rs:26:1
[INFO] [stdout]   18:     0x62dc8a556737 - integration::password_store_git::{{closure}}::h2536e057993e8b99
[INFO] [stdout]                                at /opt/rustwide/workdir/tests/integration.rs:27:28
[INFO] [stdout]   19:     0x62dc8a587036 - core::ops::function::FnOnce::call_once::h4b9437109e26379c
[INFO] [stdout]                                at /rustc/6067b36314ab5eb2eb47cecc464545ba58e1ad24/library/core/src/ops/function.rs:250:5
[INFO] [stdout]   20:     0x62dc8a6624cb - core::ops::function::FnOnce::call_once::he27718dfdd183f43
[INFO] [stdout]                                at /rustc/6067b36314ab5eb2eb47cecc464545ba58e1ad24/library/core/src/ops/function.rs:250:5
[INFO] [stdout]   21:     0x62dc8a6624cb - test::__rust_begin_short_backtrace::h4e84902998457a5d
[INFO] [stdout]                                at /rustc/6067b36314ab5eb2eb47cecc464545ba58e1ad24/library/test/src/lib.rs:632:18
[INFO] [stdout]   22:     0x62dc8a661403 - test::run_test_in_process::{{closure}}::h7176fd18fc1feca0
[INFO] [stdout]                                at /rustc/6067b36314ab5eb2eb47cecc464545ba58e1ad24/library/test/src/lib.rs:655:60
[INFO] [stdout]   23:     0x62dc8a661403 - <core::panic::unwind_safe::AssertUnwindSafe<F> as core::ops::function::FnOnce<()>>::call_once::hf79cff2a624d8cf7
[INFO] [stdout]                                at /rustc/6067b36314ab5eb2eb47cecc464545ba58e1ad24/library/core/src/panic/unwind_safe.rs:272:9
[INFO] [stdout]   24:     0x62dc8a661403 - std::panicking::try::do_call::h3da0561d9ab99c25
[INFO] [stdout]                                at /rustc/6067b36314ab5eb2eb47cecc464545ba58e1ad24/library/std/src/panicking.rs:587:40
[INFO] [stdout]   25:     0x62dc8a661403 - std::panicking::try::h41c9fa508bc61df6
[INFO] [stdout]                                at /rustc/6067b36314ab5eb2eb47cecc464545ba58e1ad24/library/std/src/panicking.rs:550:19
[INFO] [stdout]   26:     0x62dc8a661403 - std::panic::catch_unwind::h6b3ff07bb5afad93
[INFO] [stdout]                                at /rustc/6067b36314ab5eb2eb47cecc464545ba58e1ad24/library/std/src/panic.rs:358:14
[INFO] [stdout]   27:     0x62dc8a661403 - test::run_test_in_process::hc7253dd11b39b9f4
[INFO] [stdout]                                at /rustc/6067b36314ab5eb2eb47cecc464545ba58e1ad24/library/test/src/lib.rs:655:27
[INFO] [stdout]   28:     0x62dc8a661403 - test::run_test::{{closure}}::hfb2007f8649c30bb
[INFO] [stdout]                                at /rustc/6067b36314ab5eb2eb47cecc464545ba58e1ad24/library/test/src/lib.rs:576:43
[INFO] [stdout]   29:     0x62dc8a6244e5 - test::run_test::{{closure}}::h56a17aa7a282a9f4
[INFO] [stdout]                                at /rustc/6067b36314ab5eb2eb47cecc464545ba58e1ad24/library/test/src/lib.rs:606:41
[INFO] [stdout]   30:     0x62dc8a6244e5 - std::sys::backtrace::__rust_begin_short_backtrace::hd2d2d2fb8e8c6aac
[INFO] [stdout]                                at /rustc/6067b36314ab5eb2eb47cecc464545ba58e1ad24/library/std/src/sys/backtrace.rs:152:18
[INFO] [stdout]   31:     0x62dc8a627dca - std::thread::Builder::spawn_unchecked_::{{closure}}::{{closure}}::h4faa3f9db6133423
[INFO] [stdout]                                at /rustc/6067b36314ab5eb2eb47cecc464545ba58e1ad24/library/std/src/thread/mod.rs:559:17
[INFO] [stdout]   32:     0x62dc8a627dca - <core::panic::unwind_safe::AssertUnwindSafe<F> as core::ops::function::FnOnce<()>>::call_once::hf2e855a36a4ea846
[INFO] [stdout]                                at /rustc/6067b36314ab5eb2eb47cecc464545ba58e1ad24/library/core/src/panic/unwind_safe.rs:272:9
[INFO] [stdout]   33:     0x62dc8a627dca - std::panicking::try::do_call::h2f73af3616c35465
[INFO] [stdout]                                at /rustc/6067b36314ab5eb2eb47cecc464545ba58e1ad24/library/std/src/panicking.rs:587:40
[INFO] [stdout]   34:     0x62dc8a627dca - std::panicking::try::hd1660ce9efadef5a
[INFO] [stdout]                                at /rustc/6067b36314ab5eb2eb47cecc464545ba58e1ad24/library/std/src/panicking.rs:550:19
[INFO] [stdout]   35:     0x62dc8a627dca - std::panic::catch_unwind::h5ee8d7823b8ca744
[INFO] [stdout]                                at /rustc/6067b36314ab5eb2eb47cecc464545ba58e1ad24/library/std/src/panic.rs:358:14
[INFO] [stdout]   36:     0x62dc8a627dca - std::thread::Builder::spawn_unchecked_::{{closure}}::h53c3a1894dce8407
[INFO] [stdout]                                at /rustc/6067b36314ab5eb2eb47cecc464545ba58e1ad24/library/std/src/thread/mod.rs:557:30
[INFO] [stdout]   37:     0x62dc8a627dca - core::ops::function::FnOnce::call_once{{vtable.shim}}::h048ce291ad4f62bf
[INFO] [stdout]                                at /rustc/6067b36314ab5eb2eb47cecc464545ba58e1ad24/library/core/src/ops/function.rs:250:5
[INFO] [stdout]   38:     0x62dc8a9de1db - <alloc::boxed::Box<F,A> as core::ops::function::FnOnce<Args>>::call_once::ha52bedf99a3b4981
[INFO] [stdout]                                at /rustc/6067b36314ab5eb2eb47cecc464545ba58e1ad24/library/alloc/src/boxed.rs:2013:9
[INFO] [stdout]   39:     0x62dc8a9de1db - <alloc::boxed::Box<F,A> as core::ops::function::FnOnce<Args>>::call_once::h567748934d80ccf8
[INFO] [stdout]                                at /rustc/6067b36314ab5eb2eb47cecc464545ba58e1ad24/library/alloc/src/boxed.rs:2013:9
[INFO] [stdout]   40:     0x62dc8a9de1db - std::sys::pal::unix::thread::Thread::new::thread_start::h2d970728ae887adc
[INFO] [stdout]                                at /rustc/6067b36314ab5eb2eb47cecc464545ba58e1ad24/library/std/src/sys/pal/unix/thread.rs:106:17
[INFO] [stdout]   41:     0x7aa870494ac3 - <unknown>
[INFO] [stdout]   42:     0x7aa870525a04 - clone
[INFO] [stdout]   43:                0x0 - <unknown>
[INFO] [stdout] 
[INFO] [stdout] ---- debsig_verify_0_30 stdout ----
[INFO] [stdout] Spawning ["cargo", "build", "--quiet", "--no-default-features", "--features=crypto-nettle"] to build the chameleon...
[INFO] [stdout] # Recording debsig-verify-0.30
[INFO] [stdout] 
[INFO] [stdout]   - Package: debsig-verify
[INFO] [stdout]   - Version: 0.30
[INFO] [stdout]   - Source: Debian
[INFO] [stdout]   - Created: 2024-05-16 08:42:54.059613143 UTC
[INFO] [stdout] 
[INFO] [stdout] ## Testing sample 0
[INFO] [stdout] 
[INFO] [stdout]   - Invoking the chameleon
[INFO] [stdout]     gpg-sq "--no-permission-warning" "--no-permission-warning" "--command-fd=23" "--attribute-fd=22" "--logger-fd=20" "--status-fd=18" "--ignore-time-conflict" "--no-options" "--no-default-keyring" "--no-auto-check-trustdb" "--trust-model=always" "-v" "--batch" "--import" "input0"
[INFO] [stdout] 
[INFO] [stdout] loggerfd: (edit distance 175; previously 175)
[INFO] [stdout] --- oracle loggerfd
[INFO] [stdout] +++ chameleon loggerfd
[INFO] [stdout] -gpg: enabled compatibility flags:
[INFO] [stdout] -gpg: keybox '/GNUPGHOME/pubring.kbx' created
[INFO] [stdout] -gpg: pub  rsa4096/E9F3837DB59CDACD 2022-07-18  Debsig Origin Test Key <debsig-test@example.com>
[INFO] [stdout]  gpg: key E9F3837DB59CDACD: public key "Debsig Origin Test Key <debsig-test@example.com>" imported
[INFO] [stdout]  gpg: Total number processed: 1
[INFO] [stdout]  gpg:               imported: 1
[INFO] [stdout] 
[INFO] [stdout] ## Testing sample 1
[INFO] [stdout] 
[INFO] [stdout]   - Invoking the chameleon
[INFO] [stdout]     gpg-sq "--no-permission-warning" "--no-permission-warning" "--command-fd=31" "--attribute-fd=29" "--logger-fd=25" "--status-fd=21" "--ignore-time-conflict" "--no-options" "--no-default-keyring" "--no-auto-check-trustdb" "--trust-model=always" "-v" "--batch" "--import" "input0"
[INFO] [stdout] 
[INFO] [stdout] loggerfd: (edit distance 175; previously 175)
[INFO] [stdout] --- oracle loggerfd
[INFO] [stdout] +++ chameleon loggerfd
[INFO] [stdout] -gpg: enabled compatibility flags:
[INFO] [stdout] -gpg: keybox '/GNUPGHOME/pubring.kbx' created
[INFO] [stdout] -gpg: pub  rsa4096/E9F3837DB59CDACD 2022-07-18  Debsig Origin Test Key <debsig-test@example.com>
[INFO] [stdout]  gpg: key E9F3837DB59CDACD: public key "Debsig Origin Test Key <debsig-test@example.com>" imported
[INFO] [stdout]  gpg: Total number processed: 1
[INFO] [stdout]  gpg:               imported: 1
[INFO] [stdout] 
[INFO] [stdout] ## Testing sample 2
[INFO] [stdout] 
[INFO] [stdout]   - Invoking the chameleon
[INFO] [stdout]     gpg-sq "--no-permission-warning" "--no-permission-warning" "--command-fd=31" "--attribute-fd=29" "--logger-fd=25" "--status-fd=21" "--ignore-time-conflict" "--no-options" "--no-default-keyring" "--no-auto-check-trustdb" "--trust-model=always" "-v" "--batch" "--import" "input0"
[INFO] [stdout] 
[INFO] [stdout] loggerfd: (edit distance 175; previously 175)
[INFO] [stdout] --- oracle loggerfd
[INFO] [stdout] +++ chameleon loggerfd
[INFO] [stdout] -gpg: enabled compatibility flags:
[INFO] [stdout] -gpg: keybox '/GNUPGHOME/pubring.kbx' created
[INFO] [stdout] -gpg: pub  rsa4096/E9F3837DB59CDACD 2022-07-18  Debsig Origin Test Key <debsig-test@example.com>
[INFO] [stdout]  gpg: key E9F3837DB59CDACD: public key "Debsig Origin Test Key <debsig-test@example.com>" imported
[INFO] [stdout]  gpg: Total number processed: 1
[INFO] [stdout]  gpg:               imported: 1
[INFO] [stdout] 
[INFO] [stdout] ## Testing sample 3
[INFO] [stdout] 
[INFO] [stdout]   - Invoking the chameleon
[INFO] [stdout]     gpg-sq "--no-permission-warning" "--no-permission-warning" "--command-fd=22" "--attribute-fd=21" "--logger-fd=19" "--status-fd=17" "--ignore-time-conflict" "--no-options" "--no-default-keyring" "--no-auto-check-trustdb" "--trust-model=always" "-v" "--batch" "--import" "input0"
[INFO] [stdout] 
[INFO] [stdout] loggerfd: (edit distance 175; previously 175)
[INFO] [stdout] --- oracle loggerfd
[INFO] [stdout] +++ chameleon loggerfd
[INFO] [stdout] -gpg: enabled compatibility flags:
[INFO] [stdout] -gpg: keybox '/GNUPGHOME/pubring.kbx' created
[INFO] [stdout] -gpg: pub  rsa4096/E9F3837DB59CDACD 2022-07-18  Debsig Origin Test Key <debsig-test@example.com>
[INFO] [stdout]  gpg: key E9F3837DB59CDACD: public key "Debsig Origin Test Key <debsig-test@example.com>" imported
[INFO] [stdout]  gpg: Total number processed: 1
[INFO] [stdout]  gpg:               imported: 1
[INFO] [stdout] 
[INFO] [stdout] ## Testing sample 4
[INFO] [stdout] 
[INFO] [stdout]   - Invoking the chameleon
[INFO] [stdout]     gpg-sq "--no-permission-warning" "--no-permission-warning" "--command-fd=22" "--attribute-fd=21" "--logger-fd=19" "--status-fd=17" "--ignore-time-conflict" "--no-options" "--no-default-keyring" "--no-auto-check-trustdb" "--trust-model=always" "-v" "--batch" "--import" "input0"
[INFO] [stdout] 
[INFO] [stdout] loggerfd: (edit distance 175; previously 175)
[INFO] [stdout] --- oracle loggerfd
[INFO] [stdout] +++ chameleon loggerfd
[INFO] [stdout] -gpg: enabled compatibility flags:
[INFO] [stdout] -gpg: keybox '/GNUPGHOME/pubring.kbx' created
[INFO] [stdout] -gpg: pub  rsa4096/4832DEA0A066232B 2023-12-20  Debsig Origin Test Key <debsig-test@example.com>
[INFO] [stdout]  gpg: key 4832DEA0A066232B: public key "Debsig Origin Test Key <debsig-test@example.com>" imported
[INFO] [stdout]  gpg: Total number processed: 1
[INFO] [stdout]  gpg:               imported: 1
[INFO] [stdout] 
[INFO] [stdout] ## Testing sample 5
[INFO] [stdout] 
[INFO] [stdout]   - Invoking the chameleon
[INFO] [stdout]     gpg-sq "--no-permission-warning" "--no-permission-warning" "--command-fd=22" "--attribute-fd=21" "--logger-fd=19" "--status-fd=17" "--ignore-time-conflict" "--no-options" "--no-default-keyring" "--no-auto-check-trustdb" "--trust-model=always" "-v" "--batch" "--import" "input0"
[INFO] [stdout] 
[INFO] [stdout] loggerfd: (edit distance 175; previously 175)
[INFO] [stdout] --- oracle loggerfd
[INFO] [stdout] +++ chameleon loggerfd
[INFO] [stdout] -gpg: enabled compatibility flags:
[INFO] [stdout] -gpg: keybox '/GNUPGHOME/pubring.kbx' created
[INFO] [stdout] -gpg: pub  rsa4096/4832DEA0A066232B 2023-12-20  Debsig Origin Test Key <debsig-test@example.com>
[INFO] [stdout]  gpg: key 4832DEA0A066232B: public key "Debsig Origin Test Key <debsig-test@example.com>" imported
[INFO] [stdout]  gpg: Total number processed: 1
[INFO] [stdout]  gpg:               imported: 1
[INFO] [stdout] 
[INFO] [stdout] ## Testing sample 6
[INFO] [stdout] 
[INFO] [stdout]   - Invoking the chameleon
[INFO] [stdout]     gpg-sq "--no-permission-warning" "--no-permission-warning" "--command-fd=22" "--attribute-fd=21" "--logger-fd=19" "--status-fd=17" "--ignore-time-conflict" "--no-options" "--no-default-keyring" "--no-auto-check-trustdb" "--trust-model=always" "-v" "--batch" "--import" "input0"
[INFO] [stdout] 
[INFO] [stdout] loggerfd: (edit distance 175; previously 175)
[INFO] [stdout] --- oracle loggerfd
[INFO] [stdout] +++ chameleon loggerfd
[INFO] [stdout] -gpg: enabled compatibility flags:
[INFO] [stdout] -gpg: keybox '/GNUPGHOME/pubring.kbx' created
[INFO] [stdout] -gpg: pub  rsa4096/E9F3837DB59CDACD 2022-07-18  Debsig Origin Test Key <debsig-test@example.com>
[INFO] [stdout]  gpg: key E9F3837DB59CDACD: public key "Debsig Origin Test Key <debsig-test@example.com>" imported
[INFO] [stdout]  gpg: Total number processed: 1
[INFO] [stdout]  gpg:               imported: 1
[INFO] [stdout] 
[INFO] [stdout] ## Testing sample 7
[INFO] [stdout] 
[INFO] [stdout]   - Invoking the chameleon
[INFO] [stdout]     gpg-sq "--no-permission-warning" "--no-permission-warning" "--command-fd=25" "--attribute-fd=24" "--logger-fd=22" "--status-fd=20" "--ignore-time-conflict" "--no-options" "--no-default-keyring" "--no-auto-check-trustdb" "--trust-model=always" "-v" "--batch" "--import" "input0"
[INFO] [stdout] 
[INFO] [stdout] loggerfd: (edit distance 175; previously 175)
[INFO] [stdout] --- oracle loggerfd
[INFO] [stdout] +++ chameleon loggerfd
[INFO] [stdout] -gpg: enabled compatibility flags:
[INFO] [stdout] -gpg: keybox '/GNUPGHOME/pubring.kbx' created
[INFO] [stdout] -gpg: pub  rsa4096/E9F3837DB59CDACD 2022-07-18  Debsig Origin Test Key <debsig-test@example.com>
[INFO] [stdout]  gpg: key E9F3837DB59CDACD: public key "Debsig Origin Test Key <debsig-test@example.com>" imported
[INFO] [stdout]  gpg: Total number processed: 1
[INFO] [stdout]  gpg:               imported: 1
[INFO] [stdout] 
[INFO] [stdout] ## Testing sample 8
[INFO] [stdout] 
[INFO] [stdout]   - Invoking the chameleon
[INFO] [stdout]     gpg-sq "--no-permission-warning" "--no-permission-warning" "--command-fd=25" "--attribute-fd=24" "--logger-fd=22" "--status-fd=21" "--ignore-time-conflict" "--no-options" "--no-default-keyring" "--no-auto-check-trustdb" "--trust-model=always" "-v" "--batch" "--import" "input0"
[INFO] [stdout] 
[INFO] [stdout] loggerfd: (edit distance 175; previously 175)
[INFO] [stdout] --- oracle loggerfd
[INFO] [stdout] +++ chameleon loggerfd
[INFO] [stdout] -gpg: enabled compatibility flags:
[INFO] [stdout] -gpg: keybox '/GNUPGHOME/pubring.kbx' created
[INFO] [stdout] -gpg: pub  rsa4096/E9F3837DB59CDACD 2022-07-18  Debsig Origin Test Key <debsig-test@example.com>
[INFO] [stdout]  gpg: key E9F3837DB59CDACD: public key "Debsig Origin Test Key <debsig-test@example.com>" imported
[INFO] [stdout]  gpg: Total number processed: 1
[INFO] [stdout]  gpg:               imported: 1
[INFO] [stdout] 
[INFO] [stdout] ## Testing sample 9
[INFO] [stdout] 
[INFO] [stdout]   - Invoking the chameleon
[INFO] [stdout]     gpg-sq "--no-permission-warning" "--no-permission-warning" "--command-fd=22" "--attribute-fd=21" "--logger-fd=19" "--status-fd=17" "--ignore-time-conflict" "--no-options" "--no-default-keyring" "--no-auto-check-trustdb" "--trust-model=always" "-v" "--batch" "--import" "input0"
[INFO] [stdout] 
[INFO] [stdout] loggerfd: (edit distance 175; previously 175)
[INFO] [stdout] --- oracle loggerfd
[INFO] [stdout] +++ chameleon loggerfd
[INFO] [stdout] -gpg: enabled compatibility flags:
[INFO] [stdout] -gpg: keybox '/GNUPGHOME/pubring.kbx' created
[INFO] [stdout] -gpg: pub  rsa4096/4832DEA0A066232B 2023-12-20  Debsig Origin Test Key <debsig-test@example.com>
[INFO] [stdout]  gpg: key 4832DEA0A066232B: public key "Debsig Origin Test Key <debsig-test@example.com>" imported
[INFO] [stdout]  gpg: Total number processed: 1
[INFO] [stdout]  gpg:               imported: 1
[INFO] [stdout] 
[INFO] [stdout] ## Testing sample 10
[INFO] [stdout] 
[INFO] [stdout]   - Invoking the chameleon
[INFO] [stdout]     gpg-sq "--no-permission-warning" "--no-permission-warning" "--command-fd=22" "--attribute-fd=21" "--logger-fd=19" "--status-fd=17" "--ignore-time-conflict" "--no-options" "--no-default-keyring" "--no-auto-check-trustdb" "--trust-model=always" "-v" "--batch" "--import" "input0"
[INFO] [stdout] 
[INFO] [stdout] loggerfd: (edit distance 175; previously 175)
[INFO] [stdout] --- oracle loggerfd
[INFO] [stdout] +++ chameleon loggerfd
[INFO] [stdout] -gpg: enabled compatibility flags:
[INFO] [stdout] -gpg: keybox '/GNUPGHOME/pubring.kbx' created
[INFO] [stdout] -gpg: pub  rsa4096/E9F3837DB59CDACD 2022-07-18  Debsig Origin Test Key <debsig-test@example.com>
[INFO] [stdout]  gpg: key E9F3837DB59CDACD: public key "Debsig Origin Test Key <debsig-test@example.com>" imported
[INFO] [stdout]  gpg: Total number processed: 1
[INFO] [stdout]  gpg:               imported: 1
[INFO] [stdout] 
[INFO] [stdout] ## Testing sample 11
[INFO] [stdout] 
[INFO] [stdout]   - Invoking the chameleon
[INFO] [stdout]     gpg-sq "--no-permission-warning" "--no-permission-warning" "--command-fd=22" "--attribute-fd=21" "--logger-fd=19" "--status-fd=17" "--ignore-time-conflict" "--no-options" "--no-default-keyring" "--no-auto-check-trustdb" "--trust-model=always" "-v" "--batch" "--import" "input0"
[INFO] [stdout] 
[INFO] [stdout] loggerfd: (edit distance 175; previously 175)
[INFO] [stdout] --- oracle loggerfd
[INFO] [stdout] +++ chameleon loggerfd
[INFO] [stdout] -gpg: enabled compatibility flags:
[INFO] [stdout] -gpg: keybox '/GNUPGHOME/pubring.kbx' created
[INFO] [stdout] -gpg: pub  rsa4096/E9F3837DB59CDACD 2022-07-18  Debsig Origin Test Key <debsig-test@example.com>
[INFO] [stdout]  gpg: key E9F3837DB59CDACD: public key "Debsig Origin Test Key <debsig-test@example.com>" imported
[INFO] [stdout]  gpg: Total number processed: 1
[INFO] [stdout]  gpg:               imported: 1
[INFO] [stdout] 
[INFO] [stdout] ## Testing sample 12
[INFO] [stdout] 
[INFO] [stdout]   - Invoking the chameleon
[INFO] [stdout]     gpg-sq "--no-permission-warning" "--no-permission-warning" "--command-fd=22" "--attribute-fd=21" "--logger-fd=19" "--status-fd=17" "--ignore-time-conflict" "--no-options" "--no-default-keyring" "--no-auto-check-trustdb" "--trust-model=always" "-v" "--batch" "--import" "input0"
[INFO] [stdout] 
[INFO] [stdout] loggerfd: (edit distance 175; previously 175)
[INFO] [stdout] --- oracle loggerfd
[INFO] [stdout] +++ chameleon loggerfd
[INFO] [stdout] -gpg: enabled compatibility flags:
[INFO] [stdout] -gpg: keybox '/GNUPGHOME/pubring.kbx' created
[INFO] [stdout] -gpg: pub  rsa4096/4832DEA0A066232B 2023-12-20  Debsig Origin Test Key <debsig-test@example.com>
[INFO] [stdout]  gpg: key 4832DEA0A066232B: public key "Debsig Origin Test Key <debsig-test@example.com>" imported
[INFO] [stdout]  gpg: Total number processed: 1
[INFO] [stdout]  gpg:               imported: 1
[INFO] [stdout] 
[INFO] [stdout] ## Testing sample 13
[INFO] [stdout] 
[INFO] [stdout]   - Invoking the chameleon
[INFO] [stdout]     gpg-sq "--no-permission-warning" "--no-permission-warning" "--command-fd=22" "--attribute-fd=21" "--logger-fd=19" "--status-fd=17" "--ignore-time-conflict" "--no-options" "--no-default-keyring" "--no-auto-check-trustdb" "--trust-model=always" "-v" "--batch" "--import" "input0"
[INFO] [stdout] 
[INFO] [stdout] loggerfd: (edit distance 175; previously 175)
[INFO] [stdout] --- oracle loggerfd
[INFO] [stdout] +++ chameleon loggerfd
[INFO] [stdout] -gpg: enabled compatibility flags:
[INFO] [stdout] -gpg: keybox '/GNUPGHOME/pubring.kbx' created
[INFO] [stdout] -gpg: pub  rsa4096/E9F3837DB59CDACD 2022-07-18  Debsig Origin Test Key <debsig-test@example.com>
[INFO] [stdout]  gpg: key E9F3837DB59CDACD: public key "Debsig Origin Test Key <debsig-test@example.com>" imported
[INFO] [stdout]  gpg: Total number processed: 1
[INFO] [stdout]  gpg:               imported: 1
[INFO] [stdout] 
[INFO] [stdout] ## Testing sample 14
[INFO] [stdout] 
[INFO] [stdout]   - Invoking the chameleon
[INFO] [stdout]     gpg-sq "--no-permission-warning" "--no-permission-warning" "--command-fd=22" "--attribute-fd=21" "--logger-fd=19" "--status-fd=17" "--ignore-time-conflict" "--no-options" "--no-default-keyring" "--no-auto-check-trustdb" "--trust-model=always" "-v" "--batch" "--import" "input0"
[INFO] [stdout] 
[INFO] [stdout] loggerfd: (edit distance 175; previously 175)
[INFO] [stdout] --- oracle loggerfd
[INFO] [stdout] +++ chameleon loggerfd
[INFO] [stdout] -gpg: enabled compatibility flags:
[INFO] [stdout] -gpg: keybox '/GNUPGHOME/pubring.kbx' created
[INFO] [stdout] -gpg: pub  rsa4096/4832DEA0A066232B 2023-12-20  Debsig Origin Test Key <debsig-test@example.com>
[INFO] [stdout]  gpg: key 4832DEA0A066232B: public key "Debsig Origin Test Key <debsig-test@example.com>" imported
[INFO] [stdout]  gpg: Total number processed: 1
[INFO] [stdout]  gpg:               imported: 1
[INFO] [stdout] 
[INFO] [stdout] ## Testing sample 15
[INFO] [stdout] 
[INFO] [stdout]   - Invoking the chameleon
[INFO] [stdout]     gpg-sq "--no-permission-warning" "--no-permission-warning" "--command-fd=22" "--attribute-fd=21" "--logger-fd=19" "--status-fd=17" "--ignore-time-conflict" "--no-options" "--no-default-keyring" "--no-auto-check-trustdb" "--trust-model=always" "-v" "--batch" "--import" "input0"
[INFO] [stdout] 
[INFO] [stdout] loggerfd: (edit distance 175; previously 175)
[INFO] [stdout] --- oracle loggerfd
[INFO] [stdout] +++ chameleon loggerfd
[INFO] [stdout] -gpg: enabled compatibility flags:
[INFO] [stdout] -gpg: keybox '/GNUPGHOME/pubring.kbx' created
[INFO] [stdout] -gpg: pub  rsa4096/4832DEA0A066232B 2023-12-20  Debsig Origin Test Key <debsig-test@example.com>
[INFO] [stdout]  gpg: key 4832DEA0A066232B: public key "Debsig Origin Test Key <debsig-test@example.com>" imported
[INFO] [stdout]  gpg: Total number processed: 1
[INFO] [stdout]  gpg:               imported: 1
[INFO] [stdout] 
[INFO] [stdout] ## Testing sample 16
[INFO] [stdout] 
[INFO] [stdout]   - Invoking the chameleon
[INFO] [stdout]     gpg-sq "--no-permission-warning" "--no-permission-warning" "--command-fd=22" "--attribute-fd=21" "--logger-fd=19" "--status-fd=17" "--ignore-time-conflict" "--no-options" "--no-default-keyring" "--no-auto-check-trustdb" "--trust-model=always" "-v" "--batch" "--import" "input0"
[INFO] [stdout] 
[INFO] [stdout] loggerfd: (edit distance 175; previously 175)
[INFO] [stdout] --- oracle loggerfd
[INFO] [stdout] +++ chameleon loggerfd
[INFO] [stdout] -gpg: enabled compatibility flags:
[INFO] [stdout] -gpg: keybox '/GNUPGHOME/pubring.kbx' created
[INFO] [stdout] -gpg: pub  rsa4096/4832DEA0A066232B 2023-12-20  Debsig Origin Test Key <debsig-test@example.com>
[INFO] [stdout]  gpg: key 4832DEA0A066232B: public key "Debsig Origin Test Key <debsig-test@example.com>" imported
[INFO] [stdout]  gpg: Total number processed: 1
[INFO] [stdout]  gpg:               imported: 1
[INFO] [stdout] 
[INFO] [stdout] ## Testing sample 17
[INFO] [stdout] 
[INFO] [stdout]   - Invoking the chameleon
[INFO] [stdout]     gpg-sq "--no-permission-warning" "--no-permission-warning" "--command-fd=22" "--attribute-fd=21" "--logger-fd=19" "--status-fd=17" "--ignore-time-conflict" "--no-options" "--no-default-keyring" "--no-auto-check-trustdb" "--trust-model=always" "-v" "--batch" "--import" "input0"
[INFO] [stdout] 
[INFO] [stdout] loggerfd: (edit distance 175; previously 175)
[INFO] [stdout] --- oracle loggerfd
[INFO] [stdout] +++ chameleon loggerfd
[INFO] [stdout] -gpg: enabled compatibility flags:
[INFO] [stdout] -gpg: keybox '/GNUPGHOME/pubring.kbx' created
[INFO] [stdout] -gpg: pub  rsa4096/4832DEA0A066232B 2023-12-20  Debsig Origin Test Key <debsig-test@example.com>
[INFO] [stdout]  gpg: key 4832DEA0A066232B: public key "Debsig Origin Test Key <debsig-test@example.com>" imported
[INFO] [stdout]  gpg: Total number processed: 1
[INFO] [stdout]  gpg:               imported: 1
[INFO] [stdout] 
[INFO] [stdout] ## Testing sample 18
[INFO] [stdout] 
[INFO] [stdout]   - Invoking the chameleon
[INFO] [stdout]     gpg-sq "--no-permission-warning" "--no-permission-warning" "--command-fd=22" "--attribute-fd=21" "--logger-fd=19" "--status-fd=17" "--ignore-time-conflict" "--no-options" "--no-default-keyring" "--no-auto-check-trustdb" "--trust-model=always" "-v" "--batch" "--import" "input0"
[INFO] [stdout] 
[INFO] [stdout] statusfd: (edit distance 67; previously 67)
[INFO] [stdout] --- oracle statusfd
[INFO] [stdout] +++ chameleon statusfd
[INFO] [stdout] @@
[INFO] [stdout]  [GNUPG:] IMPORT_OK 0 B2551A215CE5C74584C6AE0DE9F3837DB59CDACD
[INFO] [stdout]  [GNUPG:] KEY_CONSIDERED B2551A215CE5C74584C6AE0DE9F3837DB59CDACD 0
[INFO] [stdout] -[GNUPG:] KEY_CONSIDERED B2551A215CE5C74584C6AE0DE9F3837DB59CDACD 0
[INFO] [stdout]  [GNUPG:] IMPORT_OK 17 B2551A215CE5C74584C6AE0DE9F3837DB59CDACD
[INFO] [stdout]  [GNUPG:] IMPORT_RES 1 0 0 0 1 0 0 0 0 1 1 0 0 0 0
[INFO] [stdout]  
[INFO] [stdout] loggerfd: (edit distance 194; previously 194)
[INFO] [stdout] --- oracle loggerfd
[INFO] [stdout] +++ chameleon loggerfd
[INFO] [stdout] -gpg: enabled compatibility flags:
[INFO] [stdout] -gpg: sec  rsa4096/E9F3837DB59CDACD 2022-07-18  Debsig Origin Test Key <debsig-test@example.com>
[INFO] [stdout]  gpg: key E9F3837DB59CDACD: "Debsig Origin Test Key <debsig-test@example.com>" not changed
[INFO] [stdout] -gpg: key E9F3837DB59CDACD/E9F3837DB59CDACD: secret key imported
[INFO] [stdout]  gpg: key E9F3837DB59CDACD: secret key imported
[INFO] [stdout]  gpg: Total number processed: 1
[INFO] [stdout]  gpg:              unchanged: 1
[INFO] [stdout] 
[INFO] [stdout] ## Testing sample 19
[INFO] [stdout] 
[INFO] [stdout]   - Invoking the chameleon
[INFO] [stdout]     gpg-sq "--no-permission-warning" "--no-permission-warning" "--command-fd=22" "--attribute-fd=21" "--logger-fd=19" "--status-fd=17" "--ignore-time-conflict" "--no-options" "--no-default-keyring" "--no-auto-check-trustdb" "--trust-model=always" "-v" "--batch" "--import" "input0"
[INFO] [stdout] 
[INFO] [stdout] statusfd: (edit distance 67; previously 67)
[INFO] [stdout] --- oracle statusfd
[INFO] [stdout] +++ chameleon statusfd
[INFO] [stdout] @@
[INFO] [stdout]  [GNUPG:] IMPORT_OK 0 B2551A215CE5C74584C6AE0DE9F3837DB59CDACD
[INFO] [stdout]  [GNUPG:] KEY_CONSIDERED B2551A215CE5C74584C6AE0DE9F3837DB59CDACD 0
[INFO] [stdout] -[GNUPG:] KEY_CONSIDERED B2551A215CE5C74584C6AE0DE9F3837DB59CDACD 0
[INFO] [stdout]  [GNUPG:] IMPORT_OK 17 B2551A215CE5C74584C6AE0DE9F3837DB59CDACD
[INFO] [stdout]  [GNUPG:] IMPORT_RES 1 0 0 0 1 0 0 0 0 1 1 0 0 0 0
[INFO] [stdout]  
[INFO] [stdout] loggerfd: (edit distance 194; previously 194)
[INFO] [stdout] --- oracle loggerfd
[INFO] [stdout] +++ chameleon loggerfd
[INFO] [stdout] -gpg: enabled compatibility flags:
[INFO] [stdout] -gpg: sec  rsa4096/E9F3837DB59CDACD 2022-07-18  Debsig Origin Test Key <debsig-test@example.com>
[INFO] [stdout]  gpg: key E9F3837DB59CDACD: "Debsig Origin Test Key <debsig-test@example.com>" not changed
[INFO] [stdout] -gpg: key E9F3837DB59CDACD/E9F3837DB59CDACD: secret key imported
[INFO] [stdout]  gpg: key E9F3837DB59CDACD: secret key imported
[INFO] [stdout]  gpg: Total number processed: 1
[INFO] [stdout]  gpg:              unchanged: 1
[INFO] [stdout] 
[INFO] [stdout] ## Testing sample 20
[INFO] [stdout] 
[INFO] [stdout]   - Invoking the chameleon
[INFO] [stdout]     gpg-sq "--no-permission-warning" "--no-permission-warning" "--command-fd=22" "--attribute-fd=21" "--logger-fd=19" "--status-fd=17" "--ignore-time-conflict" "--no-options" "--no-default-keyring" "--no-auto-check-trustdb" "--trust-model=always" "-v" "--batch" "--import" "input0"
[INFO] [stdout] 
[INFO] [stdout] statusfd: (edit distance 67; previously 67)
[INFO] [stdout] --- oracle statusfd
[INFO] [stdout] +++ chameleon statusfd
[INFO] [stdout] @@
[INFO] [stdout]  [GNUPG:] IMPORT_OK 0 B2551A215CE5C74584C6AE0DE9F3837DB59CDACD
[INFO] [stdout]  [GNUPG:] KEY_CONSIDERED B2551A215CE5C74584C6AE0DE9F3837DB59CDACD 0
[INFO] [stdout] -[GNUPG:] KEY_CONSIDERED B2551A215CE5C74584C6AE0DE9F3837DB59CDACD 0
[INFO] [stdout]  [GNUPG:] IMPORT_OK 17 B2551A215CE5C74584C6AE0DE9F3837DB59CDACD
[INFO] [stdout]  [GNUPG:] IMPORT_RES 1 0 0 0 1 0 0 0 0 1 1 0 0 0 0
[INFO] [stdout]  
[INFO] [stdout] loggerfd: (edit distance 194; previously 194)
[INFO] [stdout] --- oracle loggerfd
[INFO] [stdout] +++ chameleon loggerfd
[INFO] [stdout] -gpg: enabled compatibility flags:
[INFO] [stdout] -gpg: sec  rsa4096/E9F3837DB59CDACD 2022-07-18  Debsig Origin Test Key <debsig-test@example.com>
[INFO] [stdout]  gpg: key E9F3837DB59CDACD: "Debsig Origin Test Key <debsig-test@example.com>" not changed
[INFO] [stdout] -gpg: key E9F3837DB59CDACD/E9F3837DB59CDACD: secret key imported
[INFO] [stdout]  gpg: key E9F3837DB59CDACD: secret key imported
[INFO] [stdout]  gpg: Total number processed: 1
[INFO] [stdout]  gpg:              unchanged: 1
[INFO] [stdout] 
[INFO] [stdout] ## Testing sample 21
[INFO] [stdout] 
[INFO] [stdout]   - Invoking the chameleon
[INFO] [stdout]     gpg-sq "--no-permission-warning" "--no-permission-warning" "--command-fd=22" "--attribute-fd=21" "--logger-fd=19" "--status-fd=17" "--ignore-time-conflict" "--no-options" "--no-default-keyring" "--no-auto-check-trustdb" "--trust-model=always" "-v" "--batch" "--import" "input0"
[INFO] [stdout] 
[INFO] [stdout] statusfd: (edit distance 67; previously 67)
[INFO] [stdout] --- oracle statusfd
[INFO] [stdout] +++ chameleon statusfd
[INFO] [stdout] @@
[INFO] [stdout]  [GNUPG:] IMPORT_OK 0 B2551A215CE5C74584C6AE0DE9F3837DB59CDACD
[INFO] [stdout]  [GNUPG:] KEY_CONSIDERED B2551A215CE5C74584C6AE0DE9F3837DB59CDACD 0
[INFO] [stdout] -[GNUPG:] KEY_CONSIDERED B2551A215CE5C74584C6AE0DE9F3837DB59CDACD 0
[INFO] [stdout]  [GNUPG:] IMPORT_OK 17 B2551A215CE5C74584C6AE0DE9F3837DB59CDACD
[INFO] [stdout]  [GNUPG:] IMPORT_RES 1 0 0 0 1 0 0 0 0 1 1 0 0 0 0
[INFO] [stdout]  
[INFO] [stdout] loggerfd: (edit distance 194; previously 194)
[INFO] [stdout] --- oracle loggerfd
[INFO] [stdout] +++ chameleon loggerfd
[INFO] [stdout] -gpg: enabled compatibility flags:
[INFO] [stdout] -gpg: sec  rsa4096/E9F3837DB59CDACD 2022-07-18  Debsig Origin Test Key <debsig-test@example.com>
[INFO] [stdout]  gpg: key E9F3837DB59CDACD: "Debsig Origin Test Key <debsig-test@example.com>" not changed
[INFO] [stdout] -gpg: key E9F3837DB59CDACD/E9F3837DB59CDACD: secret key imported
[INFO] [stdout]  gpg: key E9F3837DB59CDACD: secret key imported
[INFO] [stdout]  gpg: Total number processed: 1
[INFO] [stdout]  gpg:              unchanged: 1
[INFO] [stdout] 
[INFO] [stdout] ## Testing sample 22
[INFO] [stdout] 
[INFO] [stdout]   - Invoking the chameleon
[INFO] [stdout]     gpg-sq "--no-permission-warning" "--no-permission-warning" "--command-fd=22" "--attribute-fd=21" "--logger-fd=19" "--status-fd=17" "--ignore-time-conflict" "--no-options" "--no-default-keyring" "--no-auto-check-trustdb" "--trust-model=always" "-v" "--batch" "--import" "input0"
[INFO] [stdout] 
[INFO] [stdout] statusfd: (edit distance 67; previously 67)
[INFO] [stdout] --- oracle statusfd
[INFO] [stdout] +++ chameleon statusfd
[INFO] [stdout] @@
[INFO] [stdout]  [GNUPG:] IMPORT_OK 0 B2551A215CE5C74584C6AE0DE9F3837DB59CDACD
[INFO] [stdout]  [GNUPG:] KEY_CONSIDERED B2551A215CE5C74584C6AE0DE9F3837DB59CDACD 0
[INFO] [stdout] -[GNUPG:] KEY_CONSIDERED B2551A215CE5C74584C6AE0DE9F3837DB59CDACD 0
[INFO] [stdout]  [GNUPG:] IMPORT_OK 17 B2551A215CE5C74584C6AE0DE9F3837DB59CDACD
[INFO] [stdout]  [GNUPG:] IMPORT_RES 1 0 0 0 1 0 0 0 0 1 1 0 0 0 0
[INFO] [stdout]  
[INFO] [stdout] loggerfd: (edit distance 194; previously 194)
[INFO] [stdout] --- oracle loggerfd
[INFO] [stdout] +++ chameleon loggerfd
[INFO] [stdout] -gpg: enabled compatibility flags:
[INFO] [stdout] -gpg: sec  rsa4096/E9F3837DB59CDACD 2022-07-18  Debsig Origin Test Key <debsig-test@example.com>
[INFO] [stdout]  gpg: key E9F3837DB59CDACD: "Debsig Origin Test Key <debsig-test@example.com>" not changed
[INFO] [stdout] -gpg: key E9F3837DB59CDACD/E9F3837DB59CDACD: secret key imported
[INFO] [stdout]  gpg: key E9F3837DB59CDACD: secret key imported
[INFO] [stdout]  gpg: Total number processed: 1
[INFO] [stdout]  gpg:              unchanged: 1
[INFO] [stdout] 
[INFO] [stdout] ## Testing sample 23
[INFO] [stdout] 
[INFO] [stdout]   - Invoking the chameleon
[INFO] [stdout]     gpg-sq "--no-permission-warning" "--no-permission-warning" "--command-fd=22" "--attribute-fd=21" "--logger-fd=19" "--status-fd=17" "--ignore-time-conflict" "--no-options" "--no-default-keyring" "--no-auto-check-trustdb" "--trust-model=always" "-v" "--batch" "--import" "input0"
[INFO] [stdout] 
[INFO] [stdout] statusfd: (edit distance 54; previously 54)
[INFO] [stdout] --- oracle statusfd
[INFO] [stdout] +++ chameleon statusfd
[INFO] [stdout] @@
[INFO] [stdout]  [GNUPG:] IMPORT_OK 0 900AC2113233F5DF47C0B6654832DEA0A066232B
[INFO] [stdout]  [GNUPG:] KEY_CONSIDERED 900AC2113233F5DF47C0B6654832DEA0A066232B 0
[INFO] [stdout] -[GNUPG:] KEY_CONSIDERED 900AC2113233F5DF47C0B6654832DEA0A066232B 0
[INFO] [stdout]  [GNUPG:] IMPORT_OK 17 900AC2113233F5DF47C0B6654832DEA0A066232B
[INFO] [stdout] +[GNUPG:] IMPORT_RES 1 0 0 0 1 0 0 0 0 1 1 0 0 0 0
[INFO] [stdout]  
[INFO] [stdout] loggerfd: (edit distance 258; previously 258)
[INFO] [stdout] --- oracle loggerfd
[INFO] [stdout] +++ chameleon loggerfd
[INFO] [stdout] -gpg: enabled compatibility flags:
[INFO] [stdout] -gpg: sec  rsa4096/4832DEA0A066232B 2023-12-20  Debsig Origin Test Key <debsig-test@example.com>
[INFO] [stdout]  gpg: key 4832DEA0A066232B: "Debsig Origin Test Key <debsig-test@example.com>" not changed
[INFO] [stdout] -gpg: key 4832DEA0A066232B/4832DEA0A066232B: secret key imported
[INFO] [stdout] -gpg: key 4832DEA0A066232B/4C2E30ED5C790356: secret key imported
[INFO] [stdout]  gpg: key 4832DEA0A066232B: secret key imported
[INFO] [stdout]  gpg: Total number processed: 1
[INFO] [stdout]  gpg:              unchanged: 1
[INFO] [stdout] 
[INFO] [stdout] ## Testing sample 24
[INFO] [stdout] 
[INFO] [stdout]   - Invoking the chameleon
[INFO] [stdout]     gpg-sq "--no-permission-warning" "--no-permission-warning" "--command-fd=22" "--attribute-fd=21" "--logger-fd=19" "--status-fd=17" "--ignore-time-conflict" "--no-options" "--no-default-keyring" "--no-auto-check-trustdb" "--trust-model=always" "-v" "--batch" "--import" "input0"
[INFO] [stdout] 
[INFO] [stdout] statusfd: (edit distance 67; previously 67)
[INFO] [stdout] --- oracle statusfd
[INFO] [stdout] +++ chameleon statusfd
[INFO] [stdout] @@
[INFO] [stdout]  [GNUPG:] IMPORT_OK 0 B2551A215CE5C74584C6AE0DE9F3837DB59CDACD
[INFO] [stdout]  [GNUPG:] KEY_CONSIDERED B2551A215CE5C74584C6AE0DE9F3837DB59CDACD 0
[INFO] [stdout] -[GNUPG:] KEY_CONSIDERED B2551A215CE5C74584C6AE0DE9F3837DB59CDACD 0
[INFO] [stdout]  [GNUPG:] IMPORT_OK 17 B2551A215CE5C74584C6AE0DE9F3837DB59CDACD
[INFO] [stdout]  [GNUPG:] IMPORT_RES 1 0 0 0 1 0 0 0 0 1 1 0 0 0 0
[INFO] [stdout]  
[INFO] [stdout] loggerfd: (edit distance 194; previously 194)
[INFO] [stdout] --- oracle loggerfd
[INFO] [stdout] +++ chameleon loggerfd
[INFO] [stdout] -gpg: enabled compatibility flags:
[INFO] [stdout] -gpg: sec  rsa4096/E9F3837DB59CDACD 2022-07-18  Debsig Origin Test Key <debsig-test@example.com>
[INFO] [stdout]  gpg: key E9F3837DB59CDACD: "Debsig Origin Test Key <debsig-test@example.com>" not changed
[INFO] [stdout] -gpg: key E9F3837DB59CDACD/E9F3837DB59CDACD: secret key imported
[INFO] [stdout]  gpg: key E9F3837DB59CDACD: secret key imported
[INFO] [stdout]  gpg: Total number processed: 1
[INFO] [stdout]  gpg:              unchanged: 1
[INFO] [stdout] 
[INFO] [stdout] ## Testing sample 25
[INFO] [stdout] 
[INFO] [stdout]   - Invoking the chameleon
[INFO] [stdout]     gpg-sq "--no-permission-warning" "--no-permission-warning" "--command-fd=22" "--attribute-fd=21" "--logger-fd=19" "--status-fd=17" "--ignore-time-conflict" "--no-options" "--no-default-keyring" "--no-auto-check-trustdb" "--trust-model=always" "-v" "--batch" "--import" "input0"
[INFO] [stdout] 
[INFO] [stdout] statusfd: (edit distance 67; previously 67)
[INFO] [stdout] --- oracle statusfd
[INFO] [stdout] +++ chameleon statusfd
[INFO] [stdout] @@
[INFO] [stdout]  [GNUPG:] IMPORT_OK 0 B2551A215CE5C74584C6AE0DE9F3837DB59CDACD
[INFO] [stdout]  [GNUPG:] KEY_CONSIDERED B2551A215CE5C74584C6AE0DE9F3837DB59CDACD 0
[INFO] [stdout] -[GNUPG:] KEY_CONSIDERED B2551A215CE5C74584C6AE0DE9F3837DB59CDACD 0
[INFO] [stdout]  [GNUPG:] IMPORT_OK 17 B2551A215CE5C74584C6AE0DE9F3837DB59CDACD
[INFO] [stdout]  [GNUPG:] IMPORT_RES 1 0 0 0 1 0 0 0 0 1 1 0 0 0 0
[INFO] [stdout]  
[INFO] [stdout] loggerfd: (edit distance 194; previously 194)
[INFO] [stdout] --- oracle loggerfd
[INFO] [stdout] +++ chameleon loggerfd
[INFO] [stdout] -gpg: enabled compatibility flags:
[INFO] [stdout] -gpg: sec  rsa4096/E9F3837DB59CDACD 2022-07-18  Debsig Origin Test Key <debsig-test@example.com>
[INFO] [stdout]  gpg: key E9F3837DB59CDACD: "Debsig Origin Test Key <debsig-test@example.com>" not changed
[INFO] [stdout] -gpg: key E9F3837DB59CDACD/E9F3837DB59CDACD: secret key imported
[INFO] [stdout]  gpg: key E9F3837DB59CDACD: secret key imported
[INFO] [stdout]  gpg: Total number processed: 1
[INFO] [stdout]  gpg:              unchanged: 1
[INFO] [stdout] 
[INFO] [stdout] ## Testing sample 26
[INFO] [stdout] 
[INFO] [stdout]   - Invoking the chameleon
[INFO] [stdout]     gpg-sq "--no-permission-warning" "--no-permission-warning" "--command-fd=22" "--attribute-fd=21" "--logger-fd=19" "--status-fd=17" "--ignore-time-conflict" "--no-options" "--no-default-keyring" "--no-auto-check-trustdb" "--trust-model=always" "-v" "--batch" "--import" "input0"
[INFO] [stdout] 
[INFO] [stdout] statusfd: (edit distance 67; previously 67)
[INFO] [stdout] --- oracle statusfd
[INFO] [stdout] +++ chameleon statusfd
[INFO] [stdout] @@
[INFO] [stdout]  [GNUPG:] IMPORT_OK 0 B2551A215CE5C74584C6AE0DE9F3837DB59CDACD
[INFO] [stdout]  [GNUPG:] KEY_CONSIDERED B2551A215CE5C74584C6AE0DE9F3837DB59CDACD 0
[INFO] [stdout] -[GNUPG:] KEY_CONSIDERED B2551A215CE5C74584C6AE0DE9F3837DB59CDACD 0
[INFO] [stdout]  [GNUPG:] IMPORT_OK 17 B2551A215CE5C74584C6AE0DE9F3837DB59CDACD
[INFO] [stdout]  [GNUPG:] IMPORT_RES 1 0 0 0 1 0 0 0 0 1 1 0 0 0 0
[INFO] [stdout]  
[INFO] [stdout] loggerfd: (edit distance 194; previously 194)
[INFO] [stdout] --- oracle loggerfd
[INFO] [stdout] +++ chameleon loggerfd
[INFO] [stdout] -gpg: enabled compatibility flags:
[INFO] [stdout] -gpg: sec  rsa4096/E9F3837DB59CDACD 2022-07-18  Debsig Origin Test Key <debsig-test@example.com>
[INFO] [stdout]  gpg: key E9F3837DB59CDACD: "Debsig Origin Test Key <debsig-test@example.com>" not changed
[INFO] [stdout] -gpg: key E9F3837DB59CDACD/E9F3837DB59CDACD: secret key imported
[INFO] [stdout]  gpg: key E9F3837DB59CDACD: secret key imported
[INFO] [stdout]  gpg: Total number processed: 1
[INFO] [stdout]  gpg:              unchanged: 1
[INFO] [stdout] 
[INFO] [stdout] ## Testing sample 27
[INFO] [stdout] 
[INFO] [stdout]   - Invoking the chameleon
[INFO] [stdout]     gpg-sq "--no-permission-warning" "--no-permission-warning" "--command-fd=22" "--attribute-fd=21" "--logger-fd=19" "--status-fd=17" "--ignore-time-conflict" "--no-options" "--no-default-keyring" "--no-auto-check-trustdb" "--trust-model=always" "-v" "--batch" "--import" "input0"
[INFO] [stdout] 
[INFO] [stdout] statusfd: (edit distance 67; previously 67)
[INFO] [stdout] --- oracle statusfd
[INFO] [stdout] +++ chameleon statusfd
[INFO] [stdout] @@
[INFO] [stdout]  [GNUPG:] IMPORT_OK 0 B2551A215CE5C74584C6AE0DE9F3837DB59CDACD
[INFO] [stdout]  [GNUPG:] KEY_CONSIDERED B2551A215CE5C74584C6AE0DE9F3837DB59CDACD 0
[INFO] [stdout] -[GNUPG:] KEY_CONSIDERED B2551A215CE5C74584C6AE0DE9F3837DB59CDACD 0
[INFO] [stdout]  [GNUPG:] IMPORT_OK 17 B2551A215CE5C74584C6AE0DE9F3837DB59CDACD
[INFO] [stdout]  [GNUPG:] IMPORT_RES 1 0 0 0 1 0 0 0 0 1 1 0 0 0 0
[INFO] [stdout]  
[INFO] [stdout] loggerfd: (edit distance 194; previously 194)
[INFO] [stdout] --- oracle loggerfd
[INFO] [stdout] +++ chameleon loggerfd
[INFO] [stdout] -gpg: enabled compatibility flags:
[INFO] [stdout] -gpg: sec  rsa4096/E9F3837DB59CDACD 2022-07-18  Debsig Origin Test Key <debsig-test@example.com>
[INFO] [stdout]  gpg: key E9F3837DB59CDACD: "Debsig Origin Test Key <debsig-test@example.com>" not changed
[INFO] [stdout] -gpg: key E9F3837DB59CDACD/E9F3837DB59CDACD: secret key imported
[INFO] [stdout]  gpg: key E9F3837DB59CDACD: secret key imported
[INFO] [stdout]  gpg: Total number processed: 1
[INFO] [stdout]  gpg:              unchanged: 1
[INFO] [stdout] 
[INFO] [stdout] ## Testing sample 28
[INFO] [stdout] 
[INFO] [stdout]   - Invoking the chameleon
[INFO] [stdout]     gpg-sq "--no-permission-warning" "--no-permission-warning" "--command-fd=22" "--attribute-fd=21" "--logger-fd=19" "--status-fd=17" "--ignore-time-conflict" "--no-options" "--no-default-keyring" "--no-auto-check-trustdb" "--trust-model=always" "-v" "--batch" "--import" "input0"
[INFO] [stdout] 
[INFO] [stdout] statusfd: (edit distance 67; previously 67)
[INFO] [stdout] --- oracle statusfd
[INFO] [stdout] +++ chameleon statusfd
[INFO] [stdout] @@
[INFO] [stdout]  [GNUPG:] IMPORT_OK 0 900AC2113233F5DF47C0B6654832DEA0A066232B
[INFO] [stdout]  [GNUPG:] KEY_CONSIDERED 900AC2113233F5DF47C0B6654832DEA0A066232B 0
[INFO] [stdout] -[GNUPG:] KEY_CONSIDERED 900AC2113233F5DF47C0B6654832DEA0A066232B 0
[INFO] [stdout]  [GNUPG:] IMPORT_OK 17 900AC2113233F5DF47C0B6654832DEA0A066232B
[INFO] [stdout]  [GNUPG:] IMPORT_RES 1 0 0 0 1 0 0 0 0 1 1 0 0 0 0
[INFO] [stdout]  
[INFO] [stdout] loggerfd: (edit distance 258; previously 258)
[INFO] [stdout] --- oracle loggerfd
[INFO] [stdout] +++ chameleon loggerfd
[INFO] [stdout] -gpg: enabled compatibility flags:
[INFO] [stdout] -gpg: sec  rsa4096/4832DEA0A066232B 2023-12-20  Debsig Origin Test Key <debsig-test@example.com>
[INFO] [stdout]  gpg: key 4832DEA0A066232B: "Debsig Origin Test Key <debsig-test@example.com>" not changed
[INFO] [stdout] -gpg: key 4832DEA0A066232B/4832DEA0A066232B: secret key imported
[INFO] [stdout] -gpg: key 4832DEA0A066232B/4C2E30ED5C790356: secret key imported
[INFO] [stdout]  gpg: key 4832DEA0A066232B: secret key imported
[INFO] [stdout]  gpg: Total number processed: 1
[INFO] [stdout]  gpg:              unchanged: 1
[INFO] [stdout] 
[INFO] [stdout] ## Testing sample 29
[INFO] [stdout] 
[INFO] [stdout]   - Invoking the chameleon
[INFO] [stdout]     gpg-sq "--no-permission-warning" "--no-permission-warning" "--command-fd=22" "--attribute-fd=21" "--logger-fd=19" "--status-fd=17" "--ignore-time-conflict" "--no-options" "--no-default-keyring" "--no-auto-check-trustdb" "--trust-model=always" "-v" "--batch" "--import" "input0"
[INFO] [stdout] 
[INFO] [stdout] statusfd: (edit distance 67; previously 67)
[INFO] [stdout] --- oracle statusfd
[INFO] [stdout] +++ chameleon statusfd
[INFO] [stdout] @@
[INFO] [stdout]  [GNUPG:] IMPORT_OK 0 900AC2113233F5DF47C0B6654832DEA0A066232B
[INFO] [stdout]  [GNUPG:] KEY_CONSIDERED 900AC2113233F5DF47C0B6654832DEA0A066232B 0
[INFO] [stdout] -[GNUPG:] KEY_CONSIDERED 900AC2113233F5DF47C0B6654832DEA0A066232B 0
[INFO] [stdout]  [GNUPG:] IMPORT_OK 17 900AC2113233F5DF47C0B6654832DEA0A066232B
[INFO] [stdout]  [GNUPG:] IMPORT_RES 1 0 0 0 1 0 0 0 0 1 1 0 0 0 0
[INFO] [stdout]  
[INFO] [stdout] loggerfd: (edit distance 258; previously 258)
[INFO] [stdout] --- oracle loggerfd
[INFO] [stdout] +++ chameleon loggerfd
[INFO] [stdout] -gpg: enabled compatibility flags:
[INFO] [stdout] -gpg: sec  rsa4096/4832DEA0A066232B 2023-12-20  Debsig Origin Test Key <debsig-test@example.com>
[INFO] [stdout]  gpg: key 4832DEA0A066232B: "Debsig Origin Test Key <debsig-test@example.com>" not changed
[INFO] [stdout] -gpg: key 4832DEA0A066232B/4832DEA0A066232B: secret key imported
[INFO] [stdout] -gpg: key 4832DEA0A066232B/4C2E30ED5C790356: secret key imported
[INFO] [stdout]  gpg: key 4832DEA0A066232B: secret key imported
[INFO] [stdout]  gpg: Total number processed: 1
[INFO] [stdout]  gpg:              unchanged: 1
[INFO] [stdout] 
[INFO] [stdout] ## Testing sample 30
[INFO] [stdout] 
[INFO] [stdout]   - Invoking the chameleon
[INFO] [stdout]     gpg-sq "--no-permission-warning" "--no-permission-warning" "--command-fd=22" "--attribute-fd=21" "--logger-fd=19" "--status-fd=17" "--ignore-time-conflict" "--no-options" "--no-default-keyring" "--no-auto-check-trustdb" "--trust-model=always" "-v" "--batch" "--import" "input0"
[INFO] [stdout] 
[INFO] [stdout] statusfd: (edit distance 67; previously 67)
[INFO] [stdout] --- oracle statusfd
[INFO] [stdout] +++ chameleon statusfd
[INFO] [stdout] @@
[INFO] [stdout]  [GNUPG:] IMPORT_OK 0 900AC2113233F5DF47C0B6654832DEA0A066232B
[INFO] [stdout]  [GNUPG:] KEY_CONSIDERED 900AC2113233F5DF47C0B6654832DEA0A066232B 0
[INFO] [stdout] -[GNUPG:] KEY_CONSIDERED 900AC2113233F5DF47C0B6654832DEA0A066232B 0
[INFO] [stdout]  [GNUPG:] IMPORT_OK 17 900AC2113233F5DF47C0B6654832DEA0A066232B
[INFO] [stdout]  [GNUPG:] IMPORT_RES 1 0 0 0 1 0 0 0 0 1 1 0 0 0 0
[INFO] [stdout]  
[INFO] [stdout] loggerfd: (edit distance 258; previously 258)
[INFO] [stdout] --- oracle loggerfd
[INFO] [stdout] +++ chameleon loggerfd
[INFO] [stdout] -gpg: enabled compatibility flags:
[INFO] [stdout] -gpg: sec  rsa4096/4832DEA0A066232B 2023-12-20  Debsig Origin Test Key <debsig-test@example.com>
[INFO] [stdout]  gpg: key 4832DEA0A066232B: "Debsig Origin Test Key <debsig-test@example.com>" not changed
[INFO] [stdout] -gpg: key 4832DEA0A066232B/4832DEA0A066232B: secret key imported
[INFO] [stdout] -gpg: key 4832DEA0A066232B/4C2E30ED5C790356: secret key imported
[INFO] [stdout]  gpg: key 4832DEA0A066232B: secret key imported
[INFO] [stdout]  gpg: Total number processed: 1
[INFO] [stdout]  gpg:              unchanged: 1
[INFO] [stdout] 
[INFO] [stdout] ## Testing sample 31
[INFO] [stdout] 
[INFO] [stdout]   - Invoking the chameleon
[INFO] [stdout]     gpg-sq "--no-permission-warning" "--no-permission-warning" "--command-fd=22" "--attribute-fd=21" "--logger-fd=19" "--status-fd=17" "--ignore-time-conflict" "--no-options" "--no-default-keyring" "--no-auto-check-trustdb" "--trust-model=always" "-v" "--batch" "--import" "input0"
[INFO] [stdout] 
[INFO] [stdout] statusfd: (edit distance 67; previously 67)
[INFO] [stdout] --- oracle statusfd
[INFO] [stdout] +++ chameleon statusfd
[INFO] [stdout] @@
[INFO] [stdout]  [GNUPG:] IMPORT_OK 0 900AC2113233F5DF47C0B6654832DEA0A066232B
[INFO] [stdout]  [GNUPG:] KEY_CONSIDERED 900AC2113233F5DF47C0B6654832DEA0A066232B 0
[INFO] [stdout] -[GNUPG:] KEY_CONSIDERED 900AC2113233F5DF47C0B6654832DEA0A066232B 0
[INFO] [stdout]  [GNUPG:] IMPORT_OK 17 900AC2113233F5DF47C0B6654832DEA0A066232B
[INFO] [stdout]  [GNUPG:] IMPORT_RES 1 0 0 0 1 0 0 0 0 1 1 0 0 0 0
[INFO] [stdout]  
[INFO] [stdout] loggerfd: (edit distance 258; previously 258)
[INFO] [stdout] --- oracle loggerfd
[INFO] [stdout] +++ chameleon loggerfd
[INFO] [stdout] -gpg: enabled compatibility flags:
[INFO] [stdout] -gpg: sec  rsa4096/4832DEA0A066232B 2023-12-20  Debsig Origin Test Key <debsig-test@example.com>
[INFO] [stdout]  gpg: key 4832DEA0A066232B: "Debsig Origin Test Key <debsig-test@example.com>" not changed
[INFO] [stdout] -gpg: key 4832DEA0A066232B/4832DEA0A066232B: secret key imported
[INFO] [stdout] -gpg: key 4832DEA0A066232B/4C2E30ED5C790356: secret key imported
[INFO] [stdout]  gpg: key 4832DEA0A066232B: secret key imported
[INFO] [stdout]  gpg: Total number processed: 1
[INFO] [stdout]  gpg:              unchanged: 1
[INFO] [stdout] 
[INFO] [stdout] ## Testing sample 32
[INFO] [stdout] 
[INFO] [stdout]   - Invoking the chameleon
[INFO] [stdout]     gpg-sq "--no-permission-warning" "--no-permission-warning" "--command-fd=22" "--attribute-fd=21" "--logger-fd=19" "--status-fd=17" "--ignore-time-conflict" "--no-options" "--no-default-keyring" "--no-auto-check-trustdb" "--trust-model=always" "-v" "--batch" "--import" "input0"
[INFO] [stdout] 
[INFO] [stdout] statusfd: (edit distance 67; previously 67)
[INFO] [stdout] --- oracle statusfd
[INFO] [stdout] +++ chameleon statusfd
[INFO] [stdout] @@
[INFO] [stdout]  [GNUPG:] IMPORT_OK 0 B2551A215CE5C74584C6AE0DE9F3837DB59CDACD
[INFO] [stdout]  [GNUPG:] KEY_CONSIDERED B2551A215CE5C74584C6AE0DE9F3837DB59CDACD 0
[INFO] [stdout] -[GNUPG:] KEY_CONSIDERED B2551A215CE5C74584C6AE0DE9F3837DB59CDACD 0
[INFO] [stdout]  [GNUPG:] IMPORT_OK 17 B2551A215CE5C74584C6AE0DE9F3837DB59CDACD
[INFO] [stdout]  [GNUPG:] IMPORT_RES 1 0 0 0 1 0 0 0 0 1 1 0 0 0 0
[INFO] [stdout]  
[INFO] [stdout] loggerfd: (edit distance 194; previously 194)
[INFO] [stdout] --- oracle loggerfd
[INFO] [stdout] +++ chameleon loggerfd
[INFO] [stdout] -gpg: enabled compatibility flags:
[INFO] [stdout] -gpg: sec  rsa4096/E9F3837DB59CDACD 2022-07-18  Debsig Origin Test Key <debsig-test@example.com>
[INFO] [stdout]  gpg: key E9F3837DB59CDACD: "Debsig Origin Test Key <debsig-test@example.com>" not changed
[INFO] [stdout] -gpg: key E9F3837DB59CDACD/E9F3837DB59CDACD: secret key imported
[INFO] [stdout]  gpg: key E9F3837DB59CDACD: secret key imported
[INFO] [stdout]  gpg: Total number processed: 1
[INFO] [stdout]  gpg:              unchanged: 1
[INFO] [stdout] 
[INFO] [stdout] ## Testing sample 33
[INFO] [stdout] 
[INFO] [stdout]   - Invoking the chameleon
[INFO] [stdout]     gpg-sq "--no-permission-warning" "--no-permission-warning" "--command-fd=22" "--attribute-fd=21" "--logger-fd=19" "--status-fd=17" "--ignore-time-conflict" "--no-options" "--no-default-keyring" "--no-auto-check-trustdb" "--trust-model=always" "-v" "--batch" "--import" "input0"
[INFO] [stdout] 
[INFO] [stdout] statusfd: (edit distance 67; previously 67)
[INFO] [stdout] --- oracle statusfd
[INFO] [stdout] +++ chameleon statusfd
[INFO] [stdout] @@
[INFO] [stdout]  [GNUPG:] IMPORT_OK 0 900AC2113233F5DF47C0B6654832DEA0A066232B
[INFO] [stdout]  [GNUPG:] KEY_CONSIDERED 900AC2113233F5DF47C0B6654832DEA0A066232B 0
[INFO] [stdout] -[GNUPG:] KEY_CONSIDERED 900AC2113233F5DF47C0B6654832DEA0A066232B 0
[INFO] [stdout]  [GNUPG:] IMPORT_OK 17 900AC2113233F5DF47C0B6654832DEA0A066232B
[INFO] [stdout]  [GNUPG:] IMPORT_RES 1 0 0 0 1 0 0 0 0 1 1 0 0 0 0
[INFO] [stdout]  
[INFO] [stdout] loggerfd: (edit distance 258; previously 258)
[INFO] [stderr] error: test failed, to rerun pass `--test integration`
[INFO] [stdout] --- oracle loggerfd
[INFO] [stdout] +++ chameleon loggerfd
[INFO] [stdout] -gpg: enabled compatibility flags:
[INFO] [stdout] -gpg: sec  rsa4096/4832DEA0A066232B 2023-12-20  Debsig Origin Test Key <debsig-test@example.com>
[INFO] [stdout]  gpg: key 4832DEA0A066232B: "Debsig Origin Test Key <debsig-test@example.com>" not changed
[INFO] [stdout] -gpg: key 4832DEA0A066232B/4832DEA0A066232B: secret key imported
[INFO] [stdout] -gpg: key 4832DEA0A066232B/4C2E30ED5C790356: secret key imported
[INFO] [stdout]  gpg: key 4832DEA0A066232B: secret key imported
[INFO] [stdout]  gpg: Total number processed: 1
[INFO] [stdout]  gpg:              unchanged: 1
[INFO] [stdout] 
[INFO] [stdout] ## Testing sample 34
[INFO] [stdout] 
[INFO] [stdout]   - Invoking the chameleon
[INFO] [stdout]     gpg-sq "--no-permission-warning" "--no-permission-warning" "--command-fd=22" "--attribute-fd=21" "--logger-fd=19" "--status-fd=17" "--ignore-time-conflict" "--no-options" "--no-default-keyring" "--no-auto-check-trustdb" "--trust-model=always" "-v" "--batch" "--import" "input0"
[INFO] [stdout] 
[INFO] [stdout] statusfd: (edit distance 67; previously 67)
[INFO] [stdout] --- oracle statusfd
[INFO] [stdout] +++ chameleon statusfd
[INFO] [stdout] @@
[INFO] [stdout]  [GNUPG:] IMPORT_OK 0 900AC2113233F5DF47C0B6654832DEA0A066232B
[INFO] [stdout]  [GNUPG:] KEY_CONSIDERED 900AC2113233F5DF47C0B6654832DEA0A066232B 0
[INFO] [stdout] -[GNUPG:] KEY_CONSIDERED 900AC2113233F5DF47C0B6654832DEA0A066232B 0
[INFO] [stdout]  [GNUPG:] IMPORT_OK 17 900AC2113233F5DF47C0B6654832DEA0A066232B
[INFO] [stdout]  [GNUPG:] IMPORT_RES 1 0 0 0 1 0 0 0 0 1 1 0 0 0 0
[INFO] [stdout]  
[INFO] [stdout] loggerfd: (edit distance 258; previously 258)
[INFO] [stdout] --- oracle loggerfd
[INFO] [stdout] +++ chameleon loggerfd
[INFO] [stdout] -gpg: enabled compatibility flags:
[INFO] [stdout] -gpg: sec  rsa4096/4832DEA0A066232B 2023-12-20  Debsig Origin Test Key <debsig-test@example.com>
[INFO] [stdout]  gpg: key 4832DEA0A066232B: "Debsig Origin Test Key <debsig-test@example.com>" not changed
[INFO] [stdout] -gpg: key 4832DEA0A066232B/4832DEA0A066232B: secret key imported
[INFO] [stdout] -gpg: key 4832DEA0A066232B/4C2E30ED5C790356: secret key imported
[INFO] [stdout]  gpg: key 4832DEA0A066232B: secret key imported
[INFO] [stdout]  gpg: Total number processed: 1
[INFO] [stdout]  gpg:              unchanged: 1
[INFO] [stdout] 
[INFO] [stdout] ## Testing sample 35
[INFO] [stdout] 
[INFO] [stdout]   - Invoking the chameleon
[INFO] [stdout]     gpg-sq "--no-permission-warning" "--no-permission-warning" "--command-fd=22" "--attribute-fd=21" "--logger-fd=19" "--status-fd=17" "--ignore-time-conflict" "--no-options" "--no-default-keyring" "--no-auto-check-trustdb" "--trust-model=always" "-v" "--batch" "--import" "input0"
[INFO] [stdout] 
[INFO] [stdout] statusfd: (edit distance 67; previously 67)
[INFO] [stdout] --- oracle statusfd
[INFO] [stdout] +++ chameleon statusfd
[INFO] [stdout] @@
[INFO] [stdout]  [GNUPG:] IMPORT_OK 0 900AC2113233F5DF47C0B6654832DEA0A066232B
[INFO] [stdout]  [GNUPG:] KEY_CONSIDERED 900AC2113233F5DF47C0B6654832DEA0A066232B 0
[INFO] [stdout] -[GNUPG:] KEY_CONSIDERED 900AC2113233F5DF47C0B6654832DEA0A066232B 0
[INFO] [stdout]  [GNUPG:] IMPORT_OK 17 900AC2113233F5DF47C0B6654832DEA0A066232B
[INFO] [stdout]  [GNUPG:] IMPORT_RES 1 0 0 0 1 0 0 0 0 1 1 0 0 0 0
[INFO] [stdout]  
[INFO] [stdout] loggerfd: (edit distance 258; previously 258)
[INFO] [stdout] --- oracle loggerfd
[INFO] [stdout] +++ chameleon loggerfd
[INFO] [stdout] -gpg: enabled compatibility flags:
[INFO] [stdout] -gpg: sec  rsa4096/4832DEA0A066232B 2023-12-20  Debsig Origin Test Key <debsig-test@example.com>
[INFO] [stdout]  gpg: key 4832DEA0A066232B: "Debsig Origin Test Key <debsig-test@example.com>" not changed
[INFO] [stdout] -gpg: key 4832DEA0A066232B/4832DEA0A066232B: secret key imported
[INFO] [stdout] -gpg: key 4832DEA0A066232B/4C2E30ED5C790356: secret key imported
[INFO] [stdout]  gpg: key 4832DEA0A066232B: secret key imported
[INFO] [stdout]  gpg: Total number processed: 1
[INFO] [stdout]  gpg:              unchanged: 1
[INFO] [stdout] 
[INFO] [stdout] ## Testing sample 36
[INFO] [stdout] 
[INFO] [stdout] thread '<unnamed>' panicked at tests/integration.rs:497:54:
[INFO] [stdout] called `Result::unwrap()` on an `Err` value: failed to spawn sq
[INFO] [stdout] 
[INFO] [stdout] Caused by:
[INFO] [stdout]     No such file or directory (os error 2)
[INFO] [stdout] 
[INFO] [stdout] Stack backtrace:
[INFO] [stdout]    0: <E as anyhow::context::ext::StdError>::ext_context
[INFO] [stdout]              at /opt/rustwide/cargo-home/registry/src/index.crates.io-1949cf8c6b5b557f/anyhow-1.0.86/src/backtrace.rs:27:14
[INFO] [stdout]    1: anyhow::context::<impl anyhow::Context<T,E> for core::result::Result<T,E>>::context
[INFO] [stdout]              at /opt/rustwide/cargo-home/registry/src/index.crates.io-1949cf8c6b5b557f/anyhow-1.0.86/src/context.rs:54:31
[INFO] [stdout]    2: integration::inspect_pgp
[INFO] [stdout]              at ./tests/integration.rs:599:21
[INFO] [stdout]    3: integration::Diff::distances::{{closure}}::{{closure}}
[INFO] [stdout]              at ./tests/integration.rs:497:34
[INFO] [stdout]    4: core::iter::adapters::map::map_fold::{{closure}}
[INFO] [stdout]              at /rustc/6067b36314ab5eb2eb47cecc464545ba58e1ad24/library/core/src/iter/adapters/map.rs:88:28
[INFO] [stdout]    5: core::iter::adapters::map::map_fold::{{closure}}
[INFO] [stdout]              at /rustc/6067b36314ab5eb2eb47cecc464545ba58e1ad24/library/core/src/iter/adapters/map.rs:88:21
[INFO] [stdout]    6: <core::slice::iter::Iter<T> as core::iter::traits::iterator::Iterator>::fold
[INFO] [stdout]              at /rustc/6067b36314ab5eb2eb47cecc464545ba58e1ad24/library/core/src/slice/iter/macros.rs:232:27
[INFO] [stdout]    7: <core::iter::adapters::map::Map<I,F> as core::iter::traits::iterator::Iterator>::fold
[INFO] [stdout]              at /rustc/6067b36314ab5eb2eb47cecc464545ba58e1ad24/library/core/src/iter/adapters/map.rs:128:9
[INFO] [stdout]    8: <core::iter::adapters::cloned::Cloned<I> as core::iter::traits::iterator::Iterator>::fold
[INFO] [stdout]              at /rustc/6067b36314ab5eb2eb47cecc464545ba58e1ad24/library/core/src/iter/adapters/cloned.rs:61:31
[INFO] [stdout]    9: <core::iter::adapters::map::Map<I,F> as core::iter::traits::iterator::Iterator>::fold
[INFO] [stdout]              at /rustc/6067b36314ab5eb2eb47cecc464545ba58e1ad24/library/core/src/iter/adapters/map.rs:128:9
[INFO] [stdout]   10: core::iter::traits::iterator::Iterator::for_each
[INFO] [stdout]              at /rustc/6067b36314ab5eb2eb47cecc464545ba58e1ad24/library/core/src/iter/traits/iterator.rs:800:9
[INFO] [stdout]   11: alloc::vec::Vec<T,A>::extend_trusted
[INFO] [stdout]              at /rustc/6067b36314ab5eb2eb47cecc464545ba58e1ad24/library/alloc/src/vec/mod.rs:3568:17
[INFO] [stdout]   12: <alloc::vec::Vec<T,A> as alloc::vec::spec_extend::SpecExtend<T,I>>::spec_extend
[INFO] [stdout]              at /rustc/6067b36314ab5eb2eb47cecc464545ba58e1ad24/library/alloc/src/vec/spec_extend.rs:29:9
[INFO] [stdout]   13: <alloc::vec::Vec<T> as alloc::vec::spec_from_iter_nested::SpecFromIterNested<T,I>>::from_iter
[INFO] [stdout]              at /rustc/6067b36314ab5eb2eb47cecc464545ba58e1ad24/library/alloc/src/vec/spec_from_iter_nested.rs:62:9
[INFO] [stdout]   14: <alloc::vec::Vec<T> as alloc::vec::spec_from_iter::SpecFromIter<T,I>>::from_iter
[INFO] [stdout]              at /rustc/6067b36314ab5eb2eb47cecc464545ba58e1ad24/library/alloc/src/vec/spec_from_iter.rs:34:9
[INFO] [stdout]   15: <alloc::vec::Vec<T> as core::iter::traits::collect::FromIterator<T>>::from_iter
[INFO] [stdout]              at /rustc/6067b36314ab5eb2eb47cecc464545ba58e1ad24/library/alloc/src/vec/mod.rs:3427:9
[INFO] [stdout]   16: core::iter::traits::iterator::Iterator::collect
[INFO] [stdout]              at /rustc/6067b36314ab5eb2eb47cecc464545ba58e1ad24/library/core/src/iter/traits/iterator.rs:1971:9
[INFO] [stdout]   17: integration::Diff::distances::{{closure}}
[INFO] [stdout]              at ./tests/integration.rs:475:13
[INFO] [stdout]   18: std::sync::once_lock::OnceLock<T>::get_or_init::{{closure}}
[INFO] [stdout]              at /rustc/6067b36314ab5eb2eb47cecc464545ba58e1ad24/library/std/src/sync/once_lock.rs:305:50
[INFO] [stdout]   19: std::sync::once_lock::OnceLock<T>::initialize::{{closure}}
[INFO] [stdout]              at /rustc/6067b36314ab5eb2eb47cecc464545ba58e1ad24/library/std/src/sync/once_lock.rs:513:19
[INFO] [stdout]   20: std::sync::poison::once::Once::call_once_force::{{closure}}
[INFO] [stdout]              at /rustc/6067b36314ab5eb2eb47cecc464545ba58e1ad24/library/std/src/sync/poison/once.rs:217:40
[INFO] [stdout]   21: std::sys::sync::once::futex::Once::call
[INFO] [stdout]              at /rustc/6067b36314ab5eb2eb47cecc464545ba58e1ad24/library/std/src/sys/sync/once/futex.rs:176:21
[INFO] [stdout]   22: std::sync::poison::once::Once::call_once_force
[INFO] [stdout]              at /rustc/6067b36314ab5eb2eb47cecc464545ba58e1ad24/library/std/src/sync/poison/once.rs:217:9
[INFO] [stdout]   23: std::sync::once_lock::OnceLock<T>::initialize
[INFO] [stdout]              at /rustc/6067b36314ab5eb2eb47cecc464545ba58e1ad24/library/std/src/sync/once_lock.rs:512:9
[INFO] [stdout]   24: std::sync::once_lock::OnceLock<T>::get_or_try_init
[INFO] [stdout]              at /rustc/6067b36314ab5eb2eb47cecc464545ba58e1ad24/library/std/src/sync/once_lock.rs:391:9
[INFO] [stdout]   25: std::sync::once_lock::OnceLock<T>::get_or_init
[INFO] [stdout]              at /rustc/6067b36314ab5eb2eb47cecc464545ba58e1ad24/library/std/src/sync/once_lock.rs:305:15
[INFO] [stdout]   26: integration::Diff::distances
[INFO] [stdout]              at ./tests/integration.rs:472:9
[INFO] [stdout]   27: integration::Diff::emit
[INFO] [stdout]              at ./tests/integration.rs:543:38
[INFO] [stdout]   28: integration::Experiment::run
[INFO] [stdout]              at ./tests/integration.rs:696:13
[INFO] [stdout]   29: integration::debsig_verify_0_30::ntest_callback
[INFO] [stdout]              at ./tests/integration.rs:34:5
[INFO] [stdout]   30: integration::debsig_verify_0_30::{{closure}}
[INFO] [stdout]              at ./tests/integration.rs:32:1
[INFO] [stdout]   31: std::sys::backtrace::__rust_begin_short_backtrace
[INFO] [stdout]              at /rustc/6067b36314ab5eb2eb47cecc464545ba58e1ad24/library/std/src/sys/backtrace.rs:152:18
[INFO] [stdout]   32: std::thread::Builder::spawn_unchecked_::{{closure}}::{{closure}}
[INFO] [stdout]              at /rustc/6067b36314ab5eb2eb47cecc464545ba58e1ad24/library/std/src/thread/mod.rs:559:17
[INFO] [stdout]   33: <core::panic::unwind_safe::AssertUnwindSafe<F> as core::ops::function::FnOnce<()>>::call_once
[INFO] [stdout]              at /rustc/6067b36314ab5eb2eb47cecc464545ba58e1ad24/library/core/src/panic/unwind_safe.rs:272:9
[INFO] [stdout]   34: std::panicking::try::do_call
[INFO] [stdout]              at /rustc/6067b36314ab5eb2eb47cecc464545ba58e1ad24/library/std/src/panicking.rs:587:40
[INFO] [stdout]   35: __rust_try
[INFO] [stdout]   36: std::panicking::try
[INFO] [stdout]              at /rustc/6067b36314ab5eb2eb47cecc464545ba58e1ad24/library/std/src/panicking.rs:550:19
[INFO] [stdout]   37: std::panic::catch_unwind
[INFO] [stdout]              at /rustc/6067b36314ab5eb2eb47cecc464545ba58e1ad24/library/std/src/panic.rs:358:14
[INFO] [stdout]   38: std::thread::Builder::spawn_unchecked_::{{closure}}
[INFO] [stdout]              at /rustc/6067b36314ab5eb2eb47cecc464545ba58e1ad24/library/std/src/thread/mod.rs:557:30
[INFO] [stdout]   39: core::ops::function::FnOnce::call_once{{vtable.shim}}
[INFO] [stdout]              at /rustc/6067b36314ab5eb2eb47cecc464545ba58e1ad24/library/core/src/ops/function.rs:250:5
[INFO] [stdout]   40: <alloc::boxed::Box<F,A> as core::ops::function::FnOnce<Args>>::call_once
[INFO] [stdout]              at /rustc/6067b36314ab5eb2eb47cecc464545ba58e1ad24/library/alloc/src/boxed.rs:2013:9
[INFO] [stdout]   41: <alloc::boxed::Box<F,A> as core::ops::function::FnOnce<Args>>::call_once
[INFO] [stdout]              at /rustc/6067b36314ab5eb2eb47cecc464545ba58e1ad24/library/alloc/src/boxed.rs:2013:9
[INFO] [stdout]   42: std::sys::pal::unix::thread::Thread::new::thread_start
[INFO] [stdout]              at /rustc/6067b36314ab5eb2eb47cecc464545ba58e1ad24/library/std/src/sys/pal/unix/thread.rs:106:17
[INFO] [stdout]   43: <unknown>
[INFO] [stdout]   44: clone
[INFO] [stdout] stack backtrace:
[INFO] [stdout]    0:     0x62dc8a9d60aa - std::backtrace_rs::backtrace::libunwind::trace::hb059275cfc8d6126
[INFO] [stdout]                                at /rustc/6067b36314ab5eb2eb47cecc464545ba58e1ad24/library/std/src/../../backtrace/src/backtrace/libunwind.rs:116:5
[INFO] [stdout]    1:     0x62dc8a9d60aa - std::backtrace_rs::backtrace::trace_unsynchronized::h2da071e4327ce3ee
[INFO] [stdout]                                at /rustc/6067b36314ab5eb2eb47cecc464545ba58e1ad24/library/std/src/../../backtrace/src/backtrace/mod.rs:66:5
[INFO] [stdout]    2:     0x62dc8a9d60aa - std::sys::backtrace::_print_fmt::h842a1474e6f8d23f
[INFO] [stdout]                                at /rustc/6067b36314ab5eb2eb47cecc464545ba58e1ad24/library/std/src/sys/backtrace.rs:66:9
[INFO] [stdout]    3:     0x62dc8a9d60aa - <std::sys::backtrace::BacktraceLock::print::DisplayBacktrace as core::fmt::Display>::fmt::h71a62eb3b9696b12
[INFO] [stdout]                                at /rustc/6067b36314ab5eb2eb47cecc464545ba58e1ad24/library/std/src/sys/backtrace.rs:39:26
[INFO] [stdout]    4:     0x62dc8aa01a53 - core::fmt::rt::Argument::fmt::hdb6b616786b41dc1
[INFO] [stdout]                                at /rustc/6067b36314ab5eb2eb47cecc464545ba58e1ad24/library/core/src/fmt/rt.rs:177:76
[INFO] [stdout]    5:     0x62dc8aa01a53 - core::fmt::write::h2cc1698af7e2d686
[INFO] [stdout]                                at /rustc/6067b36314ab5eb2eb47cecc464545ba58e1ad24/library/core/src/fmt/mod.rs:1440:21
[INFO] [stdout]    6:     0x62dc8a9d1f43 - std::io::Write::write_fmt::hab1b4cd059a79022
[INFO] [stdout]                                at /rustc/6067b36314ab5eb2eb47cecc464545ba58e1ad24/library/std/src/io/mod.rs:1887:15
[INFO] [stdout]    7:     0x62dc8a9d5ef2 - std::sys::backtrace::BacktraceLock::print::h147fe35b4ea13b08
[INFO] [stdout]                                at /rustc/6067b36314ab5eb2eb47cecc464545ba58e1ad24/library/std/src/sys/backtrace.rs:42:9
[INFO] [stdout]    8:     0x62dc8a9d74cf - std::panicking::default_hook::{{closure}}::hbd44223dbdc0d208
[INFO] [stdout]                                at /rustc/6067b36314ab5eb2eb47cecc464545ba58e1ad24/library/std/src/panicking.rs:298:22
[INFO] [stdout]    9:     0x62dc8a9d72e8 - std::panicking::default_hook::h20f81eb0576efcec
[INFO] [stdout]                                at /rustc/6067b36314ab5eb2eb47cecc464545ba58e1ad24/library/std/src/panicking.rs:322:9
[INFO] [stdout]   10:     0x62dc8a65cd73 - <alloc::boxed::Box<F,A> as core::ops::function::Fn<Args>>::call::hdb53814c496a4d34
[INFO] [stdout]                                at /rustc/6067b36314ab5eb2eb47cecc464545ba58e1ad24/library/alloc/src/boxed.rs:2027:9
[INFO] [stdout]   11:     0x62dc8a65cd73 - test::test_main::{{closure}}::hc0a4963c59427c24
[INFO] [stdout]                                at /rustc/6067b36314ab5eb2eb47cecc464545ba58e1ad24/library/test/src/lib.rs:134:21
[INFO] [stdout]   12:     0x62dc8a9d7fc3 - <alloc::boxed::Box<F,A> as core::ops::function::Fn<Args>>::call::h591b2225413a77e9
[INFO] [stdout]                                at /rustc/6067b36314ab5eb2eb47cecc464545ba58e1ad24/library/alloc/src/boxed.rs:2027:9
[INFO] [stdout]   13:     0x62dc8a9d7fc3 - std::panicking::rust_panic_with_hook::h625eea43051b2edc
[INFO] [stdout]                                at /rustc/6067b36314ab5eb2eb47cecc464545ba58e1ad24/library/std/src/panicking.rs:839:13
[INFO] [stdout]   14:     0x62dc8a9d7c7a - std::panicking::begin_panic_handler::{{closure}}::h4f9159cfbc3f6bd3
[INFO] [stdout]                                at /rustc/6067b36314ab5eb2eb47cecc464545ba58e1ad24/library/std/src/panicking.rs:704:13
[INFO] [stdout]   15:     0x62dc8a9d65a9 - std::sys::backtrace::__rust_end_short_backtrace::h0390abce48353151
[INFO] [stdout]                                at /rustc/6067b36314ab5eb2eb47cecc464545ba58e1ad24/library/std/src/sys/backtrace.rs:168:18
[INFO] [stdout]   16:     0x62dc8a9d790d - rust_begin_unwind
[INFO] [stdout]                                at /rustc/6067b36314ab5eb2eb47cecc464545ba58e1ad24/library/std/src/panicking.rs:695:5
[INFO] [stdout]   17:     0x62dc8a9ff480 - core::panicking::panic_fmt::h9e7c637e9e5f29c9
[INFO] [stdout]                                at /rustc/6067b36314ab5eb2eb47cecc464545ba58e1ad24/library/core/src/panicking.rs:75:14
[INFO] [stdout]   18:     0x62dc8a9ff956 - core::result::unwrap_failed::h7979f09313fe1849
[INFO] [stdout]                                at /rustc/6067b36314ab5eb2eb47cecc464545ba58e1ad24/library/core/src/result.rs:1704:5
[INFO] [stdout]   19:     0x62dc8a550dc9 - core::result::Result<T,E>::unwrap::h7fd012cf7aab9c3e
[INFO] [stdout]                                at /rustc/6067b36314ab5eb2eb47cecc464545ba58e1ad24/library/core/src/result.rs:1109:23
[INFO] [stdout]   20:     0x62dc8a550dc9 - integration::Diff::distances::{{closure}}::{{closure}}::hadfc8c8d297e3726
[INFO] [stdout]                                at /opt/rustwide/workdir/tests/integration.rs:497:34
[INFO] [stdout]   21:     0x62dc8a58d526 - core::iter::adapters::map::map_fold::{{closure}}::h158c05dbf1f9116e
[INFO] [stdout]                                at /rustc/6067b36314ab5eb2eb47cecc464545ba58e1ad24/library/core/src/iter/adapters/map.rs:88:28
[INFO] [stdout]   22:     0x62dc8a58d4cd - core::iter::adapters::map::map_fold::{{closure}}::h0347d5c5f3e4b81d
[INFO] [stdout]                                at /rustc/6067b36314ab5eb2eb47cecc464545ba58e1ad24/library/core/src/iter/adapters/map.rs:88:21
[INFO] [stdout]   23:     0x62dc8a567724 - <core::slice::iter::Iter<T> as core::iter::traits::iterator::Iterator>::fold::h669068689c2b6bfd
[INFO] [stdout]                                at /rustc/6067b36314ab5eb2eb47cecc464545ba58e1ad24/library/core/src/slice/iter/macros.rs:232:27
[INFO] [stdout]   24:     0x62dc8a55b7ea - <core::iter::adapters::map::Map<I,F> as core::iter::traits::iterator::Iterator>::fold::hbc8e3068cf74d41e
[INFO] [stdout]                                at /rustc/6067b36314ab5eb2eb47cecc464545ba58e1ad24/library/core/src/iter/adapters/map.rs:128:9
[INFO] [stdout]   25:     0x62dc8a55b7ea - <core::iter::adapters::cloned::Cloned<I> as core::iter::traits::iterator::Iterator>::fold::he68ad0fe6cb8b516
[INFO] [stdout]                                at /rustc/6067b36314ab5eb2eb47cecc464545ba58e1ad24/library/core/src/iter/adapters/cloned.rs:61:31
[INFO] [stdout]   26:     0x62dc8a586698 - <core::iter::adapters::map::Map<I,F> as core::iter::traits::iterator::Iterator>::fold::h83ee5c5d9dd11692
[INFO] [stdout]                                at /rustc/6067b36314ab5eb2eb47cecc464545ba58e1ad24/library/core/src/iter/adapters/map.rs:128:9
[INFO] [stdout]   27:     0x62dc8a58d205 - core::iter::traits::iterator::Iterator::for_each::h9adb9ccfcb5c45ee
[INFO] [stdout]                                at /rustc/6067b36314ab5eb2eb47cecc464545ba58e1ad24/library/core/src/iter/traits/iterator.rs:800:9
[INFO] [stdout]   28:     0x62dc8a581dbf - alloc::vec::Vec<T,A>::extend_trusted::h2aeb4d1bc239424d
[INFO] [stdout]                                at /rustc/6067b36314ab5eb2eb47cecc464545ba58e1ad24/library/alloc/src/vec/mod.rs:3568:17
[INFO] [stdout]   29:     0x62dc8a58645a - <alloc::vec::Vec<T,A> as alloc::vec::spec_extend::SpecExtend<T,I>>::spec_extend::h06d93cc992842b3f
[INFO] [stdout]                                at /rustc/6067b36314ab5eb2eb47cecc464545ba58e1ad24/library/alloc/src/vec/spec_extend.rs:29:9
[INFO] [stdout]   30:     0x62dc8a58074b - <alloc::vec::Vec<T> as alloc::vec::spec_from_iter_nested::SpecFromIterNested<T,I>>::from_iter::hc93f24339e6c9d30
[INFO] [stdout]                                at /rustc/6067b36314ab5eb2eb47cecc464545ba58e1ad24/library/alloc/src/vec/spec_from_iter_nested.rs:62:9
[INFO] [stdout]   31:     0x62dc8a58652d - <alloc::vec::Vec<T> as alloc::vec::spec_from_iter::SpecFromIter<T,I>>::from_iter::h0e67b0adb409ca35
[INFO] [stdout]                                at /rustc/6067b36314ab5eb2eb47cecc464545ba58e1ad24/library/alloc/src/vec/spec_from_iter.rs:34:9
[INFO] [stdout]   32:     0x62dc8a58631f - <alloc::vec::Vec<T> as core::iter::traits::collect::FromIterator<T>>::from_iter::h7c47c5de2317cbef
[INFO] [stdout]                                at /rustc/6067b36314ab5eb2eb47cecc464545ba58e1ad24/library/alloc/src/vec/mod.rs:3427:9
[INFO] [stdout]   33:     0x62dc8a58d164 - core::iter::traits::iterator::Iterator::collect::h3f9ccd8f489685c0
[INFO] [stdout]                                at /rustc/6067b36314ab5eb2eb47cecc464545ba58e1ad24/library/core/src/iter/traits/iterator.rs:1971:9
[INFO] [stdout]   34:     0x62dc8a54fef8 - integration::Diff::distances::{{closure}}::h3644da997c1ecb7a
[INFO] [stdout]                                at /opt/rustwide/workdir/tests/integration.rs:475:13
[INFO] [stdout]   35:     0x62dc8a56dbcd - std::sync::once_lock::OnceLock<T>::get_or_init::{{closure}}::h6c84429c6968f3df
[INFO] [stdout]                                at /rustc/6067b36314ab5eb2eb47cecc464545ba58e1ad24/library/std/src/sync/once_lock.rs:305:50
[INFO] [stdout]   36:     0x62dc8a56d8fe - std::sync::once_lock::OnceLock<T>::initialize::{{closure}}::h8d755a995df37b4f
[INFO] [stdout]                                at /rustc/6067b36314ab5eb2eb47cecc464545ba58e1ad24/library/std/src/sync/once_lock.rs:513:19
[INFO] [stdout]   37:     0x62dc8a59295d - std::sync::poison::once::Once::call_once_force::{{closure}}::hc91a68bb9a9ce1ca
[INFO] [stdout]                                at /rustc/6067b36314ab5eb2eb47cecc464545ba58e1ad24/library/std/src/sync/poison/once.rs:217:40
[INFO] [stdout]   38:     0x62dc8a9e2b04 - std::sys::sync::once::futex::Once::call::h815b83ce02d0388e
[INFO] [stdout]                                at /rustc/6067b36314ab5eb2eb47cecc464545ba58e1ad24/library/std/src/sys/sync/once/futex.rs:176:21
[INFO] [stdout]   39:     0x62dc8a59262a - std::sync::poison::once::Once::call_once_force::hd0620dd7f2054e03
[INFO] [stdout]                                at /rustc/6067b36314ab5eb2eb47cecc464545ba58e1ad24/library/std/src/sync/poison/once.rs:217:9
[INFO] [stdout]   40:     0x62dc8a56d832 - std::sync::once_lock::OnceLock<T>::initialize::h14ae1a8c70c46a9f
[INFO] [stdout]                                at /rustc/6067b36314ab5eb2eb47cecc464545ba58e1ad24/library/std/src/sync/once_lock.rs:512:9
[INFO] [stdout]   41:     0x62dc8a56ddf9 - std::sync::once_lock::OnceLock<T>::get_or_try_init::h4d126765e5d86e8e
[INFO] [stdout]                                at /rustc/6067b36314ab5eb2eb47cecc464545ba58e1ad24/library/std/src/sync/once_lock.rs:391:9
[INFO] [stdout]   42:     0x62dc8a56db93 - std::sync::once_lock::OnceLock<T>::get_or_init::hec65c9f7a0cdf496
[INFO] [stdout]                                at /rustc/6067b36314ab5eb2eb47cecc464545ba58e1ad24/library/std/src/sync/once_lock.rs:305:15
[INFO] [stdout]   43:     0x62dc8a54fdb5 - integration::Diff::distances::h9e5fbd1cfb92d68a
[INFO] [stdout]                                at /opt/rustwide/workdir/tests/integration.rs:472:9
[INFO] [stdout]   44:     0x62dc8a5514d7 - integration::Diff::emit::hee1794a48ab3df77
[INFO] [stdout]                                at /opt/rustwide/workdir/tests/integration.rs:543:38
[INFO] [stdout]   45:     0x62dc8a5543f1 - integration::Experiment::run::h55141dfec12f66bd
[INFO] [stdout]                                at /opt/rustwide/workdir/tests/integration.rs:696:13
[INFO] [stdout]   46:     0x62dc8a556f88 - integration::debsig_verify_0_30::ntest_callback::hc24a92646c66b0dc
[INFO] [stdout]                                at /opt/rustwide/workdir/tests/integration.rs:34:5
[INFO] [stdout]   47:     0x62dc8a557023 - integration::debsig_verify_0_30::{{closure}}::hefc832cb34d79610
[INFO] [stdout]                                at /opt/rustwide/workdir/tests/integration.rs:32:1
[INFO] [stdout]   48:     0x62dc8a597b03 - std::sys::backtrace::__rust_begin_short_backtrace::hab00b29a18a608af
[INFO] [stdout]                                at /rustc/6067b36314ab5eb2eb47cecc464545ba58e1ad24/library/std/src/sys/backtrace.rs:152:18
[INFO] [stdout]   49:     0x62dc8a5b053b - std::thread::Builder::spawn_unchecked_::{{closure}}::{{closure}}::h41e9aa7431d0b6c8
[INFO] [stdout]                                at /rustc/6067b36314ab5eb2eb47cecc464545ba58e1ad24/library/std/src/thread/mod.rs:559:17
[INFO] [stdout]   50:     0x62dc8a5b6600 - <core::panic::unwind_safe::AssertUnwindSafe<F> as core::ops::function::FnOnce<()>>::call_once::h12ffdd43c2cfc44d
[INFO] [stdout]                                at /rustc/6067b36314ab5eb2eb47cecc464545ba58e1ad24/library/core/src/panic/unwind_safe.rs:272:9
[INFO] [stdout]   51:     0x62dc8a5a1e7f - std::panicking::try::do_call::hd1a1db23fb4dff79
[INFO] [stdout]                                at /rustc/6067b36314ab5eb2eb47cecc464545ba58e1ad24/library/std/src/panicking.rs:587:40
[INFO] [stdout]   52:     0x62dc8a5b4fab - __rust_try
[INFO] [stdout]   53:     0x62dc8a5af7ba - std::panicking::try::hc59d669fccd341b1
[INFO] [stdout]                                at /rustc/6067b36314ab5eb2eb47cecc464545ba58e1ad24/library/std/src/panicking.rs:550:19
[INFO] [stdout]   54:     0x62dc8a5af7ba - std::panic::catch_unwind::h10f89019a286e876
[INFO] [stdout]                                at /rustc/6067b36314ab5eb2eb47cecc464545ba58e1ad24/library/std/src/panic.rs:358:14
[INFO] [stdout]   55:     0x62dc8a5af7ba - std::thread::Builder::spawn_unchecked_::{{closure}}::h0aedbf85431f325e
[INFO] [stdout]                                at /rustc/6067b36314ab5eb2eb47cecc464545ba58e1ad24/library/std/src/thread/mod.rs:557:30
[INFO] [stdout]   56:     0x62dc8a586d5e - core::ops::function::FnOnce::call_once{{vtable.shim}}::he00218a94ef42b50
[INFO] [stdout]                                at /rustc/6067b36314ab5eb2eb47cecc464545ba58e1ad24/library/core/src/ops/function.rs:250:5
[INFO] [stdout]   57:     0x62dc8a9de1db - <alloc::boxed::Box<F,A> as core::ops::function::FnOnce<Args>>::call_once::ha52bedf99a3b4981
[INFO] [stdout]                                at /rustc/6067b36314ab5eb2eb47cecc464545ba58e1ad24/library/alloc/src/boxed.rs:2013:9
[INFO] [stdout]   58:     0x62dc8a9de1db - <alloc::boxed::Box<F,A> as core::ops::function::FnOnce<Args>>::call_once::h567748934d80ccf8
[INFO] [stdout]                                at /rustc/6067b36314ab5eb2eb47cecc464545ba58e1ad24/library/alloc/src/boxed.rs:2013:9
[INFO] [stdout]   59:     0x62dc8a9de1db - std::sys::pal::unix::thread::Thread::new::thread_start::h2d970728ae887adc
[INFO] [stdout]                                at /rustc/6067b36314ab5eb2eb47cecc464545ba58e1ad24/library/std/src/sys/pal/unix/thread.rs:106:17
[INFO] [stdout]   60:     0x7aa870494ac3 - <unknown>
[INFO] [stdout]   61:     0x7aa870525a04 - clone
[INFO] [stdout]   62:                0x0 - <unknown>
[INFO] [stdout] 
[INFO] [stdout] thread 'debsig_verify_0_30' panicked at tests/integration.rs:32:1:
[INFO] [stdout] explicit panic
[INFO] [stdout] stack backtrace:
[INFO] [stdout]    0:     0x62dc8a9d60aa - std::backtrace_rs::backtrace::libunwind::trace::hb059275cfc8d6126
[INFO] [stdout]                                at /rustc/6067b36314ab5eb2eb47cecc464545ba58e1ad24/library/std/src/../../backtrace/src/backtrace/libunwind.rs:116:5
[INFO] [stdout]    1:     0x62dc8a9d60aa - std::backtrace_rs::backtrace::trace_unsynchronized::h2da071e4327ce3ee
[INFO] [stdout]                                at /rustc/6067b36314ab5eb2eb47cecc464545ba58e1ad24/library/std/src/../../backtrace/src/backtrace/mod.rs:66:5
[INFO] [stdout]    2:     0x62dc8a9d60aa - std::sys::backtrace::_print_fmt::h842a1474e6f8d23f
[INFO] [stdout]                                at /rustc/6067b36314ab5eb2eb47cecc464545ba58e1ad24/library/std/src/sys/backtrace.rs:66:9
[INFO] [stdout]    3:     0x62dc8a9d60aa - <std::sys::backtrace::BacktraceLock::print::DisplayBacktrace as core::fmt::Display>::fmt::h71a62eb3b9696b12
[INFO] [stdout]                                at /rustc/6067b36314ab5eb2eb47cecc464545ba58e1ad24/library/std/src/sys/backtrace.rs:39:26
[INFO] [stdout]    4:     0x62dc8aa01a53 - core::fmt::rt::Argument::fmt::hdb6b616786b41dc1
[INFO] [stdout]                                at /rustc/6067b36314ab5eb2eb47cecc464545ba58e1ad24/library/core/src/fmt/rt.rs:177:76
[INFO] [stdout]    5:     0x62dc8aa01a53 - core::fmt::write::h2cc1698af7e2d686
[INFO] [stdout]                                at /rustc/6067b36314ab5eb2eb47cecc464545ba58e1ad24/library/core/src/fmt/mod.rs:1440:21
[INFO] [stdout]    6:     0x62dc8a9d1f43 - std::io::Write::write_fmt::hab1b4cd059a79022
[INFO] [stdout]                                at /rustc/6067b36314ab5eb2eb47cecc464545ba58e1ad24/library/std/src/io/mod.rs:1887:15
[INFO] [stdout]    7:     0x62dc8a9d5ef2 - std::sys::backtrace::BacktraceLock::print::h147fe35b4ea13b08
[INFO] [stdout]                                at /rustc/6067b36314ab5eb2eb47cecc464545ba58e1ad24/library/std/src/sys/backtrace.rs:42:9
[INFO] [stdout]    8:     0x62dc8a9d74cf - std::panicking::default_hook::{{closure}}::hbd44223dbdc0d208
[INFO] [stdout]                                at /rustc/6067b36314ab5eb2eb47cecc464545ba58e1ad24/library/std/src/panicking.rs:298:22
[INFO] [stdout]    9:     0x62dc8a9d72e8 - std::panicking::default_hook::h20f81eb0576efcec
[INFO] [stdout]                                at /rustc/6067b36314ab5eb2eb47cecc464545ba58e1ad24/library/std/src/panicking.rs:322:9
[INFO] [stdout]   10:     0x62dc8a65cd73 - <alloc::boxed::Box<F,A> as core::ops::function::Fn<Args>>::call::hdb53814c496a4d34
[INFO] [stdout]                                at /rustc/6067b36314ab5eb2eb47cecc464545ba58e1ad24/library/alloc/src/boxed.rs:2027:9
[INFO] [stdout]   11:     0x62dc8a65cd73 - test::test_main::{{closure}}::hc0a4963c59427c24
[INFO] [stdout]                                at /rustc/6067b36314ab5eb2eb47cecc464545ba58e1ad24/library/test/src/lib.rs:134:21
[INFO] [stdout]   12:     0x62dc8a9d7fc3 - <alloc::boxed::Box<F,A> as core::ops::function::Fn<Args>>::call::h591b2225413a77e9
[INFO] [stdout]                                at /rustc/6067b36314ab5eb2eb47cecc464545ba58e1ad24/library/alloc/src/boxed.rs:2027:9
[INFO] [stdout]   13:     0x62dc8a9d7fc3 - std::panicking::rust_panic_with_hook::h625eea43051b2edc
[INFO] [stdout]                                at /rustc/6067b36314ab5eb2eb47cecc464545ba58e1ad24/library/std/src/panicking.rs:839:13
[INFO] [stdout]   14:     0x62dc8a9d7dcc - std::panicking::begin_panic::{{closure}}::hb6f83f64bbc6469c
[INFO] [stdout]                                at /rustc/6067b36314ab5eb2eb47cecc464545ba58e1ad24/library/std/src/panicking.rs:768:9
[INFO] [stdout]   15:     0x62dc8a9d65b9 - std::sys::backtrace::__rust_end_short_backtrace::h892ae3ae8be3daf3
[INFO] [stdout]                                at /rustc/6067b36314ab5eb2eb47cecc464545ba58e1ad24/library/std/src/sys/backtrace.rs:168:18
[INFO] [stdout]   16:     0x62dc8a9d7cd2 - std::panicking::begin_panic::h855074417e0a5787
[INFO] [stdout]                                at /rustc/6067b36314ab5eb2eb47cecc464545ba58e1ad24/library/std/src/panicking.rs:767:5
[INFO] [stdout]   17:     0x62dc8a556dd6 - integration::debsig_verify_0_30::h84abe3c4365b3a06
[INFO] [stdout]                                at /opt/rustwide/workdir/tests/integration.rs:32:1
[INFO] [stdout]   18:     0x62dc8a556c47 - integration::debsig_verify_0_30::{{closure}}::hfa4c79bcf631b050
[INFO] [stdout]                                at /opt/rustwide/workdir/tests/integration.rs:33:28
[INFO] [stdout]   19:     0x62dc8a587136 - core::ops::function::FnOnce::call_once::h6ac29119e5167698
[INFO] [stdout]                                at /rustc/6067b36314ab5eb2eb47cecc464545ba58e1ad24/library/core/src/ops/function.rs:250:5
[INFO] [stdout]   20:     0x62dc8a6624cb - core::ops::function::FnOnce::call_once::he27718dfdd183f43
[INFO] [stdout]                                at /rustc/6067b36314ab5eb2eb47cecc464545ba58e1ad24/library/core/src/ops/function.rs:250:5
[INFO] [stdout]   21:     0x62dc8a6624cb - test::__rust_begin_short_backtrace::h4e84902998457a5d
[INFO] [stdout]                                at /rustc/6067b36314ab5eb2eb47cecc464545ba58e1ad24/library/test/src/lib.rs:632:18
[INFO] [stdout]   22:     0x62dc8a661403 - test::run_test_in_process::{{closure}}::h7176fd18fc1feca0
[INFO] [stdout]                                at /rustc/6067b36314ab5eb2eb47cecc464545ba58e1ad24/library/test/src/lib.rs:655:60
[INFO] [stdout]   23:     0x62dc8a661403 - <core::panic::unwind_safe::AssertUnwindSafe<F> as core::ops::function::FnOnce<()>>::call_once::hf79cff2a624d8cf7
[INFO] [stdout]                                at /rustc/6067b36314ab5eb2eb47cecc464545ba58e1ad24/library/core/src/panic/unwind_safe.rs:272:9
[INFO] [stdout]   24:     0x62dc8a661403 - std::panicking::try::do_call::h3da0561d9ab99c25
[INFO] [stdout]                                at /rustc/6067b36314ab5eb2eb47cecc464545ba58e1ad24/library/std/src/panicking.rs:587:40
[INFO] [stdout]   25:     0x62dc8a661403 - std::panicking::try::h41c9fa508bc61df6
[INFO] [stdout]                                at /rustc/6067b36314ab5eb2eb47cecc464545ba58e1ad24/library/std/src/panicking.rs:550:19
[INFO] [stdout]   26:     0x62dc8a661403 - std::panic::catch_unwind::h6b3ff07bb5afad93
[INFO] [stdout]                                at /rustc/6067b36314ab5eb2eb47cecc464545ba58e1ad24/library/std/src/panic.rs:358:14
[INFO] [stdout]   27:     0x62dc8a661403 - test::run_test_in_process::hc7253dd11b39b9f4
[INFO] [stdout]                                at /rustc/6067b36314ab5eb2eb47cecc464545ba58e1ad24/library/test/src/lib.rs:655:27
[INFO] [stdout]   28:     0x62dc8a661403 - test::run_test::{{closure}}::hfb2007f8649c30bb
[INFO] [stdout]                                at /rustc/6067b36314ab5eb2eb47cecc464545ba58e1ad24/library/test/src/lib.rs:576:43
[INFO] [stdout]   29:     0x62dc8a6244e5 - test::run_test::{{closure}}::h56a17aa7a282a9f4
[INFO] [stdout]                                at /rustc/6067b36314ab5eb2eb47cecc464545ba58e1ad24/library/test/src/lib.rs:606:41
[INFO] [stdout]   30:     0x62dc8a6244e5 - std::sys::backtrace::__rust_begin_short_backtrace::hd2d2d2fb8e8c6aac
[INFO] [stdout]                                at /rustc/6067b36314ab5eb2eb47cecc464545ba58e1ad24/library/std/src/sys/backtrace.rs:152:18
[INFO] [stdout]   31:     0x62dc8a627dca - std::thread::Builder::spawn_unchecked_::{{closure}}::{{closure}}::h4faa3f9db6133423
[INFO] [stdout]                                at /rustc/6067b36314ab5eb2eb47cecc464545ba58e1ad24/library/std/src/thread/mod.rs:559:17
[INFO] [stdout]   32:     0x62dc8a627dca - <core::panic::unwind_safe::AssertUnwindSafe<F> as core::ops::function::FnOnce<()>>::call_once::hf2e855a36a4ea846
[INFO] [stdout]                                at /rustc/6067b36314ab5eb2eb47cecc464545ba58e1ad24/library/core/src/panic/unwind_safe.rs:272:9
[INFO] [stdout]   33:     0x62dc8a627dca - std::panicking::try::do_call::h2f73af3616c35465
[INFO] [stdout]                                at /rustc/6067b36314ab5eb2eb47cecc464545ba58e1ad24/library/std/src/panicking.rs:587:40
[INFO] [stdout]   34:     0x62dc8a627dca - std::panicking::try::hd1660ce9efadef5a
[INFO] [stdout]                                at /rustc/6067b36314ab5eb2eb47cecc464545ba58e1ad24/library/std/src/panicking.rs:550:19
[INFO] [stdout]   35:     0x62dc8a627dca - std::panic::catch_unwind::h5ee8d7823b8ca744
[INFO] [stdout]                                at /rustc/6067b36314ab5eb2eb47cecc464545ba58e1ad24/library/std/src/panic.rs:358:14
[INFO] [stdout]   36:     0x62dc8a627dca - std::thread::Builder::spawn_unchecked_::{{closure}}::h53c3a1894dce8407
[INFO] [stdout]                                at /rustc/6067b36314ab5eb2eb47cecc464545ba58e1ad24/library/std/src/thread/mod.rs:557:30
[INFO] [stdout]   37:     0x62dc8a627dca - core::ops::function::FnOnce::call_once{{vtable.shim}}::h048ce291ad4f62bf
[INFO] [stdout]                                at /rustc/6067b36314ab5eb2eb47cecc464545ba58e1ad24/library/core/src/ops/function.rs:250:5
[INFO] [stdout]   38:     0x62dc8a9de1db - <alloc::boxed::Box<F,A> as core::ops::function::FnOnce<Args>>::call_once::ha52bedf99a3b4981
[INFO] [stdout]                                at /rustc/6067b36314ab5eb2eb47cecc464545ba58e1ad24/library/alloc/src/boxed.rs:2013:9
[INFO] [stdout]   39:     0x62dc8a9de1db - <alloc::boxed::Box<F,A> as core::ops::function::FnOnce<Args>>::call_once::h567748934d80ccf8
[INFO] [stdout]                                at /rustc/6067b36314ab5eb2eb47cecc464545ba58e1ad24/library/alloc/src/boxed.rs:2013:9
[INFO] [stdout]   40:     0x62dc8a9de1db - std::sys::pal::unix::thread::Thread::new::thread_start::h2d970728ae887adc
[INFO] [stdout]                                at /rustc/6067b36314ab5eb2eb47cecc464545ba58e1ad24/library/std/src/sys/pal/unix/thread.rs:106:17
[INFO] [stdout]   41:     0x7aa870494ac3 - <unknown>
[INFO] [stdout]   42:     0x7aa870525a04 - clone
[INFO] [stdout]   43:                0x0 - <unknown>
[INFO] [stdout] 
[INFO] [stdout] 
[INFO] [stdout] failures:
[INFO] [stdout]     debsig_verify_0_30
[INFO] [stdout]     password_store_git
[INFO] [stdout] 
[INFO] [stdout] test result: FAILED. 0 passed; 2 failed; 0 ignored; 0 measured; 0 filtered out; finished in 10.97s
[INFO] [stdout] 
[INFO] running `Command { std: "docker" "inspect" "93be9131e9b22f15fec13e30e38c92763a3c6b7bef49878974fa496344eab232", kill_on_drop: false }`
[INFO] running `Command { std: "docker" "rm" "-f" "93be9131e9b22f15fec13e30e38c92763a3c6b7bef49878974fa496344eab232", kill_on_drop: false }`
[INFO] [stdout] 93be9131e9b22f15fec13e30e38c92763a3c6b7bef49878974fa496344eab232
