[INFO] cloning repository https://github.com/tchaudhry91/cowin-slack
[INFO] running `Command { std: "git" "-c" "credential.helper=" "-c" "credential.helper=/workspace/cargo-home/bin/git-credential-null" "clone" "--bare" "https://github.com/tchaudhry91/cowin-slack" "/workspace/cache/git-repos/https%3A%2F%2Fgithub.com%2Ftchaudhry91%2Fcowin-slack", kill_on_drop: false }`
[INFO] [stderr] Cloning into bare repository '/workspace/cache/git-repos/https%3A%2F%2Fgithub.com%2Ftchaudhry91%2Fcowin-slack'...
[INFO] running `Command { std: "git" "rev-parse" "HEAD", kill_on_drop: false }`
[INFO] [stdout] 3a3bd78b0059c3e0f68214bbe78c5af54b749a5a
[INFO] testing tchaudhry91/cowin-slack against nightly-2025-01-18+rustflags=-Zrandomize-layout for randomize-layout-2
[INFO] running `Command { std: "git" "clone" "/workspace/cache/git-repos/https%3A%2F%2Fgithub.com%2Ftchaudhry91%2Fcowin-slack" "/workspace/builds/worker-6-tc2/source", kill_on_drop: false }`
[INFO] [stderr] Cloning into '/workspace/builds/worker-6-tc2/source'...
[INFO] [stderr] done.
[INFO] validating manifest of git repo https://github.com/tchaudhry91/cowin-slack on toolchain nightly-2025-01-18
[INFO] running `Command { std: CARGO_HOME="/workspace/cargo-home" RUSTUP_HOME="/workspace/rustup-home" "/workspace/cargo-home/bin/cargo" "+nightly-2025-01-18" "metadata" "--manifest-path" "Cargo.toml" "--no-deps", kill_on_drop: false }`
[INFO] started tweaking git repo https://github.com/tchaudhry91/cowin-slack
[INFO] finished tweaking git repo https://github.com/tchaudhry91/cowin-slack
[INFO] tweaked toml for git repo https://github.com/tchaudhry91/cowin-slack written to /workspace/builds/worker-6-tc2/source/Cargo.toml
[INFO] crate git repo https://github.com/tchaudhry91/cowin-slack already has a lockfile, it will not be regenerated
[INFO] running `Command { std: CARGO_HOME="/workspace/cargo-home" RUSTUP_HOME="/workspace/rustup-home" "/workspace/cargo-home/bin/cargo" "+nightly-2025-01-18" "fetch" "--manifest-path" "Cargo.toml", kill_on_drop: false }`
[INFO] running `Command { std: "docker" "create" "-v" "/var/lib/crater-agent-workspace/builds/worker-6-tc2/target:/opt/rustwide/target:rw,Z" "-v" "/var/lib/crater-agent-workspace/builds/worker-6-tc2/source:/opt/rustwide/workdir:ro,Z" "-v" "/var/lib/crater-agent-workspace/cargo-home:/opt/rustwide/cargo-home:ro,Z" "-v" "/var/lib/crater-agent-workspace/rustup-home:/opt/rustwide/rustup-home:ro,Z" "-e" "SOURCE_DIR=/opt/rustwide/workdir" "-e" "CARGO_TARGET_DIR=/opt/rustwide/target" "-e" "CARGO_HOME=/opt/rustwide/cargo-home" "-e" "RUSTUP_HOME=/opt/rustwide/rustup-home" "-w" "/opt/rustwide/workdir" "-m" "1610612736" "--user" "0:0" "--network" "none" "ghcr.io/rust-lang/crates-build-env/linux@sha256:819108c5571ea2e421544af4d832f968d213c87fbe3707a016657f43d2f853bc" "/opt/rustwide/cargo-home/bin/cargo" "+nightly-2025-01-18" "metadata" "--no-deps" "--format-version=1", kill_on_drop: false }`
[INFO] [stdout] bd4f7048f76cb214847efcfd87358bad19c79c836e04c9a2f1439346ae9b5aaa
[INFO] running `Command { std: "docker" "start" "-a" "bd4f7048f76cb214847efcfd87358bad19c79c836e04c9a2f1439346ae9b5aaa", kill_on_drop: false }`
[INFO] running `Command { std: "docker" "inspect" "bd4f7048f76cb214847efcfd87358bad19c79c836e04c9a2f1439346ae9b5aaa", kill_on_drop: false }`
[INFO] running `Command { std: "docker" "rm" "-f" "bd4f7048f76cb214847efcfd87358bad19c79c836e04c9a2f1439346ae9b5aaa", kill_on_drop: false }`
[INFO] [stdout] bd4f7048f76cb214847efcfd87358bad19c79c836e04c9a2f1439346ae9b5aaa
[INFO] running `Command { std: "docker" "create" "-v" "/var/lib/crater-agent-workspace/builds/worker-6-tc2/target:/opt/rustwide/target:rw,Z" "-v" "/var/lib/crater-agent-workspace/builds/worker-6-tc2/source:/opt/rustwide/workdir:ro,Z" "-v" "/var/lib/crater-agent-workspace/cargo-home:/opt/rustwide/cargo-home:ro,Z" "-v" "/var/lib/crater-agent-workspace/rustup-home:/opt/rustwide/rustup-home:ro,Z" "-e" "SOURCE_DIR=/opt/rustwide/workdir" "-e" "CARGO_TARGET_DIR=/opt/rustwide/target" "-e" "CARGO_INCREMENTAL=0" "-e" "RUST_BACKTRACE=full" "-e" "RUSTFLAGS=--cap-lints=forbid -Zrandomize-layout" "-e" "RUSTDOCFLAGS=--cap-lints=forbid" "-e" "CARGO_HOME=/opt/rustwide/cargo-home" "-e" "RUSTUP_HOME=/opt/rustwide/rustup-home" "-w" "/opt/rustwide/workdir" "-m" "1610612736" "--user" "0:0" "--network" "none" "ghcr.io/rust-lang/crates-build-env/linux@sha256:819108c5571ea2e421544af4d832f968d213c87fbe3707a016657f43d2f853bc" "/opt/rustwide/cargo-home/bin/cargo" "+nightly-2025-01-18" "build" "--frozen" "--message-format=json", kill_on_drop: false }`
[INFO] [stdout] f6b418d130009d5ab940a9ad0ec2e2db84e5b97f90cdd57fc212760cdf4c97b7
[INFO] running `Command { std: "docker" "start" "-a" "f6b418d130009d5ab940a9ad0ec2e2db84e5b97f90cdd57fc212760cdf4c97b7", kill_on_drop: false }`
[INFO] [stderr]    Compiling autocfg v1.0.1
[INFO] [stderr]    Compiling libc v0.2.94
[INFO] [stderr]    Compiling proc-macro2 v1.0.26
[INFO] [stderr]    Compiling unicode-xid v0.2.2
[INFO] [stderr]    Compiling syn v1.0.72
[INFO] [stderr]    Compiling cfg-if v1.0.0
[INFO] [stderr]    Compiling cc v1.0.67
[INFO] [stderr]    Compiling log v0.4.14
[INFO] [stderr]    Compiling memchr v2.4.0
[INFO] [stderr]    Compiling pkg-config v0.3.19
[INFO] [stderr]    Compiling pin-project-lite v0.2.6
[INFO] [stderr]    Compiling bytes v1.0.1
[INFO] [stderr]    Compiling futures-core v0.3.15
[INFO] [stderr]    Compiling tokio v1.6.0
[INFO] [stderr]    Compiling bitflags v1.2.1
[INFO] [stderr]    Compiling openssl-src v111.15.0+1.1.1k
[INFO] [stderr]    Compiling itoa v0.4.7
[INFO] [stderr]    Compiling version_check v0.9.3
[INFO] [stderr]    Compiling indexmap v1.6.2
[INFO] [stderr]    Compiling futures-task v0.3.15
[INFO] [stderr]    Compiling quote v1.0.9
[INFO] [stderr]    Compiling mio v0.7.11
[INFO] [stderr]    Compiling num_cpus v1.13.0
[INFO] [stderr]    Compiling lazy_static v1.4.0
[INFO] [stderr]    Compiling openssl-sys v0.9.63
[INFO] [stderr]    Compiling futures-util v0.3.15
[INFO] [stderr]    Compiling serde_derive v1.0.126
[INFO] [stderr]    Compiling matches v0.1.8
[INFO] [stderr]    Compiling openssl v0.10.34
[INFO] [stderr]    Compiling foreign-types-shared v0.1.1
[INFO] [stderr]    Compiling fnv v1.0.7
[INFO] [stderr]    Compiling hashbrown v0.9.1
[INFO] [stderr]    Compiling http v0.2.4
[INFO] [stderr]    Compiling foreign-types v0.3.2
[INFO] [stderr]    Compiling tracing-core v0.1.18
[INFO] [stderr]    Compiling proc-macro-error-attr v1.0.4
[INFO] [stderr]    Compiling num-traits v0.2.14
[INFO] [stderr]    Compiling futures-sink v0.3.15
[INFO] [stderr]    Compiling native-tls v0.2.7
[INFO] [stderr]    Compiling tinyvec_macros v0.1.0
[INFO] [stderr]    Compiling slab v0.4.3
[INFO] [stderr]    Compiling pin-utils v0.1.0
[INFO] [stderr]    Compiling futures-io v0.3.15
[INFO] [stderr]    Compiling futures-channel v0.3.15
[INFO] [stderr]    Compiling serde v1.0.126
[INFO] [stderr]    Compiling once_cell v1.7.2
[INFO] [stderr]    Compiling regex-syntax v0.6.25
[INFO] [stderr]    Compiling httparse v1.4.1
[INFO] [stderr]    Compiling ryu v1.0.5
[INFO] [stderr]    Compiling tinyvec v1.2.0
[INFO] [stderr]    Compiling tracing v0.1.26
[INFO] [stderr]    Compiling proc-macro-error v1.0.4
[INFO] [stderr]    Compiling miniz_oxide v0.4.4
[INFO] [stderr]    Compiling num-integer v0.1.44
[INFO] [stderr]    Compiling try-lock v0.2.3
[INFO] [stderr]    Compiling percent-encoding v2.1.0
[INFO] [stderr]    Compiling openssl-probe v0.1.4
[INFO] [stderr]    Compiling regex v1.5.4
[INFO] [stderr]    Compiling unicode-normalization v0.1.17
[INFO] [stderr]    Compiling http-body v0.4.2
[INFO] [stderr]    Compiling form_urlencoded v1.0.1
[INFO] [stderr]    Compiling want v0.3.0
[INFO] [stderr]    Compiling parse-zoneinfo v0.3.0
[INFO] [stderr]    Compiling tokio-util v0.6.7
[INFO] [stdout] error: failed to build archive at `/opt/rustwide/target/debug/deps/libregex-a82ec3f65d553b69.rlib`: No space left on device (os error 28)
[INFO] [stdout] 
[INFO] [stdout] 
[INFO] [stderr] error: could not compile `regex` (lib) due to 1 previous error
[INFO] [stderr] warning: build failed, waiting for other jobs to finish...
[INFO] [stdout] error: failed to write to `/opt/rustwide/target/debug/deps/rmetagh6U4D/lib.rmeta`: No space left on device (os error 28)
[INFO] [stdout] 
[INFO] [stdout] 
[INFO] [stderr] error: could not compile `syn` (lib) due to 1 previous error
[INFO] [stderr] error: failed to run custom build command for `openssl-sys v0.9.63`
[INFO] [stderr] note: To improve backtraces for build dependencies, set the CARGO_PROFILE_DEV_BUILD_OVERRIDE_DEBUG=true environment variable to enable debug information generation.
[INFO] [stderr] 
[INFO] [stderr] Caused by:
[INFO] [stderr]   process didn't exit successfully: `/opt/rustwide/target/debug/build/openssl-sys-c72cb35d51a78bd5/build-script-main` (exit status: 101)
[INFO] [stderr]   --- stdout
[INFO] [stderr]   cargo:rustc-cfg=const_fn
[INFO] [stderr]   cargo:rerun-if-env-changed=X86_64_UNKNOWN_LINUX_GNU_OPENSSL_NO_VENDOR
[INFO] [stderr]   X86_64_UNKNOWN_LINUX_GNU_OPENSSL_NO_VENDOR unset
[INFO] [stderr]   cargo:rerun-if-env-changed=OPENSSL_NO_VENDOR
[INFO] [stderr]   OPENSSL_NO_VENDOR unset
[INFO] [stderr]   CC_x86_64-unknown-linux-gnu = None
[INFO] [stderr]   CC_x86_64_unknown_linux_gnu = None
[INFO] [stderr]   HOST_CC = None
[INFO] [stderr]   CC = None
[INFO] [stderr]   CFLAGS_x86_64-unknown-linux-gnu = None
[INFO] [stderr]   CFLAGS_x86_64_unknown_linux_gnu = None
[INFO] [stderr]   HOST_CFLAGS = None
[INFO] [stderr]   CFLAGS = None
[INFO] [stderr]   CRATE_CC_NO_DEFAULTS = None
[INFO] [stderr]   DEBUG = Some("true")
[INFO] [stderr]   CARGO_CFG_TARGET_FEATURE = Some("fxsr,sse,sse2,x87")
[INFO] [stderr]   running cd "/opt/rustwide/target/debug/build/openssl-sys-ddd50ff35787cf4a/out/openssl-build/build/src" && env -u CROSS_COMPILE CC="cc" "perl" "./Configure" "--prefix=/opt/rustwide/target/debug/build/openssl-sys-ddd50ff35787cf4a/out/openssl-build/install" "no-dso" "no-shared" "no-ssl3" "no-unit-test" "no-comp" "no-zlib" "no-zlib-dynamic" "no-md2" "no-rc5" "no-weak-ssl-ciphers" "no-camellia" "no-idea" "no-seed" "linux-x86_64" "-O2" "-ffunction-sections" "-fdata-sections" "-fPIC" "-g" "-fno-omit-frame-pointer" "-m64"
[INFO] [stderr]   Configuring OpenSSL version 1.1.1k (0x101010bfL) for linux-x86_64
[INFO] [stderr]   Using os-specific seed configuration
[INFO] [stderr]   Creating configdata.pm
[INFO] [stderr]   Creating Makefile
[INFO] [stderr] 
[INFO] [stderr]   **********************************************************************
[INFO] [stderr]   ***                                                                ***
[INFO] [stderr]   ***   OpenSSL has been successfully configured                     ***
[INFO] [stderr]   ***                                                                ***
[INFO] [stderr]   ***   If you encounter a problem while building, please open an    ***
[INFO] [stderr]   ***   issue on GitHub <https://github.com/openssl/openssl/issues>  ***
[INFO] [stderr]   ***   and include the output from the following command:           ***
[INFO] [stderr]   ***                                                                ***
[INFO] [stderr]   ***       perl configdata.pm --dump                                ***
[INFO] [stderr]   ***                                                                ***
[INFO] [stderr]   ***   (If you are new to OpenSSL, you might want to consult the    ***
[INFO] [stderr]   ***   'Troubleshooting' section in the INSTALL file first)         ***
[INFO] [stderr]   ***                                                                ***
[INFO] [stderr]   **********************************************************************
[INFO] [stderr]   running cd "/opt/rustwide/target/debug/build/openssl-sys-ddd50ff35787cf4a/out/openssl-build/build/src" && "make" "depend"
[INFO] [stderr]   running cd "/opt/rustwide/target/debug/build/openssl-sys-ddd50ff35787cf4a/out/openssl-build/build/src" && MAKEFLAGS="-j --jobserver-fds=8,9 --jobserver-auth=8,9" "make" "build_libs"
[INFO] [stderr]   /usr/bin/perl "-I." -Mconfigdata "util/dofile.pl" \
[INFO] [stderr]       "-oMakefile" include/crypto/bn_conf.h.in > include/crypto/bn_conf.h
[INFO] [stderr]   /usr/bin/perl "-I." -Mconfigdata "util/dofile.pl" \
[INFO] [stderr]       "-oMakefile" include/crypto/dso_conf.h.in > include/crypto/dso_conf.h
[INFO] [stderr]   /usr/bin/perl "-I." -Mconfigdata "util/dofile.pl" \
[INFO] [stderr]       "-oMakefile" include/openssl/opensslconf.h.in > include/openssl/opensslconf.h
[INFO] [stderr]   make depend && make _build_libs
[INFO] [stderr]   make[1]: Entering directory '/opt/rustwide/target/debug/build/openssl-sys-ddd50ff35787cf4a/out/openssl-build/build/src'
[INFO] [stderr]   make[1]: Leaving directory '/opt/rustwide/target/debug/build/openssl-sys-ddd50ff35787cf4a/out/openssl-build/build/src'
[INFO] [stderr]   make[1]: Entering directory '/opt/rustwide/target/debug/build/openssl-sys-ddd50ff35787cf4a/out/openssl-build/build/src'
[INFO] [stderr]   cc  -I. -Iinclude -fPIC -pthread -m64 -Wa,--noexecstack -Wall -O3 -O2 -ffunction-sections -fdata-sections -fPIC -g -fno-omit-frame-pointer -m64 -DOPENSSL_USE_NODELETE -DL_ENDIAN -DOPENSSL_PIC -DOPENSSL_CPUID_OBJ -DOPENSSL_IA32_SSE2 -DOPENSSL_BN_ASM_MONT -DOPENSSL_BN_ASM_MONT5 -DOPENSSL_BN_ASM_GF2m -DSHA1_ASM -DSHA256_ASM -DSHA512_ASM -DKECCAK1600_ASM -DRC4_ASM -DMD5_ASM -DAESNI_ASM -DVPAES_ASM -DGHASH_ASM -DECP_NISTZ256_ASM -DX25519_ASM -DPOLY1305_ASM -DOPENSSLDIR="\"/opt/rustwide/target/debug/build/openssl-sys-ddd50ff35787cf4a/out/openssl-build/install/ssl\"" -DENGINESDIR="\"/opt/rustwide/target/debug/build/openssl-sys-ddd50ff35787cf4a/out/openssl-build/install/lib/engines-1.1\"" -DNDEBUG  -MMD -MF apps/app_rand.d.tmp -MT apps/app_rand.o -c -o apps/app_rand.o apps/app_rand.c
[INFO] [stderr]   cc  -I. -Iinclude -fPIC -pthread -m64 -Wa,--noexecstack -Wall -O3 -O2 -ffunction-sections -fdata-sections -fPIC -g -fno-omit-frame-pointer -m64 -DOPENSSL_USE_NODELETE -DL_ENDIAN -DOPENSSL_PIC -DOPENSSL_CPUID_OBJ -DOPENSSL_IA32_SSE2 -DOPENSSL_BN_ASM_MONT -DOPENSSL_BN_ASM_MONT5 -DOPENSSL_BN_ASM_GF2m -DSHA1_ASM -DSHA256_ASM -DSHA512_ASM -DKECCAK1600_ASM -DRC4_ASM -DMD5_ASM -DAESNI_ASM -DVPAES_ASM -DGHASH_ASM -DECP_NISTZ256_ASM -DX25519_ASM -DPOLY1305_ASM -DOPENSSLDIR="\"/opt/rustwide/target/debug/build/openssl-sys-ddd50ff35787cf4a/out/openssl-build/install/ssl\"" -DENGINESDIR="\"/opt/rustwide/target/debug/build/openssl-sys-ddd50ff35787cf4a/out/openssl-build/install/lib/engines-1.1\"" -DNDEBUG  -MMD -MF apps/apps.d.tmp -MT apps/apps.o -c -o apps/apps.o apps/apps.c
[INFO] [stderr]   cc  -I. -Iinclude -fPIC -pthread -m64 -Wa,--noexecstack -Wall -O3 -O2 -ffunction-sections -fdata-sections -fPIC -g -fno-omit-frame-pointer -m64 -DOPENSSL_USE_NODELETE -DL_ENDIAN -DOPENSSL_PIC -DOPENSSL_CPUID_OBJ -DOPENSSL_IA32_SSE2 -DOPENSSL_BN_ASM_MONT -DOPENSSL_BN_ASM_MONT5 -DOPENSSL_BN_ASM_GF2m -DSHA1_ASM -DSHA256_ASM -DSHA512_ASM -DKECCAK1600_ASM -DRC4_ASM -DMD5_ASM -DAESNI_ASM -DVPAES_ASM -DGHASH_ASM -DECP_NISTZ256_ASM -DX25519_ASM -DPOLY1305_ASM -DOPENSSLDIR="\"/opt/rustwide/target/debug/build/openssl-sys-ddd50ff35787cf4a/out/openssl-build/install/ssl\"" -DENGINESDIR="\"/opt/rustwide/target/debug/build/openssl-sys-ddd50ff35787cf4a/out/openssl-build/install/lib/engines-1.1\"" -DNDEBUG  -MMD -MF apps/bf_prefix.d.tmp -MT apps/bf_prefix.o -c -o apps/bf_prefix.o apps/bf_prefix.c
[INFO] [stderr]   cc  -I. -Iinclude -fPIC -pthread -m64 -Wa,--noexecstack -Wall -O3 -O2 -ffunction-sections -fdata-sections -fPIC -g -fno-omit-frame-pointer -m64 -DOPENSSL_USE_NODELETE -DL_ENDIAN -DOPENSSL_PIC -DOPENSSL_CPUID_OBJ -DOPENSSL_IA32_SSE2 -DOPENSSL_BN_ASM_MONT -DOPENSSL_BN_ASM_MONT5 -DOPENSSL_BN_ASM_GF2m -DSHA1_ASM -DSHA256_ASM -DSHA512_ASM -DKECCAK1600_ASM -DRC4_ASM -DMD5_ASM -DAESNI_ASM -DVPAES_ASM -DGHASH_ASM -DECP_NISTZ256_ASM -DX25519_ASM -DPOLY1305_ASM -DOPENSSLDIR="\"/opt/rustwide/target/debug/build/openssl-sys-ddd50ff35787cf4a/out/openssl-build/install/ssl\"" -DENGINESDIR="\"/opt/rustwide/target/debug/build/openssl-sys-ddd50ff35787cf4a/out/openssl-build/install/lib/engines-1.1\"" -DNDEBUG  -MMD -MF apps/opt.d.tmp -MT apps/opt.o -c -o apps/opt.o apps/opt.c
[INFO] [stderr]   cc  -I. -Iinclude -fPIC -pthread -m64 -Wa,--noexecstack -Wall -O3 -O2 -ffunction-sections -fdata-sections -fPIC -g -fno-omit-frame-pointer -m64 -DOPENSSL_USE_NODELETE -DL_ENDIAN -DOPENSSL_PIC -DOPENSSL_CPUID_OBJ -DOPENSSL_IA32_SSE2 -DOPENSSL_BN_ASM_MONT -DOPENSSL_BN_ASM_MONT5 -DOPENSSL_BN_ASM_GF2m -DSHA1_ASM -DSHA256_ASM -DSHA512_ASM -DKECCAK1600_ASM -DRC4_ASM -DMD5_ASM -DAESNI_ASM -DVPAES_ASM -DGHASH_ASM -DECP_NISTZ256_ASM -DX25519_ASM -DPOLY1305_ASM -DOPENSSLDIR="\"/opt/rustwide/target/debug/build/openssl-sys-ddd50ff35787cf4a/out/openssl-build/install/ssl\"" -DENGINESDIR="\"/opt/rustwide/target/debug/build/openssl-sys-ddd50ff35787cf4a/out/openssl-build/install/lib/engines-1.1\"" -DNDEBUG  -MMD -MF apps/s_cb.d.tmp -MT apps/s_cb.o -c -o apps/s_cb.o apps/s_cb.c
[INFO] [stderr]   cc  -I. -Iinclude -fPIC -pthread -m64 -Wa,--noexecstack -Wall -O3 -O2 -ffunction-sections -fdata-sections -fPIC -g -fno-omit-frame-pointer -m64 -DOPENSSL_USE_NODELETE -DL_ENDIAN -DOPENSSL_PIC -DOPENSSL_CPUID_OBJ -DOPENSSL_IA32_SSE2 -DOPENSSL_BN_ASM_MONT -DOPENSSL_BN_ASM_MONT5 -DOPENSSL_BN_ASM_GF2m -DSHA1_ASM -DSHA256_ASM -DSHA512_ASM -DKECCAK1600_ASM -DRC4_ASM -DMD5_ASM -DAESNI_ASM -DVPAES_ASM -DGHASH_ASM -DECP_NISTZ256_ASM -DX25519_ASM -DPOLY1305_ASM -DOPENSSLDIR="\"/opt/rustwide/target/debug/build/openssl-sys-ddd50ff35787cf4a/out/openssl-build/install/ssl\"" -DENGINESDIR="\"/opt/rustwide/target/debug/build/openssl-sys-ddd50ff35787cf4a/out/openssl-build/install/lib/engines-1.1\"" -DNDEBUG  -MMD -MF apps/s_socket.d.tmp -MT apps/s_socket.o -c -o apps/s_socket.o apps/s_socket.c
[INFO] [stderr]   cc  -I. -Iinclude -fPIC -pthread -m64 -Wa,--noexecstack -Wall -O3 -O2 -ffunction-sections -fdata-sections -fPIC -g -fno-omit-frame-pointer -m64 -DOPENSSL_USE_NODELETE -DL_ENDIAN -DOPENSSL_PIC -DOPENSSL_CPUID_OBJ -DOPENSSL_IA32_SSE2 -DOPENSSL_BN_ASM_MONT -DOPENSSL_BN_ASM_MONT5 -DOPENSSL_BN_ASM_GF2m -DSHA1_ASM -DSHA256_ASM -DSHA512_ASM -DKECCAK1600_ASM -DRC4_ASM -DMD5_ASM -DAESNI_ASM -DVPAES_ASM -DGHASH_ASM -DECP_NISTZ256_ASM -DX25519_ASM -DPOLY1305_ASM -DOPENSSLDIR="\"/opt/rustwide/target/debug/build/openssl-sys-ddd50ff35787cf4a/out/openssl-build/install/ssl\"" -DENGINESDIR="\"/opt/rustwide/target/debug/build/openssl-sys-ddd50ff35787cf4a/out/openssl-build/install/lib/engines-1.1\"" -DNDEBUG  -MMD -MF crypto/aes/aes_cbc.d.tmp -MT crypto/aes/aes_cbc.o -c -o crypto/aes/aes_cbc.o crypto/aes/aes_cbc.c
[INFO] [stderr]   cc  -I. -Iinclude -fPIC -pthread -m64 -Wa,--noexecstack -Wall -O3 -O2 -ffunction-sections -fdata-sections -fPIC -g -fno-omit-frame-pointer -m64 -DOPENSSL_USE_NODELETE -DL_ENDIAN -DOPENSSL_PIC -DOPENSSL_CPUID_OBJ -DOPENSSL_IA32_SSE2 -DOPENSSL_BN_ASM_MONT -DOPENSSL_BN_ASM_MONT5 -DOPENSSL_BN_ASM_GF2m -DSHA1_ASM -DSHA256_ASM -DSHA512_ASM -DKECCAK1600_ASM -DRC4_ASM -DMD5_ASM -DAESNI_ASM -DVPAES_ASM -DGHASH_ASM -DECP_NISTZ256_ASM -DX25519_ASM -DPOLY1305_ASM -DOPENSSLDIR="\"/opt/rustwide/target/debug/build/openssl-sys-ddd50ff35787cf4a/out/openssl-build/install/ssl\"" -DENGINESDIR="\"/opt/rustwide/target/debug/build/openssl-sys-ddd50ff35787cf4a/out/openssl-build/install/lib/engines-1.1\"" -DNDEBUG  -MMD -MF crypto/aes/aes_cfb.d.tmp -MT crypto/aes/aes_cfb.o -c -o crypto/aes/aes_cfb.o crypto/aes/aes_cfb.c
[INFO] [stderr]   cc  -I. -Iinclude -fPIC -pthread -m64 -Wa,--noexecstack -Wall -O3 -O2 -ffunction-sections -fdata-sections -fPIC -g -fno-omit-frame-pointer -m64 -DOPENSSL_USE_NODELETE -DL_ENDIAN -DOPENSSL_PIC -DOPENSSL_CPUID_OBJ -DOPENSSL_IA32_SSE2 -DOPENSSL_BN_ASM_MONT -DOPENSSL_BN_ASM_MONT5 -DOPENSSL_BN_ASM_GF2m -DSHA1_ASM -DSHA256_ASM -DSHA512_ASM -DKECCAK1600_ASM -DRC4_ASM -DMD5_ASM -DAESNI_ASM -DVPAES_ASM -DGHASH_ASM -DECP_NISTZ256_ASM -DX25519_ASM -DPOLY1305_ASM -DOPENSSLDIR="\"/opt/rustwide/target/debug/build/openssl-sys-ddd50ff35787cf4a/out/openssl-build/install/ssl\"" -DENGINESDIR="\"/opt/rustwide/target/debug/build/openssl-sys-ddd50ff35787cf4a/out/openssl-build/install/lib/engines-1.1\"" -DNDEBUG  -MMD -MF crypto/aes/aes_core.d.tmp -MT crypto/aes/aes_core.o -c -o crypto/aes/aes_core.o crypto/aes/aes_core.c
[INFO] [stderr]   cc  -I. -Iinclude -fPIC -pthread -m64 -Wa,--noexecstack -Wall -O3 -O2 -ffunction-sections -fdata-sections -fPIC -g -fno-omit-frame-pointer -m64 -DOPENSSL_USE_NODELETE -DL_ENDIAN -DOPENSSL_PIC -DOPENSSL_CPUID_OBJ -DOPENSSL_IA32_SSE2 -DOPENSSL_BN_ASM_MONT -DOPENSSL_BN_ASM_MONT5 -DOPENSSL_BN_ASM_GF2m -DSHA1_ASM -DSHA256_ASM -DSHA512_ASM -DKECCAK1600_ASM -DRC4_ASM -DMD5_ASM -DAESNI_ASM -DVPAES_ASM -DGHASH_ASM -DECP_NISTZ256_ASM -DX25519_ASM -DPOLY1305_ASM -DOPENSSLDIR="\"/opt/rustwide/target/debug/build/openssl-sys-ddd50ff35787cf4a/out/openssl-build/install/ssl\"" -DENGINESDIR="\"/opt/rustwide/target/debug/build/openssl-sys-ddd50ff35787cf4a/out/openssl-build/install/lib/engines-1.1\"" -DNDEBUG  -MMD -MF crypto/aes/aes_ecb.d.tmp -MT crypto/aes/aes_ecb.o -c -o crypto/aes/aes_ecb.o crypto/aes/aes_ecb.c
[INFO] [stderr]   make[1]: Leaving directory '/opt/rustwide/target/debug/build/openssl-sys-ddd50ff35787cf4a/out/openssl-build/build/src'
[INFO] [stderr] 
[INFO] [stderr]   --- stderr
[INFO] [stderr]   apps/apps.c:2779:1: fatal error: error writing to /tmp/cckiaW1w.s: No space left on device
[INFO] [stderr]    2779 | }
[INFO] [stderr]         | ^
[INFO] [stderr]   compilation terminated.
[INFO] [stderr]   make[1]: *** [Makefile:688: apps/apps.o] Error 1
[INFO] [stderr]   make[1]: *** Waiting for unfinished jobs....
[INFO] [stderr]   make: *** [Makefile:177: build_libs] Error 2
[INFO] [stderr] 
[INFO] [stderr]   thread 'main' panicked at /opt/rustwide/cargo-home/registry/src/index.crates.io-1949cf8c6b5b557f/openssl-src-111.15.0+1.1.1k/src/lib.rs:471:13:
[INFO] [stderr] 
[INFO] [stderr] 
[INFO] [stderr] 
[INFO] [stderr]   Error building OpenSSL:
[INFO] [stderr]       Command: cd "/opt/rustwide/target/debug/build/openssl-sys-ddd50ff35787cf4a/out/openssl-build/build/src" && MAKEFLAGS="-j --jobserver-fds=8,9 --jobserver-auth=8,9" "make" "build_libs"
[INFO] [stderr]       Exit status: exit status: 2
[INFO] [stderr] 
[INFO] [stderr] 
[INFO] [stderr]       
[INFO] [stderr]   stack backtrace:
[INFO] [stderr]      0:     0x622afc92344a - std::backtrace_rs::backtrace::libunwind::trace::hb059275cfc8d6126
[INFO] [stderr]                                  at /rustc/6067b36314ab5eb2eb47cecc464545ba58e1ad24/library/std/src/../../backtrace/src/backtrace/libunwind.rs:116:5
[INFO] [stderr]      1:     0x622afc92344a - std::backtrace_rs::backtrace::trace_unsynchronized::h2da071e4327ce3ee
[INFO] [stderr]                                  at /rustc/6067b36314ab5eb2eb47cecc464545ba58e1ad24/library/std/src/../../backtrace/src/backtrace/mod.rs:66:5
[INFO] [stderr]      2:     0x622afc92344a - std::sys::backtrace::_print_fmt::h842a1474e6f8d23f
[INFO] [stderr]                                  at /rustc/6067b36314ab5eb2eb47cecc464545ba58e1ad24/library/std/src/sys/backtrace.rs:66:9
[INFO] [stderr]      3:     0x622afc92344a - <std::sys::backtrace::BacktraceLock::print::DisplayBacktrace as core::fmt::Display>::fmt::h71a62eb3b9696b12
[INFO] [stderr]                                  at /rustc/6067b36314ab5eb2eb47cecc464545ba58e1ad24/library/std/src/sys/backtrace.rs:39:26
[INFO] [stderr]      4:     0x622afc949883 - core::fmt::rt::Argument::fmt::hdb6b616786b41dc1
[INFO] [stderr]                                  at /rustc/6067b36314ab5eb2eb47cecc464545ba58e1ad24/library/core/src/fmt/rt.rs:177:76
[INFO] [stderr]      5:     0x622afc949883 - core::fmt::write::h2cc1698af7e2d686
[INFO] [stderr]                                  at /rustc/6067b36314ab5eb2eb47cecc464545ba58e1ad24/library/core/src/fmt/mod.rs:1440:21
[INFO] [stderr]      6:     0x622afc91f833 - std::io::Write::write_fmt::h00c8700df393f328
[INFO] [stderr]                                  at /rustc/6067b36314ab5eb2eb47cecc464545ba58e1ad24/library/std/src/io/mod.rs:1887:15
[INFO] [stderr]      7:     0x622afc923292 - std::sys::backtrace::BacktraceLock::print::h147fe35b4ea13b08
[INFO] [stderr]                                  at /rustc/6067b36314ab5eb2eb47cecc464545ba58e1ad24/library/std/src/sys/backtrace.rs:42:9
[INFO] [stderr]      8:     0x622afc924a1f - std::panicking::default_hook::{{closure}}::hbd44223dbdc0d208
[INFO] [stderr]                                  at /rustc/6067b36314ab5eb2eb47cecc464545ba58e1ad24/library/std/src/panicking.rs:298:22
[INFO] [stderr]      9:     0x622afc92488a - std::panicking::default_hook::h20f81eb0576efcec
[INFO] [stderr]                                  at /rustc/6067b36314ab5eb2eb47cecc464545ba58e1ad24/library/std/src/panicking.rs:325:9
[INFO] [stderr]     10:     0x622afc925442 - std::panicking::rust_panic_with_hook::h625eea43051b2edc
[INFO] [stderr]                                  at /rustc/6067b36314ab5eb2eb47cecc464545ba58e1ad24/library/std/src/panicking.rs:831:13
[INFO] [stderr]     11:     0x622afc9251ca - std::panicking::begin_panic_handler::{{closure}}::h4f9159cfbc3f6bd3
[INFO] [stderr]                                  at /rustc/6067b36314ab5eb2eb47cecc464545ba58e1ad24/library/std/src/panicking.rs:704:13
[INFO] [stderr]     12:     0x622afc923949 - std::sys::backtrace::__rust_end_short_backtrace::h0390abce48353151
[INFO] [stderr]                                  at /rustc/6067b36314ab5eb2eb47cecc464545ba58e1ad24/library/std/src/sys/backtrace.rs:168:18
[INFO] [stderr]     13:     0x622afc924e5d - rust_begin_unwind
[INFO] [stderr]                                  at /rustc/6067b36314ab5eb2eb47cecc464545ba58e1ad24/library/std/src/panicking.rs:695:5
[INFO] [stderr]     14:     0x622afc948650 - core::panicking::panic_fmt::h9e7c637e9e5f29c9
[INFO] [stderr]                                  at /rustc/6067b36314ab5eb2eb47cecc464545ba58e1ad24/library/core/src/panicking.rs:75:14
[INFO] [stderr]     15:     0x622afc8aeda9 - openssl_src::Build::run_command::h3659f76290638be3
[INFO] [stderr]     16:     0x622afc8adf69 - openssl_src::Build::build::hc714ca64c16adfcc
[INFO] [stderr]     17:     0x622afc88de0d - build_script_main::find_vendored::get_openssl::h4c87bab58613cc8e
[INFO] [stderr]     18:     0x622afc885358 - build_script_main::find_openssl::h27489a2c6affd3d3
[INFO] [stderr]     19:     0x622afc885541 - build_script_main::main::h4c7413c154b39cc7
[INFO] [stderr]     20:     0x622afc88bc63 - core::ops::function::FnOnce::call_once::h295681f8c2db46b2
[INFO] [stderr]     21:     0x622afc87f7c6 - std::sys::backtrace::__rust_begin_short_backtrace::hb61085ce99684a44
[INFO] [stderr]     22:     0x622afc88b0b9 - std::rt::lang_start::{{closure}}::he4f5ca9bf87ba5ae
[INFO] [stderr]     23:     0x622afc91a370 - core::ops::function::impls::<impl core::ops::function::FnOnce<A> for &F>::call_once::h1b085b6c1d2518b2
[INFO] [stderr]                                  at /rustc/6067b36314ab5eb2eb47cecc464545ba58e1ad24/library/core/src/ops/function.rs:284:13
[INFO] [stderr]     24:     0x622afc91a370 - std::panicking::try::do_call::h382f964a5a23b565
[INFO] [stderr]                                  at /rustc/6067b36314ab5eb2eb47cecc464545ba58e1ad24/library/std/src/panicking.rs:587:40
[INFO] [stderr]     25:     0x622afc91a370 - std::panicking::try::h57f991055eb622f9
[INFO] [stderr]                                  at /rustc/6067b36314ab5eb2eb47cecc464545ba58e1ad24/library/std/src/panicking.rs:550:19
[INFO] [stderr]     26:     0x622afc91a370 - std::panic::catch_unwind::h4d9a74ef04456343
[INFO] [stderr]                                  at /rustc/6067b36314ab5eb2eb47cecc464545ba58e1ad24/library/std/src/panic.rs:358:14
[INFO] [stderr]     27:     0x622afc91a370 - std::rt::lang_start_internal::{{closure}}::h2faa8ae84a93f314
[INFO] [stderr]                                  at /rustc/6067b36314ab5eb2eb47cecc464545ba58e1ad24/library/std/src/rt.rs:163:24
[INFO] [stderr]     28:     0x622afc91a370 - std::panicking::try::do_call::h0f8932bf638a9bf5
[INFO] [stderr]                                  at /rustc/6067b36314ab5eb2eb47cecc464545ba58e1ad24/library/std/src/panicking.rs:587:40
[INFO] [stderr]     29:     0x622afc91a370 - std::panicking::try::h683416ea756b175d
[INFO] [stderr]                                  at /rustc/6067b36314ab5eb2eb47cecc464545ba58e1ad24/library/std/src/panicking.rs:550:19
[INFO] [stderr]     30:     0x622afc91a370 - std::panic::catch_unwind::h56189fac8994979f
[INFO] [stderr]                                  at /rustc/6067b36314ab5eb2eb47cecc464545ba58e1ad24/library/std/src/panic.rs:358:14
[INFO] [stderr]     31:     0x622afc91a370 - std::rt::lang_start_internal::h8bbc1061691274fe
[INFO] [stderr]                                  at /rustc/6067b36314ab5eb2eb47cecc464545ba58e1ad24/library/std/src/rt.rs:159:5
[INFO] [stderr]     32:     0x622afc88b0a1 - std::rt::lang_start::h76dc1f5fd01c4304
[INFO] [stderr]     33:     0x622afc8886d5 - main
[INFO] [stderr]     34:     0x7db17b77ad90 - <unknown>
[INFO] [stderr]     35:     0x7db17b77ae40 - __libc_start_main
[INFO] [stderr]     36:     0x622afc87f175 - _start
[INFO] [stderr]     37:                0x0 - <unknown>
[INFO] running `Command { std: "docker" "inspect" "f6b418d130009d5ab940a9ad0ec2e2db84e5b97f90cdd57fc212760cdf4c97b7", kill_on_drop: false }`
[INFO] running `Command { std: "docker" "rm" "-f" "f6b418d130009d5ab940a9ad0ec2e2db84e5b97f90cdd57fc212760cdf4c97b7", kill_on_drop: false }`
[INFO] [stdout] f6b418d130009d5ab940a9ad0ec2e2db84e5b97f90cdd57fc212760cdf4c97b7
