[INFO] cloning repository https://github.com/takus69/abc
[INFO] running `Command { std: "git" "-c" "credential.helper=" "-c" "credential.helper=/workspace/cargo-home/bin/git-credential-null" "clone" "--bare" "https://github.com/takus69/abc" "/workspace/cache/git-repos/https%3A%2F%2Fgithub.com%2Ftakus69%2Fabc", kill_on_drop: false }`
[INFO] [stderr] Cloning into bare repository '/workspace/cache/git-repos/https%3A%2F%2Fgithub.com%2Ftakus69%2Fabc'...
[INFO] running `Command { std: "git" "rev-parse" "HEAD", kill_on_drop: false }`
[INFO] [stdout] 6ab890702c6525c3a8629998e7e70c0e38f6532e
[INFO] testing takus69/abc against nightly-2025-01-18+rustflags=-Zrandomize-layout for randomize-layout-2
[INFO] running `Command { std: "git" "clone" "/workspace/cache/git-repos/https%3A%2F%2Fgithub.com%2Ftakus69%2Fabc" "/workspace/builds/worker-3-tc2/source", kill_on_drop: false }`
[INFO] [stderr] Cloning into '/workspace/builds/worker-3-tc2/source'...
[INFO] [stderr] done.
[INFO] validating manifest of git repo https://github.com/takus69/abc on toolchain nightly-2025-01-18
[INFO] running `Command { std: CARGO_HOME="/workspace/cargo-home" RUSTUP_HOME="/workspace/rustup-home" "/workspace/cargo-home/bin/cargo" "+nightly-2025-01-18" "metadata" "--manifest-path" "Cargo.toml" "--no-deps", kill_on_drop: false }`
[INFO] started tweaking git repo https://github.com/takus69/abc
[INFO] finished tweaking git repo https://github.com/takus69/abc
[INFO] tweaked toml for git repo https://github.com/takus69/abc written to /workspace/builds/worker-3-tc2/source/Cargo.toml
[INFO] crate git repo https://github.com/takus69/abc already has a lockfile, it will not be regenerated
[INFO] running `Command { std: CARGO_HOME="/workspace/cargo-home" RUSTUP_HOME="/workspace/rustup-home" "/workspace/cargo-home/bin/cargo" "+nightly-2025-01-18" "fetch" "--manifest-path" "Cargo.toml", kill_on_drop: false }`
[INFO] running `Command { std: "docker" "create" "-v" "/var/lib/crater-agent-workspace/builds/worker-3-tc2/target:/opt/rustwide/target:rw,Z" "-v" "/var/lib/crater-agent-workspace/builds/worker-3-tc2/source:/opt/rustwide/workdir:ro,Z" "-v" "/var/lib/crater-agent-workspace/cargo-home:/opt/rustwide/cargo-home:ro,Z" "-v" "/var/lib/crater-agent-workspace/rustup-home:/opt/rustwide/rustup-home:ro,Z" "-e" "SOURCE_DIR=/opt/rustwide/workdir" "-e" "CARGO_TARGET_DIR=/opt/rustwide/target" "-e" "CARGO_HOME=/opt/rustwide/cargo-home" "-e" "RUSTUP_HOME=/opt/rustwide/rustup-home" "-w" "/opt/rustwide/workdir" "-m" "1610612736" "--user" "0:0" "--network" "none" "ghcr.io/rust-lang/crates-build-env/linux@sha256:819108c5571ea2e421544af4d832f968d213c87fbe3707a016657f43d2f853bc" "/opt/rustwide/cargo-home/bin/cargo" "+nightly-2025-01-18" "metadata" "--no-deps" "--format-version=1", kill_on_drop: false }`
[INFO] [stdout] 87b668c1a26b89725f24989541649c10db2bf4002c9c616c6620454473a10b29
[INFO] running `Command { std: "docker" "start" "-a" "87b668c1a26b89725f24989541649c10db2bf4002c9c616c6620454473a10b29", kill_on_drop: false }`
[INFO] running `Command { std: "docker" "inspect" "87b668c1a26b89725f24989541649c10db2bf4002c9c616c6620454473a10b29", kill_on_drop: false }`
[INFO] running `Command { std: "docker" "rm" "-f" "87b668c1a26b89725f24989541649c10db2bf4002c9c616c6620454473a10b29", kill_on_drop: false }`
[INFO] [stdout] 87b668c1a26b89725f24989541649c10db2bf4002c9c616c6620454473a10b29
[INFO] running `Command { std: "docker" "create" "-v" "/var/lib/crater-agent-workspace/builds/worker-3-tc2/target:/opt/rustwide/target:rw,Z" "-v" "/var/lib/crater-agent-workspace/builds/worker-3-tc2/source:/opt/rustwide/workdir:ro,Z" "-v" "/var/lib/crater-agent-workspace/cargo-home:/opt/rustwide/cargo-home:ro,Z" "-v" "/var/lib/crater-agent-workspace/rustup-home:/opt/rustwide/rustup-home:ro,Z" "-e" "SOURCE_DIR=/opt/rustwide/workdir" "-e" "CARGO_TARGET_DIR=/opt/rustwide/target" "-e" "CARGO_INCREMENTAL=0" "-e" "RUST_BACKTRACE=full" "-e" "RUSTFLAGS=--cap-lints=forbid -Zrandomize-layout" "-e" "RUSTDOCFLAGS=--cap-lints=forbid" "-e" "CARGO_HOME=/opt/rustwide/cargo-home" "-e" "RUSTUP_HOME=/opt/rustwide/rustup-home" "-w" "/opt/rustwide/workdir" "-m" "1610612736" "--user" "0:0" "--network" "none" "ghcr.io/rust-lang/crates-build-env/linux@sha256:819108c5571ea2e421544af4d832f968d213c87fbe3707a016657f43d2f853bc" "/opt/rustwide/cargo-home/bin/cargo" "+nightly-2025-01-18" "build" "--frozen" "--message-format=json", kill_on_drop: false }`
[INFO] [stdout] fa985d7ee8dcbc876c5d701a0d4993c7cb411f2d005671f61f778d4dd6e8aa06
[INFO] running `Command { std: "docker" "start" "-a" "fa985d7ee8dcbc876c5d701a0d4993c7cb411f2d005671f61f778d4dd6e8aa06", kill_on_drop: false }`
[INFO] [stderr]    Compiling libc v0.2.153
[INFO] [stderr]    Compiling cfg-if v1.0.0
[INFO] [stderr]    Compiling ppv-lite86 v0.2.17
[INFO] [stderr]    Compiling either v1.13.0
[INFO] [stderr]    Compiling ac-library-rs v0.1.1
[INFO] [stderr]    Compiling proconio v0.4.5
[INFO] [stderr]    Compiling itertools v0.13.0
[INFO] [stderr]    Compiling getrandom v0.2.14
[INFO] [stderr]    Compiling rand_core v0.6.4
[INFO] [stderr]    Compiling rand_chacha v0.3.1
[INFO] [stderr]    Compiling rand v0.8.5
[INFO] [stderr]    Compiling abc v0.1.0 (/opt/rustwide/workdir)
[INFO] [stdout] warning: unused import: `std::collections::HashMap`
[INFO] [stdout]  --> src/bin/abc355_d.rs:2:5
[INFO] [stdout]   |
[INFO] [stdout] 2 | use std::collections::HashMap;
[INFO] [stdout]   |     ^^^^^^^^^^^^^^^^^^^^^^^^^
[INFO] [stdout]   |
[INFO] [stdout]   = note: `#[warn(unused_imports)]` on by default
[INFO] [stdout] 
[INFO] [stdout] 
[INFO] [stdout] warning: variable `DIR` should have a snake case name
[INFO] [stdout]   --> src/bin/abc339_b.rs:10:9
[INFO] [stdout]    |
[INFO] [stdout] 10 |     let DIR = [(-1, 0), (0, 1), (1, 0), (0, -1)];
[INFO] [stdout]    |         ^^^ help: convert the identifier to snake case: `dir`
[INFO] [stdout]    |
[INFO] [stdout]    = note: `#[warn(non_snake_case)]` on by default
[INFO] [stdout] 
[INFO] [stdout] 
[INFO] [stdout] warning: unused variable: `n`
[INFO] [stdout]  --> src/bin/abc384_a.rs:5:9
[INFO] [stdout]   |
[INFO] [stdout] 5 |         n: usize,
[INFO] [stdout]   |         ^ help: if this is intentional, prefix it with an underscore: `_n`
[INFO] [stdout]   |
[INFO] [stdout]   = note: `#[warn(unused_variables)]` on by default
[INFO] [stdout] 
[INFO] [stdout] 
[INFO] [stdout] warning: unused variable: `n`
[INFO] [stdout]  --> src/bin/abc332_c.rs:5:9
[INFO] [stdout]   |
[INFO] [stdout] 5 |         n: usize,
[INFO] [stdout]   |         ^ help: if this is intentional, prefix it with an underscore: `_n`
[INFO] [stdout]   |
[INFO] [stdout]   = note: `#[warn(unused_variables)]` on by default
[INFO] [stdout] 
[INFO] [stdout] 
[INFO] [stdout] warning: unused variable: `max_w_t`
[INFO] [stdout]  --> src/bin/abc332_c.rs:9:13
[INFO] [stdout]   |
[INFO] [stdout] 9 |     let mut max_w_t = 0;
[INFO] [stdout]   |             ^^^^^^^ help: if this is intentional, prefix it with an underscore: `_max_w_t`
[INFO] [stdout] 
[INFO] [stdout] 
[INFO] [stdout] warning: variable does not need to be mutable
[INFO] [stdout]  --> src/bin/abc332_c.rs:9:9
[INFO] [stdout]   |
[INFO] [stdout] 9 |     let mut max_w_t = 0;
[INFO] [stdout]   |         ----^^^^^^^
[INFO] [stdout]   |         |
[INFO] [stdout]   |         help: remove this `mut`
[INFO] [stdout]   |
[INFO] [stdout]   = note: `#[warn(unused_mut)]` on by default
[INFO] [stdout] 
[INFO] [stdout] 
[INFO] [stdout] warning: variable `q_cnt` is assigned to, but never used
[INFO] [stdout]   --> src/bin/abc312_d.rs:10:13
[INFO] [stdout]    |
[INFO] [stdout] 10 |     let mut q_cnt = 0;
[INFO] [stdout]    |             ^^^^^
[INFO] [stdout]    |
[INFO] [stdout]    = note: consider using `_q_cnt` instead
[INFO] [stdout]    = note: `#[warn(unused_variables)]` on by default
[INFO] [stdout] 
[INFO] [stdout] 
[INFO] [stdout] warning: variable does not need to be mutable
[INFO] [stdout]   --> src/bin/abc371_c.rs:51:17
[INFO] [stdout]    |
[INFO] [stdout] 51 |             let mut a = perm[i];
[INFO] [stdout]    |                 ----^
[INFO] [stdout]    |                 |
[INFO] [stdout]    |                 help: remove this `mut`
[INFO] [stdout]    |
[INFO] [stdout]    = note: `#[warn(unused_mut)]` on by default
[INFO] [stdout] 
[INFO] [stdout] 
[INFO] [stdout] warning: variable `DIR` should have a snake case name
[INFO] [stdout]   --> src/bin/abc339_d.rs:29:9
[INFO] [stdout]    |
[INFO] [stdout] 29 |     let DIR: Vec<i64> = vec![-(n as i64), 1, n as i64, -1];
[INFO] [stdout]    |         ^^^ help: convert the identifier to snake case: `dir`
[INFO] [stdout]    |
[INFO] [stdout]    = note: `#[warn(non_snake_case)]` on by default
[INFO] [stdout] 
[INFO] [stdout] 
[INFO] [stdout] warning: variable `ans` is assigned to, but never used
[INFO] [stdout]   --> src/bin/abc361_e.rs:11:13
[INFO] [stdout]    |
[INFO] [stdout] 11 |     let mut ans: usize = 0;
[INFO] [stdout]    |             ^^^
[INFO] [stdout]    |
[INFO] [stdout]    = note: consider using `_ans` instead
[INFO] [stdout]    = note: `#[warn(unused_variables)]` on by default
[INFO] [stdout] 
[INFO] [stdout] 
[INFO] [stdout] warning: unused variable: `branch`
[INFO] [stdout]   --> src/bin/abc361_e.rs:12:13
[INFO] [stdout]    |
[INFO] [stdout] 12 |     let mut branch = false;
[INFO] [stdout]    |             ^^^^^^ help: if this is intentional, prefix it with an underscore: `_branch`
[INFO] [stdout] 
[INFO] [stdout] 
[INFO] [stdout] warning: variable `max_i2` is assigned to, but never used
[INFO] [stdout]   --> src/bin/abc361_e.rs:65:13
[INFO] [stdout]    |
[INFO] [stdout] 65 |     let mut max_i2 = 0;
[INFO] [stdout]    |             ^^^^^^
[INFO] [stdout]    |
[INFO] [stdout]    = note: consider using `_max_i2` instead
[INFO] [stdout] 
[INFO] [stdout] 
[INFO] [stdout] warning: value assigned to `max_i2` is never read
[INFO] [stdout]   --> src/bin/abc361_e.rs:69:13
[INFO] [stdout]    |
[INFO] [stdout] 69 |             max_i2 = i;
[INFO] [stdout]    |             ^^^^^^
[INFO] [stdout]    |
[INFO] [stdout]    = help: maybe it is overwritten before being read?
[INFO] [stdout]    = note: `#[warn(unused_assignments)]` on by default
[INFO] [stdout] 
[INFO] [stdout] 
[INFO] [stdout] warning: variable `DIRS` should have a snake case name
[INFO] [stdout]   --> src/bin/abc325_c.rs:13:9
[INFO] [stdout]    |
[INFO] [stdout] 13 |     let DIRS = [(-1, -1), (-1, 0), (-1, 1), (0, -1), (0, 1), (1, -1), (1, 0), (1, 1)];
[INFO] [stdout]    |         ^^^^ help: convert the identifier to snake case: `dirs`
[INFO] [stdout]    |
[INFO] [stdout]    = note: `#[warn(non_snake_case)]` on by default
[INFO] [stdout] 
[INFO] [stdout] 
[INFO] [stdout] warning: variable does not need to be mutable
[INFO] [stdout]   --> src/bin/abc361_e.rs:12:9
[INFO] [stdout]    |
[INFO] [stdout] 12 |     let mut branch = false;
[INFO] [stdout]    |         ----^^^^^^
[INFO] [stdout]    |         |
[INFO] [stdout]    |         help: remove this `mut`
[INFO] [stdout]    |
[INFO] [stdout]    = note: `#[warn(unused_mut)]` on by default
[INFO] [stdout] 
[INFO] [stdout] 
[INFO] [stdout] warning: unused variable: `ans`
[INFO] [stdout]  --> src/bin/abc320_b.rs:7:13
[INFO] [stdout]   |
[INFO] [stdout] 7 |     let mut ans = 0;
[INFO] [stdout]   |             ^^^ help: if this is intentional, prefix it with an underscore: `_ans`
[INFO] [stdout]   |
[INFO] [stdout]   = note: `#[warn(unused_variables)]` on by default
[INFO] [stdout] 
[INFO] [stdout] 
[INFO] [stdout] warning: variable does not need to be mutable
[INFO] [stdout]  --> src/bin/abc320_b.rs:7:9
[INFO] [stdout]   |
[INFO] [stdout] 7 |     let mut ans = 0;
[INFO] [stdout]   |         ----^^^
[INFO] [stdout]   |         |
[INFO] [stdout]   |         help: remove this `mut`
[INFO] [stdout]   |
[INFO] [stdout]   = note: `#[warn(unused_mut)]` on by default
[INFO] [stdout] 
[INFO] [stdout] 
[INFO] [stdout] warning: unnecessary trailing semicolon
[INFO] [stdout]   --> src/bin/abc331_a.rs:17:15
[INFO] [stdout]    |
[INFO] [stdout] 17 |         m = 1;;
[INFO] [stdout]    |               ^ help: remove this semicolon
[INFO] [stdout]    |
[INFO] [stdout]    = note: `#[warn(redundant_semicolons)]` on by default
[INFO] [stdout] 
[INFO] [stdout] 
[INFO] [stdout] warning: variable `M` should have a snake case name
[INFO] [stdout]  --> src/bin/abc331_a.rs:5:9
[INFO] [stdout]   |
[INFO] [stdout] 5 |         M: usize,
[INFO] [stdout]   |         ^ help: convert the identifier to snake case: `m`
[INFO] [stdout]   |
[INFO] [stdout]   = note: `#[warn(non_snake_case)]` on by default
[INFO] [stdout] 
[INFO] [stdout] 
[INFO] [stdout] warning: variable `D` should have a snake case name
[INFO] [stdout]  --> src/bin/abc331_a.rs:6:9
[INFO] [stdout]   |
[INFO] [stdout] 6 |         D: usize,
[INFO] [stdout]   |         ^ help: convert the identifier to snake case: `d`
[INFO] [stdout] 
[INFO] [stdout] 
[INFO] [stdout] warning: unused variable: `score`
[INFO] [stdout]   --> src/bin/abc384_c.rs:21:10
[INFO] [stdout]    |
[INFO] [stdout] 21 |     for (score, name) in ans.iter() {
[INFO] [stdout]    |          ^^^^^ help: if this is intentional, prefix it with an underscore: `_score`
[INFO] [stdout]    |
[INFO] [stdout]    = note: `#[warn(unused_variables)]` on by default
[INFO] [stdout] 
[INFO] [stdout] 
[INFO] [stdout] warning: unused import: `proconio::input`
[INFO] [stdout]  --> src/bin/apg4b_cp.rs:1:5
[INFO] [stdout]   |
[INFO] [stdout] 1 | use proconio::input;
[INFO] [stdout]   |     ^^^^^^^^^^^^^^^
[INFO] [stdout]   |
[INFO] [stdout]   = note: `#[warn(unused_imports)]` on by default
[INFO] [stdout] 
[INFO] [stdout] 
[INFO] [stdout] warning: unnecessary parentheses around `if` condition
[INFO] [stdout]  --> src/bin/apg4b_cp.rs:8:8
[INFO] [stdout]   |
[INFO] [stdout] 8 |     if (a) {
[INFO] [stdout]   |        ^ ^
[INFO] [stdout]   |
[INFO] [stdout]   = note: `#[warn(unused_parens)]` on by default
[INFO] [stdout] help: remove these parentheses
[INFO] [stdout]   |
[INFO] [stdout] 8 -     if (a) {
[INFO] [stdout] 8 +     if a {
[INFO] [stdout]   |
[INFO] [stdout] 
[INFO] [stdout] 
[INFO] [stdout] warning: unnecessary parentheses around `if` condition
[INFO] [stdout]   --> src/bin/apg4b_cp.rs:14:8
[INFO] [stdout]    |
[INFO] [stdout] 14 |     if (!a && b) {
[INFO] [stdout]    |        ^       ^
[INFO] [stdout]    |
[INFO] [stdout] help: remove these parentheses
[INFO] [stdout]    |
[INFO] [stdout] 14 -     if (!a && b) {
[INFO] [stdout] 14 +     if !a && b {
[INFO] [stdout]    |
[INFO] [stdout] 
[INFO] [stdout] 
[INFO] [stdout] warning: unnecessary parentheses around `if` condition
[INFO] [stdout]   --> src/bin/apg4b_cp.rs:16:15
[INFO] [stdout]    |
[INFO] [stdout] 16 |     } else if (!b && c) {
[INFO] [stdout]    |               ^       ^
[INFO] [stdout]    |
[INFO] [stdout] help: remove these parentheses
[INFO] [stdout]    |
[INFO] [stdout] 16 -     } else if (!b && c) {
[INFO] [stdout] 16 +     } else if !b && c {
[INFO] [stdout]    |
[INFO] [stdout] 
[INFO] [stdout] 
[INFO] [stdout] warning: unnecessary parentheses around `if` condition
[INFO] [stdout]   --> src/bin/apg4b_cp.rs:20:8
[INFO] [stdout]    |
[INFO] [stdout] 20 |     if (a && b && c) {
[INFO] [stdout]    |        ^           ^
[INFO] [stdout]    |
[INFO] [stdout] help: remove these parentheses
[INFO] [stdout]    |
[INFO] [stdout] 20 -     if (a && b && c) {
[INFO] [stdout] 20 +     if a && b && c {
[INFO] [stdout]    |
[INFO] [stdout] 
[INFO] [stdout] 
[INFO] [stdout] warning: unnecessary parentheses around `if` condition
[INFO] [stdout]   --> src/bin/apg4b_cp.rs:22:15
[INFO] [stdout]    |
[INFO] [stdout] 22 |     } else if (true && false) {
[INFO] [stdout]    |               ^             ^
[INFO] [stdout]    |
[INFO] [stdout] help: remove these parentheses
[INFO] [stdout]    |
[INFO] [stdout] 22 -     } else if (true && false) {
[INFO] [stdout] 22 +     } else if true && false {
[INFO] [stdout]    |
[INFO] [stdout] 
[INFO] [stdout] 
[INFO] [stdout] warning: unnecessary parentheses around `if` condition
[INFO] [stdout]   --> src/bin/apg4b_cp.rs:24:15
[INFO] [stdout]    |
[INFO] [stdout] 24 |     } else if (!a || c) {
[INFO] [stdout]    |               ^       ^
[INFO] [stdout]    |
[INFO] [stdout] help: remove these parentheses
[INFO] [stdout]    |
[INFO] [stdout] 24 -     } else if (!a || c) {
[INFO] [stdout] 24 +     } else if !a || c {
[INFO] [stdout]    |
[INFO] [stdout] 
[INFO] [stdout] 
[INFO] [stdout] warning: unused variable: `flg`
[INFO] [stdout]   --> src/bin/arc180_c.rs:40:29
[INFO] [stdout]    |
[INFO] [stdout] 40 |                     let mut flg = true;
[INFO] [stdout]    |                             ^^^ help: if this is intentional, prefix it with an underscore: `_flg`
[INFO] [stdout]    |
[INFO] [stdout]    = note: `#[warn(unused_variables)]` on by default
[INFO] [stdout] 
[INFO] [stdout] 
[INFO] [stdout] warning: unused variable: `k`
[INFO] [stdout]   --> src/bin/arc180_c.rs:78:10
[INFO] [stdout]    |
[INFO] [stdout] 78 |     for (k, v) in dp[n].iter() {
[INFO] [stdout]    |          ^ help: if this is intentional, prefix it with an underscore: `_k`
[INFO] [stdout] 
[INFO] [stdout] 
[INFO] [stdout] warning: variable does not need to be mutable
[INFO] [stdout]   --> src/bin/arc180_c.rs:40:25
[INFO] [stdout]    |
[INFO] [stdout] 40 |                     let mut flg = true;
[INFO] [stdout]    |                         ----^^^
[INFO] [stdout]    |                         |
[INFO] [stdout]    |                         help: remove this `mut`
[INFO] [stdout]    |
[INFO] [stdout]    = note: `#[warn(unused_mut)]` on by default
[INFO] [stdout] 
[INFO] [stdout] 
[INFO] [stdout] warning: unused variable: `w`
[INFO] [stdout]  --> src/bin/abc385_b.rs:7:9
[INFO] [stdout]   |
[INFO] [stdout] 7 |         w: usize,
[INFO] [stdout]   |         ^ help: if this is intentional, prefix it with an underscore: `_w`
[INFO] [stdout]   |
[INFO] [stdout]   = note: `#[warn(unused_variables)]` on by default
[INFO] [stdout] 
[INFO] [stdout] 
[INFO] [stdout] warning: unused import: `VecDeque`
[INFO] [stdout]  --> src/bin/abc383_c.rs:2:24
[INFO] [stdout]   |
[INFO] [stdout] 2 | use std::collections::{VecDeque, BinaryHeap};
[INFO] [stdout]   |                        ^^^^^^^^
[INFO] [stdout]   |
[INFO] [stdout]   = note: `#[warn(unused_imports)]` on by default
[INFO] [stdout] 
[INFO] [stdout] 
[INFO] [stdout] warning: unused variable: `n`
[INFO] [stdout]  --> src/bin/abc352_a.rs:5:9
[INFO] [stdout]   |
[INFO] [stdout] 5 |         n: usize,
[INFO] [stdout]   |         ^ help: if this is intentional, prefix it with an underscore: `_n`
[INFO] [stdout]   |
[INFO] [stdout]   = note: `#[warn(unused_variables)]` on by default
[INFO] [stdout] 
[INFO] [stdout] 
[INFO] [stdout] warning: variable `DIRS` should have a snake case name
[INFO] [stdout]  --> src/bin/abc305_c.rs:9:9
[INFO] [stdout]   |
[INFO] [stdout] 9 |     let DIRS: [(i32, i32); 4] = [(1, 0), (-1, 0), (0, 1), (0, -1)];
[INFO] [stdout]   |         ^^^^ help: convert the identifier to snake case: `dirs`
[INFO] [stdout]   |
[INFO] [stdout]   = note: `#[warn(non_snake_case)]` on by default
[INFO] [stdout] 
[INFO] [stdout] 
[INFO] [stdout] warning: field `n` is never read
[INFO] [stdout]  --> src/bin/abc350_e.rs:5:5
[INFO] [stdout]   |
[INFO] [stdout] 4 | struct Input {
[INFO] [stdout]   |        ----- field in this struct
[INFO] [stdout] 5 |     n: i64,
[INFO] [stdout]   |     ^
[INFO] [stdout]   |
[INFO] [stdout]   = note: `#[warn(dead_code)]` on by default
[INFO] [stdout] 
[INFO] [stdout] 
[INFO] [stdout] warning: variable `last_cnt` is assigned to, but never used
[INFO] [stdout]  --> src/bin/abc363_d.rs:8:13
[INFO] [stdout]   |
[INFO] [stdout] 8 |     let mut last_cnt = 1;
[INFO] [stdout]   |             ^^^^^^^^
[INFO] [stdout]   |
[INFO] [stdout]   = note: consider using `_last_cnt` instead
[INFO] [stdout]   = note: `#[warn(unused_variables)]` on by default
[INFO] [stdout] 
[INFO] [stdout] 
[INFO] [stdout] warning: value assigned to `last_cnt` is never read
[INFO] [stdout]   --> src/bin/abc363_d.rs:14:9
[INFO] [stdout]    |
[INFO] [stdout] 14 |         last_cnt = tmp;
[INFO] [stdout]    |         ^^^^^^^^
[INFO] [stdout]    |
[INFO] [stdout]    = help: maybe it is overwritten before being read?
[INFO] [stdout]    = note: `#[warn(unused_assignments)]` on by default
[INFO] [stdout] 
[INFO] [stdout] 
[INFO] [stdout] warning: variable `del_cnt` is assigned to, but never used
[INFO] [stdout]   --> src/bin/abc363_d.rs:25:13
[INFO] [stdout]    |
[INFO] [stdout] 25 |     let mut del_cnt = 0;
[INFO] [stdout]    |             ^^^^^^^
[INFO] [stdout]    |
[INFO] [stdout]    = note: consider using `_del_cnt` instead
[INFO] [stdout] 
[INFO] [stdout] 
[INFO] [stdout] warning: variable `del_cnt` is assigned to, but never used
[INFO] [stdout]   --> src/bin/abc363_d.rs:39:17
[INFO] [stdout]    |
[INFO] [stdout] 39 |         let mut del_cnt = 0;
[INFO] [stdout]    |                 ^^^^^^^
[INFO] [stdout]    |
[INFO] [stdout]    = note: consider using `_del_cnt` instead
[INFO] [stdout] 
[INFO] [stdout] 
[INFO] [stdout] warning: value assigned to `ret` is never read
[INFO] [stdout]   --> src/bin/abc345_d.rs:15:17
[INFO] [stdout]    |
[INFO] [stdout] 15 |         let mut ret = true;
[INFO] [stdout]    |                 ^^^
[INFO] [stdout]    |
[INFO] [stdout]    = help: maybe it is overwritten before being read?
[INFO] [stdout]    = note: `#[warn(unused_assignments)]` on by default
[INFO] [stdout] 
[INFO] [stdout] 
[INFO] [stdout] warning: variable does not need to be mutable
[INFO] [stdout]   --> src/bin/abc345_d.rs:13:15
[INFO] [stdout]    |
[INFO] [stdout] 13 |     fn add_ab(mut sets: Vec<Vec<bool>>, target: &Vec<(usize, usize)>, perm: &Vec<usize>, t: usize) -> bool {
[INFO] [stdout]    |               ----^^^^
[INFO] [stdout]    |               |
[INFO] [stdout]    |               help: remove this `mut`
[INFO] [stdout]    |
[INFO] [stdout]    = note: `#[warn(unused_mut)]` on by default
[INFO] [stdout] 
[INFO] [stdout] 
[INFO] [stdout] warning: unused import: `HashSet`
[INFO] [stdout]  --> src/bin/abc385_d.rs:2:33
[INFO] [stdout]   |
[INFO] [stdout] 2 | use std::collections::{HashMap, HashSet};
[INFO] [stdout]   |                                 ^^^^^^^
[INFO] [stdout]   |
[INFO] [stdout]   = note: `#[warn(unused_imports)]` on by default
[INFO] [stdout] 
[INFO] [stdout] 
[INFO] [stdout] warning: unused import: `std::collections::HashMap`
[INFO] [stdout]  --> src/bin/abc313_b.rs:2:5
[INFO] [stdout]   |
[INFO] [stdout] 2 | use std::collections::HashMap;
[INFO] [stdout]   |     ^^^^^^^^^^^^^^^^^^^^^^^^^
[INFO] [stdout]   |
[INFO] [stdout]   = note: `#[warn(unused_imports)]` on by default
[INFO] [stdout] 
[INFO] [stdout] 
[INFO] [stdout] warning: unused variable: `a`
[INFO] [stdout]   --> src/bin/abc313_b.rs:11:10
[INFO] [stdout]    |
[INFO] [stdout] 11 |     for (a, b) in ab.iter() {
[INFO] [stdout]    |          ^ help: if this is intentional, prefix it with an underscore: `_a`
[INFO] [stdout]    |
[INFO] [stdout]    = note: `#[warn(unused_variables)]` on by default
[INFO] [stdout] 
[INFO] [stdout] 
[INFO] [stdout] warning: variable does not need to be mutable
[INFO] [stdout]   --> src/bin/abc360_d.rs:11:9
[INFO] [stdout]    |
[INFO] [stdout] 11 |     let mut sorted_x = x.clone();
[INFO] [stdout]    |         ----^^^^^^^^
[INFO] [stdout]    |         |
[INFO] [stdout]    |         help: remove this `mut`
[INFO] [stdout]    |
[INFO] [stdout]    = note: `#[warn(unused_mut)]` on by default
[INFO] [stdout] 
[INFO] [stdout] 
[INFO] [stdout] warning: variable `S` should have a snake case name
[INFO] [stdout]  --> src/bin/abc350_a.rs:5:9
[INFO] [stdout]   |
[INFO] [stdout] 5 |         S: String,
[INFO] [stdout]   |         ^ help: convert the identifier to snake case (notice the capitalization): `s`
[INFO] [stdout]   |
[INFO] [stdout]   = note: `#[warn(non_snake_case)]` on by default
[INFO] [stdout] 
[INFO] [stdout] 
[INFO] [stdout] warning: unused variable: `m`
[INFO] [stdout]  --> src/bin/abc314_c.rs:7:9
[INFO] [stdout]   |
[INFO] [stdout] 7 |         m: usize,
[INFO] [stdout]   |         ^ help: if this is intentional, prefix it with an underscore: `_m`
[INFO] [stdout]   |
[INFO] [stdout]   = note: `#[warn(unused_variables)]` on by default
[INFO] [stdout] 
[INFO] [stdout] 
[INFO] [stdout] warning: variable does not need to be mutable
[INFO] [stdout]   --> src/bin/abc314_c.rs:18:13
[INFO] [stdout]    |
[INFO] [stdout] 18 |     for (_, mut que) in map.iter_mut() {
[INFO] [stdout]    |             ----^^^
[INFO] [stdout]    |             |
[INFO] [stdout]    |             help: remove this `mut`
[INFO] [stdout]    |
[INFO] [stdout]    = note: `#[warn(unused_mut)]` on by default
[INFO] [stdout] 
[INFO] [stdout] 
[INFO] [stdout] warning: variable does not need to be mutable
[INFO] [stdout]   --> src/bin/abc322_d.rs:65:13
[INFO] [stdout]    |
[INFO] [stdout] 65 |         let mut max_i = p.len()-1;
[INFO] [stdout]    |             ----^^^^^
[INFO] [stdout]    |             |
[INFO] [stdout]    |             help: remove this `mut`
[INFO] [stdout]    |
[INFO] [stdout]    = note: `#[warn(unused_mut)]` on by default
[INFO] [stdout] 
[INFO] [stdout] 
[INFO] [stdout] warning: variable does not need to be mutable
[INFO] [stdout]   --> src/bin/abc322_d.rs:66:13
[INFO] [stdout]    |
[INFO] [stdout] 66 |         let mut max_j = p[0].len()-1;
[INFO] [stdout]    |             ----^^^^^
[INFO] [stdout]    |             |
[INFO] [stdout]    |             help: remove this `mut`
[INFO] [stdout] 
[INFO] [stdout] 
[INFO] [stdout] warning: variable does not need to be mutable
[INFO] [stdout]   --> src/bin/abc322_d.rs:69:21
[INFO] [stdout]    |
[INFO] [stdout] 69 |                 let mut i2 = j;
[INFO] [stdout]    |                     ----^^
[INFO] [stdout]    |                     |
[INFO] [stdout]    |                     help: remove this `mut`
[INFO] [stdout] 
[INFO] [stdout] 
[INFO] [stdout] warning: variable does not need to be mutable
[INFO] [stdout]   --> src/bin/abc322_d.rs:70:21
[INFO] [stdout]    |
[INFO] [stdout] 70 |                 let mut j2 = max_i - i;
[INFO] [stdout]    |                     ----^^
[INFO] [stdout]    |                     |
[INFO] [stdout]    |                     help: remove this `mut`
[INFO] [stdout] 
[INFO] [stdout] 
[INFO] [stdout] warning: unused import: `std::collections::HashMap`
[INFO] [stdout]  --> src/bin/abc333_d.rs:3:5
[INFO] [stdout]   |
[INFO] [stdout] 3 | use std::collections::HashMap;
[INFO] [stdout]   |     ^^^^^^^^^^^^^^^^^^^^^^^^^
[INFO] [stdout]   |
[INFO] [stdout]   = note: `#[warn(unused_imports)]` on by default
[INFO] [stdout] 
[INFO] [stdout] 
[INFO] [stdout] warning: unused variable: `l`
[INFO] [stdout]   --> src/bin/abc377_d.rs:14:14
[INFO] [stdout]    |
[INFO] [stdout] 14 |         let (l, r) = lr[i];
[INFO] [stdout]    |              ^ help: if this is intentional, prefix it with an underscore: `_l`
[INFO] [stdout]    |
[INFO] [stdout]    = note: `#[warn(unused_variables)]` on by default
[INFO] [stdout] 
[INFO] [stdout] 
[INFO] [stdout] warning: unused variable: `s2`
[INFO] [stdout]  --> src/bin/abc325_a.rs:6:9
[INFO] [stdout]   |
[INFO] [stdout] 6 |         s2: String,
[INFO] [stdout]   |         ^^ help: if this is intentional, prefix it with an underscore: `_s2`
[INFO] [stdout]   |
[INFO] [stdout]   = note: `#[warn(unused_variables)]` on by default
[INFO] [stdout] 
[INFO] [stdout] 
[INFO] [stdout] warning: denote infinite loops with `loop { ... }`
[INFO] [stdout]   --> src/bin/abc337_e.rs:13:5
[INFO] [stdout]    |
[INFO] [stdout] 13 |     while true {
[INFO] [stdout]    |     ^^^^^^^^^^ help: use `loop`
[INFO] [stdout]    |
[INFO] [stdout]    = note: `#[warn(while_true)]` on by default
[INFO] [stdout] 
[INFO] [stdout] 
[INFO] [stdout] warning: denote infinite loops with `loop { ... }`
[INFO] [stdout]   --> src/bin/abc337_e.rs:33:5
[INFO] [stdout]    |
[INFO] [stdout] 33 |     while true {
[INFO] [stdout]    |     ^^^^^^^^^^ help: use `loop`
[INFO] [stdout] 
[INFO] [stdout] 
[INFO] [stdout] warning: denote infinite loops with `loop { ... }`
[INFO] [stdout]   --> src/bin/abc337_e.rs:62:5
[INFO] [stdout]    |
[INFO] [stdout] 62 |     while true {
[INFO] [stdout]    |     ^^^^^^^^^^ help: use `loop`
[INFO] [stdout] 
[INFO] [stdout] 
[INFO] [stdout] warning: variable `r` is assigned to, but never used
[INFO] [stdout]   --> src/bin/abc337_e.rs:60:13
[INFO] [stdout]    |
[INFO] [stdout] 60 |     let mut r: usize = n;
[INFO] [stdout]    |             ^
[INFO] [stdout]    |
[INFO] [stdout]    = note: consider using `_r` instead
[INFO] [stdout]    = note: `#[warn(unused_variables)]` on by default
[INFO] [stdout] 
[INFO] [stdout] 
[INFO] [stdout] warning: value assigned to `r` is never read
[INFO] [stdout]   --> src/bin/abc337_e.rs:72:21
[INFO] [stdout]    |
[INFO] [stdout] 72 |                     r = j*2+c1;
[INFO] [stdout]    |                     ^
[INFO] [stdout]    |
[INFO] [stdout]    = help: maybe it is overwritten before being read?
[INFO] [stdout]    = note: `#[warn(unused_assignments)]` on by default
[INFO] [stdout] 
[INFO] [stdout] 
[INFO] [stdout] warning: value assigned to `r` is never read
[INFO] [stdout]   --> src/bin/abc337_e.rs:75:21
[INFO] [stdout]    |
[INFO] [stdout] 75 |                     r = j*2+c1+c2;
[INFO] [stdout]    |                     ^
[INFO] [stdout]    |
[INFO] [stdout]    = help: maybe it is overwritten before being read?
[INFO] [stdout] 
[INFO] [stdout] 
[INFO] [stdout] warning: value assigned to `r` is never read
[INFO] [stdout]   --> src/bin/abc337_e.rs:82:21
[INFO] [stdout]    |
[INFO] [stdout] 82 |                     r = j*2+c1;
[INFO] [stdout]    |                     ^
[INFO] [stdout]    |
[INFO] [stdout]    = help: maybe it is overwritten before being read?
[INFO] [stdout] 
[INFO] [stdout] 
[INFO] [stdout] warning: value assigned to `r` is never read
[INFO] [stdout]   --> src/bin/abc337_e.rs:85:21
[INFO] [stdout]    |
[INFO] [stdout] 85 |                     r = j*2+c1+c2;
[INFO] [stdout]    |                     ^
[INFO] [stdout]    |
[INFO] [stdout]    = help: maybe it is overwritten before being read?
[INFO] [stdout] 
[INFO] [stdout] 
[INFO] [stdout] warning: unused variable: `i`
[INFO] [stdout]   --> src/bin/abc385_c.rs:14:14
[INFO] [stdout]    |
[INFO] [stdout] 14 |         for (i, &vi) in v.iter().enumerate() {
[INFO] [stdout]    |              ^ help: if this is intentional, prefix it with an underscore: `_i`
[INFO] [stdout]    |
[INFO] [stdout]    = note: `#[warn(unused_variables)]` on by default
[INFO] [stdout] 
[INFO] [stdout] 
[INFO] [stdout] warning: unused variable: `kk`
[INFO] [stdout]   --> src/bin/abc376_b.rs:17:17
[INFO] [stdout]    |
[INFO] [stdout] 17 |             let kk = (lr[j] + k - 1)%n+1;
[INFO] [stdout]    |                 ^^ help: if this is intentional, prefix it with an underscore: `_kk`
[INFO] [stdout]    |
[INFO] [stdout]    = note: `#[warn(unused_variables)]` on by default
[INFO] [stdout] 
[INFO] [stdout] 
[INFO] [stdout] warning: unused variable: `kk`
[INFO] [stdout]   --> src/bin/abc376_b.rs:31:17
[INFO] [stdout]    |
[INFO] [stdout] 31 |             let kk = (lr[j] + k - 1)%n+1;
[INFO] [stdout]    |                 ^^ help: if this is intentional, prefix it with an underscore: `_kk`
[INFO] [stdout] 
[INFO] [stdout] 
[INFO] [stdout] warning: unused variable: `n`
[INFO] [stdout]  --> src/bin/abc379_b.rs:5:9
[INFO] [stdout]   |
[INFO] [stdout] 5 |         n: usize,
[INFO] [stdout]   |         ^ help: if this is intentional, prefix it with an underscore: `_n`
[INFO] [stdout]   |
[INFO] [stdout]   = note: `#[warn(unused_variables)]` on by default
[INFO] [stdout] 
[INFO] [stdout] 
[INFO] [stdout] warning: unused variable: `n`
[INFO] [stdout]  --> src/bin/abc324_d.rs:6:9
[INFO] [stdout]   |
[INFO] [stdout] 6 |         n: usize,
[INFO] [stdout]   |         ^ help: if this is intentional, prefix it with an underscore: `_n`
[INFO] [stdout]   |
[INFO] [stdout]   = note: `#[warn(unused_variables)]` on by default
[INFO] [stdout] 
[INFO] [stdout] 
[INFO] [stdout] warning: unused variable: `ss`
[INFO] [stdout]   --> src/bin/abc324_d.rs:13:9
[INFO] [stdout]    |
[INFO] [stdout] 13 |     let ss:Result<i32, _> = min_s.parse();
[INFO] [stdout]    |         ^^ help: if this is intentional, prefix it with an underscore: `_ss`
[INFO] [stdout] 
[INFO] [stdout] 
[INFO] [stdout] warning: unused variable: `v`
[INFO] [stdout]   --> src/bin/abc324_d.rs:50:17
[INFO] [stdout]    |
[INFO] [stdout] 50 |         for (k, v) in cnt.iter() {
[INFO] [stdout]    |                 ^ help: if this is intentional, prefix it with an underscore: `_v`
[INFO] [stdout] 
[INFO] [stdout] 
[INFO] [stdout] warning: unused variable: `v`
[INFO] [stdout]   --> src/bin/abc324_d.rs:59:17
[INFO] [stdout]    |
[INFO] [stdout] 59 |         for (k, v) in cnt2.iter() {
[INFO] [stdout]    |                 ^ help: if this is intentional, prefix it with an underscore: `_v`
[INFO] [stdout] 
[INFO] [stdout] 
[INFO] [stdout] warning: unused variable: `k`
[INFO] [stdout]   --> src/bin/abc381_b.rs:16:10
[INFO] [stdout]    |
[INFO] [stdout] 16 |     for (k, &v) in map.iter() {
[INFO] [stdout]    |          ^ help: if this is intentional, prefix it with an underscore: `_k`
[INFO] [stdout]    |
[INFO] [stdout]    = note: `#[warn(unused_variables)]` on by default
[INFO] [stdout] 
[INFO] [stdout] 
[INFO] [stdout] warning: unused variable: `j`
[INFO] [stdout]   --> src/bin/abc348_d.rs:93:14
[INFO] [stdout]    |
[INFO] [stdout] 93 |         for (j, (pos2, _)) in potion.iter().enumerate() {
[INFO] [stdout]    |              ^ help: if this is intentional, prefix it with an underscore: `_j`
[INFO] [stdout]    |
[INFO] [stdout]    = note: `#[warn(unused_variables)]` on by default
[INFO] [stdout] 
[INFO] [stdout] 
[INFO] [stdout] warning: unused variable: `j`
[INFO] [stdout]   --> src/bin/abc324_d2.rs:46:17
[INFO] [stdout]    |
[INFO] [stdout] 46 |             for j in 0..10 {
[INFO] [stdout]    |                 ^ help: if this is intentional, prefix it with an underscore: `_j`
[INFO] [stdout]    |
[INFO] [stdout]    = note: `#[warn(unused_variables)]` on by default
[INFO] [stdout] 
[INFO] [stdout] 
[INFO] [stdout] warning: variable `cnt` is assigned to, but never used
[INFO] [stdout]   --> src/bin/abc362_e.rs:15:13
[INFO] [stdout]    |
[INFO] [stdout] 15 |     let mut cnt = 0;
[INFO] [stdout]    |             ^^^
[INFO] [stdout]    |
[INFO] [stdout]    = note: consider using `_cnt` instead
[INFO] [stdout]    = note: `#[warn(unused_variables)]` on by default
[INFO] [stdout] 
[INFO] [stdout] 
[INFO] [stdout] warning: variable does not need to be mutable
[INFO] [stdout]  --> src/bin/abc362_e.rs:8:9
[INFO] [stdout]   |
[INFO] [stdout] 8 |     let mut ans: Vec<usize> = vec![n, n*(n-1)/2];
[INFO] [stdout]   |         ----^^^
[INFO] [stdout]   |         |
[INFO] [stdout]   |         help: remove this `mut`
[INFO] [stdout]   |
[INFO] [stdout]   = note: `#[warn(unused_mut)]` on by default
[INFO] [stdout] 
[INFO] [stdout] 
[INFO] [stdout] warning: unused imports: `HashMap` and `HashSet`
[INFO] [stdout]  --> src/bin/abc363_c.rs:2:24
[INFO] [stdout]   |
[INFO] [stdout] 2 | use std::collections::{HashSet, HashMap};
[INFO] [stdout]   |                        ^^^^^^^  ^^^^^^^
[INFO] [stdout]   |
[INFO] [stdout]   = note: `#[warn(unused_imports)]` on by default
[INFO] [stdout] 
[INFO] [stdout] 
[INFO] [stdout] warning: unused variable: `n`
[INFO] [stdout]  --> src/bin/abc382_a.rs:5:9
[INFO] [stdout]   |
[INFO] [stdout] 5 |         n: usize,
[INFO] [stdout]   |         ^ help: if this is intentional, prefix it with an underscore: `_n`
[INFO] [stdout]   |
[INFO] [stdout]   = note: `#[warn(unused_variables)]` on by default
[INFO] [stdout] 
[INFO] [stdout] 
[INFO] [stdout] warning: unused import: `marker::Chars`
[INFO] [stdout]  --> src/bin/abc310_c.rs:1:23
[INFO] [stdout]   |
[INFO] [stdout] 1 | use proconio::{input, marker::Chars};
[INFO] [stdout]   |                       ^^^^^^^^^^^^^
[INFO] [stdout]   |
[INFO] [stdout]   = note: `#[warn(unused_imports)]` on by default
[INFO] [stdout] 
[INFO] [stdout] 
[INFO] [stdout] warning: unused variable: `a`
[INFO] [stdout]   --> src/bin/abc354_c.rs:17:13
[INFO] [stdout]    |
[INFO] [stdout] 17 |     for (i, a, c) in iac.iter() {
[INFO] [stdout]    |             ^ help: if this is intentional, prefix it with an underscore: `_a`
[INFO] [stdout]    |
[INFO] [stdout]    = note: `#[warn(unused_variables)]` on by default
[INFO] [stdout] 
[INFO] [stdout] 
[INFO] [stdout] warning: unused variable: `i`
[INFO] [stdout]   --> src/bin/abc370_b.rs:16:13
[INFO] [stdout]    |
[INFO] [stdout] 16 |         let i = ans; 
[INFO] [stdout]    |             ^ help: if this is intentional, prefix it with an underscore: `_i`
[INFO] [stdout]    |
[INFO] [stdout]    = note: `#[warn(unused_variables)]` on by default
[INFO] [stdout] 
[INFO] [stdout] 
[INFO] [stdout] warning: unused variable: `n`
[INFO] [stdout]  --> src/bin/abc328_c.rs:5:9
[INFO] [stdout]   |
[INFO] [stdout] 5 |         n: usize,
[INFO] [stdout]   |         ^ help: if this is intentional, prefix it with an underscore: `_n`
[INFO] [stdout]   |
[INFO] [stdout]   = note: `#[warn(unused_variables)]` on by default
[INFO] [stdout] 
[INFO] [stdout] 
[INFO] [stdout] warning: unused variable: `a0`
[INFO] [stdout]   --> src/bin/abc362_d.rs:77:9
[INFO] [stdout]    |
[INFO] [stdout] 77 |     let a0 = a[0];
[INFO] [stdout]    |         ^^ help: if this is intentional, prefix it with an underscore: `_a0`
[INFO] [stdout]    |
[INFO] [stdout]    = note: `#[warn(unused_variables)]` on by default
[INFO] [stdout] 
[INFO] [stdout] 
[INFO] [stdout] warning: variable does not need to be mutable
[INFO] [stdout]   --> src/bin/abc362_d.rs:78:9
[INFO] [stdout]    |
[INFO] [stdout] 78 |     let mut dijk = Dijkstra::new(n, edge, 0, a);
[INFO] [stdout]    |         ----^^^^
[INFO] [stdout]    |         |
[INFO] [stdout]    |         help: remove this `mut`
[INFO] [stdout]    |
[INFO] [stdout]    = note: `#[warn(unused_mut)]` on by default
[INFO] [stdout] 
[INFO] [stdout] 
[INFO] [stdout] warning: field `parent` is never read
[INFO] [stdout]  --> src/bin/abc362_d.rs:8:5
[INFO] [stdout]   |
[INFO] [stdout] 6 | struct Dijkstra {
[INFO] [stdout]   |        -------- field in this struct
[INFO] [stdout] 7 |     distance: Vec<usize>,
[INFO] [stdout] 8 |     parent: Vec<usize>,
[INFO] [stdout]   |     ^^^^^^
[INFO] [stdout]   |
[INFO] [stdout]   = note: `#[warn(dead_code)]` on by default
[INFO] [stdout] 
[INFO] [stdout] 
[INFO] [stdout] warning: method `get_path` is never used
[INFO] [stdout]   --> src/bin/abc362_d.rs:52:12
[INFO] [stdout]    |
[INFO] [stdout] 11 | impl Dijkstra {
[INFO] [stdout]    | ------------- method in this implementation
[INFO] [stdout] ...
[INFO] [stdout] 52 |     pub fn get_path(&self, target: usize) -> Vec<usize> {
[INFO] [stdout]    |            ^^^^^^^^
[INFO] [stdout] 
[INFO] [stdout] 
[INFO] [stdout] warning: unused imports: `HashMap` and `VecDeque`
[INFO] [stdout]  --> src/bin/abc358_c.rs:2:24
[INFO] [stdout]   |
[INFO] [stdout] 2 | use std::collections::{HashMap, VecDeque};
[INFO] [stdout]   |                        ^^^^^^^  ^^^^^^^^
[INFO] [stdout]   |
[INFO] [stdout]   = note: `#[warn(unused_imports)]` on by default
[INFO] [stdout] 
[INFO] [stdout] 
[INFO] [stdout] warning: unused variable: `n`
[INFO] [stdout]  --> src/bin/abc382_b.rs:5:9
[INFO] [stdout]   |
[INFO] [stdout] 5 |         n: usize,
[INFO] [stdout]   |         ^ help: if this is intentional, prefix it with an underscore: `_n`
[INFO] [stdout]   |
[INFO] [stdout]   = note: `#[warn(unused_variables)]` on by default
[INFO] [stdout] 
[INFO] [stdout] 
[INFO] [stdout] warning: unused variable: `k`
[INFO] [stdout]   --> src/bin/abc349_b.rs:15:10
[INFO] [stdout]    |
[INFO] [stdout] 15 |     for (k, v) in map {
[INFO] [stdout]    |          ^ help: if this is intentional, prefix it with an underscore: `_k`
[INFO] [stdout]    |
[INFO] [stdout]    = note: `#[warn(unused_variables)]` on by default
[INFO] [stdout] 
[INFO] [stdout] 
[INFO] [stdout] warning: variable `cnt` is assigned to, but never used
[INFO] [stdout]   --> src/bin/abc319_d.rs:25:17
[INFO] [stdout]    |
[INFO] [stdout] 25 |         let mut cnt = 0;
[INFO] [stdout]    |                 ^^^
[INFO] [stdout]    |
[INFO] [stdout]    = note: consider using `_cnt` instead
[INFO] [stdout]    = note: `#[warn(unused_variables)]` on by default
[INFO] [stdout] 
[INFO] [stdout] 
[INFO] [stdout] warning: unused variable: `i`
[INFO] [stdout]   --> src/bin/abc319_d.rs:27:13
[INFO] [stdout]    |
[INFO] [stdout] 27 |         for i in 0..m {
[INFO] [stdout]    |             ^ help: if this is intentional, prefix it with an underscore: `_i`
[INFO] [stdout] 
[INFO] [stdout] 
[INFO] [stdout] warning: variable does not need to be mutable
[INFO] [stdout]   --> src/bin/abc373_e.rs:24:13
[INFO] [stdout]    |
[INFO] [stdout] 24 |         let mut xi = ai+left;
[INFO] [stdout]    |             ----^^
[INFO] [stdout]    |             |
[INFO] [stdout]    |             help: remove this `mut`
[INFO] [stdout]    |
[INFO] [stdout]    = note: `#[warn(unused_mut)]` on by default
[INFO] [stdout] 
[INFO] [stdout] 
[INFO] [stdout] warning: unused variable: `ri`
[INFO] [stdout]   --> src/bin/abc366_d.rs:43:13
[INFO] [stdout]    |
[INFO] [stdout] 43 |         let ri = (rx-1)*n + (ry-1);
[INFO] [stdout]    |             ^^ help: if this is intentional, prefix it with an underscore: `_ri`
[INFO] [stdout]    |
[INFO] [stdout]    = note: `#[warn(unused_variables)]` on by default
[INFO] [stdout] 
[INFO] [stdout] 
[INFO] [stdout] warning: unused variable: `n`
[INFO] [stdout]  --> src/bin/abc329_d.rs:7:9
[INFO] [stdout]   |
[INFO] [stdout] 7 |         n: usize,
[INFO] [stdout]   |         ^ help: if this is intentional, prefix it with an underscore: `_n`
[INFO] [stdout]   |
[INFO] [stdout]   = note: `#[warn(unused_variables)]` on by default
[INFO] [stdout] 
[INFO] [stdout] 
[INFO] [stdout] warning: variable does not need to be mutable
[INFO] [stdout]   --> src/bin/abc371_d.rs:22:13
[INFO] [stdout]    |
[INFO] [stdout] 22 |         let mut li = match x.binary_search(&l) {
[INFO] [stdout]    |             ----^^
[INFO] [stdout]    |             |
[INFO] [stdout]    |             help: remove this `mut`
[INFO] [stdout]    |
[INFO] [stdout]    = note: `#[warn(unused_mut)]` on by default
[INFO] [stdout] 
[INFO] [stdout] 
[INFO] [stdout] warning: variable does not need to be mutable
[INFO] [stdout]   --> src/bin/abc371_d.rs:26:13
[INFO] [stdout]    |
[INFO] [stdout] 26 |         let mut ri = match x.binary_search(&(r+1)) {
[INFO] [stdout]    |             ----^^
[INFO] [stdout]    |             |
[INFO] [stdout]    |             help: remove this `mut`
[INFO] [stdout] 
[INFO] [stdout] 
[INFO] [stdout] warning: unused variable: `i`
[INFO] [stdout]   --> src/bin/abc349_c.rs:10:10
[INFO] [stdout]    |
[INFO] [stdout] 10 |     for (i, si) in s.iter().enumerate() {
[INFO] [stdout]    |          ^ help: if this is intentional, prefix it with an underscore: `_i`
[INFO] [stdout]    |
[INFO] [stdout]    = note: `#[warn(unused_variables)]` on by default
[INFO] [stdout] 
[INFO] [stdout] 
[INFO] [stdout] warning: unused import: `HashSet`
[INFO] [stdout]  --> src/bin/abc315_d.rs:2:33
[INFO] [stdout]   |
[INFO] [stdout] 2 | use std::collections::{HashMap, HashSet};
[INFO] [stdout]   |                                 ^^^^^^^
[INFO] [stdout]   |
[INFO] [stdout]   = note: `#[warn(unused_imports)]` on by default
[INFO] [stdout] 
[INFO] [stdout] 
[INFO] [stdout] warning: unused variable: `i`
[INFO] [stdout]   --> src/bin/abc379_d.rs:11:9
[INFO] [stdout]    |
[INFO] [stdout] 11 |     for i in 0..q_cnt {
[INFO] [stdout]    |         ^ help: if this is intentional, prefix it with an underscore: `_i`
[INFO] [stdout]    |
[INFO] [stdout]    = note: `#[warn(unused_variables)]` on by default
[INFO] [stdout] 
[INFO] [stdout] 
[INFO] [stdout] warning: unused variable: `n`
[INFO] [stdout]  --> src/bin/abc329_c.rs:6:9
[INFO] [stdout]   |
[INFO] [stdout] 6 |         n: usize,
[INFO] [stdout]   |         ^ help: if this is intentional, prefix it with an underscore: `_n`
[INFO] [stdout]   |
[INFO] [stdout]   = note: `#[warn(unused_variables)]` on by default
[INFO] [stdout] 
[INFO] [stdout] 
[INFO] [stdout] warning: unused variable: `i`
[INFO] [stdout]  --> src/bin/abc376_e.rs:8:9
[INFO] [stdout]   |
[INFO] [stdout] 8 |     for i in 0..t {
[INFO] [stdout]   |         ^ help: if this is intentional, prefix it with an underscore: `_i`
[INFO] [stdout]   |
[INFO] [stdout]   = note: `#[warn(unused_variables)]` on by default
[INFO] [stdout] 
[INFO] [stdout] 
[INFO] [stdout] warning: unused import: `VecDeque`
[INFO] [stdout]  --> src/bin/abc317_c.rs:3:24
[INFO] [stdout]   |
[INFO] [stdout] 3 | use std::collections::{VecDeque, HashMap};
[INFO] [stdout]   |                        ^^^^^^^^
[INFO] [stdout]   |
[INFO] [stdout]   = note: `#[warn(unused_imports)]` on by default
[INFO] [stdout] 
[INFO] [stdout] 
[INFO] [stdout] warning: unused import: `HashSet`
[INFO] [stdout]  --> src/bin/abc310_d.rs:2:24
[INFO] [stdout]   |
[INFO] [stdout] 2 | use std::collections::{HashSet, HashMap};
[INFO] [stdout]   |                        ^^^^^^^
[INFO] [stdout]   |
[INFO] [stdout]   = note: `#[warn(unused_imports)]` on by default
[INFO] [stdout] 
[INFO] [stdout] 
[INFO] [stdout] warning: unused import: `itertools::Itertools`
[INFO] [stdout]  --> src/bin/abc310_d.rs:3:5
[INFO] [stdout]   |
[INFO] [stdout] 3 | use itertools::Itertools;
[INFO] [stdout]   |     ^^^^^^^^^^^^^^^^^^^^
[INFO] [stdout] 
[INFO] [stdout] 
[INFO] [stderr]     Finished `dev` profile [unoptimized + debuginfo] target(s) in 25.68s
[INFO] running `Command { std: "docker" "inspect" "fa985d7ee8dcbc876c5d701a0d4993c7cb411f2d005671f61f778d4dd6e8aa06", kill_on_drop: false }`
[INFO] running `Command { std: "docker" "rm" "-f" "fa985d7ee8dcbc876c5d701a0d4993c7cb411f2d005671f61f778d4dd6e8aa06", kill_on_drop: false }`
[INFO] [stdout] fa985d7ee8dcbc876c5d701a0d4993c7cb411f2d005671f61f778d4dd6e8aa06
[INFO] running `Command { std: "docker" "create" "-v" "/var/lib/crater-agent-workspace/builds/worker-3-tc2/target:/opt/rustwide/target:rw,Z" "-v" "/var/lib/crater-agent-workspace/builds/worker-3-tc2/source:/opt/rustwide/workdir:ro,Z" "-v" "/var/lib/crater-agent-workspace/cargo-home:/opt/rustwide/cargo-home:ro,Z" "-v" "/var/lib/crater-agent-workspace/rustup-home:/opt/rustwide/rustup-home:ro,Z" "-e" "SOURCE_DIR=/opt/rustwide/workdir" "-e" "CARGO_TARGET_DIR=/opt/rustwide/target" "-e" "CARGO_INCREMENTAL=0" "-e" "RUST_BACKTRACE=full" "-e" "RUSTFLAGS=--cap-lints=forbid -Zrandomize-layout" "-e" "RUSTDOCFLAGS=--cap-lints=forbid" "-e" "CARGO_HOME=/opt/rustwide/cargo-home" "-e" "RUSTUP_HOME=/opt/rustwide/rustup-home" "-w" "/opt/rustwide/workdir" "-m" "1610612736" "--user" "0:0" "--network" "none" "ghcr.io/rust-lang/crates-build-env/linux@sha256:819108c5571ea2e421544af4d832f968d213c87fbe3707a016657f43d2f853bc" "/opt/rustwide/cargo-home/bin/cargo" "+nightly-2025-01-18" "test" "--frozen" "--no-run" "--message-format=json", kill_on_drop: false }`
[INFO] [stdout] ee5a2ff3a9be5b16bdf1d3c40e831a954e839158c77eb7c001fd0cf418806e6c
[INFO] running `Command { std: "docker" "start" "-a" "ee5a2ff3a9be5b16bdf1d3c40e831a954e839158c77eb7c001fd0cf418806e6c", kill_on_drop: false }`
[INFO] [stderr]    Compiling abc v0.1.0 (/opt/rustwide/workdir)
[INFO] [stdout] warning: unused import: `proconio::input`
[INFO] [stdout]  --> src/bin/apg4b_cp.rs:1:5
[INFO] [stdout]   |
[INFO] [stdout] 1 | use proconio::input;
[INFO] [stdout]   |     ^^^^^^^^^^^^^^^
[INFO] [stdout]   |
[INFO] [stdout]   = note: `#[warn(unused_imports)]` on by default
[INFO] [stdout] 
[INFO] [stdout] 
[INFO] [stdout] warning: unnecessary parentheses around `if` condition
[INFO] [stdout]  --> src/bin/apg4b_cp.rs:8:8
[INFO] [stdout]   |
[INFO] [stdout] 8 |     if (a) {
[INFO] [stdout]   |        ^ ^
[INFO] [stdout]   |
[INFO] [stdout]   = note: `#[warn(unused_parens)]` on by default
[INFO] [stdout] help: remove these parentheses
[INFO] [stdout]   |
[INFO] [stdout] 8 -     if (a) {
[INFO] [stdout] 8 +     if a {
[INFO] [stdout]   |
[INFO] [stdout] 
[INFO] [stdout] 
[INFO] [stdout] warning: unnecessary parentheses around `if` condition
[INFO] [stdout]   --> src/bin/apg4b_cp.rs:14:8
[INFO] [stdout]    |
[INFO] [stdout] 14 |     if (!a && b) {
[INFO] [stdout]    |        ^       ^
[INFO] [stdout]    |
[INFO] [stdout] help: remove these parentheses
[INFO] [stdout]    |
[INFO] [stdout] 14 -     if (!a && b) {
[INFO] [stdout] 14 +     if !a && b {
[INFO] [stdout]    |
[INFO] [stdout] 
[INFO] [stdout] 
[INFO] [stdout] warning: unnecessary parentheses around `if` condition
[INFO] [stdout]   --> src/bin/apg4b_cp.rs:16:15
[INFO] [stdout]    |
[INFO] [stdout] 16 |     } else if (!b && c) {
[INFO] [stdout]    |               ^       ^
[INFO] [stdout]    |
[INFO] [stdout] help: remove these parentheses
[INFO] [stdout]    |
[INFO] [stdout] 16 -     } else if (!b && c) {
[INFO] [stdout] 16 +     } else if !b && c {
[INFO] [stdout]    |
[INFO] [stdout] 
[INFO] [stdout] 
[INFO] [stdout] warning: unnecessary parentheses around `if` condition
[INFO] [stdout]   --> src/bin/apg4b_cp.rs:20:8
[INFO] [stdout]    |
[INFO] [stdout] 20 |     if (a && b && c) {
[INFO] [stdout]    |        ^           ^
[INFO] [stdout]    |
[INFO] [stdout] help: remove these parentheses
[INFO] [stdout]    |
[INFO] [stdout] 20 -     if (a && b && c) {
[INFO] [stdout] 20 +     if a && b && c {
[INFO] [stdout]    |
[INFO] [stdout] 
[INFO] [stdout] 
[INFO] [stdout] warning: unnecessary parentheses around `if` condition
[INFO] [stdout]   --> src/bin/apg4b_cp.rs:22:15
[INFO] [stdout]    |
[INFO] [stdout] 22 |     } else if (true && false) {
[INFO] [stdout]    |               ^             ^
[INFO] [stdout]    |
[INFO] [stdout] help: remove these parentheses
[INFO] [stdout]    |
[INFO] [stdout] 22 -     } else if (true && false) {
[INFO] [stdout] 22 +     } else if true && false {
[INFO] [stdout]    |
[INFO] [stdout] 
[INFO] [stdout] 
[INFO] [stdout] warning: unnecessary parentheses around `if` condition
[INFO] [stdout]   --> src/bin/apg4b_cp.rs:24:15
[INFO] [stdout]    |
[INFO] [stdout] 24 |     } else if (!a || c) {
[INFO] [stdout]    |               ^       ^
[INFO] [stdout]    |
[INFO] [stdout] help: remove these parentheses
[INFO] [stdout]    |
[INFO] [stdout] 24 -     } else if (!a || c) {
[INFO] [stdout] 24 +     } else if !a || c {
[INFO] [stdout]    |
[INFO] [stdout] 
[INFO] [stdout] 
[INFO] [stdout] warning: unused import: `std::collections::HashMap`
[INFO] [stdout]  --> src/bin/abc313_b.rs:2:5
[INFO] [stdout]   |
[INFO] [stdout] 2 | use std::collections::HashMap;
[INFO] [stdout]   |     ^^^^^^^^^^^^^^^^^^^^^^^^^
[INFO] [stdout]   |
[INFO] [stdout]   = note: `#[warn(unused_imports)]` on by default
[INFO] [stdout] 
[INFO] [stdout] 
[INFO] [stdout] warning: unused variable: `a`
[INFO] [stdout]   --> src/bin/abc313_b.rs:11:10
[INFO] [stdout]    |
[INFO] [stdout] 11 |     for (a, b) in ab.iter() {
[INFO] [stdout]    |          ^ help: if this is intentional, prefix it with an underscore: `_a`
[INFO] [stdout]    |
[INFO] [stdout]    = note: `#[warn(unused_variables)]` on by default
[INFO] [stdout] 
[INFO] [stdout] 
[INFO] [stdout] warning: function `test_dijkstra` is never used
[INFO] [stdout]    --> src/lib.rs:434:8
[INFO] [stdout]     |
[INFO] [stdout] 434 |     fn test_dijkstra() {
[INFO] [stdout]     |        ^^^^^^^^^^^^^
[INFO] [stdout]     |
[INFO] [stdout]     = note: `#[warn(dead_code)]` on by default
[INFO] [stdout] 
[INFO] [stdout] 
[INFO] [stdout] warning: unused variable: `i`
[INFO] [stdout]   --> src/bin/abc379_d.rs:11:9
[INFO] [stdout]    |
[INFO] [stdout] 11 |     for i in 0..q_cnt {
[INFO] [stdout]    |         ^ help: if this is intentional, prefix it with an underscore: `_i`
[INFO] [stdout]    |
[INFO] [stdout]    = note: `#[warn(unused_variables)]` on by default
[INFO] [stdout] 
[INFO] [stdout] 
[INFO] [stdout] warning: unused import: `marker::Chars`
[INFO] [stdout]  --> src/bin/abc310_c.rs:1:23
[INFO] [stdout]   |
[INFO] [stdout] 1 | use proconio::{input, marker::Chars};
[INFO] [stdout]   |                       ^^^^^^^^^^^^^
[INFO] [stdout]   |
[INFO] [stdout]   = note: `#[warn(unused_imports)]` on by default
[INFO] [stdout] 
[INFO] [stdout] 
[INFO] [stdout] warning: unused variable: `a`
[INFO] [stdout]   --> src/bin/abc354_c.rs:17:13
[INFO] [stdout]    |
[INFO] [stdout] 17 |     for (i, a, c) in iac.iter() {
[INFO] [stdout]    |             ^ help: if this is intentional, prefix it with an underscore: `_a`
[INFO] [stdout]    |
[INFO] [stdout]    = note: `#[warn(unused_variables)]` on by default
[INFO] [stdout] 
[INFO] [stdout] 
[INFO] [stdout] warning: variable does not need to be mutable
[INFO] [stdout]   --> src/bin/abc371_c.rs:51:17
[INFO] [stdout]    |
[INFO] [stdout] 51 |             let mut a = perm[i];
[INFO] [stdout]    |                 ----^
[INFO] [stdout]    |                 |
[INFO] [stdout]    |                 help: remove this `mut`
[INFO] [stdout]    |
[INFO] [stdout]    = note: `#[warn(unused_mut)]` on by default
[INFO] [stdout] 
[INFO] [stdout] 
[INFO] [stdout] warning: unused variable: `ri`
[INFO] [stdout]   --> src/bin/abc366_d.rs:43:13
[INFO] [stdout]    |
[INFO] [stdout] 43 |         let ri = (rx-1)*n + (ry-1);
[INFO] [stdout]    |             ^^ help: if this is intentional, prefix it with an underscore: `_ri`
[INFO] [stdout]    |
[INFO] [stdout]    = note: `#[warn(unused_variables)]` on by default
[INFO] [stdout] 
[INFO] [stdout] 
[INFO] [stdout] warning: unused variable: `j`
[INFO] [stdout]   --> src/bin/abc348_d.rs:93:14
[INFO] [stdout]    |
[INFO] [stdout] 93 |         for (j, (pos2, _)) in potion.iter().enumerate() {
[INFO] [stdout]    |              ^ help: if this is intentional, prefix it with an underscore: `_j`
[INFO] [stdout]    |
[INFO] [stdout]    = note: `#[warn(unused_variables)]` on by default
[INFO] [stdout] 
[INFO] [stdout] 
[INFO] [stdout] warning: unused variable: `score`
[INFO] [stdout]   --> src/bin/abc384_c.rs:21:10
[INFO] [stdout]    |
[INFO] [stdout] 21 |     for (score, name) in ans.iter() {
[INFO] [stdout]    |          ^^^^^ help: if this is intentional, prefix it with an underscore: `_score`
[INFO] [stdout]    |
[INFO] [stdout]    = note: `#[warn(unused_variables)]` on by default
[INFO] [stdout] 
[INFO] [stdout] 
[INFO] [stdout] warning: variable `cnt` is assigned to, but never used
[INFO] [stdout]   --> src/bin/abc319_d.rs:25:17
[INFO] [stdout]    |
[INFO] [stdout] 25 |         let mut cnt = 0;
[INFO] [stdout]    |                 ^^^
[INFO] [stdout]    |
[INFO] [stdout]    = note: consider using `_cnt` instead
[INFO] [stdout]    = note: `#[warn(unused_variables)]` on by default
[INFO] [stdout] 
[INFO] [stdout] 
[INFO] [stdout] warning: unused variable: `i`
[INFO] [stdout]   --> src/bin/abc319_d.rs:27:13
[INFO] [stdout]    |
[INFO] [stdout] 27 |         for i in 0..m {
[INFO] [stdout]    |             ^ help: if this is intentional, prefix it with an underscore: `_i`
[INFO] [stdout] 
[INFO] [stdout] 
[INFO] [stdout] warning: unused variable: `k`
[INFO] [stdout]   --> src/bin/abc381_b.rs:16:10
[INFO] [stdout]    |
[INFO] [stdout] 16 |     for (k, &v) in map.iter() {
[INFO] [stdout]    |          ^ help: if this is intentional, prefix it with an underscore: `_k`
[INFO] [stdout]    |
[INFO] [stdout]    = note: `#[warn(unused_variables)]` on by default
[INFO] [stdout] 
[INFO] [stdout] 
[INFO] [stdout] warning: unused variable: `n`
[INFO] [stdout]  --> src/bin/abc328_c.rs:5:9
[INFO] [stdout]   |
[INFO] [stdout] 5 |         n: usize,
[INFO] [stdout]   |         ^ help: if this is intentional, prefix it with an underscore: `_n`
[INFO] [stdout]   |
[INFO] [stdout]   = note: `#[warn(unused_variables)]` on by default
[INFO] [stdout] 
[INFO] [stdout] 
[INFO] [stdout] warning: unused import: `std::collections::HashMap`
[INFO] [stdout]  --> src/bin/abc355_d.rs:2:5
[INFO] [stdout]   |
[INFO] [stdout] 2 | use std::collections::HashMap;
[INFO] [stdout]   |     ^^^^^^^^^^^^^^^^^^^^^^^^^
[INFO] [stdout]   |
[INFO] [stdout]   = note: `#[warn(unused_imports)]` on by default
[INFO] [stdout] 
[INFO] [stdout] 
[INFO] [stdout] warning: unused import: `HashSet`
[INFO] [stdout]  --> src/bin/abc385_d.rs:2:33
[INFO] [stdout]   |
[INFO] [stdout] 2 | use std::collections::{HashMap, HashSet};
[INFO] [stdout]   |                                 ^^^^^^^
[INFO] [stdout]   |
[INFO] [stdout]   = note: `#[warn(unused_imports)]` on by default
[INFO] [stdout] 
[INFO] [stdout] 
[INFO] [stdout] warning: variable `DIR` should have a snake case name
[INFO] [stdout]   --> src/bin/abc339_b.rs:10:9
[INFO] [stdout]    |
[INFO] [stdout] 10 |     let DIR = [(-1, 0), (0, 1), (1, 0), (0, -1)];
[INFO] [stdout]    |         ^^^ help: convert the identifier to snake case: `dir`
[INFO] [stdout]    |
[INFO] [stdout]    = note: `#[warn(non_snake_case)]` on by default
[INFO] [stdout] 
[INFO] [stdout] 
[INFO] [stdout] warning: variable does not need to be mutable
[INFO] [stdout]   --> src/bin/abc373_e.rs:24:13
[INFO] [stdout]    |
[INFO] [stdout] 24 |         let mut xi = ai+left;
[INFO] [stdout]    |             ----^^
[INFO] [stdout]    |             |
[INFO] [stdout]    |             help: remove this `mut`
[INFO] [stdout]    |
[INFO] [stdout]    = note: `#[warn(unused_mut)]` on by default
[INFO] [stdout] 
[INFO] [stdout] 
[INFO] [stdout] warning: unused variable: `flg`
[INFO] [stdout]   --> src/bin/arc180_c.rs:40:29
[INFO] [stdout]    |
[INFO] [stdout] 40 |                     let mut flg = true;
[INFO] [stdout]    |                             ^^^ help: if this is intentional, prefix it with an underscore: `_flg`
[INFO] [stdout]    |
[INFO] [stdout]    = note: `#[warn(unused_variables)]` on by default
[INFO] [stdout] 
[INFO] [stdout] 
[INFO] [stdout] warning: unused variable: `k`
[INFO] [stdout]   --> src/bin/arc180_c.rs:78:10
[INFO] [stdout]    |
[INFO] [stdout] 78 |     for (k, v) in dp[n].iter() {
[INFO] [stdout]    |          ^ help: if this is intentional, prefix it with an underscore: `_k`
[INFO] [stdout] 
[INFO] [stdout] 
[INFO] [stdout] warning: variable does not need to be mutable
[INFO] [stdout]   --> src/bin/arc180_c.rs:40:25
[INFO] [stdout]    |
[INFO] [stdout] 40 |                     let mut flg = true;
[INFO] [stdout]    |                         ----^^^
[INFO] [stdout]    |                         |
[INFO] [stdout]    |                         help: remove this `mut`
[INFO] [stdout]    |
[INFO] [stdout]    = note: `#[warn(unused_mut)]` on by default
[INFO] [stdout] 
[INFO] [stdout] 
[INFO] [stdout] warning: unused variable: `w`
[INFO] [stdout]  --> src/bin/abc385_b.rs:7:9
[INFO] [stdout]   |
[INFO] [stdout] 7 |         w: usize,
[INFO] [stdout]   |         ^ help: if this is intentional, prefix it with an underscore: `_w`
[INFO] [stdout]   |
[INFO] [stdout]   = note: `#[warn(unused_variables)]` on by default
[INFO] [stdout] 
[INFO] [stdout] 
[INFO] [stdout] warning: unused imports: `HashMap` and `HashSet`
[INFO] [stdout]  --> src/bin/abc363_c.rs:2:24
[INFO] [stdout]   |
[INFO] [stdout] 2 | use std::collections::{HashSet, HashMap};
[INFO] [stdout]   |                        ^^^^^^^  ^^^^^^^
[INFO] [stdout]   |
[INFO] [stdout]   = note: `#[warn(unused_imports)]` on by default
[INFO] [stdout] 
[INFO] [stdout] 
[INFO] [stdout] warning: variable `last_cnt` is assigned to, but never used
[INFO] [stdout]  --> src/bin/abc363_d.rs:8:13
[INFO] [stdout]   |
[INFO] [stdout] 8 |     let mut last_cnt = 1;
[INFO] [stdout]   |             ^^^^^^^^
[INFO] [stdout]   |
[INFO] [stdout]   = note: consider using `_last_cnt` instead
[INFO] [stdout]   = note: `#[warn(unused_variables)]` on by default
[INFO] [stdout] 
[INFO] [stdout] 
[INFO] [stdout] warning: unused variable: `n`
[INFO] [stdout]  --> src/bin/abc329_c.rs:6:9
[INFO] [stdout]   |
[INFO] [stdout] 6 |         n: usize,
[INFO] [stdout]   |         ^ help: if this is intentional, prefix it with an underscore: `_n`
[INFO] [stdout]   |
[INFO] [stdout]   = note: `#[warn(unused_variables)]` on by default
[INFO] [stdout] 
[INFO] [stdout] 
[INFO] [stdout] warning: value assigned to `last_cnt` is never read
[INFO] [stdout]   --> src/bin/abc363_d.rs:14:9
[INFO] [stdout]    |
[INFO] [stdout] 14 |         last_cnt = tmp;
[INFO] [stdout]    |         ^^^^^^^^
[INFO] [stdout]    |
[INFO] [stdout]    = help: maybe it is overwritten before being read?
[INFO] [stdout]    = note: `#[warn(unused_assignments)]` on by default
[INFO] [stdout] 
[INFO] [stdout] 
[INFO] [stdout] warning: variable `del_cnt` is assigned to, but never used
[INFO] [stdout]   --> src/bin/abc363_d.rs:25:13
[INFO] [stdout]    |
[INFO] [stdout] 25 |     let mut del_cnt = 0;
[INFO] [stdout]    |             ^^^^^^^
[INFO] [stdout]    |
[INFO] [stdout]    = note: consider using `_del_cnt` instead
[INFO] [stdout] 
[INFO] [stdout] 
[INFO] [stdout] warning: variable `del_cnt` is assigned to, but never used
[INFO] [stdout]   --> src/bin/abc363_d.rs:39:17
[INFO] [stdout]    |
[INFO] [stdout] 39 |         let mut del_cnt = 0;
[INFO] [stdout]    |                 ^^^^^^^
[INFO] [stdout]    |
[INFO] [stdout]    = note: consider using `_del_cnt` instead
[INFO] [stdout] 
[INFO] [stdout] 
[INFO] [stdout] warning: unused variable: `i`
[INFO] [stdout]   --> src/bin/abc370_b.rs:16:13
[INFO] [stdout]    |
[INFO] [stdout] 16 |         let i = ans; 
[INFO] [stdout]    |             ^ help: if this is intentional, prefix it with an underscore: `_i`
[INFO] [stdout]    |
[INFO] [stdout]    = note: `#[warn(unused_variables)]` on by default
[INFO] [stdout] 
[INFO] [stdout] 
[INFO] [stdout] warning: unused variable: `n`
[INFO] [stdout]  --> src/bin/abc324_d.rs:6:9
[INFO] [stdout]   |
[INFO] [stdout] 6 |         n: usize,
[INFO] [stdout]   |         ^ help: if this is intentional, prefix it with an underscore: `_n`
[INFO] [stdout]   |
[INFO] [stdout]   = note: `#[warn(unused_variables)]` on by default
[INFO] [stdout] 
[INFO] [stdout] 
[INFO] [stdout] warning: unused variable: `ss`
[INFO] [stdout]   --> src/bin/abc324_d.rs:13:9
[INFO] [stdout]    |
[INFO] [stdout] 13 |     let ss:Result<i32, _> = min_s.parse();
[INFO] [stdout]    |         ^^ help: if this is intentional, prefix it with an underscore: `_ss`
[INFO] [stdout] 
[INFO] [stdout] 
[INFO] [stdout] warning: unused variable: `v`
[INFO] [stdout]   --> src/bin/abc324_d.rs:50:17
[INFO] [stdout]    |
[INFO] [stdout] 50 |         for (k, v) in cnt.iter() {
[INFO] [stdout]    |                 ^ help: if this is intentional, prefix it with an underscore: `_v`
[INFO] [stdout] 
[INFO] [stdout] 
[INFO] [stdout] warning: unused variable: `v`
[INFO] [stdout]   --> src/bin/abc324_d.rs:59:17
[INFO] [stdout]    |
[INFO] [stdout] 59 |         for (k, v) in cnt2.iter() {
[INFO] [stdout]    |                 ^ help: if this is intentional, prefix it with an underscore: `_v`
[INFO] [stdout] 
[INFO] [stdout] 
[INFO] [stdout] warning: unused import: `VecDeque`
[INFO] [stdout]  --> src/bin/abc383_c.rs:2:24
[INFO] [stdout]   |
[INFO] [stdout] 2 | use std::collections::{VecDeque, BinaryHeap};
[INFO] [stdout]   |                        ^^^^^^^^
[INFO] [stdout]   |
[INFO] [stdout]   = note: `#[warn(unused_imports)]` on by default
[INFO] [stdout] 
[INFO] [stdout] 
[INFO] [stdout] warning: unused variable: `n`
[INFO] [stdout]  --> src/bin/abc382_b.rs:5:9
[INFO] [stdout]   |
[INFO] [stdout] 5 |         n: usize,
[INFO] [stdout]   |         ^ help: if this is intentional, prefix it with an underscore: `_n`
[INFO] [stdout]   |
[INFO] [stdout]   = note: `#[warn(unused_variables)]` on by default
[INFO] [stdout] 
[INFO] [stdout] 
[INFO] [stdout] warning: unused variable: `n`
[INFO] [stdout]  --> src/bin/abc384_a.rs:5:9
[INFO] [stdout]   |
[INFO] [stdout] 5 |         n: usize,
[INFO] [stdout]   |         ^ help: if this is intentional, prefix it with an underscore: `_n`
[INFO] [stdout]   |
[INFO] [stdout]   = note: `#[warn(unused_variables)]` on by default
[INFO] [stdout] 
[INFO] [stdout] 
[INFO] [stdout] warning: unused variable: `n`
[INFO] [stdout]  --> src/bin/abc382_a.rs:5:9
[INFO] [stdout]   |
[INFO] [stdout] 5 |         n: usize,
[INFO] [stdout]   |         ^ help: if this is intentional, prefix it with an underscore: `_n`
[INFO] [stdout]   |
[INFO] [stdout]   = note: `#[warn(unused_variables)]` on by default
[INFO] [stdout] 
[INFO] [stdout] 
[INFO] [stdout] warning: variable `DIRS` should have a snake case name
[INFO] [stdout]   --> src/bin/abc325_c.rs:13:9
[INFO] [stdout]    |
[INFO] [stdout] 13 |     let DIRS = [(-1, -1), (-1, 0), (-1, 1), (0, -1), (0, 1), (1, -1), (1, 0), (1, 1)];
[INFO] [stdout]    |         ^^^^ help: convert the identifier to snake case: `dirs`
[INFO] [stdout]    |
[INFO] [stdout]    = note: `#[warn(non_snake_case)]` on by default
[INFO] [stdout] 
[INFO] [stdout] 
[INFO] [stdout] warning: unused variable: `a0`
[INFO] [stdout]   --> src/bin/abc362_d.rs:77:9
[INFO] [stdout]    |
[INFO] [stdout] 77 |     let a0 = a[0];
[INFO] [stdout]    |         ^^ help: if this is intentional, prefix it with an underscore: `_a0`
[INFO] [stdout]    |
[INFO] [stdout]    = note: `#[warn(unused_variables)]` on by default
[INFO] [stdout] 
[INFO] [stdout] 
[INFO] [stdout] warning: variable does not need to be mutable
[INFO] [stdout]   --> src/bin/abc362_d.rs:78:9
[INFO] [stdout]    |
[INFO] [stdout] 78 |     let mut dijk = Dijkstra::new(n, edge, 0, a);
[INFO] [stdout]    |         ----^^^^
[INFO] [stdout]    |         |
[INFO] [stdout]    |         help: remove this `mut`
[INFO] [stdout]    |
[INFO] [stdout]    = note: `#[warn(unused_mut)]` on by default
[INFO] [stdout] 
[INFO] [stdout] 
[INFO] [stdout] warning: field `parent` is never read
[INFO] [stdout]  --> src/bin/abc362_d.rs:8:5
[INFO] [stdout]   |
[INFO] [stdout] 6 | struct Dijkstra {
[INFO] [stdout]   |        -------- field in this struct
[INFO] [stdout] 7 |     distance: Vec<usize>,
[INFO] [stdout] 8 |     parent: Vec<usize>,
[INFO] [stdout]   |     ^^^^^^
[INFO] [stdout]   |
[INFO] [stdout]   = note: `#[warn(dead_code)]` on by default
[INFO] [stdout] 
[INFO] [stdout] 
[INFO] [stdout] warning: method `get_path` is never used
[INFO] [stdout]   --> src/bin/abc362_d.rs:52:12
[INFO] [stdout]    |
[INFO] [stdout] 11 | impl Dijkstra {
[INFO] [stdout]    | ------------- method in this implementation
[INFO] [stdout] ...
[INFO] [stdout] 52 |     pub fn get_path(&self, target: usize) -> Vec<usize> {
[INFO] [stdout]    |            ^^^^^^^^
[INFO] [stdout] 
[INFO] [stdout] 
[INFO] [stderr] error: could not parse/generate dep info at: /opt/rustwide/target/debug/deps/abc325_c-52bcca90e26d9b6b.d
[INFO] [stderr] 
[INFO] [stderr] Caused by:
[INFO] [stderr]   failed to write `/opt/rustwide/target/debug/.fingerprint/abc-52bcca90e26d9b6b/dep-test-bin-abc325_c`
[INFO] [stderr] 
[INFO] [stderr] Caused by:
[INFO] [stderr]   No space left on device (os error 28)
[INFO] [stderr] warning: build failed, waiting for other jobs to finish...
[INFO] [stdout] error: linking with `cc` failed: exit status: 1
[INFO] [stdout]   |
[INFO] [stdout]   = note: LC_ALL="C" PATH="/opt/rustwide/rustup-home/toolchains/nightly-2025-01-18-x86_64-unknown-linux-gnu/lib/rustlib/x86_64-unknown-linux-gnu/bin:/opt/rustwide/rustup-home/toolchains/nightly-2025-01-18-x86_64-unknown-linux-gnu/lib/rustlib/x86_64-unknown-linux-gnu/bin/self-contained:/opt/rustwide/cargo-home/bin:/usr/local/sbin:/usr/local/bin:/usr/sbin:/usr/bin:/sbin:/bin" VSLANG="1033" "cc" "-m64" "/tmp/rustcw4qPHN/symbols.o" "<2 object files omitted>" "-Wl,--as-needed" "-Wl,-Bstatic" "/opt/rustwide/rustup-home/toolchains/nightly-2025-01-18-x86_64-unknown-linux-gnu/lib/rustlib/x86_64-unknown-linux-gnu/lib/{libtest-56d991603ff5adf3.rlib,libgetopts-0374f2ffd4fc2ee9.rlib,libunicode_width-3710af304f7a6204.rlib,librustc_std_workspace_std-b58fe15d3ae9c93b.rlib}" "/opt/rustwide/target/debug/deps/{libproconio-7f97284658aca983.rlib}" "/opt/rustwide/rustup-home/toolchains/nightly-2025-01-18-x86_64-unknown-linux-gnu/lib/rustlib/x86_64-unknown-linux-gnu/lib/{libstd-006123e2ce67e99d.rlib,libpanic_unwind-e1447e1efa6f1e57.rlib,libobject-f6963a4916fcf097.rlib,libmemchr-49a2d9af912f4524.rlib,libaddr2line-04d19aad3936869d.rlib,libgimli-483c235edb789db0.rlib,librustc_demangle-294281af50b8f748.rlib,libstd_detect-3b08295250aabc2a.rlib,libhashbrown-4472d1e05ba0dfaf.rlib,librustc_std_workspace_alloc-2ef099fac590e457.rlib,libminiz_oxide-8a51f5e848546c29.rlib,libadler2-3d3fa22b868db521.rlib,libunwind-0ffda8b08e22dbea.rlib,libcfg_if-b08f62458fdd43b9.rlib,liblibc-559675126e63b890.rlib,liballoc-fcf21c8d1c9c7b75.rlib,librustc_std_workspace_core-e0b0460135bcf21d.rlib,libcore-d4097fdcbddd3bc7.rlib,libcompiler_builtins-fea484ac1eed7881.rlib}" "-Wl,-Bdynamic" "-lgcc_s" "-lutil" "-lrt" "-lpthread" "-lm" "-ldl" "-lc" "-B/opt/rustwide/rustup-home/toolchains/nightly-2025-01-18-x86_64-unknown-linux-gnu/lib/rustlib/x86_64-unknown-linux-gnu/bin/gcc-ld" "-fuse-ld=lld" "-Wl,--eh-frame-hdr" "-Wl,-z,noexecstack" "-L" "/opt/rustwide/rustup-home/toolchains/nightly-2025-01-18-x86_64-unknown-linux-gnu/lib/rustlib/x86_64-unknown-linux-gnu/lib" "-o" "/opt/rustwide/target/debug/deps/abc362_d-99bb2ad9f6509d54" "-Wl,--gc-sections" "-pie" "-Wl,-z,relro,-z,now" "-nodefaultlibs"
[INFO] [stdout]   = note: some arguments are omitted. use `--verbose` to show all linker arguments
[INFO] [stdout]   = note: PLEASE submit a bug report to https://github.com/llvm/llvm-project/issues/ and include the crash backtrace.
[INFO] [stdout]           Stack dump:
[INFO] [stdout]           0.    Program arguments: /opt/rustwide/rustup-home/toolchains/nightly-2025-01-18-x86_64-unknown-linux-gnu/lib/rustlib/x86_64-unknown-linux-gnu/bin/rust-lld -flavor gnu -plugin /usr/lib/gcc/x86_64-linux-gnu/11/liblto_plugin.so -plugin-opt=/usr/lib/gcc/x86_64-linux-gnu/11/lto-wrapper -plugin-opt=-fresolution=/tmp/cc49WrY3.res --build-id --eh-frame-hdr -m elf_x86_64 --hash-style=gnu --as-needed -dynamic-linker /lib64/ld-linux-x86-64.so.2 -pie -z now -z relro -o /opt/rustwide/target/debug/deps/abc362_d-99bb2ad9f6509d54 /usr/lib/gcc/x86_64-linux-gnu/11/../../../x86_64-linux-gnu/Scrt1.o /usr/lib/gcc/x86_64-linux-gnu/11/../../../x86_64-linux-gnu/crti.o /usr/lib/gcc/x86_64-linux-gnu/11/crtbeginS.o -L/opt/rustwide/rustup-home/toolchains/nightly-2025-01-18-x86_64-unknown-linux-gnu/lib/rustlib/x86_64-unknown-linux-gnu/lib -L/opt/rustwide/rustup-home/toolchains/nightly-2025-01-18-x86_64-unknown-linux-gnu/lib/rustlib/x86_64-unknown-linux-gnu/bin/gcc-ld -L/usr/lib/gcc/x86_64-linux-gnu/11 -L/usr/lib/gcc/x86_64-linux-gnu/11/../../../x86_64-linux-gnu -L/usr/lib/gcc/x86_64-linux-gnu/11/../../../../lib -L/lib/x86_64-linux-gnu -L/lib/../lib -L/usr/lib/x86_64-linux-gnu -L/usr/lib/../lib -L/usr/lib/gcc/x86_64-linux-gnu/11/../../.. /tmp/rustcw4qPHN/symbols.o /opt/rustwide/target/debug/deps/abc362_d-99bb2ad9f6509d54.abc362_d.5d21e1a17b02a676-cgu.0.rcgu.o /opt/rustwide/target/debug/deps/abc362_d-99bb2ad9f6509d54.6ml04krph88mqa8mtuxcnwjo0.rcgu.o --as-needed -Bstatic /opt/rustwide/rustup-home/toolchains/nightly-2025-01-18-x86_64-unknown-linux-gnu/lib/rustlib/x86_64-unknown-linux-gnu/lib/libtest-56d991603ff5adf3.rlib /opt/rustwide/rustup-home/toolchains/nightly-2025-01-18-x86_64-unknown-linux-gnu/lib/rustlib/x86_64-unknown-linux-gnu/lib/libgetopts-0374f2ffd4fc2ee9.rlib /opt/rustwide/rustup-home/toolchains/nightly-2025-01-18-x86_64-unknown-linux-gnu/lib/rustlib/x86_64-unknown-linux-gnu/lib/libunicode_width-3710af304f7a6204.rlib /opt/rustwide/rustup-home/toolchains/nightly-2025-01-18-x86_64-unknown-linux-gnu/lib/rustlib/x86_64-unknown-linux-gnu/lib/librustc_std_workspace_std-b58fe15d3ae9c93b.rlib /opt/rustwide/target/debug/deps/libproconio-7f97284658aca983.rlib /opt/rustwide/rustup-home/toolchains/nightly-2025-01-18-x86_64-unknown-linux-gnu/lib/rustlib/x86_64-unknown-linux-gnu/lib/libstd-006123e2ce67e99d.rlib /opt/rustwide/rustup-home/toolchains/nightly-2025-01-18-x86_64-unknown-linux-gnu/lib/rustlib/x86_64-unknown-linux-gnu/lib/libpanic_unwind-e1447e1efa6f1e57.rlib /opt/rustwide/rustup-home/toolchains/nightly-2025-01-18-x86_64-unknown-linux-gnu/lib/rustlib/x86_64-unknown-linux-gnu/lib/libobject-f6963a4916fcf097.rlib /opt/rustwide/rustup-home/toolchains/nightly-2025-01-18-x86_64-unknown-linux-gnu/lib/rustlib/x86_64-unknown-linux-gnu/lib/libmemchr-49a2d9af912f4524.rlib /opt/rustwide/rustup-home/toolchains/nightly-2025-01-18-x86_64-unknown-linux-gnu/lib/rustlib/x86_64-unknown-linux-gnu/lib/libaddr2line-04d19aad3936869d.rlib /opt/rustwide/rustup-home/toolchains/nightly-2025-01-18-x86_64-unknown-linux-gnu/lib/rustlib/x86_64-unknown-linux-gnu/lib/libgimli-483c235edb789db0.rlib /opt/rustwide/rustup-home/toolchains/nightly-2025-01-18-x86_64-unknown-linux-gnu/lib/rustlib/x86_64-unknown-linux-gnu/lib/librustc_demangle-294281af50b8f748.rlib /opt/rustwide/rustup-home/toolchains/nightly-2025-01-18-x86_64-unknown-linux-gnu/lib/rustlib/x86_64-unknown-linux-gnu/lib/libstd_detect-3b08295250aabc2a.rlib /opt/rustwide/rustup-home/toolchains/nightly-2025-01-18-x86_64-unknown-linux-gnu/lib/rustlib/x86_64-unknown-linux-gnu/lib/libhashbrown-4472d1e05ba0dfaf.rlib /opt/rustwide/rustup-home/toolchains/nightly-2025-01-18-x86_64-unknown-linux-gnu/lib/rustlib/x86_64-unknown-linux-gnu/lib/librustc_std_workspace_alloc-2ef099fac590e457.rlib /opt/rustwide/rustup-home/toolchains/nightly-2025-01-18-x86_64-unknown-linux-gnu/lib/rustlib/x86_64-unknown-linux-gnu/lib/libminiz_oxide-8a51f5e848546c29.rlib /opt/rustwide/rustup-home/toolchains/nightly-2025-01-18-x86_64-unknown-linux-gnu/lib/rustlib/x86_64-unknown-linux-gnu/lib/libadler2-3d3fa22b868db521.rlib /opt/rustwide/rustup-home/toolchains/nightly-2025-01-18-x86_64-unknown-linux-gnu/lib/rustlib/x86_64-unknown-linux-gnu/lib/libunwind-0ffda8b08e22dbea.rlib /opt/rustwide/rustup-home/toolchains/nightly-2025-01-18-x86_64-unknown-linux-gnu/lib/rustlib/x86_64-unknown-linux-gnu/lib/libcfg_if-b08f62458fdd43b9.rlib /opt/rustwide/rustup-home/toolchains/nightly-2025-01-18-x86_64-unknown-linux-gnu/lib/rustlib/x86_64-unknown-linux-gnu/lib/liblibc-559675126e63b890.rlib /opt/rustwide/rustup-home/toolchains/nightly-2025-01-18-x86_64-unknown-linux-gnu/lib/rustlib/x86_64-unknown-linux-gnu/lib/liballoc-fcf21c8d1c9c7b75.rlib /opt/rustwide/rustup-home/toolchains/nightly-2025-01-18-x86_64-unknown-linux-gnu/lib/rustlib/x86_64-unknown-linux-gnu/lib/librustc_std_workspace_core-e0b0460135bcf21d.rlib /opt/rustwide/rustup-home/toolchains/nightly-2025-01-18-x86_64-unknown-linux-gnu/lib/rustlib/x86_64-unknown-linux-gnu/lib/libcore-d4097fdcbddd3bc7.rlib /opt/rustwide/rustup-home/toolchains/nightly-2025-01-18-x86_64-unknown-linux-gnu/lib/rustlib/x86_64-unknown-linux-gnu/lib/libcompiler_builtins-fea484ac1eed7881.rlib -Bdynamic -lgcc_s -lutil -lrt -lpthread -lm -ldl -lc --eh-frame-hdr -z noexecstack --gc-sections -z relro -z now /usr/lib/gcc/x86_64-linux-gnu/11/crtendS.o /usr/lib/gcc/x86_64-linux-gnu/11/../../../x86_64-linux-gnu/crtn.o
[INFO] [stdout]           LLVM ERROR: IO failure on output stream: No space left on device
[INFO] [stdout]           collect2: error: ld returned 1 exit status
[INFO] [stdout]           
[INFO] [stdout] 
[INFO] [stdout] 
[INFO] [stdout] error: linking with `cc` failed: exit status: 1
[INFO] [stdout]   |
[INFO] [stdout]   = note: LC_ALL="C" PATH="/opt/rustwide/rustup-home/toolchains/nightly-2025-01-18-x86_64-unknown-linux-gnu/lib/rustlib/x86_64-unknown-linux-gnu/bin:/opt/rustwide/rustup-home/toolchains/nightly-2025-01-18-x86_64-unknown-linux-gnu/lib/rustlib/x86_64-unknown-linux-gnu/bin/self-contained:/opt/rustwide/cargo-home/bin:/usr/local/sbin:/usr/local/bin:/usr/sbin:/usr/bin:/sbin:/bin" VSLANG="1033" "cc" "-m64" "/tmp/rustcxmSGlN/symbols.o" "<2 object files omitted>" "-Wl,--as-needed" "-Wl,-Bstatic" "/opt/rustwide/rustup-home/toolchains/nightly-2025-01-18-x86_64-unknown-linux-gnu/lib/rustlib/x86_64-unknown-linux-gnu/lib/{libtest-56d991603ff5adf3.rlib,libgetopts-0374f2ffd4fc2ee9.rlib,libunicode_width-3710af304f7a6204.rlib,librustc_std_workspace_std-b58fe15d3ae9c93b.rlib}" "/opt/rustwide/target/debug/deps/{libproconio-7f97284658aca983.rlib}" "/opt/rustwide/rustup-home/toolchains/nightly-2025-01-18-x86_64-unknown-linux-gnu/lib/rustlib/x86_64-unknown-linux-gnu/lib/{libstd-006123e2ce67e99d.rlib,libpanic_unwind-e1447e1efa6f1e57.rlib,libobject-f6963a4916fcf097.rlib,libmemchr-49a2d9af912f4524.rlib,libaddr2line-04d19aad3936869d.rlib,libgimli-483c235edb789db0.rlib,librustc_demangle-294281af50b8f748.rlib,libstd_detect-3b08295250aabc2a.rlib,libhashbrown-4472d1e05ba0dfaf.rlib,librustc_std_workspace_alloc-2ef099fac590e457.rlib,libminiz_oxide-8a51f5e848546c29.rlib,libadler2-3d3fa22b868db521.rlib,libunwind-0ffda8b08e22dbea.rlib,libcfg_if-b08f62458fdd43b9.rlib,liblibc-559675126e63b890.rlib,liballoc-fcf21c8d1c9c7b75.rlib,librustc_std_workspace_core-e0b0460135bcf21d.rlib,libcore-d4097fdcbddd3bc7.rlib,libcompiler_builtins-fea484ac1eed7881.rlib}" "-Wl,-Bdynamic" "-lgcc_s" "-lutil" "-lrt" "-lpthread" "-lm" "-ldl" "-lc" "-B/opt/rustwide/rustup-home/toolchains/nightly-2025-01-18-x86_64-unknown-linux-gnu/lib/rustlib/x86_64-unknown-linux-gnu/bin/gcc-ld" "-fuse-ld=lld" "-Wl,--eh-frame-hdr" "-Wl,-z,noexecstack" "-L" "/opt/rustwide/rustup-home/toolchains/nightly-2025-01-18-x86_64-unknown-linux-gnu/lib/rustlib/x86_64-unknown-linux-gnu/lib" "-o" "/opt/rustwide/target/debug/deps/abc379_a-94c351df91571be5" "-Wl,--gc-sections" "-pie" "-Wl,-z,relro,-z,now" "-nodefaultlibs"
[INFO] [stdout]   = note: some arguments are omitted. use `--verbose` to show all linker arguments
[INFO] [stdout]   = note: PLEASE submit a bug report to https://github.com/llvm/llvm-project/issues/ and include the crash backtrace.
[INFO] [stdout]           Stack dump:
[INFO] [stdout]           0.    Program arguments: /opt/rustwide/rustup-home/toolchains/nightly-2025-01-18-x86_64-unknown-linux-gnu/lib/rustlib/x86_64-unknown-linux-gnu/bin/rust-lld -flavor gnu -plugin /usr/lib/gcc/x86_64-linux-gnu/11/liblto_plugin.so -plugin-opt=/usr/lib/gcc/x86_64-linux-gnu/11/lto-wrapper -plugin-opt=-fresolution=/tmp/cceyCxsa.res --build-id --eh-frame-hdr -m elf_x86_64 --hash-style=gnu --as-needed -dynamic-linker /lib64/ld-linux-x86-64.so.2 -pie -z now -z relro -o /opt/rustwide/target/debug/deps/abc379_a-94c351df91571be5 /usr/lib/gcc/x86_64-linux-gnu/11/../../../x86_64-linux-gnu/Scrt1.o /usr/lib/gcc/x86_64-linux-gnu/11/../../../x86_64-linux-gnu/crti.o /usr/lib/gcc/x86_64-linux-gnu/11/crtbeginS.o -L/opt/rustwide/rustup-home/toolchains/nightly-2025-01-18-x86_64-unknown-linux-gnu/lib/rustlib/x86_64-unknown-linux-gnu/lib -L/opt/rustwide/rustup-home/toolchains/nightly-2025-01-18-x86_64-unknown-linux-gnu/lib/rustlib/x86_64-unknown-linux-gnu/bin/gcc-ld -L/usr/lib/gcc/x86_64-linux-gnu/11 -L/usr/lib/gcc/x86_64-linux-gnu/11/../../../x86_64-linux-gnu -L/usr/lib/gcc/x86_64-linux-gnu/11/../../../../lib -L/lib/x86_64-linux-gnu -L/lib/../lib -L/usr/lib/x86_64-linux-gnu -L/usr/lib/../lib -L/usr/lib/gcc/x86_64-linux-gnu/11/../../.. /tmp/rustcxmSGlN/symbols.o /opt/rustwide/target/debug/deps/abc379_a-94c351df91571be5.abc379_a.6e1e5d1a8d57ae45-cgu.0.rcgu.o /opt/rustwide/target/debug/deps/abc379_a-94c351df91571be5.7uf41en35wmrk6x8tnbb7hq03.rcgu.o --as-needed -Bstatic /opt/rustwide/rustup-home/toolchains/nightly-2025-01-18-x86_64-unknown-linux-gnu/lib/rustlib/x86_64-unknown-linux-gnu/lib/libtest-56d991603ff5adf3.rlib /opt/rustwide/rustup-home/toolchains/nightly-2025-01-18-x86_64-unknown-linux-gnu/lib/rustlib/x86_64-unknown-linux-gnu/lib/libgetopts-0374f2ffd4fc2ee9.rlib /opt/rustwide/rustup-home/toolchains/nightly-2025-01-18-x86_64-unknown-linux-gnu/lib/rustlib/x86_64-unknown-linux-gnu/lib/libunicode_width-3710af304f7a6204.rlib /opt/rustwide/rustup-home/toolchains/nightly-2025-01-18-x86_64-unknown-linux-gnu/lib/rustlib/x86_64-unknown-linux-gnu/lib/librustc_std_workspace_std-b58fe15d3ae9c93b.rlib /opt/rustwide/target/debug/deps/libproconio-7f97284658aca983.rlib /opt/rustwide/rustup-home/toolchains/nightly-2025-01-18-x86_64-unknown-linux-gnu/lib/rustlib/x86_64-unknown-linux-gnu/lib/libstd-006123e2ce67e99d.rlib /opt/rustwide/rustup-home/toolchains/nightly-2025-01-18-x86_64-unknown-linux-gnu/lib/rustlib/x86_64-unknown-linux-gnu/lib/libpanic_unwind-e1447e1efa6f1e57.rlib /opt/rustwide/rustup-home/toolchains/nightly-2025-01-18-x86_64-unknown-linux-gnu/lib/rustlib/x86_64-unknown-linux-gnu/lib/libobject-f6963a4916fcf097.rlib /opt/rustwide/rustup-home/toolchains/nightly-2025-01-18-x86_64-unknown-linux-gnu/lib/rustlib/x86_64-unknown-linux-gnu/lib/libmemchr-49a2d9af912f4524.rlib /opt/rustwide/rustup-home/toolchains/nightly-2025-01-18-x86_64-unknown-linux-gnu/lib/rustlib/x86_64-unknown-linux-gnu/lib/libaddr2line-04d19aad3936869d.rlib /opt/rustwide/rustup-home/toolchains/nightly-2025-01-18-x86_64-unknown-linux-gnu/lib/rustlib/x86_64-unknown-linux-gnu/lib/libgimli-483c235edb789db0.rlib /opt/rustwide/rustup-home/toolchains/nightly-2025-01-18-x86_64-unknown-linux-gnu/lib/rustlib/x86_64-unknown-linux-gnu/lib/librustc_demangle-294281af50b8f748.rlib /opt/rustwide/rustup-home/toolchains/nightly-2025-01-18-x86_64-unknown-linux-gnu/lib/rustlib/x86_64-unknown-linux-gnu/lib/libstd_detect-3b08295250aabc2a.rlib /opt/rustwide/rustup-home/toolchains/nightly-2025-01-18-x86_64-unknown-linux-gnu/lib/rustlib/x86_64-unknown-linux-gnu/lib/libhashbrown-4472d1e05ba0dfaf.rlib /opt/rustwide/rustup-home/toolchains/nightly-2025-01-18-x86_64-unknown-linux-gnu/lib/rustlib/x86_64-unknown-linux-gnu/lib/librustc_std_workspace_alloc-2ef099fac590e457.rlib /opt/rustwide/rustup-home/toolchains/nightly-2025-01-18-x86_64-unknown-linux-gnu/lib/rustlib/x86_64-unknown-linux-gnu/lib/libminiz_oxide-8a51f5e848546c29.rlib /opt/rustwide/rustup-home/toolchains/nightly-2025-01-18-x86_64-unknown-linux-gnu/lib/rustlib/x86_64-unknown-linux-gnu/lib/libadler2-3d3fa22b868db521.rlib /opt/rustwide/rustup-home/toolchains/nightly-2025-01-18-x86_64-unknown-linux-gnu/lib/rustlib/x86_64-unknown-linux-gnu/lib/libunwind-0ffda8b08e22dbea.rlib /opt/rustwide/rustup-home/toolchains/nightly-2025-01-18-x86_64-unknown-linux-gnu/lib/rustlib/x86_64-unknown-linux-gnu/lib/libcfg_if-b08f62458fdd43b9.rlib /opt/rustwide/rustup-home/toolchains/nightly-2025-01-18-x86_64-unknown-linux-gnu/lib/rustlib/x86_64-unknown-linux-gnu/lib/liblibc-559675126e63b890.rlib /opt/rustwide/rustup-home/toolchains/nightly-2025-01-18-x86_64-unknown-linux-gnu/lib/rustlib/x86_64-unknown-linux-gnu/lib/liballoc-fcf21c8d1c9c7b75.rlib /opt/rustwide/rustup-home/toolchains/nightly-2025-01-18-x86_64-unknown-linux-gnu/lib/rustlib/x86_64-unknown-linux-gnu/lib/librustc_std_workspace_core-e0b0460135bcf21d.rlib /opt/rustwide/rustup-home/toolchains/nightly-2025-01-18-x86_64-unknown-linux-gnu/lib/rustlib/x86_64-unknown-linux-gnu/lib/libcore-d4097fdcbddd3bc7.rlib /opt/rustwide/rustup-home/toolchains/nightly-2025-01-18-x86_64-unknown-linux-gnu/lib/rustlib/x86_64-unknown-linux-gnu/lib/libcompiler_builtins-fea484ac1eed7881.rlib -Bdynamic -lgcc_s -lutil -lrt -lpthread -lm -ldl -lc --eh-frame-hdr -z noexecstack --gc-sections -z relro -z now /usr/lib/gcc/x86_64-linux-gnu/11/crtendS.o /usr/lib/gcc/x86_64-linux-gnu/11/../../../x86_64-linux-gnu/crtn.o
[INFO] [stdout]           LLVM ERROR: IO failure on output stream: No space left on device
[INFO] [stdout]           collect2: error: ld returned 1 exit status
[INFO] [stdout]           
[INFO] [stdout] 
[INFO] [stdout] 
[INFO] [stdout] error: linking with `cc` failed: exit status: 1
[INFO] [stdout]   |
[INFO] [stdout]   = note: LC_ALL="C" PATH="/opt/rustwide/rustup-home/toolchains/nightly-2025-01-18-x86_64-unknown-linux-gnu/lib/rustlib/x86_64-unknown-linux-gnu/bin:/opt/rustwide/rustup-home/toolchains/nightly-2025-01-18-x86_64-unknown-linux-gnu/lib/rustlib/x86_64-unknown-linux-gnu/bin/self-contained:/opt/rustwide/cargo-home/bin:/usr/local/sbin:/usr/local/bin:/usr/sbin:/usr/bin:/sbin:/bin" VSLANG="1033" "cc" "-m64" "/tmp/rustcgyo04o/symbols.o" "<2 object files omitted>" "-Wl,--as-needed" "-Wl,-Bstatic" "/opt/rustwide/rustup-home/toolchains/nightly-2025-01-18-x86_64-unknown-linux-gnu/lib/rustlib/x86_64-unknown-linux-gnu/lib/{libtest-56d991603ff5adf3.rlib,libgetopts-0374f2ffd4fc2ee9.rlib,libunicode_width-3710af304f7a6204.rlib,librustc_std_workspace_std-b58fe15d3ae9c93b.rlib}" "/opt/rustwide/target/debug/deps/{libproconio-7f97284658aca983.rlib}" "/opt/rustwide/rustup-home/toolchains/nightly-2025-01-18-x86_64-unknown-linux-gnu/lib/rustlib/x86_64-unknown-linux-gnu/lib/{libstd-006123e2ce67e99d.rlib,libpanic_unwind-e1447e1efa6f1e57.rlib,libobject-f6963a4916fcf097.rlib,libmemchr-49a2d9af912f4524.rlib,libaddr2line-04d19aad3936869d.rlib,libgimli-483c235edb789db0.rlib,librustc_demangle-294281af50b8f748.rlib,libstd_detect-3b08295250aabc2a.rlib,libhashbrown-4472d1e05ba0dfaf.rlib,librustc_std_workspace_alloc-2ef099fac590e457.rlib,libminiz_oxide-8a51f5e848546c29.rlib,libadler2-3d3fa22b868db521.rlib,libunwind-0ffda8b08e22dbea.rlib,libcfg_if-b08f62458fdd43b9.rlib,liblibc-559675126e63b890.rlib,liballoc-fcf21c8d1c9c7b75.rlib,librustc_std_workspace_core-e0b0460135bcf21d.rlib,libcore-d4097fdcbddd3bc7.rlib,libcompiler_builtins-fea484ac1eed7881.rlib}" "-Wl,-Bdynamic" "-lgcc_s" "-lutil" "-lrt" "-lpthread" "-lm" "-ldl" "-lc" "-B/opt/rustwide/rustup-home/toolchains/nightly-2025-01-18-x86_64-unknown-linux-gnu/lib/rustlib/x86_64-unknown-linux-gnu/bin/gcc-ld" "-fuse-ld=lld" "-Wl,--eh-frame-hdr" "-Wl,-z,noexecstack" "-L" "/opt/rustwide/rustup-home/toolchains/nightly-2025-01-18-x86_64-unknown-linux-gnu/lib/rustlib/x86_64-unknown-linux-gnu/lib" "-o" "/opt/rustwide/target/debug/deps/arc181_a-f0aec3e1a824462a" "-Wl,--gc-sections" "-pie" "-Wl,-z,relro,-z,now" "-nodefaultlibs"
[INFO] [stdout]   = note: some arguments are omitted. use `--verbose` to show all linker arguments
[INFO] [stdout]   = note: PLEASE submit a bug report to https://github.com/llvm/llvm-project/issues/ and include the crash backtrace.
[INFO] [stdout]           Stack dump:
[INFO] [stdout]           0.    Program arguments: /opt/rustwide/rustup-home/toolchains/nightly-2025-01-18-x86_64-unknown-linux-gnu/lib/rustlib/x86_64-unknown-linux-gnu/bin/rust-lld -flavor gnu -plugin /usr/lib/gcc/x86_64-linux-gnu/11/liblto_plugin.so -plugin-opt=/usr/lib/gcc/x86_64-linux-gnu/11/lto-wrapper -plugin-opt=-fresolution=/tmp/ccB7RzP6.res --build-id --eh-frame-hdr -m elf_x86_64 --hash-style=gnu --as-needed -dynamic-linker /lib64/ld-linux-x86-64.so.2 -pie -z now -z relro -o /opt/rustwide/target/debug/deps/arc181_a-f0aec3e1a824462a /usr/lib/gcc/x86_64-linux-gnu/11/../../../x86_64-linux-gnu/Scrt1.o /usr/lib/gcc/x86_64-linux-gnu/11/../../../x86_64-linux-gnu/crti.o /usr/lib/gcc/x86_64-linux-gnu/11/crtbeginS.o -L/opt/rustwide/rustup-home/toolchains/nightly-2025-01-18-x86_64-unknown-linux-gnu/lib/rustlib/x86_64-unknown-linux-gnu/lib -L/opt/rustwide/rustup-home/toolchains/nightly-2025-01-18-x86_64-unknown-linux-gnu/lib/rustlib/x86_64-unknown-linux-gnu/bin/gcc-ld -L/usr/lib/gcc/x86_64-linux-gnu/11 -L/usr/lib/gcc/x86_64-linux-gnu/11/../../../x86_64-linux-gnu -L/usr/lib/gcc/x86_64-linux-gnu/11/../../../../lib -L/lib/x86_64-linux-gnu -L/lib/../lib -L/usr/lib/x86_64-linux-gnu -L/usr/lib/../lib -L/usr/lib/gcc/x86_64-linux-gnu/11/../../.. /tmp/rustcgyo04o/symbols.o /opt/rustwide/target/debug/deps/arc181_a-f0aec3e1a824462a.arc181_a.c8826b99d9973e26-cgu.0.rcgu.o /opt/rustwide/target/debug/deps/arc181_a-f0aec3e1a824462a.0xgtn72xq08511w5ipmsfaa2t.rcgu.o --as-needed -Bstatic /opt/rustwide/rustup-home/toolchains/nightly-2025-01-18-x86_64-unknown-linux-gnu/lib/rustlib/x86_64-unknown-linux-gnu/lib/libtest-56d991603ff5adf3.rlib /opt/rustwide/rustup-home/toolchains/nightly-2025-01-18-x86_64-unknown-linux-gnu/lib/rustlib/x86_64-unknown-linux-gnu/lib/libgetopts-0374f2ffd4fc2ee9.rlib /opt/rustwide/rustup-home/toolchains/nightly-2025-01-18-x86_64-unknown-linux-gnu/lib/rustlib/x86_64-unknown-linux-gnu/lib/libunicode_width-3710af304f7a6204.rlib /opt/rustwide/rustup-home/toolchains/nightly-2025-01-18-x86_64-unknown-linux-gnu/lib/rustlib/x86_64-unknown-linux-gnu/lib/librustc_std_workspace_std-b58fe15d3ae9c93b.rlib /opt/rustwide/target/debug/deps/libproconio-7f97284658aca983.rlib /opt/rustwide/rustup-home/toolchains/nightly-2025-01-18-x86_64-unknown-linux-gnu/lib/rustlib/x86_64-unknown-linux-gnu/lib/libstd-006123e2ce67e99d.rlib /opt/rustwide/rustup-home/toolchains/nightly-2025-01-18-x86_64-unknown-linux-gnu/lib/rustlib/x86_64-unknown-linux-gnu/lib/libpanic_unwind-e1447e1efa6f1e57.rlib /opt/rustwide/rustup-home/toolchains/nightly-2025-01-18-x86_64-unknown-linux-gnu/lib/rustlib/x86_64-unknown-linux-gnu/lib/libobject-f6963a4916fcf097.rlib /opt/rustwide/rustup-home/toolchains/nightly-2025-01-18-x86_64-unknown-linux-gnu/lib/rustlib/x86_64-unknown-linux-gnu/lib/libmemchr-49a2d9af912f4524.rlib /opt/rustwide/rustup-home/toolchains/nightly-2025-01-18-x86_64-unknown-linux-gnu/lib/rustlib/x86_64-unknown-linux-gnu/lib/libaddr2line-04d19aad3936869d.rlib /opt/rustwide/rustup-home/toolchains/nightly-2025-01-18-x86_64-unknown-linux-gnu/lib/rustlib/x86_64-unknown-linux-gnu/lib/libgimli-483c235edb789db0.rlib /opt/rustwide/rustup-home/toolchains/nightly-2025-01-18-x86_64-unknown-linux-gnu/lib/rustlib/x86_64-unknown-linux-gnu/lib/librustc_demangle-294281af50b8f748.rlib /opt/rustwide/rustup-home/toolchains/nightly-2025-01-18-x86_64-unknown-linux-gnu/lib/rustlib/x86_64-unknown-linux-gnu/lib/libstd_detect-3b08295250aabc2a.rlib /opt/rustwide/rustup-home/toolchains/nightly-2025-01-18-x86_64-unknown-linux-gnu/lib/rustlib/x86_64-unknown-linux-gnu/lib/libhashbrown-4472d1e05ba0dfaf.rlib /opt/rustwide/rustup-home/toolchains/nightly-2025-01-18-x86_64-unknown-linux-gnu/lib/rustlib/x86_64-unknown-linux-gnu/lib/librustc_std_workspace_alloc-2ef099fac590e457.rlib /opt/rustwide/rustup-home/toolchains/nightly-2025-01-18-x86_64-unknown-linux-gnu/lib/rustlib/x86_64-unknown-linux-gnu/lib/libminiz_oxide-8a51f5e848546c29.rlib /opt/rustwide/rustup-home/toolchains/nightly-2025-01-18-x86_64-unknown-linux-gnu/lib/rustlib/x86_64-unknown-linux-gnu/lib/libadler2-3d3fa22b868db521.rlib /opt/rustwide/rustup-home/toolchains/nightly-2025-01-18-x86_64-unknown-linux-gnu/lib/rustlib/x86_64-unknown-linux-gnu/lib/libunwind-0ffda8b08e22dbea.rlib /opt/rustwide/rustup-home/toolchains/nightly-2025-01-18-x86_64-unknown-linux-gnu/lib/rustlib/x86_64-unknown-linux-gnu/lib/libcfg_if-b08f62458fdd43b9.rlib /opt/rustwide/rustup-home/toolchains/nightly-2025-01-18-x86_64-unknown-linux-gnu/lib/rustlib/x86_64-unknown-linux-gnu/lib/liblibc-559675126e63b890.rlib /opt/rustwide/rustup-home/toolchains/nightly-2025-01-18-x86_64-unknown-linux-gnu/lib/rustlib/x86_64-unknown-linux-gnu/lib/liballoc-fcf21c8d1c9c7b75.rlib /opt/rustwide/rustup-home/toolchains/nightly-2025-01-18-x86_64-unknown-linux-gnu/lib/rustlib/x86_64-unknown-linux-gnu/lib/librustc_std_workspace_core-e0b0460135bcf21d.rlib /opt/rustwide/rustup-home/toolchains/nightly-2025-01-18-x86_64-unknown-linux-gnu/lib/rustlib/x86_64-unknown-linux-gnu/lib/libcore-d4097fdcbddd3bc7.rlib /opt/rustwide/rustup-home/toolchains/nightly-2025-01-18-x86_64-unknown-linux-gnu/lib/rustlib/x86_64-unknown-linux-gnu/lib/libcompiler_builtins-fea484ac1eed7881.rlib -Bdynamic -lgcc_s -lutil -lrt -lpthread -lm -ldl -lc --eh-frame-hdr -z noexecstack --gc-sections -z relro -z now /usr/lib/gcc/x86_64-linux-gnu/11/crtendS.o /usr/lib/gcc/x86_64-linux-gnu/11/../../../x86_64-linux-gnu/crtn.o
[INFO] [stdout]           LLVM ERROR: IO failure on output stream: No space left on device
[INFO] [stdout]           collect2: error: ld returned 1 exit status
[INFO] [stdout]           
[INFO] [stdout] 
[INFO] [stdout] 
[INFO] [stdout] error: linking with `cc` failed: exit status: 1
[INFO] [stdout]   |
[INFO] [stdout]   = note: LC_ALL="C" PATH="/opt/rustwide/rustup-home/toolchains/nightly-2025-01-18-x86_64-unknown-linux-gnu/lib/rustlib/x86_64-unknown-linux-gnu/bin:/opt/rustwide/rustup-home/toolchains/nightly-2025-01-18-x86_64-unknown-linux-gnu/lib/rustlib/x86_64-unknown-linux-gnu/bin/self-contained:/opt/rustwide/cargo-home/bin:/usr/local/sbin:/usr/local/bin:/usr/sbin:/usr/bin:/sbin:/bin" VSLANG="1033" "cc" "-m64" "/tmp/rustchRqc7u/symbols.o" "<2 object files omitted>" "-Wl,--as-needed" "-Wl,-Bstatic" "/opt/rustwide/rustup-home/toolchains/nightly-2025-01-18-x86_64-unknown-linux-gnu/lib/rustlib/x86_64-unknown-linux-gnu/lib/{libtest-56d991603ff5adf3.rlib,libgetopts-0374f2ffd4fc2ee9.rlib,libunicode_width-3710af304f7a6204.rlib,librustc_std_workspace_std-b58fe15d3ae9c93b.rlib}" "/opt/rustwide/target/debug/deps/{libproconio-7f97284658aca983.rlib}" "/opt/rustwide/rustup-home/toolchains/nightly-2025-01-18-x86_64-unknown-linux-gnu/lib/rustlib/x86_64-unknown-linux-gnu/lib/{libstd-006123e2ce67e99d.rlib,libpanic_unwind-e1447e1efa6f1e57.rlib,libobject-f6963a4916fcf097.rlib,libmemchr-49a2d9af912f4524.rlib,libaddr2line-04d19aad3936869d.rlib,libgimli-483c235edb789db0.rlib,librustc_demangle-294281af50b8f748.rlib,libstd_detect-3b08295250aabc2a.rlib,libhashbrown-4472d1e05ba0dfaf.rlib,librustc_std_workspace_alloc-2ef099fac590e457.rlib,libminiz_oxide-8a51f5e848546c29.rlib,libadler2-3d3fa22b868db521.rlib,libunwind-0ffda8b08e22dbea.rlib,libcfg_if-b08f62458fdd43b9.rlib,liblibc-559675126e63b890.rlib,liballoc-fcf21c8d1c9c7b75.rlib,librustc_std_workspace_core-e0b0460135bcf21d.rlib,libcore-d4097fdcbddd3bc7.rlib,libcompiler_builtins-fea484ac1eed7881.rlib}" "-Wl,-Bdynamic" "-lgcc_s" "-lutil" "-lrt" "-lpthread" "-lm" "-ldl" "-lc" "-B/opt/rustwide/rustup-home/toolchains/nightly-2025-01-18-x86_64-unknown-linux-gnu/lib/rustlib/x86_64-unknown-linux-gnu/bin/gcc-ld" "-fuse-ld=lld" "-Wl,--eh-frame-hdr" "-Wl,-z,noexecstack" "-L" "/opt/rustwide/rustup-home/toolchains/nightly-2025-01-18-x86_64-unknown-linux-gnu/lib/rustlib/x86_64-unknown-linux-gnu/lib" "-o" "/opt/rustwide/target/debug/deps/abc374_a-77de64035e743370" "-Wl,--gc-sections" "-pie" "-Wl,-z,relro,-z,now" "-nodefaultlibs"
[INFO] [stdout]   = note: some arguments are omitted. use `--verbose` to show all linker arguments
[INFO] [stdout]   = note: PLEASE submit a bug report to https://github.com/llvm/llvm-project/issues/ and include the crash backtrace.
[INFO] [stdout]           LLVM ERROR: IO failure on output stream: No space left on device
[INFO] [stdout]           collect2: error: ld returned 1 exit status
[INFO] [stdout]           
[INFO] [stdout] 
[INFO] [stdout] 
[INFO] [stderr] error: could not compile `abc` (bin "abc379_a" test) due to 1 previous error
[INFO] [stderr] error: could not compile `abc` (bin "abc374_a" test) due to 1 previous error
[INFO] [stderr] error: could not compile `abc` (bin "arc181_a" test) due to 1 previous error
[INFO] [stdout] error: linking with `cc` failed: exit status: 1
[INFO] [stdout]   |
[INFO] [stdout]   = note: LC_ALL="C" PATH="/opt/rustwide/rustup-home/toolchains/nightly-2025-01-18-x86_64-unknown-linux-gnu/lib/rustlib/x86_64-unknown-linux-gnu/bin:/opt/rustwide/rustup-home/toolchains/nightly-2025-01-18-x86_64-unknown-linux-gnu/lib/rustlib/x86_64-unknown-linux-gnu/bin/self-contained:/opt/rustwide/cargo-home/bin:/usr/local/sbin:/usr/local/bin:/usr/sbin:/usr/bin:/sbin:/bin" VSLANG="1033" "cc" "-m64" "/tmp/rustcKlsgJD/symbols.o" "<2 object files omitted>" "-Wl,--as-needed" "-Wl,-Bstatic" "/opt/rustwide/rustup-home/toolchains/nightly-2025-01-18-x86_64-unknown-linux-gnu/lib/rustlib/x86_64-unknown-linux-gnu/lib/{libtest-56d991603ff5adf3.rlib,libgetopts-0374f2ffd4fc2ee9.rlib,libunicode_width-3710af304f7a6204.rlib,librustc_std_workspace_std-b58fe15d3ae9c93b.rlib}" "/opt/rustwide/target/debug/deps/{libproconio-7f97284658aca983.rlib}" "/opt/rustwide/rustup-home/toolchains/nightly-2025-01-18-x86_64-unknown-linux-gnu/lib/rustlib/x86_64-unknown-linux-gnu/lib/{libstd-006123e2ce67e99d.rlib,libpanic_unwind-e1447e1efa6f1e57.rlib,libobject-f6963a4916fcf097.rlib,libmemchr-49a2d9af912f4524.rlib,libaddr2line-04d19aad3936869d.rlib,libgimli-483c235edb789db0.rlib,librustc_demangle-294281af50b8f748.rlib,libstd_detect-3b08295250aabc2a.rlib,libhashbrown-4472d1e05ba0dfaf.rlib,librustc_std_workspace_alloc-2ef099fac590e457.rlib,libminiz_oxide-8a51f5e848546c29.rlib,libadler2-3d3fa22b868db521.rlib,libunwind-0ffda8b08e22dbea.rlib,libcfg_if-b08f62458fdd43b9.rlib,liblibc-559675126e63b890.rlib,liballoc-fcf21c8d1c9c7b75.rlib,librustc_std_workspace_core-e0b0460135bcf21d.rlib,libcore-d4097fdcbddd3bc7.rlib,libcompiler_builtins-fea484ac1eed7881.rlib}" "-Wl,-Bdynamic" "-lgcc_s" "-lutil" "-lrt" "-lpthread" "-lm" "-ldl" "-lc" "-B/opt/rustwide/rustup-home/toolchains/nightly-2025-01-18-x86_64-unknown-linux-gnu/lib/rustlib/x86_64-unknown-linux-gnu/bin/gcc-ld" "-fuse-ld=lld" "-Wl,--eh-frame-hdr" "-Wl,-z,noexecstack" "-L" "/opt/rustwide/rustup-home/toolchains/nightly-2025-01-18-x86_64-unknown-linux-gnu/lib/rustlib/x86_64-unknown-linux-gnu/lib" "-o" "/opt/rustwide/target/debug/deps/abc361_a-37e2740cece28fbd" "-Wl,--gc-sections" "-pie" "-Wl,-z,relro,-z,now" "-nodefaultlibs"
[INFO] [stdout]   = note: some arguments are omitted. use `--verbose` to show all linker arguments
[INFO] [stdout]   = note: PLEASE submit a bug report to https://github.com/llvm/llvm-project/issues/ and include the crash backtrace.
[INFO] [stdout]           LLVM ERROR: IO failure on output stream: No space left on device
[INFO] [stdout]           collect2: error: ld returned 1 exit status
[INFO] [stdout]           
[INFO] [stdout] 
[INFO] [stdout] 
[INFO] [stdout] error: linking with `cc` failed: exit status: 1
[INFO] [stdout]   |
[INFO] [stdout]   = note: LC_ALL="C" PATH="/opt/rustwide/rustup-home/toolchains/nightly-2025-01-18-x86_64-unknown-linux-gnu/lib/rustlib/x86_64-unknown-linux-gnu/bin:/opt/rustwide/rustup-home/toolchains/nightly-2025-01-18-x86_64-unknown-linux-gnu/lib/rustlib/x86_64-unknown-linux-gnu/bin/self-contained:/opt/rustwide/cargo-home/bin:/usr/local/sbin:/usr/local/bin:/usr/sbin:/usr/bin:/sbin:/bin" VSLANG="1033" "cc" "-m64" "/tmp/rustc4ROBf1/symbols.o" "<2 object files omitted>" "-Wl,--as-needed" "-Wl,-Bstatic" "/opt/rustwide/rustup-home/toolchains/nightly-2025-01-18-x86_64-unknown-linux-gnu/lib/rustlib/x86_64-unknown-linux-gnu/lib/{libtest-56d991603ff5adf3.rlib,libgetopts-0374f2ffd4fc2ee9.rlib,libunicode_width-3710af304f7a6204.rlib,librustc_std_workspace_std-b58fe15d3ae9c93b.rlib}" "/opt/rustwide/target/debug/deps/{libproconio-7f97284658aca983.rlib}" "/opt/rustwide/rustup-home/toolchains/nightly-2025-01-18-x86_64-unknown-linux-gnu/lib/rustlib/x86_64-unknown-linux-gnu/lib/{libstd-006123e2ce67e99d.rlib,libpanic_unwind-e1447e1efa6f1e57.rlib,libobject-f6963a4916fcf097.rlib,libmemchr-49a2d9af912f4524.rlib,libaddr2line-04d19aad3936869d.rlib,libgimli-483c235edb789db0.rlib,librustc_demangle-294281af50b8f748.rlib,libstd_detect-3b08295250aabc2a.rlib,libhashbrown-4472d1e05ba0dfaf.rlib,librustc_std_workspace_alloc-2ef099fac590e457.rlib,libminiz_oxide-8a51f5e848546c29.rlib,libadler2-3d3fa22b868db521.rlib,libunwind-0ffda8b08e22dbea.rlib,libcfg_if-b08f62458fdd43b9.rlib,liblibc-559675126e63b890.rlib,liballoc-fcf21c8d1c9c7b75.rlib,librustc_std_workspace_core-e0b0460135bcf21d.rlib,libcore-d4097fdcbddd3bc7.rlib,libcompiler_builtins-fea484ac1eed7881.rlib}" "-Wl,-Bdynamic" "-lgcc_s" "-lutil" "-lrt" "-lpthread" "-lm" "-ldl" "-lc" "-B/opt/rustwide/rustup-home/toolchains/nightly-2025-01-18-x86_64-unknown-linux-gnu/lib/rustlib/x86_64-unknown-linux-gnu/bin/gcc-ld" "-fuse-ld=lld" "-Wl,--eh-frame-hdr" "-Wl,-z,noexecstack" "-L" "/opt/rustwide/rustup-home/toolchains/nightly-2025-01-18-x86_64-unknown-linux-gnu/lib/rustlib/x86_64-unknown-linux-gnu/lib" "-o" "/opt/rustwide/target/debug/deps/abc367_b-b963b0f5a7451fab" "-Wl,--gc-sections" "-pie" "-Wl,-z,relro,-z,now" "-nodefaultlibs"
[INFO] [stdout]   = note: some arguments are omitted. use `--verbose` to show all linker arguments
[INFO] [stdout]   = note: PLEASE submit a bug report to https://github.com/llvm/llvm-project/issues/ and include the crash backtrace.
[INFO] [stdout]           LLVM ERROR: IO failure on output stream: No space left on device
[INFO] [stdout]           collect2: error: ld returned 1 exit status
[INFO] [stdout]           
[INFO] [stdout] 
[INFO] [stdout] 
[INFO] [stdout] error: linking with `cc` failed: exit status: 1
[INFO] [stdout]   |
[INFO] [stdout]   = note: LC_ALL="C" PATH="/opt/rustwide/rustup-home/toolchains/nightly-2025-01-18-x86_64-unknown-linux-gnu/lib/rustlib/x86_64-unknown-linux-gnu/bin:/opt/rustwide/rustup-home/toolchains/nightly-2025-01-18-x86_64-unknown-linux-gnu/lib/rustlib/x86_64-unknown-linux-gnu/bin/self-contained:/opt/rustwide/cargo-home/bin:/usr/local/sbin:/usr/local/bin:/usr/sbin:/usr/bin:/sbin:/bin" VSLANG="1033" "cc" "-m64" "/tmp/rustcyHuXgA/symbols.o" "<2 object files omitted>" "-Wl,--as-needed" "-Wl,-Bstatic" "/opt/rustwide/rustup-home/toolchains/nightly-2025-01-18-x86_64-unknown-linux-gnu/lib/rustlib/x86_64-unknown-linux-gnu/lib/{libtest-56d991603ff5adf3.rlib,libgetopts-0374f2ffd4fc2ee9.rlib,libunicode_width-3710af304f7a6204.rlib,librustc_std_workspace_std-b58fe15d3ae9c93b.rlib}" "/opt/rustwide/target/debug/deps/{libproconio-7f97284658aca983.rlib}" "/opt/rustwide/rustup-home/toolchains/nightly-2025-01-18-x86_64-unknown-linux-gnu/lib/rustlib/x86_64-unknown-linux-gnu/lib/{libstd-006123e2ce67e99d.rlib,libpanic_unwind-e1447e1efa6f1e57.rlib,libobject-f6963a4916fcf097.rlib,libmemchr-49a2d9af912f4524.rlib,libaddr2line-04d19aad3936869d.rlib,libgimli-483c235edb789db0.rlib,librustc_demangle-294281af50b8f748.rlib,libstd_detect-3b08295250aabc2a.rlib,libhashbrown-4472d1e05ba0dfaf.rlib,librustc_std_workspace_alloc-2ef099fac590e457.rlib,libminiz_oxide-8a51f5e848546c29.rlib,libadler2-3d3fa22b868db521.rlib,libunwind-0ffda8b08e22dbea.rlib,libcfg_if-b08f62458fdd43b9.rlib,liblibc-559675126e63b890.rlib,liballoc-fcf21c8d1c9c7b75.rlib,librustc_std_workspace_core-e0b0460135bcf21d.rlib,libcore-d4097fdcbddd3bc7.rlib,libcompiler_builtins-fea484ac1eed7881.rlib}" "-Wl,-Bdynamic" "-lgcc_s" "-lutil" "-lrt" "-lpthread" "-lm" "-ldl" "-lc" "-B/opt/rustwide/rustup-home/toolchains/nightly-2025-01-18-x86_64-unknown-linux-gnu/lib/rustlib/x86_64-unknown-linux-gnu/bin/gcc-ld" "-fuse-ld=lld" "-Wl,--eh-frame-hdr" "-Wl,-z,noexecstack" "-L" "/opt/rustwide/rustup-home/toolchains/nightly-2025-01-18-x86_64-unknown-linux-gnu/lib/rustlib/x86_64-unknown-linux-gnu/lib" "-o" "/opt/rustwide/target/debug/deps/abc327_d-fa053bf4ed38dd2e" "-Wl,--gc-sections" "-pie" "-Wl,-z,relro,-z,now" "-nodefaultlibs"
[INFO] [stdout]   = note: some arguments are omitted. use `--verbose` to show all linker arguments
[INFO] [stdout]   = note: PLEASE submit a bug report to https://github.com/llvm/llvm-project/issues/ and include the crash backtrace.
[INFO] [stdout]           LLVM ERROR: IO failure on output stream: No space left on device
[INFO] [stdout]           collect2: error: ld returned 1 exit status
[INFO] [stdout]           
[INFO] [stdout] 
[INFO] [stdout] 
[INFO] [stderr] error: could not compile `abc` (bin "abc361_a" test) due to 1 previous error
[INFO] [stderr] error: could not compile `abc` (bin "abc367_b" test) due to 1 previous error
[INFO] [stderr] error: could not compile `abc` (bin "abc327_d" test) due to 1 previous error
[INFO] [stderr] error: could not compile `abc` (bin "abc362_d" test) due to 1 previous error; 4 warnings emitted
[INFO] [stdout] error: linking with `cc` failed: exit status: 1
[INFO] [stdout]   |
[INFO] [stdout]   = note: LC_ALL="C" PATH="/opt/rustwide/rustup-home/toolchains/nightly-2025-01-18-x86_64-unknown-linux-gnu/lib/rustlib/x86_64-unknown-linux-gnu/bin:/opt/rustwide/rustup-home/toolchains/nightly-2025-01-18-x86_64-unknown-linux-gnu/lib/rustlib/x86_64-unknown-linux-gnu/bin/self-contained:/opt/rustwide/cargo-home/bin:/usr/local/sbin:/usr/local/bin:/usr/sbin:/usr/bin:/sbin:/bin" VSLANG="1033" "cc" "-m64" "/tmp/rustcuCbu2k/symbols.o" "<2 object files omitted>" "-Wl,--as-needed" "-Wl,-Bstatic" "/opt/rustwide/rustup-home/toolchains/nightly-2025-01-18-x86_64-unknown-linux-gnu/lib/rustlib/x86_64-unknown-linux-gnu/lib/{libtest-56d991603ff5adf3.rlib,libgetopts-0374f2ffd4fc2ee9.rlib,libunicode_width-3710af304f7a6204.rlib,librustc_std_workspace_std-b58fe15d3ae9c93b.rlib}" "/opt/rustwide/target/debug/deps/{libproconio-7f97284658aca983.rlib}" "/opt/rustwide/rustup-home/toolchains/nightly-2025-01-18-x86_64-unknown-linux-gnu/lib/rustlib/x86_64-unknown-linux-gnu/lib/{libstd-006123e2ce67e99d.rlib,libpanic_unwind-e1447e1efa6f1e57.rlib,libobject-f6963a4916fcf097.rlib,libmemchr-49a2d9af912f4524.rlib,libaddr2line-04d19aad3936869d.rlib,libgimli-483c235edb789db0.rlib,librustc_demangle-294281af50b8f748.rlib,libstd_detect-3b08295250aabc2a.rlib,libhashbrown-4472d1e05ba0dfaf.rlib,librustc_std_workspace_alloc-2ef099fac590e457.rlib,libminiz_oxide-8a51f5e848546c29.rlib,libadler2-3d3fa22b868db521.rlib,libunwind-0ffda8b08e22dbea.rlib,libcfg_if-b08f62458fdd43b9.rlib,liblibc-559675126e63b890.rlib,liballoc-fcf21c8d1c9c7b75.rlib,librustc_std_workspace_core-e0b0460135bcf21d.rlib,libcore-d4097fdcbddd3bc7.rlib,libcompiler_builtins-fea484ac1eed7881.rlib}" "-Wl,-Bdynamic" "-lgcc_s" "-lutil" "-lrt" "-lpthread" "-lm" "-ldl" "-lc" "-B/opt/rustwide/rustup-home/toolchains/nightly-2025-01-18-x86_64-unknown-linux-gnu/lib/rustlib/x86_64-unknown-linux-gnu/bin/gcc-ld" "-fuse-ld=lld" "-Wl,--eh-frame-hdr" "-Wl,-z,noexecstack" "-L" "/opt/rustwide/rustup-home/toolchains/nightly-2025-01-18-x86_64-unknown-linux-gnu/lib/rustlib/x86_64-unknown-linux-gnu/lib" "-o" "/opt/rustwide/target/debug/deps/abc364_e-500ba1c25497b575" "-Wl,--gc-sections" "-pie" "-Wl,-z,relro,-z,now" "-nodefaultlibs"
[INFO] [stdout]   = note: some arguments are omitted. use `--verbose` to show all linker arguments
[INFO] [stdout]   = note: collect2: fatal error: ld terminated with signal 7 [Bus error], core dumped
[INFO] [stdout]           compilation terminated.
[INFO] [stdout]           
[INFO] [stdout] 
[INFO] [stdout] 
[INFO] [stderr] error: could not compile `abc` (bin "abc364_e" test) due to 1 previous error
[INFO] [stdout] error: linking with `cc` failed: exit status: 1
[INFO] [stdout]   |
[INFO] [stdout]   = note: LC_ALL="C" PATH="/opt/rustwide/rustup-home/toolchains/nightly-2025-01-18-x86_64-unknown-linux-gnu/lib/rustlib/x86_64-unknown-linux-gnu/bin:/opt/rustwide/rustup-home/toolchains/nightly-2025-01-18-x86_64-unknown-linux-gnu/lib/rustlib/x86_64-unknown-linux-gnu/bin/self-contained:/opt/rustwide/cargo-home/bin:/usr/local/sbin:/usr/local/bin:/usr/sbin:/usr/bin:/sbin:/bin" VSLANG="1033" "cc" "-m64" "/tmp/rustcJbLizF/symbols.o" "<2 object files omitted>" "-Wl,--as-needed" "-Wl,-Bstatic" "/opt/rustwide/rustup-home/toolchains/nightly-2025-01-18-x86_64-unknown-linux-gnu/lib/rustlib/x86_64-unknown-linux-gnu/lib/{libtest-56d991603ff5adf3.rlib,libgetopts-0374f2ffd4fc2ee9.rlib,libunicode_width-3710af304f7a6204.rlib,librustc_std_workspace_std-b58fe15d3ae9c93b.rlib}" "/opt/rustwide/target/debug/deps/{libproconio-7f97284658aca983.rlib}" "/opt/rustwide/rustup-home/toolchains/nightly-2025-01-18-x86_64-unknown-linux-gnu/lib/rustlib/x86_64-unknown-linux-gnu/lib/{libstd-006123e2ce67e99d.rlib,libpanic_unwind-e1447e1efa6f1e57.rlib,libobject-f6963a4916fcf097.rlib,libmemchr-49a2d9af912f4524.rlib,libaddr2line-04d19aad3936869d.rlib,libgimli-483c235edb789db0.rlib,librustc_demangle-294281af50b8f748.rlib,libstd_detect-3b08295250aabc2a.rlib,libhashbrown-4472d1e05ba0dfaf.rlib,librustc_std_workspace_alloc-2ef099fac590e457.rlib,libminiz_oxide-8a51f5e848546c29.rlib,libadler2-3d3fa22b868db521.rlib,libunwind-0ffda8b08e22dbea.rlib,libcfg_if-b08f62458fdd43b9.rlib,liblibc-559675126e63b890.rlib,liballoc-fcf21c8d1c9c7b75.rlib,librustc_std_workspace_core-e0b0460135bcf21d.rlib,libcore-d4097fdcbddd3bc7.rlib,libcompiler_builtins-fea484ac1eed7881.rlib}" "-Wl,-Bdynamic" "-lgcc_s" "-lutil" "-lrt" "-lpthread" "-lm" "-ldl" "-lc" "-B/opt/rustwide/rustup-home/toolchains/nightly-2025-01-18-x86_64-unknown-linux-gnu/lib/rustlib/x86_64-unknown-linux-gnu/bin/gcc-ld" "-fuse-ld=lld" "-Wl,--eh-frame-hdr" "-Wl,-z,noexecstack" "-L" "/opt/rustwide/rustup-home/toolchains/nightly-2025-01-18-x86_64-unknown-linux-gnu/lib/rustlib/x86_64-unknown-linux-gnu/lib" "-o" "/opt/rustwide/target/debug/deps/abc298_d-82595f5eb2eed206" "-Wl,--gc-sections" "-pie" "-Wl,-z,relro,-z,now" "-nodefaultlibs"
[INFO] [stdout]   = note: some arguments are omitted. use `--verbose` to show all linker arguments
[INFO] [stdout]   = note: collect2: fatal error: ld terminated with signal 7 [Bus error], core dumped
[INFO] [stdout]           compilation terminated.
[INFO] [stdout]           
[INFO] [stdout] 
[INFO] [stdout] 
[INFO] [stderr] error: could not compile `abc` (bin "abc298_d" test) due to 1 previous error
[INFO] [stdout] error: linking with `cc` failed: exit status: 1
[INFO] [stdout]   |
[INFO] [stdout]   = note: LC_ALL="C" PATH="/opt/rustwide/rustup-home/toolchains/nightly-2025-01-18-x86_64-unknown-linux-gnu/lib/rustlib/x86_64-unknown-linux-gnu/bin:/opt/rustwide/rustup-home/toolchains/nightly-2025-01-18-x86_64-unknown-linux-gnu/lib/rustlib/x86_64-unknown-linux-gnu/bin/self-contained:/opt/rustwide/cargo-home/bin:/usr/local/sbin:/usr/local/bin:/usr/sbin:/usr/bin:/sbin:/bin" VSLANG="1033" "cc" "-m64" "/tmp/rustcXr2WFP/symbols.o" "<2 object files omitted>" "-Wl,--as-needed" "-Wl,-Bstatic" "/opt/rustwide/rustup-home/toolchains/nightly-2025-01-18-x86_64-unknown-linux-gnu/lib/rustlib/x86_64-unknown-linux-gnu/lib/{libtest-56d991603ff5adf3.rlib,libgetopts-0374f2ffd4fc2ee9.rlib,libunicode_width-3710af304f7a6204.rlib,librustc_std_workspace_std-b58fe15d3ae9c93b.rlib,libstd-006123e2ce67e99d.rlib,libpanic_unwind-e1447e1efa6f1e57.rlib,libobject-f6963a4916fcf097.rlib,libmemchr-49a2d9af912f4524.rlib,libaddr2line-04d19aad3936869d.rlib,libgimli-483c235edb789db0.rlib,librustc_demangle-294281af50b8f748.rlib,libstd_detect-3b08295250aabc2a.rlib,libhashbrown-4472d1e05ba0dfaf.rlib,librustc_std_workspace_alloc-2ef099fac590e457.rlib,libminiz_oxide-8a51f5e848546c29.rlib,libadler2-3d3fa22b868db521.rlib,libunwind-0ffda8b08e22dbea.rlib,libcfg_if-b08f62458fdd43b9.rlib,liblibc-559675126e63b890.rlib,liballoc-fcf21c8d1c9c7b75.rlib,librustc_std_workspace_core-e0b0460135bcf21d.rlib,libcore-d4097fdcbddd3bc7.rlib,libcompiler_builtins-fea484ac1eed7881.rlib}" "-Wl,-Bdynamic" "-lgcc_s" "-lutil" "-lrt" "-lpthread" "-lm" "-ldl" "-lc" "-B/opt/rustwide/rustup-home/toolchains/nightly-2025-01-18-x86_64-unknown-linux-gnu/lib/rustlib/x86_64-unknown-linux-gnu/bin/gcc-ld" "-fuse-ld=lld" "-Wl,--eh-frame-hdr" "-Wl,-z,noexecstack" "-L" "/opt/rustwide/rustup-home/toolchains/nightly-2025-01-18-x86_64-unknown-linux-gnu/lib/rustlib/x86_64-unknown-linux-gnu/lib" "-o" "/opt/rustwide/target/debug/deps/apg4b_cs-99813fa08d8d7eda" "-Wl,--gc-sections" "-pie" "-Wl,-z,relro,-z,now" "-nodefaultlibs"
[INFO] [stdout]   = note: some arguments are omitted. use `--verbose` to show all linker arguments
[INFO] [stdout]   = note: PLEASE submit a bug report to https://github.com/llvm/llvm-project/issues/ and include the crash backtrace.
[INFO] [stdout]           collect2: fatal error: ld terminated with signal 7 [Bus error], core dumped
[INFO] [stdout]           compilation terminated.
[INFO] [stdout]           
[INFO] [stdout] 
[INFO] [stdout] 
[INFO] [stderr] error: could not compile `abc` (bin "apg4b_cs" test) due to 1 previous error
[INFO] [stdout] error: linking with `cc` failed: exit status: 1
[INFO] [stdout]   |
[INFO] [stdout]   = note: LC_ALL="C" PATH="/opt/rustwide/rustup-home/toolchains/nightly-2025-01-18-x86_64-unknown-linux-gnu/lib/rustlib/x86_64-unknown-linux-gnu/bin:/opt/rustwide/rustup-home/toolchains/nightly-2025-01-18-x86_64-unknown-linux-gnu/lib/rustlib/x86_64-unknown-linux-gnu/bin/self-contained:/opt/rustwide/cargo-home/bin:/usr/local/sbin:/usr/local/bin:/usr/sbin:/usr/bin:/sbin:/bin" VSLANG="1033" "cc" "-m64" "/tmp/rustcxQEEya/symbols.o" "<2 object files omitted>" "-Wl,--as-needed" "-Wl,-Bstatic" "/opt/rustwide/rustup-home/toolchains/nightly-2025-01-18-x86_64-unknown-linux-gnu/lib/rustlib/x86_64-unknown-linux-gnu/lib/{libtest-56d991603ff5adf3.rlib,libgetopts-0374f2ffd4fc2ee9.rlib,libunicode_width-3710af304f7a6204.rlib,librustc_std_workspace_std-b58fe15d3ae9c93b.rlib}" "/opt/rustwide/target/debug/deps/{libproconio-7f97284658aca983.rlib}" "/opt/rustwide/rustup-home/toolchains/nightly-2025-01-18-x86_64-unknown-linux-gnu/lib/rustlib/x86_64-unknown-linux-gnu/lib/{libstd-006123e2ce67e99d.rlib,libpanic_unwind-e1447e1efa6f1e57.rlib,libobject-f6963a4916fcf097.rlib,libmemchr-49a2d9af912f4524.rlib,libaddr2line-04d19aad3936869d.rlib,libgimli-483c235edb789db0.rlib,librustc_demangle-294281af50b8f748.rlib,libstd_detect-3b08295250aabc2a.rlib,libhashbrown-4472d1e05ba0dfaf.rlib,librustc_std_workspace_alloc-2ef099fac590e457.rlib,libminiz_oxide-8a51f5e848546c29.rlib,libadler2-3d3fa22b868db521.rlib,libunwind-0ffda8b08e22dbea.rlib,libcfg_if-b08f62458fdd43b9.rlib,liblibc-559675126e63b890.rlib,liballoc-fcf21c8d1c9c7b75.rlib,librustc_std_workspace_core-e0b0460135bcf21d.rlib,libcore-d4097fdcbddd3bc7.rlib,libcompiler_builtins-fea484ac1eed7881.rlib}" "-Wl,-Bdynamic" "-lgcc_s" "-lutil" "-lrt" "-lpthread" "-lm" "-ldl" "-lc" "-B/opt/rustwide/rustup-home/toolchains/nightly-2025-01-18-x86_64-unknown-linux-gnu/lib/rustlib/x86_64-unknown-linux-gnu/bin/gcc-ld" "-fuse-ld=lld" "-Wl,--eh-frame-hdr" "-Wl,-z,noexecstack" "-L" "/opt/rustwide/rustup-home/toolchains/nightly-2025-01-18-x86_64-unknown-linux-gnu/lib/rustlib/x86_64-unknown-linux-gnu/lib" "-o" "/opt/rustwide/target/debug/deps/abc352_c-b1ce2f2d692f90ff" "-Wl,--gc-sections" "-pie" "-Wl,-z,relro,-z,now" "-nodefaultlibs"
[INFO] [stdout]   = note: some arguments are omitted. use `--verbose` to show all linker arguments
[INFO] [stdout]   = note: PLEASE submit a bug report to https://github.com/llvm/llvm-project/issues/ and include the crash backtrace.
[INFO] [stdout]           collect2: fatal error: ld terminated with signal 7 [Bus error], core dumped
[INFO] [stdout]           compilation terminated.
[INFO] [stdout]           
[INFO] [stdout] 
[INFO] [stdout] 
[INFO] [stderr] error: could not compile `abc` (bin "abc352_c" test) due to 1 previous error
[INFO] [stdout] error: linking with `cc` failed: exit status: 1
[INFO] [stdout]   |
[INFO] [stdout]   = note: LC_ALL="C" PATH="/opt/rustwide/rustup-home/toolchains/nightly-2025-01-18-x86_64-unknown-linux-gnu/lib/rustlib/x86_64-unknown-linux-gnu/bin:/opt/rustwide/rustup-home/toolchains/nightly-2025-01-18-x86_64-unknown-linux-gnu/lib/rustlib/x86_64-unknown-linux-gnu/bin/self-contained:/opt/rustwide/cargo-home/bin:/usr/local/sbin:/usr/local/bin:/usr/sbin:/usr/bin:/sbin:/bin" VSLANG="1033" "cc" "-m64" "/tmp/rustcWpPzoW/symbols.o" "<2 object files omitted>" "-Wl,--as-needed" "-Wl,-Bstatic" "/opt/rustwide/rustup-home/toolchains/nightly-2025-01-18-x86_64-unknown-linux-gnu/lib/rustlib/x86_64-unknown-linux-gnu/lib/{libtest-56d991603ff5adf3.rlib,libgetopts-0374f2ffd4fc2ee9.rlib,libunicode_width-3710af304f7a6204.rlib,librustc_std_workspace_std-b58fe15d3ae9c93b.rlib}" "/opt/rustwide/target/debug/deps/{libproconio-7f97284658aca983.rlib}" "/opt/rustwide/rustup-home/toolchains/nightly-2025-01-18-x86_64-unknown-linux-gnu/lib/rustlib/x86_64-unknown-linux-gnu/lib/{libstd-006123e2ce67e99d.rlib,libpanic_unwind-e1447e1efa6f1e57.rlib,libobject-f6963a4916fcf097.rlib,libmemchr-49a2d9af912f4524.rlib,libaddr2line-04d19aad3936869d.rlib,libgimli-483c235edb789db0.rlib,librustc_demangle-294281af50b8f748.rlib,libstd_detect-3b08295250aabc2a.rlib,libhashbrown-4472d1e05ba0dfaf.rlib,librustc_std_workspace_alloc-2ef099fac590e457.rlib,libminiz_oxide-8a51f5e848546c29.rlib,libadler2-3d3fa22b868db521.rlib,libunwind-0ffda8b08e22dbea.rlib,libcfg_if-b08f62458fdd43b9.rlib,liblibc-559675126e63b890.rlib,liballoc-fcf21c8d1c9c7b75.rlib,librustc_std_workspace_core-e0b0460135bcf21d.rlib,libcore-d4097fdcbddd3bc7.rlib,libcompiler_builtins-fea484ac1eed7881.rlib}" "-Wl,-Bdynamic" "-lgcc_s" "-lutil" "-lrt" "-lpthread" "-lm" "-ldl" "-lc" "-B/opt/rustwide/rustup-home/toolchains/nightly-2025-01-18-x86_64-unknown-linux-gnu/lib/rustlib/x86_64-unknown-linux-gnu/bin/gcc-ld" "-fuse-ld=lld" "-Wl,--eh-frame-hdr" "-Wl,-z,noexecstack" "-L" "/opt/rustwide/rustup-home/toolchains/nightly-2025-01-18-x86_64-unknown-linux-gnu/lib/rustlib/x86_64-unknown-linux-gnu/lib" "-o" "/opt/rustwide/target/debug/deps/abc302_d-24b2738ec3372467" "-Wl,--gc-sections" "-pie" "-Wl,-z,relro,-z,now" "-nodefaultlibs"
[INFO] [stdout]   = note: some arguments are omitted. use `--verbose` to show all linker arguments
[INFO] [stdout]   = note: collect2: fatal error: ld terminated with signal 7 [Bus error], core dumped
[INFO] [stdout]           compilation terminated.
[INFO] [stdout]           
[INFO] [stdout] 
[INFO] [stdout] 
[INFO] [stderr] error: could not compile `abc` (bin "abc302_d" test) due to 1 previous error
[INFO] [stdout] error: linking with `cc` failed: exit status: 1
[INFO] [stdout]   |
[INFO] [stdout]   = note: LC_ALL="C" PATH="/opt/rustwide/rustup-home/toolchains/nightly-2025-01-18-x86_64-unknown-linux-gnu/lib/rustlib/x86_64-unknown-linux-gnu/bin:/opt/rustwide/rustup-home/toolchains/nightly-2025-01-18-x86_64-unknown-linux-gnu/lib/rustlib/x86_64-unknown-linux-gnu/bin/self-contained:/opt/rustwide/cargo-home/bin:/usr/local/sbin:/usr/local/bin:/usr/sbin:/usr/bin:/sbin:/bin" VSLANG="1033" "cc" "-m64" "/tmp/rustccDLHww/symbols.o" "<2 object files omitted>" "-Wl,--as-needed" "-Wl,-Bstatic" "/opt/rustwide/rustup-home/toolchains/nightly-2025-01-18-x86_64-unknown-linux-gnu/lib/rustlib/x86_64-unknown-linux-gnu/lib/{libtest-56d991603ff5adf3.rlib,libgetopts-0374f2ffd4fc2ee9.rlib,libunicode_width-3710af304f7a6204.rlib,librustc_std_workspace_std-b58fe15d3ae9c93b.rlib}" "/opt/rustwide/target/debug/deps/{libproconio-7f97284658aca983.rlib}" "/opt/rustwide/rustup-home/toolchains/nightly-2025-01-18-x86_64-unknown-linux-gnu/lib/rustlib/x86_64-unknown-linux-gnu/lib/{libstd-006123e2ce67e99d.rlib,libpanic_unwind-e1447e1efa6f1e57.rlib,libobject-f6963a4916fcf097.rlib,libmemchr-49a2d9af912f4524.rlib,libaddr2line-04d19aad3936869d.rlib,libgimli-483c235edb789db0.rlib,librustc_demangle-294281af50b8f748.rlib,libstd_detect-3b08295250aabc2a.rlib,libhashbrown-4472d1e05ba0dfaf.rlib,librustc_std_workspace_alloc-2ef099fac590e457.rlib,libminiz_oxide-8a51f5e848546c29.rlib,libadler2-3d3fa22b868db521.rlib,libunwind-0ffda8b08e22dbea.rlib,libcfg_if-b08f62458fdd43b9.rlib,liblibc-559675126e63b890.rlib,liballoc-fcf21c8d1c9c7b75.rlib,librustc_std_workspace_core-e0b0460135bcf21d.rlib,libcore-d4097fdcbddd3bc7.rlib,libcompiler_builtins-fea484ac1eed7881.rlib}" "-Wl,-Bdynamic" "-lgcc_s" "-lutil" "-lrt" "-lpthread" "-lm" "-ldl" "-lc" "-B/opt/rustwide/rustup-home/toolchains/nightly-2025-01-18-x86_64-unknown-linux-gnu/lib/rustlib/x86_64-unknown-linux-gnu/bin/gcc-ld" "-fuse-ld=lld" "-Wl,--eh-frame-hdr" "-Wl,-z,noexecstack" "-L" "/opt/rustwide/rustup-home/toolchains/nightly-2025-01-18-x86_64-unknown-linux-gnu/lib/rustlib/x86_64-unknown-linux-gnu/lib" "-o" "/opt/rustwide/target/debug/deps/abc376_d-811341868d104ab2" "-Wl,--gc-sections" "-pie" "-Wl,-z,relro,-z,now" "-nodefaultlibs"
[INFO] [stdout]   = note: some arguments are omitted. use `--verbose` to show all linker arguments
[INFO] [stdout]   = note: collect2: fatal error: ld terminated with signal 7 [Bus error], core dumped
[INFO] [stdout]           compilation terminated.
[INFO] [stdout]           
[INFO] [stdout] 
[INFO] [stdout] 
[INFO] [stderr] error: could not compile `abc` (bin "abc376_d" test) due to 1 previous error
[INFO] [stdout] error: linking with `cc` failed: exit status: 1
[INFO] [stdout]   |
[INFO] [stdout]   = note: LC_ALL="C" PATH="/opt/rustwide/rustup-home/toolchains/nightly-2025-01-18-x86_64-unknown-linux-gnu/lib/rustlib/x86_64-unknown-linux-gnu/bin:/opt/rustwide/rustup-home/toolchains/nightly-2025-01-18-x86_64-unknown-linux-gnu/lib/rustlib/x86_64-unknown-linux-gnu/bin/self-contained:/opt/rustwide/cargo-home/bin:/usr/local/sbin:/usr/local/bin:/usr/sbin:/usr/bin:/sbin:/bin" VSLANG="1033" "cc" "-m64" "/tmp/rustckkqIYX/symbols.o" "<2 object files omitted>" "-Wl,--as-needed" "-Wl,-Bstatic" "/opt/rustwide/rustup-home/toolchains/nightly-2025-01-18-x86_64-unknown-linux-gnu/lib/rustlib/x86_64-unknown-linux-gnu/lib/{libtest-56d991603ff5adf3.rlib,libgetopts-0374f2ffd4fc2ee9.rlib,libunicode_width-3710af304f7a6204.rlib,librustc_std_workspace_std-b58fe15d3ae9c93b.rlib}" "/opt/rustwide/target/debug/deps/{libproconio-7f97284658aca983.rlib}" "/opt/rustwide/rustup-home/toolchains/nightly-2025-01-18-x86_64-unknown-linux-gnu/lib/rustlib/x86_64-unknown-linux-gnu/lib/{libstd-006123e2ce67e99d.rlib,libpanic_unwind-e1447e1efa6f1e57.rlib,libobject-f6963a4916fcf097.rlib,libmemchr-49a2d9af912f4524.rlib,libaddr2line-04d19aad3936869d.rlib,libgimli-483c235edb789db0.rlib,librustc_demangle-294281af50b8f748.rlib,libstd_detect-3b08295250aabc2a.rlib,libhashbrown-4472d1e05ba0dfaf.rlib,librustc_std_workspace_alloc-2ef099fac590e457.rlib,libminiz_oxide-8a51f5e848546c29.rlib,libadler2-3d3fa22b868db521.rlib,libunwind-0ffda8b08e22dbea.rlib,libcfg_if-b08f62458fdd43b9.rlib,liblibc-559675126e63b890.rlib,liballoc-fcf21c8d1c9c7b75.rlib,librustc_std_workspace_core-e0b0460135bcf21d.rlib,libcore-d4097fdcbddd3bc7.rlib,libcompiler_builtins-fea484ac1eed7881.rlib}" "-Wl,-Bdynamic" "-lgcc_s" "-lutil" "-lrt" "-lpthread" "-lm" "-ldl" "-lc" "-B/opt/rustwide/rustup-home/toolchains/nightly-2025-01-18-x86_64-unknown-linux-gnu/lib/rustlib/x86_64-unknown-linux-gnu/bin/gcc-ld" "-fuse-ld=lld" "-Wl,--eh-frame-hdr" "-Wl,-z,noexecstack" "-L" "/opt/rustwide/rustup-home/toolchains/nightly-2025-01-18-x86_64-unknown-linux-gnu/lib/rustlib/x86_64-unknown-linux-gnu/lib" "-o" "/opt/rustwide/target/debug/deps/abc371_e-ecacbf56def1cb67" "-Wl,--gc-sections" "-pie" "-Wl,-z,relro,-z,now" "-nodefaultlibs"
[INFO] [stdout]   = note: some arguments are omitted. use `--verbose` to show all linker arguments
[INFO] [stdout]   = note: collect2: fatal error: ld terminated with signal 7 [Bus error], core dumped
[INFO] [stdout]           compilation terminated.
[INFO] [stdout]           
[INFO] [stdout] 
[INFO] [stdout] 
[INFO] [stderr] error: could not compile `abc` (bin "abc371_e" test) due to 1 previous error
[INFO] [stdout] error: linking with `cc` failed: exit status: 1
[INFO] [stdout]   |
[INFO] [stdout]   = note: LC_ALL="C" PATH="/opt/rustwide/rustup-home/toolchains/nightly-2025-01-18-x86_64-unknown-linux-gnu/lib/rustlib/x86_64-unknown-linux-gnu/bin:/opt/rustwide/rustup-home/toolchains/nightly-2025-01-18-x86_64-unknown-linux-gnu/lib/rustlib/x86_64-unknown-linux-gnu/bin/self-contained:/opt/rustwide/cargo-home/bin:/usr/local/sbin:/usr/local/bin:/usr/sbin:/usr/bin:/sbin:/bin" VSLANG="1033" "cc" "-m64" "/tmp/rustcM48yFo/symbols.o" "<2 object files omitted>" "-Wl,--as-needed" "-Wl,-Bstatic" "/opt/rustwide/rustup-home/toolchains/nightly-2025-01-18-x86_64-unknown-linux-gnu/lib/rustlib/x86_64-unknown-linux-gnu/lib/{libtest-56d991603ff5adf3.rlib,libgetopts-0374f2ffd4fc2ee9.rlib,libunicode_width-3710af304f7a6204.rlib,librustc_std_workspace_std-b58fe15d3ae9c93b.rlib}" "/opt/rustwide/target/debug/deps/{libproconio-7f97284658aca983.rlib}" "/opt/rustwide/rustup-home/toolchains/nightly-2025-01-18-x86_64-unknown-linux-gnu/lib/rustlib/x86_64-unknown-linux-gnu/lib/{libstd-006123e2ce67e99d.rlib,libpanic_unwind-e1447e1efa6f1e57.rlib,libobject-f6963a4916fcf097.rlib,libmemchr-49a2d9af912f4524.rlib,libaddr2line-04d19aad3936869d.rlib,libgimli-483c235edb789db0.rlib,librustc_demangle-294281af50b8f748.rlib,libstd_detect-3b08295250aabc2a.rlib,libhashbrown-4472d1e05ba0dfaf.rlib,librustc_std_workspace_alloc-2ef099fac590e457.rlib,libminiz_oxide-8a51f5e848546c29.rlib,libadler2-3d3fa22b868db521.rlib,libunwind-0ffda8b08e22dbea.rlib,libcfg_if-b08f62458fdd43b9.rlib,liblibc-559675126e63b890.rlib,liballoc-fcf21c8d1c9c7b75.rlib,librustc_std_workspace_core-e0b0460135bcf21d.rlib,libcore-d4097fdcbddd3bc7.rlib,libcompiler_builtins-fea484ac1eed7881.rlib}" "-Wl,-Bdynamic" "-lgcc_s" "-lutil" "-lrt" "-lpthread" "-lm" "-ldl" "-lc" "-B/opt/rustwide/rustup-home/toolchains/nightly-2025-01-18-x86_64-unknown-linux-gnu/lib/rustlib/x86_64-unknown-linux-gnu/bin/gcc-ld" "-fuse-ld=lld" "-Wl,--eh-frame-hdr" "-Wl,-z,noexecstack" "-L" "/opt/rustwide/rustup-home/toolchains/nightly-2025-01-18-x86_64-unknown-linux-gnu/lib/rustlib/x86_64-unknown-linux-gnu/lib" "-o" "/opt/rustwide/target/debug/deps/abc366_c-23d2a6ca94330493" "-Wl,--gc-sections" "-pie" "-Wl,-z,relro,-z,now" "-nodefaultlibs"
[INFO] [stdout]   = note: some arguments are omitted. use `--verbose` to show all linker arguments
[INFO] [stdout]   = note: PLEASE submit a bug report to https://github.com/llvm/llvm-project/issues/ and include the crash backtrace.
[INFO] [stdout]           collect2: fatal error: ld terminated with signal 7 [Bus error], core dumped
[INFO] [stdout]           compilation terminated.
[INFO] [stdout]           
[INFO] [stdout] 
[INFO] [stdout] 
[INFO] [stderr] error: could not compile `abc` (bin "abc366_c" test) due to 1 previous error
[INFO] running `Command { std: "docker" "inspect" "ee5a2ff3a9be5b16bdf1d3c40e831a954e839158c77eb7c001fd0cf418806e6c", kill_on_drop: false }`
[INFO] running `Command { std: "docker" "rm" "-f" "ee5a2ff3a9be5b16bdf1d3c40e831a954e839158c77eb7c001fd0cf418806e6c", kill_on_drop: false }`
[INFO] [stdout] ee5a2ff3a9be5b16bdf1d3c40e831a954e839158c77eb7c001fd0cf418806e6c
