[INFO] cloning repository https://github.com/sammhicks/internet-radio-web-client-rs
[INFO] running `Command { std: "git" "-c" "credential.helper=" "-c" "credential.helper=/workspace/cargo-home/bin/git-credential-null" "clone" "--bare" "https://github.com/sammhicks/internet-radio-web-client-rs" "/workspace/cache/git-repos/https%3A%2F%2Fgithub.com%2Fsammhicks%2Finternet-radio-web-client-rs", kill_on_drop: false }`
[INFO] [stderr] Cloning into bare repository '/workspace/cache/git-repos/https%3A%2F%2Fgithub.com%2Fsammhicks%2Finternet-radio-web-client-rs'...
[INFO] running `Command { std: "git" "rev-parse" "HEAD", kill_on_drop: false }`
[INFO] [stdout] 68ecb4a9eaf1250be00496b282cd077095fe3adc
[INFO] testing sammhicks/internet-radio-web-client-rs against nightly-2025-01-18+rustflags=-Zrandomize-layout for randomize-layout-2
[INFO] running `Command { std: "git" "clone" "/workspace/cache/git-repos/https%3A%2F%2Fgithub.com%2Fsammhicks%2Finternet-radio-web-client-rs" "/workspace/builds/worker-4-tc2/source", kill_on_drop: false }`
[INFO] [stderr] Cloning into '/workspace/builds/worker-4-tc2/source'...
[INFO] [stderr] done.
[INFO] validating manifest of git repo https://github.com/sammhicks/internet-radio-web-client-rs on toolchain nightly-2025-01-18
[INFO] running `Command { std: CARGO_HOME="/workspace/cargo-home" RUSTUP_HOME="/workspace/rustup-home" "/workspace/cargo-home/bin/cargo" "+nightly-2025-01-18" "metadata" "--manifest-path" "Cargo.toml" "--no-deps", kill_on_drop: false }`
[INFO] removed /workspace/builds/worker-4-tc2/source/.cargo/config.toml
[INFO] removed /workspace/builds/worker-4-tc2/source/rust-toolchain.toml
[INFO] started tweaking git repo https://github.com/sammhicks/internet-radio-web-client-rs
[INFO] finished tweaking git repo https://github.com/sammhicks/internet-radio-web-client-rs
[INFO] tweaked toml for git repo https://github.com/sammhicks/internet-radio-web-client-rs written to /workspace/builds/worker-4-tc2/source/Cargo.toml
[INFO] crate git repo https://github.com/sammhicks/internet-radio-web-client-rs already has a lockfile, it will not be regenerated
[INFO] running `Command { std: CARGO_HOME="/workspace/cargo-home" RUSTUP_HOME="/workspace/rustup-home" "/workspace/cargo-home/bin/cargo" "+nightly-2025-01-18" "fetch" "--manifest-path" "Cargo.toml", kill_on_drop: false }`
[INFO] running `Command { std: "docker" "create" "-v" "/var/lib/crater-agent-workspace/builds/worker-4-tc2/target:/opt/rustwide/target:rw,Z" "-v" "/var/lib/crater-agent-workspace/builds/worker-4-tc2/source:/opt/rustwide/workdir:ro,Z" "-v" "/var/lib/crater-agent-workspace/cargo-home:/opt/rustwide/cargo-home:ro,Z" "-v" "/var/lib/crater-agent-workspace/rustup-home:/opt/rustwide/rustup-home:ro,Z" "-e" "SOURCE_DIR=/opt/rustwide/workdir" "-e" "CARGO_TARGET_DIR=/opt/rustwide/target" "-e" "CARGO_HOME=/opt/rustwide/cargo-home" "-e" "RUSTUP_HOME=/opt/rustwide/rustup-home" "-w" "/opt/rustwide/workdir" "-m" "1610612736" "--user" "0:0" "--network" "none" "ghcr.io/rust-lang/crates-build-env/linux@sha256:819108c5571ea2e421544af4d832f968d213c87fbe3707a016657f43d2f853bc" "/opt/rustwide/cargo-home/bin/cargo" "+nightly-2025-01-18" "metadata" "--no-deps" "--format-version=1", kill_on_drop: false }`
[INFO] [stdout] 7f1fe8486461765c3ab38fb1928e2594f50cbfdd98bae19f2730e194afa664c8
[INFO] running `Command { std: "docker" "start" "-a" "7f1fe8486461765c3ab38fb1928e2594f50cbfdd98bae19f2730e194afa664c8", kill_on_drop: false }`
[INFO] running `Command { std: "docker" "inspect" "7f1fe8486461765c3ab38fb1928e2594f50cbfdd98bae19f2730e194afa664c8", kill_on_drop: false }`
[INFO] running `Command { std: "docker" "rm" "-f" "7f1fe8486461765c3ab38fb1928e2594f50cbfdd98bae19f2730e194afa664c8", kill_on_drop: false }`
[INFO] [stdout] 7f1fe8486461765c3ab38fb1928e2594f50cbfdd98bae19f2730e194afa664c8
[INFO] running `Command { std: "docker" "create" "-v" "/var/lib/crater-agent-workspace/builds/worker-4-tc2/target:/opt/rustwide/target:rw,Z" "-v" "/var/lib/crater-agent-workspace/builds/worker-4-tc2/source:/opt/rustwide/workdir:ro,Z" "-v" "/var/lib/crater-agent-workspace/cargo-home:/opt/rustwide/cargo-home:ro,Z" "-v" "/var/lib/crater-agent-workspace/rustup-home:/opt/rustwide/rustup-home:ro,Z" "-e" "SOURCE_DIR=/opt/rustwide/workdir" "-e" "CARGO_TARGET_DIR=/opt/rustwide/target" "-e" "CARGO_INCREMENTAL=0" "-e" "RUST_BACKTRACE=full" "-e" "RUSTFLAGS=--cap-lints=forbid -Zrandomize-layout" "-e" "RUSTDOCFLAGS=--cap-lints=forbid" "-e" "CARGO_HOME=/opt/rustwide/cargo-home" "-e" "RUSTUP_HOME=/opt/rustwide/rustup-home" "-w" "/opt/rustwide/workdir" "-m" "1610612736" "--user" "0:0" "--network" "none" "ghcr.io/rust-lang/crates-build-env/linux@sha256:819108c5571ea2e421544af4d832f968d213c87fbe3707a016657f43d2f853bc" "/opt/rustwide/cargo-home/bin/cargo" "+nightly-2025-01-18" "build" "--frozen" "--message-format=json", kill_on_drop: false }`
[INFO] [stdout] 9dff05436e08cd75cc0744142531a882b8dab022fcae5221b20237ac195f6b53
[INFO] running `Command { std: "docker" "start" "-a" "9dff05436e08cd75cc0744142531a882b8dab022fcae5221b20237ac195f6b53", kill_on_drop: false }`
[INFO] [stderr]    Compiling proc-macro2 v1.0.89
[INFO] [stderr]    Compiling unicode-ident v1.0.13
[INFO] [stderr]    Compiling cfg-if v1.0.0
[INFO] [stderr]    Compiling once_cell v1.20.2
[INFO] [stderr]    Compiling serde v1.0.214
[INFO] [stderr]    Compiling autocfg v1.4.0
[INFO] [stderr]    Compiling version_check v0.9.5
[INFO] [stderr]    Compiling log v0.4.22
[INFO] [stderr]    Compiling wasm-bindgen-shared v0.2.95
[INFO] [stderr]    Compiling bumpalo v3.16.0
[INFO] [stderr]    Compiling libc v0.2.162
[INFO] [stderr]    Compiling wasm-bindgen v0.2.95
[INFO] [stderr]    Compiling fnv v1.0.7
[INFO] [stderr]    Compiling pin-project-lite v0.2.15
[INFO] [stderr]    Compiling futures-core v0.3.31
[INFO] [stderr]    Compiling strsim v0.11.1
[INFO] [stderr]    Compiling parking_lot_core v0.9.10
[INFO] [stderr]    Compiling ident_case v1.0.1
[INFO] [stderr]    Compiling scopeguard v1.2.0
[INFO] [stderr]    Compiling smallvec v1.13.2
[INFO] [stderr]    Compiling futures-channel v0.3.31
[INFO] [stderr]    Compiling rustc-hash v1.1.0
[INFO] [stderr]    Compiling futures-sink v0.3.31
[INFO] [stderr]    Compiling unicode-xid v0.2.6
[INFO] [stderr]    Compiling tracing-core v0.1.32
[INFO] [stderr]    Compiling dioxus-core-types v0.6.0
[INFO] [stderr]    Compiling rustversion v1.0.18
[INFO] [stderr]    Compiling typenum v1.17.0
[INFO] [stderr]    Compiling pin-utils v0.1.0
[INFO] [stderr]    Compiling futures-task v0.3.31
[INFO] [stderr]    Compiling memchr v2.7.4
[INFO] [stderr]    Compiling itoa v1.0.11
[INFO] [stderr]    Compiling lazy-js-bundle v0.6.0
[INFO] [stderr]    Compiling longest-increasing-subsequence v0.1.0
[INFO] [stderr]    Compiling serde_json v1.0.132
[INFO] [stderr]    Compiling thiserror v1.0.68
[INFO] [stderr]    Compiling ryu v1.0.18
[INFO] [stderr]    Compiling slotmap v1.0.7
[INFO] [stderr]    Compiling generic-array v0.14.7
[INFO] [stderr]    Compiling proc-macro2-diagnostics v0.10.1
[INFO] [stderr]    Compiling byteorder v1.5.0
[INFO] [stderr]    Compiling unicode-segmentation v1.12.0
[INFO] [stderr]    Compiling bytes v1.8.0
[INFO] [stderr]    Compiling httparse v1.9.5
[INFO] [stderr]    Compiling cpufeatures v0.2.16
[INFO] [stderr]    Compiling bitflags v2.6.0
[INFO] [stderr]    Compiling lock_api v0.4.12
[INFO] [stderr]    Compiling slab v0.4.9
[INFO] [stderr]    Compiling num-traits v0.2.19
[INFO] [stderr]    Compiling dioxus-document v0.6.0
[INFO] [stderr]    Compiling dioxus-interpreter-js v0.6.0
[INFO] [stderr]    Compiling getrandom v0.2.15
[INFO] [stderr]    Compiling keyboard-types v0.7.0
[INFO] [stderr]    Compiling convert_case v0.6.0
[INFO] [stderr]    Compiling http v1.1.0
[INFO] [stderr]    Compiling quote v1.0.37
[INFO] [stderr]    Compiling data-encoding v2.6.0
[INFO] [stderr]    Compiling utf-8 v0.7.6
[INFO] [stderr]    Compiling syn v2.0.87
[INFO] [stderr]    Compiling rand_core v0.6.4
[INFO] [stderr]    Compiling lazy_static v1.5.0
[INFO] [stderr]    Compiling parking_lot v0.12.3
[INFO] [stderr]    Compiling sharded-slab v0.1.7
[INFO] [stderr]    Compiling dioxus-web v0.6.0
[INFO] [stderr]    Compiling sledgehammer_utils v0.3.1
[INFO] [stderr]    Compiling thread_local v1.1.8
[INFO] [stderr]    Compiling encoding_rs v0.8.35
[INFO] [stderr]    Compiling thiserror v2.0.6
[INFO] [stderr]    Compiling never v0.1.0
[INFO] [stderr]    Compiling anyhow v1.0.93
[INFO] [stderr]    Compiling const_format_proc_macros v0.2.33
[INFO] [stderr]    Compiling cobs v0.2.3
[INFO] [stderr]    Compiling dioxus-config-macro v0.6.0
[INFO] [stderr]    Compiling base64 v0.22.1
[INFO] [stderr]    Compiling urlencoding v2.1.3
[INFO] [stderr]    Compiling euclid v0.22.11
[INFO] [stderr]    Compiling tracing-subscriber v0.3.18
[INFO] [stderr]    Compiling quick-xml v0.36.2
[INFO] [stderr]    Compiling const_format v0.2.33
[INFO] [stderr]    Compiling block-buffer v0.10.4
[INFO] [stderr]    Compiling crypto-common v0.1.6
[INFO] [stderr]    Compiling digest v0.10.7
[INFO] [stderr]    Compiling sha1 v0.10.6
[INFO] [stderr]    Compiling wasm-bindgen-backend v0.2.95
[INFO] [stderr]    Compiling darling_core v0.20.10
[INFO] [stderr]    Compiling dioxus-rsx v0.6.0
[INFO] [stderr]    Compiling serde_derive v1.0.214
[INFO] [stderr]    Compiling tracing-attributes v0.1.27
[INFO] [stderr]    Compiling pin-project-internal v1.1.7
[INFO] [stderr]    Compiling warnings-macro v0.2.0
[INFO] [stderr]    Compiling futures-macro v0.3.31
[INFO] [stderr]    Compiling zerocopy-derive v0.7.35
[INFO] [stderr]    Compiling thiserror-impl v1.0.68
[INFO] [stderr]    Compiling const-serialize-macro v0.6.0
[INFO] [stderr]    Compiling async-trait v0.1.83
[INFO] [stderr]    Compiling sledgehammer_bindgen_macro v0.6.0
[INFO] [stderr]    Compiling dioxus-html-internal-macro v0.6.0
[INFO] [stderr]    Compiling thiserror-impl v2.0.6
[INFO] [stderr]    Compiling wasm-bindgen-macro-support v0.2.95
[INFO] [stderr]    Compiling futures-util v0.3.31
[INFO] [stderr]    Compiling darling_macro v0.20.10
[INFO] [stderr]    Compiling dioxus-core-macro v0.6.0
[INFO] [stderr]    Compiling zerocopy v0.7.35
[INFO] [stderr]    Compiling darling v0.20.10
[INFO] [stderr]    Compiling derive_builder_core v0.20.2
[INFO] [stderr]    Compiling enumset_derive v0.10.0
[INFO] [stderr]    Compiling pin-project v1.1.7
[INFO] [stderr]    Compiling tracing v0.1.40
[INFO] [stderr]    Compiling warnings v0.2.1
[INFO] [stderr]    Compiling generational-box v0.6.0
[INFO] [stderr]    Compiling wasm-bindgen-macro v0.2.95
[INFO] [stderr]    Compiling ppv-lite86 v0.2.20
[INFO] [stderr]    Compiling enumset v1.1.5
[INFO] [stderr]    Compiling rand_chacha v0.3.1
[INFO] [stderr]    Compiling derive_builder_macro v0.20.2
[INFO] [stdout] error: linking with `cc` failed: exit status: 1
[INFO] [stdout]   |
[INFO] [stdout]   = note: LC_ALL="C" PATH="/opt/rustwide/rustup-home/toolchains/nightly-2025-01-18-x86_64-unknown-linux-gnu/lib/rustlib/x86_64-unknown-linux-gnu/bin:/opt/rustwide/rustup-home/toolchains/nightly-2025-01-18-x86_64-unknown-linux-gnu/lib/rustlib/x86_64-unknown-linux-gnu/bin/self-contained:/opt/rustwide/cargo-home/bin:/usr/local/sbin:/usr/local/bin:/usr/sbin:/usr/bin:/sbin:/bin" VSLANG="1033" "cc" "-Wl,--version-script=/tmp/rustcBXyacd/list" "-Wl,--no-undefined-version" "-m64" "/tmp/rustcBXyacd/symbols.o" "<16 object files omitted>" "/opt/rustwide/target/debug/deps/dioxus_core_macro-4fc57d6b0a97526f.7fnumjy46ojqufc2as2r9d3gu.rcgu.rmeta" "<1 object files omitted>" "-Wl,--as-needed" "-Wl,-Bstatic" "/opt/rustwide/target/debug/deps/{libdioxus_rsx-23242c643ef21092.rlib,libproc_macro2_diagnostics-94d9e52b25053049.rlib,libconvert_case-7368e12147e16397.rlib,libunicode_segmentation-a941603c39eaed03.rlib,libsyn-410dc44bf30d5409.rlib,libquote-b14a39c15c1a41cb.rlib,libproc_macro2-2fc42dffbd86c8b1.rlib,libunicode_ident-eab64fc90a4fe530.rlib}" "/opt/rustwide/rustup-home/toolchains/nightly-2025-01-18-x86_64-unknown-linux-gnu/lib/rustlib/x86_64-unknown-linux-gnu/lib/{libproc_macro-f70e4fb3d5b25f48.rlib,libstd-006123e2ce67e99d.rlib,libpanic_unwind-e1447e1efa6f1e57.rlib,libobject-f6963a4916fcf097.rlib,libmemchr-49a2d9af912f4524.rlib,libaddr2line-04d19aad3936869d.rlib,libgimli-483c235edb789db0.rlib,librustc_demangle-294281af50b8f748.rlib,libstd_detect-3b08295250aabc2a.rlib,libhashbrown-4472d1e05ba0dfaf.rlib,librustc_std_workspace_alloc-2ef099fac590e457.rlib,libminiz_oxide-8a51f5e848546c29.rlib,libadler2-3d3fa22b868db521.rlib,libunwind-0ffda8b08e22dbea.rlib,libcfg_if-b08f62458fdd43b9.rlib,liblibc-559675126e63b890.rlib,liballoc-fcf21c8d1c9c7b75.rlib,librustc_std_workspace_core-e0b0460135bcf21d.rlib,libcore-d4097fdcbddd3bc7.rlib,libcompiler_builtins-fea484ac1eed7881.rlib}" "-Wl,-Bdynamic" "-lgcc_s" "-lutil" "-lrt" "-lpthread" "-lm" "-ldl" "-lc" "-B/opt/rustwide/rustup-home/toolchains/nightly-2025-01-18-x86_64-unknown-linux-gnu/lib/rustlib/x86_64-unknown-linux-gnu/bin/gcc-ld" "-fuse-ld=lld" "-Wl,--eh-frame-hdr" "-Wl,-z,noexecstack" "-L" "/opt/rustwide/rustup-home/toolchains/nightly-2025-01-18-x86_64-unknown-linux-gnu/lib/rustlib/x86_64-unknown-linux-gnu/lib" "-o" "/opt/rustwide/target/debug/deps/libdioxus_core_macro-4fc57d6b0a97526f.so" "-Wl,--gc-sections" "-shared" "-Wl,-z,relro,-z,now" "-nodefaultlibs"
[INFO] [stdout]   = note: some arguments are omitted. use `--verbose` to show all linker arguments
[INFO] [stdout]   = note: PLEASE submit a bug report to https://github.com/llvm/llvm-project/issues/ and include the crash backtrace.
[INFO] [stdout]            #0 0x000078219875df67 llvm::sys::PrintStackTrace(llvm::raw_ostream&, int) (/opt/rustwide/rustup-home/toolchains/nightly-2025-01-18-x86_64-unknown-linux-gnu/lib/libLLVM.so.19.1-rust-1.86.0-nightly+0x3f5df67)
[INFO] [stdout]            #1 0x000078219875e37c SignalHandler(int) (/opt/rustwide/rustup-home/toolchains/nightly-2025-01-18-x86_64-unknown-linux-gnu/lib/libLLVM.so.19.1-rust-1.86.0-nightly+0x3f5e37c)
[INFO] [stdout]            #2 0x0000782194619520 (/lib/x86_64-linux-gnu/libc.so.6+0x42520)
[INFO] [stdout]            #3 0x0000782194777aca (/lib/x86_64-linux-gnu/libc.so.6+0x1a0aca)
[INFO] [stdout]            #4 0x000056a517ca1c08 void lld::elf::InputSection::writeTo<llvm::object::ELFType<(llvm::endianness)1, true> >(unsigned char*) (/opt/rustwide/rustup-home/toolchains/nightly-2025-01-18-x86_64-unknown-linux-gnu/lib/rustlib/x86_64-unknown-linux-gnu/bin/rust-lld+0x3ccc08)
[INFO] [stdout]            #5 0x000056a517cef7e3 void lld::elf::OutputSection::writeTo<llvm::object::ELFType<(llvm::endianness)1, true> >(unsigned char*, llvm::parallel::TaskGroup&)::'lambda'(unsigned long, unsigned long)::operator()(unsigned long, unsigned long) const OutputSections.cpp:0:0
[INFO] [stdout]            #6 0x000078219870f8a2 std::_Function_handler<void (), llvm::parallel::TaskGroup::spawn(std::function<void ()>, bool)::$_0>::_M_invoke(std::_Any_data const&) (/opt/rustwide/rustup-home/toolchains/nightly-2025-01-18-x86_64-unknown-linux-gnu/lib/libLLVM.so.19.1-rust-1.86.0-nightly+0x3f0f8a2)
[INFO] [stdout]            #7 0x000078219870ec5a llvm::parallel::detail::(anonymous namespace)::ThreadPoolExecutor::work(llvm::ThreadPoolStrategy, unsigned int) (/opt/rustwide/rustup-home/toolchains/nightly-2025-01-18-x86_64-unknown-linux-gnu/lib/libLLVM.so.19.1-rust-1.86.0-nightly+0x3f0ec5a)
[INFO] [stdout]            #8 0x0000782198689df0 execute_native_thread_routine (/opt/rustwide/rustup-home/toolchains/nightly-2025-01-18-x86_64-unknown-linux-gnu/lib/libLLVM.so.19.1-rust-1.86.0-nightly+0x3e89df0)
[INFO] [stdout]            #9 0x000078219466bac3 (/lib/x86_64-linux-gnu/libc.so.6+0x94ac3)
[INFO] [stdout]           #10 0x00007821946fca04 __clone (/lib/x86_64-linux-gnu/libc.so.6+0x125a04)
[INFO] [stdout]           rust-lld: error: failed to write output '/opt/rustwide/target/debug/deps/libdioxus_core_macro-4fc57d6b0a97526f.so': No such file or directory
[INFO] [stdout]           collect2: error: ld returned 1 exit status
[INFO] [stdout]           
[INFO] [stdout] 
[INFO] [stdout] 
[INFO] [stderr] error: could not compile `dioxus-core-macro` (lib) due to 1 previous error
[INFO] [stderr] warning: build failed, waiting for other jobs to finish...
[INFO] [stdout] error: failed to write /tmp/rustco93Y8i/lib.rmeta: No space left on device (os error 28)
[INFO] [stdout] 
[INFO] [stdout] 
[INFO] [stdout] error: couldn't create a temp dir: No space left on device (os error 28) at path "/opt/rustwide/target/debug/deps/rmetaLnVCm1"
[INFO] [stdout] 
[INFO] [stdout] 
[INFO] [stderr] error: could not compile `enumset` (lib) due to 1 previous error
[INFO] [stdout] error: linking with `cc` failed: exit status: 1
[INFO] [stdout]   |
[INFO] [stdout]   = note: LC_ALL="C" PATH="/opt/rustwide/rustup-home/toolchains/nightly-2025-01-18-x86_64-unknown-linux-gnu/lib/rustlib/x86_64-unknown-linux-gnu/bin:/opt/rustwide/rustup-home/toolchains/nightly-2025-01-18-x86_64-unknown-linux-gnu/lib/rustlib/x86_64-unknown-linux-gnu/bin/self-contained:/opt/rustwide/cargo-home/bin:/usr/local/sbin:/usr/local/bin:/usr/sbin:/usr/bin:/sbin:/bin" VSLANG="1033" "cc" "-Wl,--version-script=/tmp/rustcgRO1Ns/list" "-Wl,--no-undefined-version" "-m64" "/tmp/rustcgRO1Ns/symbols.o" "<1 object files omitted>" "/opt/rustwide/target/debug/deps/derive_builder_macro-f178e6bcfb69f9c2.8r7wqsl95on05c85v5guwa0k0.rcgu.rmeta" "<1 object files omitted>" "-Wl,--as-needed" "-Wl,-Bstatic" "/opt/rustwide/target/debug/deps/{libderive_builder_core-fb35bb153f3b39a8.rlib,libdarling-f5403af331f6cebf.rlib,libdarling_core-5ee2a1aee60bca30.rlib,libstrsim-a5adf3b8560711c5.rlib,libfnv-a0e84274df5e929e.rlib,libident_case-2e21a02820eac655.rlib,libsyn-410dc44bf30d5409.rlib,libquote-b14a39c15c1a41cb.rlib,libproc_macro2-2fc42dffbd86c8b1.rlib,libunicode_ident-eab64fc90a4fe530.rlib}" "/opt/rustwide/rustup-home/toolchains/nightly-2025-01-18-x86_64-unknown-linux-gnu/lib/rustlib/x86_64-unknown-linux-gnu/lib/{libproc_macro-f70e4fb3d5b25f48.rlib,libstd-006123e2ce67e99d.rlib,libpanic_unwind-e1447e1efa6f1e57.rlib,libobject-f6963a4916fcf097.rlib,libmemchr-49a2d9af912f4524.rlib,libaddr2line-04d19aad3936869d.rlib,libgimli-483c235edb789db0.rlib,librustc_demangle-294281af50b8f748.rlib,libstd_detect-3b08295250aabc2a.rlib,libhashbrown-4472d1e05ba0dfaf.rlib,librustc_std_workspace_alloc-2ef099fac590e457.rlib,libminiz_oxide-8a51f5e848546c29.rlib,libadler2-3d3fa22b868db521.rlib,libunwind-0ffda8b08e22dbea.rlib,libcfg_if-b08f62458fdd43b9.rlib,liblibc-559675126e63b890.rlib,liballoc-fcf21c8d1c9c7b75.rlib,librustc_std_workspace_core-e0b0460135bcf21d.rlib,libcore-d4097fdcbddd3bc7.rlib,libcompiler_builtins-fea484ac1eed7881.rlib}" "-Wl,-Bdynamic" "-lgcc_s" "-lutil" "-lrt" "-lpthread" "-lm" "-ldl" "-lc" "-B/opt/rustwide/rustup-home/toolchains/nightly-2025-01-18-x86_64-unknown-linux-gnu/lib/rustlib/x86_64-unknown-linux-gnu/bin/gcc-ld" "-fuse-ld=lld" "-Wl,--eh-frame-hdr" "-Wl,-z,noexecstack" "-L" "/opt/rustwide/rustup-home/toolchains/nightly-2025-01-18-x86_64-unknown-linux-gnu/lib/rustlib/x86_64-unknown-linux-gnu/lib" "-o" "/opt/rustwide/target/debug/deps/libderive_builder_macro-f178e6bcfb69f9c2.so" "-Wl,--gc-sections" "-shared" "-Wl,-z,relro,-z,now" "-nodefaultlibs"
[INFO] [stdout]   = note: some arguments are omitted. use `--verbose` to show all linker arguments
[INFO] [stdout]   = note: PLEASE submit a bug report to https://github.com/llvm/llvm-project/issues/ and include the crash backtrace.
[INFO] [stdout]           Stack dump:
[INFO] [stdout]           0.    Program arguments: /opt/rustwide/rustup-home/toolchains/nightly-2025-01-18-x86_64-unknown-linux-gnu/lib/rustlib/x86_64-unknown-linux-gnu/bin/rust-lld -flavor gnu -plugin /usr/lib/gcc/x86_64-linux-gnu/11/liblto_plugin.so -plugin-opt=/usr/lib/gcc/x86_64-linux-gnu/11/lto-wrapper -plugin-opt=-fresolution=/tmp/cc6wva0O.res --build-id --eh-frame-hdr -m elf_x86_64 --hash-style=gnu --as-needed -shared -z relro -o /opt/rustwide/target/debug/deps/libderive_builder_macro-f178e6bcfb69f9c2.so /usr/lib/gcc/x86_64-linux-gnu/11/../../../x86_64-linux-gnu/crti.o /usr/lib/gcc/x86_64-linux-gnu/11/crtbeginS.o -L/opt/rustwide/rustup-home/toolchains/nightly-2025-01-18-x86_64-unknown-linux-gnu/lib/rustlib/x86_64-unknown-linux-gnu/lib -L/opt/rustwide/rustup-home/toolchains/nightly-2025-01-18-x86_64-unknown-linux-gnu/lib/rustlib/x86_64-unknown-linux-gnu/bin/gcc-ld -L/usr/lib/gcc/x86_64-linux-gnu/11 -L/usr/lib/gcc/x86_64-linux-gnu/11/../../../x86_64-linux-gnu -L/usr/lib/gcc/x86_64-linux-gnu/11/../../../../lib -L/lib/x86_64-linux-gnu -L/lib/../lib -L/usr/lib/x86_64-linux-gnu -L/usr/lib/../lib -L/usr/lib/gcc/x86_64-linux-gnu/11/../../.. --version-script=/tmp/rustcgRO1Ns/list --no-undefined-version /tmp/rustcgRO1Ns/symbols.o /opt/rustwide/target/debug/deps/derive_builder_macro-f178e6bcfb69f9c2.derive_builder_macro.138dd39fa87dbe8b-cgu.0.rcgu.o /opt/rustwide/target/debug/deps/derive_builder_macro-f178e6bcfb69f9c2.8r7wqsl95on05c85v5guwa0k0.rcgu.rmeta /opt/rustwide/target/debug/deps/derive_builder_macro-f178e6bcfb69f9c2.820ysj6ag12sdgudqqaao1wq0.rcgu.o --as-needed -Bstatic /opt/rustwide/target/debug/deps/libderive_builder_core-fb35bb153f3b39a8.rlib /opt/rustwide/target/debug/deps/libdarling-f5403af331f6cebf.rlib /opt/rustwide/target/debug/deps/libdarling_core-5ee2a1aee60bca30.rlib /opt/rustwide/target/debug/deps/libstrsim-a5adf3b8560711c5.rlib /opt/rustwide/target/debug/deps/libfnv-a0e84274df5e929e.rlib /opt/rustwide/target/debug/deps/libident_case-2e21a02820eac655.rlib /opt/rustwide/target/debug/deps/libsyn-410dc44bf30d5409.rlib /opt/rustwide/target/debug/deps/libquote-b14a39c15c1a41cb.rlib /opt/rustwide/target/debug/deps/libproc_macro2-2fc42dffbd86c8b1.rlib /opt/rustwide/target/debug/deps/libunicode_ident-eab64fc90a4fe530.rlib /opt/rustwide/rustup-home/toolchains/nightly-2025-01-18-x86_64-unknown-linux-gnu/lib/rustlib/x86_64-unknown-linux-gnu/lib/libproc_macro-f70e4fb3d5b25f48.rlib /opt/rustwide/rustup-home/toolchains/nightly-2025-01-18-x86_64-unknown-linux-gnu/lib/rustlib/x86_64-unknown-linux-gnu/lib/libstd-006123e2ce67e99d.rlib /opt/rustwide/rustup-home/toolchains/nightly-2025-01-18-x86_64-unknown-linux-gnu/lib/rustlib/x86_64-unknown-linux-gnu/lib/libpanic_unwind-e1447e1efa6f1e57.rlib /opt/rustwide/rustup-home/toolchains/nightly-2025-01-18-x86_64-unknown-linux-gnu/lib/rustlib/x86_64-unknown-linux-gnu/lib/libobject-f6963a4916fcf097.rlib /opt/rustwide/rustup-home/toolchains/nightly-2025-01-18-x86_64-unknown-linux-gnu/lib/rustlib/x86_64-unknown-linux-gnu/lib/libmemchr-49a2d9af912f4524.rlib /opt/rustwide/rustup-home/toolchains/nightly-2025-01-18-x86_64-unknown-linux-gnu/lib/rustlib/x86_64-unknown-linux-gnu/lib/libaddr2line-04d19aad3936869d.rlib /opt/rustwide/rustup-home/toolchains/nightly-2025-01-18-x86_64-unknown-linux-gnu/lib/rustlib/x86_64-unknown-linux-gnu/lib/libgimli-483c235edb789db0.rlib /opt/rustwide/rustup-home/toolchains/nightly-2025-01-18-x86_64-unknown-linux-gnu/lib/rustlib/x86_64-unknown-linux-gnu/lib/librustc_demangle-294281af50b8f748.rlib /opt/rustwide/rustup-home/toolchains/nightly-2025-01-18-x86_64-unknown-linux-gnu/lib/rustlib/x86_64-unknown-linux-gnu/lib/libstd_detect-3b08295250aabc2a.rlib /opt/rustwide/rustup-home/toolchains/nightly-2025-01-18-x86_64-unknown-linux-gnu/lib/rustlib/x86_64-unknown-linux-gnu/lib/libhashbrown-4472d1e05ba0dfaf.rlib /opt/rustwide/rustup-home/toolchains/nightly-2025-01-18-x86_64-unknown-linux-gnu/lib/rustlib/x86_64-unknown-linux-gnu/lib/librustc_std_workspace_alloc-2ef099fac590e457.rlib /opt/rustwide/rustup-home/toolchains/nightly-2025-01-18-x86_64-unknown-linux-gnu/lib/rustlib/x86_64-unknown-linux-gnu/lib/libminiz_oxide-8a51f5e848546c29.rlib /opt/rustwide/rustup-home/toolchains/nightly-2025-01-18-x86_64-unknown-linux-gnu/lib/rustlib/x86_64-unknown-linux-gnu/lib/libadler2-3d3fa22b868db521.rlib /opt/rustwide/rustup-home/toolchains/nightly-2025-01-18-x86_64-unknown-linux-gnu/lib/rustlib/x86_64-unknown-linux-gnu/lib/libunwind-0ffda8b08e22dbea.rlib /opt/rustwide/rustup-home/toolchains/nightly-2025-01-18-x86_64-unknown-linux-gnu/lib/rustlib/x86_64-unknown-linux-gnu/lib/libcfg_if-b08f62458fdd43b9.rlib /opt/rustwide/rustup-home/toolchains/nightly-2025-01-18-x86_64-unknown-linux-gnu/lib/rustlib/x86_64-unknown-linux-gnu/lib/liblibc-559675126e63b890.rlib /opt/rustwide/rustup-home/toolchains/nightly-2025-01-18-x86_64-unknown-linux-gnu/lib/rustlib/x86_64-unknown-linux-gnu/lib/liballoc-fcf21c8d1c9c7b75.rlib /opt/rustwide/rustup-home/toolchains/nightly-2025-01-18-x86_64-unknown-linux-gnu/lib/rustlib/x86_64-unknown-linux-gnu/lib/librustc_std_workspace_core-e0b0460135bcf21d.rlib /opt/rustwide/rustup-home/toolchains/nightly-2025-01-18-x86_64-unknown-linux-gnu/lib/rustlib/x86_64-unknown-linux-gnu/lib/libcore-d4097fdcbddd3bc7.rlib /opt/rustwide/rustup-home/toolchains/nightly-2025-01-18-x86_64-unknown-linux-gnu/lib/rustlib/x86_64-unknown-linux-gnu/lib/libcompiler_builtins-fea484ac1eed7881.rlib -Bdynamic -lgcc_s -lutil -lrt -lpthread -lm -ldl -lc --eh-frame-hdr -z noexecstack --gc-sections -z relro -z now /usr/lib/gcc/x86_64-linux-gnu/11/crtendS.o /usr/lib/gcc/x86_64-linux-gnu/11/../../../x86_64-linux-gnu/crtn.o
[INFO] [stdout]           LLVM ERROR: IO failure on output stream: No space left on device
[INFO] [stdout]           collect2: error: ld returned 1 exit status
[INFO] [stdout]           
[INFO] [stdout] 
[INFO] [stdout] 
[INFO] [stderr] error: could not compile `rand_chacha` (lib) due to 1 previous error
[INFO] [stdout] error: linking with `cc` failed: exit status: 1
[INFO] [stdout]   |
[INFO] [stdout]   = note: LC_ALL="C" PATH="/opt/rustwide/rustup-home/toolchains/nightly-2025-01-18-x86_64-unknown-linux-gnu/lib/rustlib/x86_64-unknown-linux-gnu/bin:/opt/rustwide/rustup-home/toolchains/nightly-2025-01-18-x86_64-unknown-linux-gnu/lib/rustlib/x86_64-unknown-linux-gnu/bin/self-contained:/opt/rustwide/cargo-home/bin:/usr/local/sbin:/usr/local/bin:/usr/sbin:/usr/bin:/sbin:/bin" VSLANG="1033" "cc" "-Wl,--version-script=/tmp/rustcyG2n41/list" "-Wl,--no-undefined-version" "-m64" "/tmp/rustcyG2n41/symbols.o" "<16 object files omitted>" "/opt/rustwide/target/debug/deps/serde_derive-5e2aa975f5103538.1vhcbtjs3es2o1zr133po8zia.rcgu.rmeta" "<1 object files omitted>" "-Wl,--as-needed" "-Wl,-Bstatic" "/opt/rustwide/target/debug/deps/{libsyn-410dc44bf30d5409.rlib,libquote-b14a39c15c1a41cb.rlib,libproc_macro2-2fc42dffbd86c8b1.rlib,libunicode_ident-eab64fc90a4fe530.rlib}" "/opt/rustwide/rustup-home/toolchains/nightly-2025-01-18-x86_64-unknown-linux-gnu/lib/rustlib/x86_64-unknown-linux-gnu/lib/{libproc_macro-f70e4fb3d5b25f48.rlib,libstd-006123e2ce67e99d.rlib,libpanic_unwind-e1447e1efa6f1e57.rlib,libobject-f6963a4916fcf097.rlib,libmemchr-49a2d9af912f4524.rlib,libaddr2line-04d19aad3936869d.rlib,libgimli-483c235edb789db0.rlib,librustc_demangle-294281af50b8f748.rlib,libstd_detect-3b08295250aabc2a.rlib,libhashbrown-4472d1e05ba0dfaf.rlib,librustc_std_workspace_alloc-2ef099fac590e457.rlib,libminiz_oxide-8a51f5e848546c29.rlib,libadler2-3d3fa22b868db521.rlib,libunwind-0ffda8b08e22dbea.rlib,libcfg_if-b08f62458fdd43b9.rlib,liblibc-559675126e63b890.rlib,liballoc-fcf21c8d1c9c7b75.rlib,librustc_std_workspace_core-e0b0460135bcf21d.rlib,libcore-d4097fdcbddd3bc7.rlib,libcompiler_builtins-fea484ac1eed7881.rlib}" "-Wl,-Bdynamic" "-lgcc_s" "-lutil" "-lrt" "-lpthread" "-lm" "-ldl" "-lc" "-B/opt/rustwide/rustup-home/toolchains/nightly-2025-01-18-x86_64-unknown-linux-gnu/lib/rustlib/x86_64-unknown-linux-gnu/bin/gcc-ld" "-fuse-ld=lld" "-Wl,--eh-frame-hdr" "-Wl,-z,noexecstack" "-L" "/opt/rustwide/rustup-home/toolchains/nightly-2025-01-18-x86_64-unknown-linux-gnu/lib/rustlib/x86_64-unknown-linux-gnu/lib" "-o" "/opt/rustwide/target/debug/deps/libserde_derive-5e2aa975f5103538.so" "-Wl,--gc-sections" "-shared" "-Wl,-z,relro,-z,now" "-nodefaultlibs"
[INFO] [stdout]   = note: some arguments are omitted. use `--verbose` to show all linker arguments
[INFO] [stdout]   = note: collect2: fatal error: ld terminated with signal 7 [Bus error], core dumped
[INFO] [stdout]           compilation terminated.
[INFO] [stdout]           
[INFO] [stdout] 
[INFO] [stdout] 
[INFO] [stderr] error: could not compile `derive_builder_macro` (lib) due to 1 previous error
[INFO] [stderr] error: could not compile `serde_derive` (lib) due to 1 previous error
[INFO] running `Command { std: "docker" "inspect" "9dff05436e08cd75cc0744142531a882b8dab022fcae5221b20237ac195f6b53", kill_on_drop: false }`
[INFO] running `Command { std: "docker" "rm" "-f" "9dff05436e08cd75cc0744142531a882b8dab022fcae5221b20237ac195f6b53", kill_on_drop: false }`
[INFO] [stdout] 9dff05436e08cd75cc0744142531a882b8dab022fcae5221b20237ac195f6b53
