[INFO] cloning repository https://github.com/nogibjj/IDS706_alejandroparedeslatorre_individualproject2_rustsql
[INFO] running `Command { std: "git" "-c" "credential.helper=" "-c" "credential.helper=/workspace/cargo-home/bin/git-credential-null" "clone" "--bare" "https://github.com/nogibjj/IDS706_alejandroparedeslatorre_individualproject2_rustsql" "/workspace/cache/git-repos/https%3A%2F%2Fgithub.com%2Fnogibjj%2FIDS706_alejandroparedeslatorre_individualproject2_rustsql", kill_on_drop: false }`
[INFO] [stderr] Cloning into bare repository '/workspace/cache/git-repos/https%3A%2F%2Fgithub.com%2Fnogibjj%2FIDS706_alejandroparedeslatorre_individualproject2_rustsql'...
[INFO] running `Command { std: "git" "rev-parse" "HEAD", kill_on_drop: false }`
[INFO] [stdout] 075e3baeb6af004b5441cca006365d9db6103f7a
[INFO] testing nogibjj/IDS706_alejandroparedeslatorre_individualproject2_rustsql against nightly-2025-01-18+rustflags=-Zrandomize-layout for randomize-layout-2
[INFO] running `Command { std: "git" "clone" "/workspace/cache/git-repos/https%3A%2F%2Fgithub.com%2Fnogibjj%2FIDS706_alejandroparedeslatorre_individualproject2_rustsql" "/workspace/builds/worker-0-tc2/source", kill_on_drop: false }`
[INFO] [stderr] Cloning into '/workspace/builds/worker-0-tc2/source'...
[INFO] [stderr] done.
[INFO] validating manifest of git repo https://github.com/nogibjj/IDS706_alejandroparedeslatorre_individualproject2_rustsql on toolchain nightly-2025-01-18
[INFO] running `Command { std: CARGO_HOME="/workspace/cargo-home" RUSTUP_HOME="/workspace/rustup-home" "/workspace/cargo-home/bin/cargo" "+nightly-2025-01-18" "metadata" "--manifest-path" "Cargo.toml" "--no-deps", kill_on_drop: false }`
[INFO] started tweaking git repo https://github.com/nogibjj/IDS706_alejandroparedeslatorre_individualproject2_rustsql
[INFO] finished tweaking git repo https://github.com/nogibjj/IDS706_alejandroparedeslatorre_individualproject2_rustsql
[INFO] tweaked toml for git repo https://github.com/nogibjj/IDS706_alejandroparedeslatorre_individualproject2_rustsql written to /workspace/builds/worker-0-tc2/source/Cargo.toml
[INFO] crate git repo https://github.com/nogibjj/IDS706_alejandroparedeslatorre_individualproject2_rustsql already has a lockfile, it will not be regenerated
[INFO] running `Command { std: CARGO_HOME="/workspace/cargo-home" RUSTUP_HOME="/workspace/rustup-home" "/workspace/cargo-home/bin/cargo" "+nightly-2025-01-18" "fetch" "--manifest-path" "Cargo.toml", kill_on_drop: false }`
[INFO] running `Command { std: "docker" "create" "-v" "/var/lib/crater-agent-workspace/builds/worker-0-tc2/target:/opt/rustwide/target:rw,Z" "-v" "/var/lib/crater-agent-workspace/builds/worker-0-tc2/source:/opt/rustwide/workdir:ro,Z" "-v" "/var/lib/crater-agent-workspace/cargo-home:/opt/rustwide/cargo-home:ro,Z" "-v" "/var/lib/crater-agent-workspace/rustup-home:/opt/rustwide/rustup-home:ro,Z" "-e" "SOURCE_DIR=/opt/rustwide/workdir" "-e" "CARGO_TARGET_DIR=/opt/rustwide/target" "-e" "CARGO_HOME=/opt/rustwide/cargo-home" "-e" "RUSTUP_HOME=/opt/rustwide/rustup-home" "-w" "/opt/rustwide/workdir" "-m" "1610612736" "--user" "0:0" "--network" "none" "ghcr.io/rust-lang/crates-build-env/linux@sha256:819108c5571ea2e421544af4d832f968d213c87fbe3707a016657f43d2f853bc" "/opt/rustwide/cargo-home/bin/cargo" "+nightly-2025-01-18" "metadata" "--no-deps" "--format-version=1", kill_on_drop: false }`
[INFO] [stdout] a05ef71c92a84fff70a835e81df7eee3d1f2a97fe168f8e3153c52be1da5264b
[INFO] running `Command { std: "docker" "start" "-a" "a05ef71c92a84fff70a835e81df7eee3d1f2a97fe168f8e3153c52be1da5264b", kill_on_drop: false }`
[INFO] running `Command { std: "docker" "inspect" "a05ef71c92a84fff70a835e81df7eee3d1f2a97fe168f8e3153c52be1da5264b", kill_on_drop: false }`
[INFO] running `Command { std: "docker" "rm" "-f" "a05ef71c92a84fff70a835e81df7eee3d1f2a97fe168f8e3153c52be1da5264b", kill_on_drop: false }`
[INFO] [stdout] a05ef71c92a84fff70a835e81df7eee3d1f2a97fe168f8e3153c52be1da5264b
[INFO] running `Command { std: "docker" "create" "-v" "/var/lib/crater-agent-workspace/builds/worker-0-tc2/target:/opt/rustwide/target:rw,Z" "-v" "/var/lib/crater-agent-workspace/builds/worker-0-tc2/source:/opt/rustwide/workdir:ro,Z" "-v" "/var/lib/crater-agent-workspace/cargo-home:/opt/rustwide/cargo-home:ro,Z" "-v" "/var/lib/crater-agent-workspace/rustup-home:/opt/rustwide/rustup-home:ro,Z" "-e" "SOURCE_DIR=/opt/rustwide/workdir" "-e" "CARGO_TARGET_DIR=/opt/rustwide/target" "-e" "CARGO_INCREMENTAL=0" "-e" "RUST_BACKTRACE=full" "-e" "RUSTFLAGS=--cap-lints=forbid -Zrandomize-layout" "-e" "RUSTDOCFLAGS=--cap-lints=forbid" "-e" "CARGO_HOME=/opt/rustwide/cargo-home" "-e" "RUSTUP_HOME=/opt/rustwide/rustup-home" "-w" "/opt/rustwide/workdir" "-m" "1610612736" "--user" "0:0" "--network" "none" "ghcr.io/rust-lang/crates-build-env/linux@sha256:819108c5571ea2e421544af4d832f968d213c87fbe3707a016657f43d2f853bc" "/opt/rustwide/cargo-home/bin/cargo" "+nightly-2025-01-18" "build" "--frozen" "--message-format=json", kill_on_drop: false }`
[INFO] [stdout] 023c3adb4ffcc3a276ae015e5bac020c310dbabc363e93365ae64990424918da
[INFO] running `Command { std: "docker" "start" "-a" "023c3adb4ffcc3a276ae015e5bac020c310dbabc363e93365ae64990424918da", kill_on_drop: false }`
[INFO] [stderr]    Compiling libc v0.2.161
[INFO] [stderr]    Compiling shlex v1.3.0
[INFO] [stderr]    Compiling pkg-config v0.3.31
[INFO] [stderr]    Compiling memchr v2.7.4
[INFO] [stderr]    Compiling vcpkg v0.2.15
[INFO] [stderr]    Compiling proc-macro2 v1.0.89
[INFO] [stderr]    Compiling autocfg v1.4.0
[INFO] [stderr]    Compiling once_cell v1.20.2
[INFO] [stderr]    Compiling unicode-ident v1.0.13
[INFO] [stderr]    Compiling cc v1.1.31
[INFO] [stderr]    Compiling cfg-if v1.0.0
[INFO] [stderr]    Compiling pin-project-lite v0.2.15
[INFO] [stderr]    Compiling bytes v1.8.0
[INFO] [stderr]    Compiling itoa v1.0.11
[INFO] [stderr]    Compiling slab v0.4.9
[INFO] [stderr]    Compiling futures-core v0.3.31
[INFO] [stderr]    Compiling aho-corasick v1.1.3
[INFO] [stderr]    Compiling regex-syntax v0.8.5
[INFO] [stderr]    Compiling quote v1.0.37
[INFO] [stderr]    Compiling version_check v0.9.5
[INFO] [stderr]    Compiling bitflags v2.6.0
[INFO] [stderr]    Compiling syn v2.0.85
[INFO] [stderr]    Compiling socket2 v0.5.7
[INFO] [stderr]    Compiling mio v1.0.2
[INFO] [stderr]    Compiling foreign-types-shared v0.1.1
[INFO] [stderr]    Compiling fnv v1.0.7
[INFO] [stderr]    Compiling openssl v0.10.68
[INFO] [stderr]    Compiling log v0.4.22
[INFO] [stderr]    Compiling http v0.2.12
[INFO] [stderr]    Compiling tokio v1.41.0
[INFO] [stderr]    Compiling ahash v0.8.11
[INFO] [stderr]    Compiling foreign-types v0.3.2
[INFO] [stderr]    Compiling tracing-core v0.1.32
[INFO] [stderr]    Compiling openssl-sys v0.9.104
[INFO] [stderr]    Compiling pin-utils v0.1.0
[INFO] [stderr]    Compiling futures-task v0.3.31
[INFO] [stderr]    Compiling httparse v1.9.5
[INFO] [stderr]    Compiling native-tls v0.2.12
[INFO] [stderr]    Compiling futures-io v0.3.31
[INFO] [stderr]    Compiling hashbrown v0.15.0
[INFO] [stderr]    Compiling serde v1.0.213
[INFO] [stderr]    Compiling equivalent v1.0.1
[INFO] [stderr]    Compiling tinyvec_macros v0.1.1
[INFO] [stderr]    Compiling futures-sink v0.3.31
[INFO] [stderr]    Compiling tinyvec v1.8.0
[INFO] [stderr]    Compiling futures-util v0.3.31
[INFO] [stderr]    Compiling tracing v0.1.40
[INFO] [stderr]    Compiling regex-automata v0.4.8
[INFO] [stderr]    Compiling indexmap v2.6.0
[INFO] [stderr]    Compiling num-traits v0.2.19
[INFO] [stderr]    Compiling zerocopy v0.7.35
[INFO] [stderr]    Compiling percent-encoding v2.3.1
[INFO] [stderr]    Compiling try-lock v0.2.5
[INFO] [stderr]    Compiling anstyle v1.0.8
[INFO] [stderr]    Compiling openssl-probe v0.1.5
[INFO] [stderr]    Compiling want v0.3.1
[INFO] [stderr]    Compiling form_urlencoded v1.2.1
[INFO] [stderr]    Compiling unicode-normalization v0.1.24
[INFO] [stderr]    Compiling http-body v0.4.6
[INFO] [stderr]    Compiling libsqlite3-sys v0.28.0
[INFO] [stderr]    Compiling futures-channel v0.3.31
[INFO] [stderr]    Compiling serde_json v1.0.132
[INFO] [stderr]    Compiling predicates-core v1.0.8
[INFO] [stderr]    Compiling httpdate v1.0.3
[INFO] [stderr]    Compiling tower-service v0.3.3
[INFO] [stderr]    Compiling utf8parse v0.2.2
[INFO] [stderr]    Compiling ryu v1.0.18
[INFO] [stderr]    Compiling doc-comment v0.3.3
[INFO] [stderr]    Compiling unicode-bidi v0.3.17
[INFO] [stderr]    Compiling anstyle-parse v0.2.6
[INFO] [stderr]    Compiling hashbrown v0.14.5
[INFO] [stderr]    Compiling openssl-macros v0.1.1
[INFO] [stderr]    Compiling serde_derive v1.0.213
[INFO] [stderr]    Compiling idna v0.5.0
[INFO] [stderr]    Compiling anstyle-query v1.1.2
[INFO] [stderr]    Compiling difflib v0.4.0
[INFO] [stderr]    Compiling assert_cmd v2.0.16
[INFO] [stderr]    Compiling termtree v0.4.1
[INFO] [stderr]    Compiling tokio-util v0.7.12
[INFO] [stderr]    Compiling regex v1.11.1
[INFO] [stderr]    Compiling h2 v0.3.26
[INFO] [stderr]    Compiling base64 v0.21.7
[INFO] [stderr]    Compiling colorchoice v1.0.3
[INFO] [stderr]    Compiling is_terminal_polyfill v1.70.1
[INFO] [stderr]    Compiling anstream v0.6.17
[INFO] [stderr]    Compiling rustls-pemfile v1.0.4
[INFO] [stderr]    Compiling env_filter v0.1.2
[INFO] [stderr]    Compiling bstr v1.10.0
[INFO] [stderr]    Compiling url v2.5.2
[INFO] [stderr]    Compiling predicates v3.1.2
[INFO] [stderr]    Compiling predicates-tree v1.0.11
[INFO] [stderr]    Compiling float-cmp v0.4.0
[INFO] [stderr]    Compiling hashlink v0.9.1
[INFO] [stderr]    Compiling wait-timeout v0.2.0
[INFO] [stderr]    Compiling encoding_rs v0.8.35
[INFO] [stderr]    Compiling mime v0.3.17
[INFO] [stderr]    Compiling sync_wrapper v0.1.2
[INFO] [stderr]    Compiling humantime v2.1.0
[INFO] [stderr]    Compiling hyper v0.14.31
[INFO] [stderr]    Compiling tokio-native-tls v0.3.1
[INFO] [stderr]    Compiling smallvec v1.13.2
[INFO] [stderr]    Compiling predicates-core v0.9.0
[INFO] [stderr]    Compiling normalize-line-endings v0.2.2
[INFO] [stderr]    Compiling fallible-streaming-iterator v0.1.9
[INFO] [stderr]    Compiling difference v2.0.0
[INFO] [stderr]    Compiling fallible-iterator v0.3.0
[INFO] [stderr]    Compiling ipnet v2.10.1
[INFO] [stderr]    Compiling predicates v0.9.1
[INFO] [stdout] error: error writing dependencies to `/opt/rustwide/target/debug/deps/predicates-a2cfbace25f167a2.d`: No space left on device (os error 28)
[INFO] [stdout] 
[INFO] [stdout] 
[INFO] [stderr] rustc-LLVM ERROR: IO failure on output stream: No space left on device
[INFO] [stderr] error: could not compile `predicates` (lib) due to 1 previous error
[INFO] [stderr] warning: build failed, waiting for other jobs to finish...
[INFO] [stderr] rustc-LLVM ERROR: IO failure on output stream: No space left on device
[INFO] [stderr] error: could not compile `h2` (lib)
[INFO] [stderr] 
[INFO] [stderr] Caused by:
[INFO] [stderr]   No space left on device (os error 28)
[INFO] [stderr] 
[INFO] [stderr] Caused by:
[INFO] [stderr]   failed to parse process output: `/opt/rustwide/rustup-home/toolchains/nightly-2025-01-18-x86_64-unknown-linux-gnu/bin/rustc --crate-name h2 --edition=2018 /opt/rustwide/cargo-home/registry/src/index.crates.io-1949cf8c6b5b557f/h2-0.3.26/src/lib.rs --error-format=json --json=diagnostic-rendered-ansi,artifacts,future-incompat --crate-type lib --emit=dep-info,metadata,link -C embed-bitcode=no -C debuginfo=2 --check-cfg 'cfg(docsrs,test)' --check-cfg 'cfg(feature, values("stream", "unstable"))' -C metadata=79b5ed1366b78f73 -C extra-filename=-4c2aa2a5a8a2c775 --out-dir /opt/rustwide/target/debug/deps -L dependency=/opt/rustwide/target/debug/deps --extern bytes=/opt/rustwide/target/debug/deps/libbytes-76f78a86d194e420.rmeta --extern fnv=/opt/rustwide/target/debug/deps/libfnv-a0e84274df5e929e.rmeta --extern futures_core=/opt/rustwide/target/debug/deps/libfutures_core-cd2ca45eece0031c.rmeta --extern futures_sink=/opt/rustwide/target/debug/deps/libfutures_sink-4af9647151f6e3b3.rmeta --extern futures_util=/opt/rustwide/target/debug/deps/libfutures_util-6ee9e6f80f7e6d37.rmeta --extern http=/opt/rustwide/target/debug/deps/libhttp-a3f40692ae9431ca.rmeta --extern indexmap=/opt/rustwide/target/debug/deps/libindexmap-89918e2b7f97eb54.rmeta --extern slab=/opt/rustwide/target/debug/deps/libslab-6a28740ccd11e32d.rmeta --extern tokio=/opt/rustwide/target/debug/deps/libtokio-caa7f32617a53c3c.rmeta --extern tokio_util=/opt/rustwide/target/debug/deps/libtokio_util-41b012f3a480e0e0.rmeta --extern tracing=/opt/rustwide/target/debug/deps/libtracing-bcc00c5b415f0569.rmeta --cap-lints allow --cap-lints=forbid -Zrandomize-layout` (exit status: 101)
[INFO] [stderr] error: could not compile `openssl` (lib)
[INFO] [stderr] 
[INFO] [stderr] Caused by:
[INFO] [stderr]   No space left on device (os error 28)
[INFO] [stderr] 
[INFO] [stderr] Caused by:
[INFO] [stderr]   failed to parse process output: `/opt/rustwide/rustup-home/toolchains/nightly-2025-01-18-x86_64-unknown-linux-gnu/bin/rustc --crate-name openssl --edition=2021 /opt/rustwide/cargo-home/registry/src/index.crates.io-1949cf8c6b5b557f/openssl-0.10.68/src/lib.rs --error-format=json --json=diagnostic-rendered-ansi,artifacts,future-incompat --crate-type lib --emit=dep-info,metadata,link -C embed-bitcode=no -C debuginfo=2 --cfg 'feature="default"' --check-cfg 'cfg(docsrs,test)' --check-cfg 'cfg(feature, values("bindgen", "default", "unstable_boringssl", "v101", "v102", "v110", "v111", "vendored"))' -C metadata=f14ee026221888d2 -C extra-filename=-cd92054a193c3d20 --out-dir /opt/rustwide/target/debug/deps -L dependency=/opt/rustwide/target/debug/deps --extern bitflags=/opt/rustwide/target/debug/deps/libbitflags-359eb19936cce529.rmeta --extern cfg_if=/opt/rustwide/target/debug/deps/libcfg_if-8f0231822091c729.rmeta --extern foreign_types=/opt/rustwide/target/debug/deps/libforeign_types-2eb64df2b92a61e5.rmeta --extern libc=/opt/rustwide/target/debug/deps/liblibc-f7629b36ca69e7fb.rmeta --extern once_cell=/opt/rustwide/target/debug/deps/libonce_cell-2bffb8f01566609a.rmeta --extern openssl_macros=/opt/rustwide/target/debug/deps/libopenssl_macros-2f6806a8fde654c4.so --extern ffi=/opt/rustwide/target/debug/deps/libopenssl_sys-ae4f5177ab600499.rmeta --cap-lints allow --cap-lints=forbid -Zrandomize-layout --cfg 'osslconf="OPENSSL_NO_IDEA"' --cfg 'osslconf="OPENSSL_NO_SSL3_METHOD"' --cfg ossl101 --cfg ossl102 --cfg ossl110 --cfg ossl110g --cfg ossl110h --cfg ossl111 --cfg ossl111d --cfg ossl300 --check-cfg 'cfg(osslconf, values("OPENSSL_NO_OCB", "OPENSSL_NO_SM4", "OPENSSL_NO_SEED", "OPENSSL_NO_CHACHA", "OPENSSL_NO_CAST", "OPENSSL_NO_IDEA", "OPENSSL_NO_CAMELLIA", "OPENSSL_NO_RC4", "OPENSSL_NO_BF", "OPENSSL_NO_PSK", "OPENSSL_NO_DEPRECATED_3_0", "OPENSSL_NO_SCRYPT", "OPENSSL_NO_SM3", "OPENSSL_NO_RMD160", "OPENSSL_NO_EC2M", "OPENSSL_NO_OCSP", "OPENSSL_NO_CMS", "OPENSSL_NO_EC", "OPENSSL_NO_ARGON2"))' --check-cfg 'cfg(libressl)' --check-cfg 'cfg(boringssl)' --check-cfg 'cfg(libressl250)' --check-cfg 'cfg(libressl251)' --check-cfg 'cfg(libressl261)' --check-cfg 'cfg(libressl270)' --check-cfg 'cfg(libressl271)' --check-cfg 'cfg(libressl273)' --check-cfg 'cfg(libressl280)' --check-cfg 'cfg(libressl291)' --check-cfg 'cfg(libressl310)' --check-cfg 'cfg(libressl321)' --check-cfg 'cfg(libressl332)' --check-cfg 'cfg(libressl340)' --check-cfg 'cfg(libressl350)' --check-cfg 'cfg(libressl360)' --check-cfg 'cfg(libressl361)' --check-cfg 'cfg(libressl370)' --check-cfg 'cfg(libressl380)' --check-cfg 'cfg(libressl382)' --check-cfg 'cfg(libressl390)' --check-cfg 'cfg(libressl400)' --check-cfg 'cfg(ossl101)' --check-cfg 'cfg(ossl102)' --check-cfg 'cfg(ossl110)' --check-cfg 'cfg(ossl110g)' --check-cfg 'cfg(ossl110h)' --check-cfg 'cfg(ossl111)' --check-cfg 'cfg(ossl111d)' --check-cfg 'cfg(ossl300)' --check-cfg 'cfg(ossl310)' --check-cfg 'cfg(ossl320)' --check-cfg 'cfg(ossl330)'` (exit status: 101)
[INFO] [stdout] error: failed to build archive at `/opt/rustwide/target/debug/deps/libipnet-ecef4befaf2b0e43.rlib`: No space left on device (os error 28)
[INFO] [stdout] 
[INFO] [stdout] 
[INFO] [stderr] error: could not compile `ipnet` (lib) due to 1 previous error
[INFO] [stderr] warning: libsqlite3-sys@0.28.0: sqlite3/sqlite3.c:255635:1: fatal error: error writing to /tmp/ccQdREmu.s: No space left on device
[INFO] [stderr] warning: libsqlite3-sys@0.28.0: 255635 | SQLITE_API const char *sqlite3_sourceid(void){ return SQLITE_SOURCE_ID; }
[INFO] [stderr] warning: libsqlite3-sys@0.28.0:        | ^~~~~~~~~~
[INFO] [stderr] warning: libsqlite3-sys@0.28.0: compilation terminated.
[INFO] [stderr] error: failed to run custom build command for `libsqlite3-sys v0.28.0`
[INFO] [stderr] note: To improve backtraces for build dependencies, set the CARGO_PROFILE_DEV_BUILD_OVERRIDE_DEBUG=true environment variable to enable debug information generation.
[INFO] [stderr] 
[INFO] [stderr] Caused by:
[INFO] [stderr]   process didn't exit successfully: `/opt/rustwide/target/debug/build/libsqlite3-sys-933c1a6c0fc47fdc/build-script-build` (exit status: 1)
[INFO] [stderr]   --- stdout
[INFO] [stderr]   cargo:rerun-if-env-changed=LIBSQLITE3_SYS_USE_PKG_CONFIG
[INFO] [stderr]   cargo:include=/opt/rustwide/cargo-home/registry/src/index.crates.io-1949cf8c6b5b557f/libsqlite3-sys-0.28.0/sqlite3
[INFO] [stderr]   cargo:rerun-if-changed=sqlite3/sqlite3.c
[INFO] [stderr]   cargo:rerun-if-changed=sqlite3/wasm32-wasi-vfs.c
[INFO] [stderr]   cargo:rerun-if-env-changed=SQLITE_MAX_VARIABLE_NUMBER
[INFO] [stderr]   cargo:rerun-if-env-changed=SQLITE_MAX_EXPR_DEPTH
[INFO] [stderr]   cargo:rerun-if-env-changed=SQLITE_MAX_COLUMN
[INFO] [stderr]   cargo:rerun-if-env-changed=LIBSQLITE3_FLAGS
[INFO] [stderr]   OUT_DIR = Some(/opt/rustwide/target/debug/build/libsqlite3-sys-007506960391a032/out)
[INFO] [stderr]   TARGET = Some(x86_64-unknown-linux-gnu)
[INFO] [stderr]   OPT_LEVEL = Some(0)
[INFO] [stderr]   HOST = Some(x86_64-unknown-linux-gnu)
[INFO] [stderr]   cargo:rerun-if-env-changed=CC_x86_64-unknown-linux-gnu
[INFO] [stderr]   CC_x86_64-unknown-linux-gnu = None
[INFO] [stderr]   cargo:rerun-if-env-changed=CC_x86_64_unknown_linux_gnu
[INFO] [stderr]   CC_x86_64_unknown_linux_gnu = None
[INFO] [stderr]   cargo:rerun-if-env-changed=HOST_CC
[INFO] [stderr]   HOST_CC = None
[INFO] [stderr]   cargo:rerun-if-env-changed=CC
[INFO] [stderr]   CC = None
[INFO] [stderr]   cargo:rerun-if-env-changed=CC_ENABLE_DEBUG_OUTPUT
[INFO] [stderr]   RUSTC_WRAPPER = None
[INFO] [stderr]   cargo:rerun-if-env-changed=CRATE_CC_NO_DEFAULTS
[INFO] [stderr]   CRATE_CC_NO_DEFAULTS = None
[INFO] [stderr]   DEBUG = Some(true)
[INFO] [stderr]   CARGO_CFG_TARGET_FEATURE = Some(fxsr,sse,sse2,x87)
[INFO] [stderr]   cargo:rerun-if-env-changed=CFLAGS_x86_64-unknown-linux-gnu
[INFO] [stderr]   CFLAGS_x86_64-unknown-linux-gnu = None
[INFO] [stderr]   cargo:rerun-if-env-changed=CFLAGS_x86_64_unknown_linux_gnu
[INFO] [stderr]   CFLAGS_x86_64_unknown_linux_gnu = None
[INFO] [stderr]   cargo:rerun-if-env-changed=HOST_CFLAGS
[INFO] [stderr]   HOST_CFLAGS = None
[INFO] [stderr]   cargo:rerun-if-env-changed=CFLAGS
[INFO] [stderr]   CFLAGS = None
[INFO] [stderr]   cargo:warning=sqlite3/sqlite3.c:255635:1: fatal error: error writing to /tmp/ccQdREmu.s: No space left on device
[INFO] [stderr]   cargo:warning=255635 | SQLITE_API const char *sqlite3_sourceid(void){ return SQLITE_SOURCE_ID; }
[INFO] [stderr]   cargo:warning=       | ^~~~~~~~~~
[INFO] [stderr]   cargo:warning=compilation terminated.
[INFO] [stderr] 
[INFO] [stderr]   --- stderr
[INFO] [stderr] 
[INFO] [stderr] 
[INFO] [stderr]   error occurred: Command "cc" "-O0" "-ffunction-sections" "-fdata-sections" "-fPIC" "-gdwarf-4" "-fno-omit-frame-pointer" "-m64" "-DSQLITE_CORE" "-DSQLITE_DEFAULT_FOREIGN_KEYS=1" "-DSQLITE_ENABLE_API_ARMOR" "-DSQLITE_ENABLE_COLUMN_METADATA" "-DSQLITE_ENABLE_DBSTAT_VTAB" "-DSQLITE_ENABLE_FTS3" "-DSQLITE_ENABLE_FTS3_PARENTHESIS" "-DSQLITE_ENABLE_FTS5" "-DSQLITE_ENABLE_JSON1" "-DSQLITE_ENABLE_LOAD_EXTENSION=1" "-DSQLITE_ENABLE_MEMORY_MANAGEMENT" "-DSQLITE_ENABLE_RTREE" "-DSQLITE_ENABLE_STAT2" "-DSQLITE_ENABLE_STAT4" "-DSQLITE_SOUNDEX" "-DSQLITE_THREADSAFE=1" "-DSQLITE_USE_URI" "-DHAVE_USLEEP=1" "-D_POSIX_THREAD_SAFE_FUNCTIONS" "-DHAVE_ISNAN" "-DHAVE_LOCALTIME_R" "-o" "/opt/rustwide/target/debug/build/libsqlite3-sys-007506960391a032/out/0343851c9008f270-sqlite3.o" "-c" "sqlite3/sqlite3.c" with args cc did not execute successfully (status code exit status: 1).
[INFO] [stderr] 
[INFO] [stderr] 
[INFO] running `Command { std: "docker" "inspect" "023c3adb4ffcc3a276ae015e5bac020c310dbabc363e93365ae64990424918da", kill_on_drop: false }`
[INFO] running `Command { std: "docker" "rm" "-f" "023c3adb4ffcc3a276ae015e5bac020c310dbabc363e93365ae64990424918da", kill_on_drop: false }`
[INFO] [stdout] 023c3adb4ffcc3a276ae015e5bac020c310dbabc363e93365ae64990424918da
