[INFO] cloning repository https://github.com/mudge/homer
[INFO] running `Command { std: "git" "-c" "credential.helper=" "-c" "credential.helper=/workspace/cargo-home/bin/git-credential-null" "clone" "--bare" "https://github.com/mudge/homer" "/workspace/cache/git-repos/https%3A%2F%2Fgithub.com%2Fmudge%2Fhomer", kill_on_drop: false }`
[INFO] [stderr] Cloning into bare repository '/workspace/cache/git-repos/https%3A%2F%2Fgithub.com%2Fmudge%2Fhomer'...
[INFO] running `Command { std: "git" "rev-parse" "HEAD", kill_on_drop: false }`
[INFO] [stdout] a53ea861be4b5cc86d5636895c0dd41dde115380
[INFO] testing mudge/homer against nightly-2025-01-18+rustflags=-Zrandomize-layout for randomize-layout-2
[INFO] running `Command { std: "git" "clone" "/workspace/cache/git-repos/https%3A%2F%2Fgithub.com%2Fmudge%2Fhomer" "/workspace/builds/worker-1-tc2/source", kill_on_drop: false }`
[INFO] [stderr] Cloning into '/workspace/builds/worker-1-tc2/source'...
[INFO] [stderr] done.
[INFO] validating manifest of git repo https://github.com/mudge/homer on toolchain nightly-2025-01-18
[INFO] running `Command { std: CARGO_HOME="/workspace/cargo-home" RUSTUP_HOME="/workspace/rustup-home" "/workspace/cargo-home/bin/cargo" "+nightly-2025-01-18" "metadata" "--manifest-path" "Cargo.toml" "--no-deps", kill_on_drop: false }`
[INFO] started tweaking git repo https://github.com/mudge/homer
[INFO] finished tweaking git repo https://github.com/mudge/homer
[INFO] tweaked toml for git repo https://github.com/mudge/homer written to /workspace/builds/worker-1-tc2/source/Cargo.toml
[INFO] crate git repo https://github.com/mudge/homer already has a lockfile, it will not be regenerated
[INFO] running `Command { std: CARGO_HOME="/workspace/cargo-home" RUSTUP_HOME="/workspace/rustup-home" "/workspace/cargo-home/bin/cargo" "+nightly-2025-01-18" "fetch" "--manifest-path" "Cargo.toml", kill_on_drop: false }`
[INFO] [stderr]     Blocking waiting for file lock on package cache
[INFO] [stderr]     Blocking waiting for file lock on package cache
[ERROR] error running command: no output for 300 seconds
[INFO] testing mudge/homer against nightly-2025-01-18+rustflags=-Zrandomize-layout for randomize-layout-2
[INFO] running `Command { std: "git" "clone" "/workspace/cache/git-repos/https%3A%2F%2Fgithub.com%2Fmudge%2Fhomer" "/workspace/builds/worker-1-tc2/source", kill_on_drop: false }`
[INFO] [stderr] Cloning into '/workspace/builds/worker-1-tc2/source'...
[INFO] [stderr] done.
[INFO] validating manifest of git repo https://github.com/mudge/homer on toolchain nightly-2025-01-18
[INFO] running `Command { std: CARGO_HOME="/workspace/cargo-home" RUSTUP_HOME="/workspace/rustup-home" "/workspace/cargo-home/bin/cargo" "+nightly-2025-01-18" "metadata" "--manifest-path" "Cargo.toml" "--no-deps", kill_on_drop: false }`
[INFO] started tweaking git repo https://github.com/mudge/homer
[INFO] finished tweaking git repo https://github.com/mudge/homer
[INFO] tweaked toml for git repo https://github.com/mudge/homer written to /workspace/builds/worker-1-tc2/source/Cargo.toml
[INFO] crate git repo https://github.com/mudge/homer already has a lockfile, it will not be regenerated
[INFO] running `Command { std: CARGO_HOME="/workspace/cargo-home" RUSTUP_HOME="/workspace/rustup-home" "/workspace/cargo-home/bin/cargo" "+nightly-2025-01-18" "fetch" "--manifest-path" "Cargo.toml", kill_on_drop: false }`
[INFO] [stderr]     Blocking waiting for file lock on package cache
[INFO] [stderr]     Blocking waiting for file lock on package cache
[ERROR] error running command: no output for 300 seconds
[INFO] testing mudge/homer against nightly-2025-01-18+rustflags=-Zrandomize-layout for randomize-layout-2
[INFO] running `Command { std: "git" "clone" "/workspace/cache/git-repos/https%3A%2F%2Fgithub.com%2Fmudge%2Fhomer" "/workspace/builds/worker-1-tc2/source", kill_on_drop: false }`
[INFO] [stderr] Cloning into '/workspace/builds/worker-1-tc2/source'...
[INFO] [stderr] done.
[INFO] validating manifest of git repo https://github.com/mudge/homer on toolchain nightly-2025-01-18
[INFO] running `Command { std: CARGO_HOME="/workspace/cargo-home" RUSTUP_HOME="/workspace/rustup-home" "/workspace/cargo-home/bin/cargo" "+nightly-2025-01-18" "metadata" "--manifest-path" "Cargo.toml" "--no-deps", kill_on_drop: false }`
[INFO] started tweaking git repo https://github.com/mudge/homer
[INFO] finished tweaking git repo https://github.com/mudge/homer
[INFO] tweaked toml for git repo https://github.com/mudge/homer written to /workspace/builds/worker-1-tc2/source/Cargo.toml
[INFO] crate git repo https://github.com/mudge/homer already has a lockfile, it will not be regenerated
[INFO] running `Command { std: CARGO_HOME="/workspace/cargo-home" RUSTUP_HOME="/workspace/rustup-home" "/workspace/cargo-home/bin/cargo" "+nightly-2025-01-18" "fetch" "--manifest-path" "Cargo.toml", kill_on_drop: false }`
[INFO] [stderr]     Blocking waiting for file lock on package cache
[INFO] [stderr]     Blocking waiting for file lock on package cache
[INFO] [stderr]     Blocking waiting for file lock on package cache
[INFO] [stderr]  Downloading crates ...
[INFO] [stderr]   Downloaded serde v1.0.83
[INFO] [stderr]   Downloaded redox_syscall v0.1.49
[INFO] [stderr]   Downloaded openssl-src v111.1.0+1.1.1a
[INFO] running `Command { std: "docker" "create" "-v" "/var/lib/crater-agent-workspace/builds/worker-1-tc2/target:/opt/rustwide/target:rw,Z" "-v" "/var/lib/crater-agent-workspace/builds/worker-1-tc2/source:/opt/rustwide/workdir:ro,Z" "-v" "/var/lib/crater-agent-workspace/cargo-home:/opt/rustwide/cargo-home:ro,Z" "-v" "/var/lib/crater-agent-workspace/rustup-home:/opt/rustwide/rustup-home:ro,Z" "-e" "SOURCE_DIR=/opt/rustwide/workdir" "-e" "CARGO_TARGET_DIR=/opt/rustwide/target" "-e" "CARGO_HOME=/opt/rustwide/cargo-home" "-e" "RUSTUP_HOME=/opt/rustwide/rustup-home" "-w" "/opt/rustwide/workdir" "-m" "1610612736" "--user" "0:0" "--network" "none" "ghcr.io/rust-lang/crates-build-env/linux@sha256:819108c5571ea2e421544af4d832f968d213c87fbe3707a016657f43d2f853bc" "/opt/rustwide/cargo-home/bin/cargo" "+nightly-2025-01-18" "metadata" "--no-deps" "--format-version=1", kill_on_drop: false }`
[INFO] [stdout] 4943ff22994e53ad3ddb0260145da5a0a42a1ea4589f68bee90ce91d548f0e82
[INFO] running `Command { std: "docker" "start" "-a" "4943ff22994e53ad3ddb0260145da5a0a42a1ea4589f68bee90ce91d548f0e82", kill_on_drop: false }`
[INFO] running `Command { std: "docker" "inspect" "4943ff22994e53ad3ddb0260145da5a0a42a1ea4589f68bee90ce91d548f0e82", kill_on_drop: false }`
[INFO] running `Command { std: "docker" "rm" "-f" "4943ff22994e53ad3ddb0260145da5a0a42a1ea4589f68bee90ce91d548f0e82", kill_on_drop: false }`
[INFO] [stdout] 4943ff22994e53ad3ddb0260145da5a0a42a1ea4589f68bee90ce91d548f0e82
[INFO] running `Command { std: "docker" "create" "-v" "/var/lib/crater-agent-workspace/builds/worker-1-tc2/target:/opt/rustwide/target:rw,Z" "-v" "/var/lib/crater-agent-workspace/builds/worker-1-tc2/source:/opt/rustwide/workdir:ro,Z" "-v" "/var/lib/crater-agent-workspace/cargo-home:/opt/rustwide/cargo-home:ro,Z" "-v" "/var/lib/crater-agent-workspace/rustup-home:/opt/rustwide/rustup-home:ro,Z" "-e" "SOURCE_DIR=/opt/rustwide/workdir" "-e" "CARGO_TARGET_DIR=/opt/rustwide/target" "-e" "CARGO_INCREMENTAL=0" "-e" "RUST_BACKTRACE=full" "-e" "RUSTFLAGS=--cap-lints=forbid -Zrandomize-layout" "-e" "RUSTDOCFLAGS=--cap-lints=forbid" "-e" "CARGO_HOME=/opt/rustwide/cargo-home" "-e" "RUSTUP_HOME=/opt/rustwide/rustup-home" "-w" "/opt/rustwide/workdir" "-m" "1610612736" "--user" "0:0" "--network" "none" "ghcr.io/rust-lang/crates-build-env/linux@sha256:819108c5571ea2e421544af4d832f968d213c87fbe3707a016657f43d2f853bc" "/opt/rustwide/cargo-home/bin/cargo" "+nightly-2025-01-18" "build" "--frozen" "--message-format=json", kill_on_drop: false }`
[INFO] [stdout] d7688e95924f90ad69dc942bd2edcfe9bab93ac36746b0ea4cdbc79af11352bb
[INFO] running `Command { std: "docker" "start" "-a" "d7688e95924f90ad69dc942bd2edcfe9bab93ac36746b0ea4cdbc79af11352bb", kill_on_drop: false }`
[INFO] [stderr]    Compiling libc v0.2.45
[INFO] [stderr]    Compiling cfg-if v0.1.6
[INFO] [stderr]    Compiling rand_core v0.3.0
[INFO] [stderr]    Compiling semver-parser v0.7.0
[INFO] [stderr]    Compiling futures v0.1.25
[INFO] [stderr]    Compiling byteorder v1.2.7
[INFO] [stderr]    Compiling version_check v0.1.5
[INFO] [stderr]    Compiling scopeguard v0.3.3
[INFO] [stderr]    Compiling lazy_static v1.2.0
[INFO] [stderr]    Compiling slab v0.4.1
[INFO] [stderr]    Compiling void v1.0.2
[INFO] [stderr]    Compiling stable_deref_trait v1.1.1
[INFO] [stderr]    Compiling arrayvec v0.4.10
[INFO] [stderr]    Compiling lazycell v1.2.1
[INFO] [stderr]    Compiling cc v1.0.28
[INFO] [stderr]    Compiling nodrop v0.1.13
[INFO] [stderr]    Compiling log v0.4.6
[INFO] [stderr]    Compiling crossbeam-utils v0.6.3
[INFO] [stderr]    Compiling unreachable v1.0.0
[INFO] [stderr]    Compiling owning_ref v0.4.0
[INFO] [stderr]    Compiling pkg-config v0.3.14
[INFO] [stderr]    Compiling smallvec v0.6.7
[INFO] [stderr]    Compiling memoffset v0.2.1
[INFO] [stderr]    Compiling siphasher v0.2.3
[INFO] [stderr]    Compiling itoa v0.4.3
[INFO] [stderr]    Compiling bitflags v1.0.4
[INFO] [stderr]    Compiling lock_api v0.1.5
[INFO] [stderr]    Compiling foreign-types-shared v0.1.1
[INFO] [stderr]    Compiling httparse v1.3.3
[INFO] [stderr]    Compiling serde v1.0.83
[INFO] [stderr]    Compiling semver v0.9.0
[INFO] [stderr]    Compiling matches v0.1.8
[INFO] [stderr]    Compiling fnv v1.0.6
[INFO] [stderr]    Compiling openssl v0.10.16
[INFO] [stderr]    Compiling unicode-bidi v0.3.4
[INFO] [stderr]    Compiling rand_core v0.2.2
[INFO] [stderr]    Compiling unicase v1.4.2
[INFO] [stderr]    Compiling rustc_version v0.2.3
[INFO] [stderr]    Compiling rand_isaac v0.1.1
[INFO] [stderr]    Compiling rand_hc v0.1.0
[INFO] [stderr]    Compiling rand v0.5.5
[INFO] [stderr]    Compiling iovec v0.1.2
[INFO] [stderr]    Compiling num_cpus v1.9.0
[INFO] [stderr]    Compiling net2 v0.2.33
[INFO] [stderr]    Compiling openssl-src v111.1.0+1.1.1a
[INFO] [stderr]    Compiling crossbeam-epoch v0.7.0
[INFO] [stderr]    Compiling bytes v0.4.11
[INFO] [stderr]    Compiling rand_xorshift v0.1.0
[INFO] [stderr]    Compiling unicase v2.2.0
[INFO] [stderr]    Compiling parking_lot_core v0.3.1
[INFO] [stderr]    Compiling rand_pcg v0.1.1
[INFO] [stderr]    Compiling rand_chacha v0.1.0
[INFO] [stderr]    Compiling rand v0.6.1
[INFO] [stderr]    Compiling phf_shared v0.7.23
[INFO] [stderr]    Compiling mio v0.6.16
[INFO] [stderr]    Compiling crossbeam-deque v0.6.3
[INFO] [stderr]    Compiling http v0.1.14
[INFO] [stderr]    Compiling foreign-types v0.3.2
[INFO] [stderr]    Compiling indexmap v1.0.2
[INFO] [stderr]    Compiling string v0.1.2
[INFO] [stderr]    Compiling crc32fast v1.1.2
[INFO] [stderr]    Compiling try-lock v0.2.2
[INFO] [stderr]    Compiling native-tls v0.2.2
[INFO] [stderr]    Compiling ryu v0.2.7
[INFO] [stderr]    Compiling unicode-normalization v0.1.7
[INFO] [stderr]    Compiling time v0.1.41
[INFO] [stderr]    Compiling encoding_rs v0.8.13
[INFO] [stderr]    Compiling mio-uds v0.6.7
[INFO] [stderr]    Compiling phf_generator v0.7.23
[INFO] [stderr]    Compiling openssl-sys v0.9.40
[INFO] [stderr]    Compiling percent-encoding v1.0.1
[INFO] [stderr]    Compiling phf_codegen v0.7.23
[INFO] [stderr]    Compiling openssl-probe v0.1.2
[INFO] [stderr]    Compiling parking_lot v0.6.4
[INFO] [stderr]    Compiling mime v0.3.12
[INFO] [stderr]    Compiling phf v0.7.23
[INFO] [stderr]    Compiling dtoa v0.4.3
[INFO] [stderr]    Compiling unicode-width v0.1.5
[INFO] [stderr]    Compiling adler32 v1.0.3
[INFO] [stderr]    Compiling safemem v0.3.0
[INFO] [stderr]    Compiling libflate v0.1.19
[INFO] [stderr]    Compiling base64 v0.9.3
[INFO] [stderr]    Compiling textwrap v0.10.0
[INFO] [stderr]    Compiling mime_guess v2.0.0-alpha.6
[INFO] [stderr]    Compiling uuid v0.7.1
[INFO] [stderr]    Compiling atty v0.2.11
[INFO] [stderr]    Compiling strsim v0.7.0
[INFO] [stderr]    Compiling vec_map v0.8.1
[INFO] [stderr]    Compiling ansi_term v0.11.0
[INFO] [stderr]    Compiling clap v2.32.0
[INFO] [stderr]    Compiling tokio-executor v0.1.5
[INFO] [stderr]    Compiling tokio-io v0.1.10
[INFO] [stderr]    Compiling futures-cpupool v0.1.8
[INFO] [stderr]    Compiling want v0.0.6
[INFO] [stderr]    Compiling tokio-threadpool v0.1.9
[INFO] [stderr]    Compiling tokio-timer v0.2.8
[INFO] [stderr]    Compiling tokio-current-thread v0.1.4
[INFO] [stderr]    Compiling tokio-reactor v0.1.7
[INFO] [stderr]    Compiling tokio-codec v0.1.1
[INFO] [stderr]    Compiling tokio-fs v0.1.4
[INFO] [stderr]    Compiling h2 v0.1.14
[INFO] [stdout] error: failed to build archive at `/opt/rustwide/target/debug/deps/libencoding_rs-70bcfbf0e693a39a.rlib`: couldn't create a directory for the temp file: No space left on device (os error 28) at path "/opt/rustwide/target/debug/deps/.tmprfuKYv.temp-archive"
[INFO] [stdout] 
[INFO] [stdout] 
[INFO] [stdout] error: failed to build archive at `/opt/rustwide/target/debug/deps/libtokio_threadpool-cc575c77aedf822a.rlib`: No space left on device (os error 28)
[INFO] [stdout] 
[INFO] [stdout] 
[INFO] [stdout] error: failed to build archive at `/opt/rustwide/target/debug/deps/libhttp-1c5a26bb72961cb6.rlib`: No space left on device (os error 28)
[INFO] [stdout] 
[INFO] [stdout] 
[INFO] [stderr] error: could not compile `tokio-threadpool` (lib) due to 1 previous error
[INFO] [stderr] warning: build failed, waiting for other jobs to finish...
[INFO] [stderr] error: could not compile `encoding_rs` (lib) due to 1 previous error
[INFO] [stderr] error: could not compile `http` (lib) due to 1 previous error
[INFO] [stderr] rustc-LLVM ERROR: IO failure on output stream: No space left on device
[INFO] [stderr] error: could not compile `tokio-fs` (lib)
[INFO] [stderr] 
[INFO] [stderr] Caused by:
[INFO] [stderr]   No space left on device (os error 28)
[INFO] [stderr] 
[INFO] [stderr] Caused by:
[INFO] [stderr]   failed to parse process output: `/opt/rustwide/rustup-home/toolchains/nightly-2025-01-18-x86_64-unknown-linux-gnu/bin/rustc --crate-name tokio_fs --edition=2015 /opt/rustwide/cargo-home/registry/src/index.crates.io-1949cf8c6b5b557f/tokio-fs-0.1.4/src/lib.rs --error-format=json --json=diagnostic-rendered-ansi,artifacts,future-incompat --crate-type lib --emit=dep-info,metadata,link -C embed-bitcode=no -C debuginfo=2 --check-cfg 'cfg(docsrs,test)' --check-cfg 'cfg(feature, values())' -C metadata=56c453fa71d61185 -C extra-filename=-023e6555ffb011f4 --out-dir /opt/rustwide/target/debug/deps -L dependency=/opt/rustwide/target/debug/deps --extern futures=/opt/rustwide/target/debug/deps/libfutures-5022b6bec1c920d8.rmeta --extern tokio_io=/opt/rustwide/target/debug/deps/libtokio_io-6d6457a9527ead48.rmeta --extern tokio_threadpool=/opt/rustwide/target/debug/deps/libtokio_threadpool-cc575c77aedf822a.rmeta --cap-lints allow --cap-lints=forbid -Zrandomize-layout` (exit status: 101)
[INFO] [stdout] error: couldn't create a temp dir: No space left on device (os error 28) at path "/opt/rustwide/target/debug/deps/rmetaS5YVMq"
[INFO] [stdout] 
[INFO] [stdout] 
[INFO] [stderr] error: could not compile `tokio-reactor` (lib) due to 1 previous error
[INFO] [stdout] error: failed to write to `/opt/rustwide/target/debug/deps/rmetaTfpSah/lib.rmeta`: No space left on device (os error 28)
[INFO] [stdout] 
[INFO] [stdout] 
[INFO] [stderr] error: could not compile `unicode-normalization` (lib) due to 1 previous error
[INFO] [stdout] error: couldn't create a temp dir: No space left on device (os error 28) at path "/opt/rustwide/target/debug/deps/rmetawttoIi"
[INFO] [stdout] 
[INFO] [stdout] 
[INFO] [stderr] error: could not compile `clap` (lib) due to 1 previous error
[INFO] [stderr] error: failed to run custom build command for `openssl-sys v0.9.40`
[INFO] [stderr] note: To improve backtraces for build dependencies, set the CARGO_PROFILE_DEV_BUILD_OVERRIDE_DEBUG=true environment variable to enable debug information generation.
[INFO] [stderr] 
[INFO] [stderr] Caused by:
[INFO] [stderr]   process didn't exit successfully: `/opt/rustwide/target/debug/build/openssl-sys-9857076d2743c984/build-script-main` (exit status: 101)
[INFO] [stderr]   --- stdout
[INFO] [stderr]   CC_x86_64-unknown-linux-gnu = None
[INFO] [stderr]   CC_x86_64_unknown_linux_gnu = None
[INFO] [stderr]   HOST_CC = None
[INFO] [stderr]   CC = None
[INFO] [stderr]   CFLAGS_x86_64-unknown-linux-gnu = None
[INFO] [stderr]   CFLAGS_x86_64_unknown_linux_gnu = None
[INFO] [stderr]   HOST_CFLAGS = None
[INFO] [stderr]   CFLAGS = None
[INFO] [stderr]   DEBUG = Some("true")
[INFO] [stderr]   running cd "/opt/rustwide/target/debug/build/openssl-sys-5b4e8d65c9d3d4b1/out/openssl-build/build/src" && CC="cc" "perl" "./Configure" "--prefix=/opt/rustwide/target/debug/build/openssl-sys-5b4e8d65c9d3d4b1/out/openssl-build/install" "no-dso" "no-ssl3" "no-unit-test" "no-comp" "no-zlib" "no-zlib-dynamic" "no-engine" "no-async" "no-shared" "linux-x86_64" "-O2" "-ffunction-sections" "-fdata-sections" "-fPIC" "-g" "-fno-omit-frame-pointer" "-m64"
[INFO] [stderr]   Configuring OpenSSL version 1.1.1a (0x1010101fL) for linux-x86_64
[INFO] [stderr]   Using os-specific seed configuration
[INFO] [stderr]   Creating configdata.pm
[INFO] [stderr]   Creating Makefile
[INFO] [stderr] 
[INFO] [stderr]   **********************************************************************
[INFO] [stderr]   ***                                                                ***
[INFO] [stderr]   ***   OpenSSL has been successfully configured                     ***
[INFO] [stderr]   ***                                                                ***
[INFO] [stderr]   ***   If you encounter a problem while building, please open an    ***
[INFO] [stderr]   ***   issue on GitHub <https://github.com/openssl/openssl/issues>  ***
[INFO] [stderr]   ***   and include the output from the following command:           ***
[INFO] [stderr]   ***                                                                ***
[INFO] [stderr]   ***       perl configdata.pm --dump                                ***
[INFO] [stderr]   ***                                                                ***
[INFO] [stderr]   ***   (If you are new to OpenSSL, you might want to consult the    ***
[INFO] [stderr]   ***   'Troubleshooting' section in the INSTALL file first)         ***
[INFO] [stderr]   ***                                                                ***
[INFO] [stderr]   **********************************************************************
[INFO] [stderr]   running cd "/opt/rustwide/target/debug/build/openssl-sys-5b4e8d65c9d3d4b1/out/openssl-build/build/src" && "make" "depend"
[INFO] [stderr]   running cd "/opt/rustwide/target/debug/build/openssl-sys-5b4e8d65c9d3d4b1/out/openssl-build/build/src" && MAKEFLAGS="-j --jobserver-fds=8,9 --jobserver-auth=8,9" "make"
[INFO] [stderr]   /usr/bin/perl "-I." -Mconfigdata "util/dofile.pl" \
[INFO] [stderr]       "-oMakefile" crypto/include/internal/bn_conf.h.in > crypto/include/internal/bn_conf.h
[INFO] [stderr]   /usr/bin/perl "-I." -Mconfigdata "util/dofile.pl" \
[INFO] [stderr]       "-oMakefile" crypto/include/internal/dso_conf.h.in > crypto/include/internal/dso_conf.h
[INFO] [stderr]   /usr/bin/perl "-I." -Mconfigdata "util/dofile.pl" \
[INFO] [stderr]       "-oMakefile" include/openssl/opensslconf.h.in > include/openssl/opensslconf.h
[INFO] [stderr]   make depend && make _all
[INFO] [stderr]   make[1]: Entering directory '/opt/rustwide/target/debug/build/openssl-sys-5b4e8d65c9d3d4b1/out/openssl-build/build/src'
[INFO] [stderr]   make[1]: Leaving directory '/opt/rustwide/target/debug/build/openssl-sys-5b4e8d65c9d3d4b1/out/openssl-build/build/src'
[INFO] [stderr]   make[1]: Entering directory '/opt/rustwide/target/debug/build/openssl-sys-5b4e8d65c9d3d4b1/out/openssl-build/build/src'
[INFO] [stderr]   cc  -I. -Iinclude -fPIC -pthread -m64 -Wa,--noexecstack -Wall -O3 -O2 -ffunction-sections -fdata-sections -fPIC -g -fno-omit-frame-pointer -m64 -DOPENSSL_USE_NODELETE -DL_ENDIAN -DOPENSSL_PIC -DOPENSSL_CPUID_OBJ -DOPENSSL_IA32_SSE2 -DOPENSSL_BN_ASM_MONT -DOPENSSL_BN_ASM_MONT5 -DOPENSSL_BN_ASM_GF2m -DSHA1_ASM -DSHA256_ASM -DSHA512_ASM -DKECCAK1600_ASM -DRC4_ASM -DMD5_ASM -DAES_ASM -DVPAES_ASM -DBSAES_ASM -DGHASH_ASM -DECP_NISTZ256_ASM -DX25519_ASM -DPADLOCK_ASM -DPOLY1305_ASM -DOPENSSLDIR="\"/opt/rustwide/target/debug/build/openssl-sys-5b4e8d65c9d3d4b1/out/openssl-build/install/ssl\"" -DENGINESDIR="\"/opt/rustwide/target/debug/build/openssl-sys-5b4e8d65c9d3d4b1/out/openssl-build/install/lib/engines-1.1\"" -DNDEBUG  -MMD -MF apps/app_rand.d.tmp -MT apps/app_rand.o -c -o apps/app_rand.o apps/app_rand.c
[INFO] [stderr]   cc  -I. -Iinclude -fPIC -pthread -m64 -Wa,--noexecstack -Wall -O3 -O2 -ffunction-sections -fdata-sections -fPIC -g -fno-omit-frame-pointer -m64 -DOPENSSL_USE_NODELETE -DL_ENDIAN -DOPENSSL_PIC -DOPENSSL_CPUID_OBJ -DOPENSSL_IA32_SSE2 -DOPENSSL_BN_ASM_MONT -DOPENSSL_BN_ASM_MONT5 -DOPENSSL_BN_ASM_GF2m -DSHA1_ASM -DSHA256_ASM -DSHA512_ASM -DKECCAK1600_ASM -DRC4_ASM -DMD5_ASM -DAES_ASM -DVPAES_ASM -DBSAES_ASM -DGHASH_ASM -DECP_NISTZ256_ASM -DX25519_ASM -DPADLOCK_ASM -DPOLY1305_ASM -DOPENSSLDIR="\"/opt/rustwide/target/debug/build/openssl-sys-5b4e8d65c9d3d4b1/out/openssl-build/install/ssl\"" -DENGINESDIR="\"/opt/rustwide/target/debug/build/openssl-sys-5b4e8d65c9d3d4b1/out/openssl-build/install/lib/engines-1.1\"" -DNDEBUG  -MMD -MF apps/apps.d.tmp -MT apps/apps.o -c -o apps/apps.o apps/apps.c
[INFO] [stderr]   cc  -I. -Iinclude -fPIC -pthread -m64 -Wa,--noexecstack -Wall -O3 -O2 -ffunction-sections -fdata-sections -fPIC -g -fno-omit-frame-pointer -m64 -DOPENSSL_USE_NODELETE -DL_ENDIAN -DOPENSSL_PIC -DOPENSSL_CPUID_OBJ -DOPENSSL_IA32_SSE2 -DOPENSSL_BN_ASM_MONT -DOPENSSL_BN_ASM_MONT5 -DOPENSSL_BN_ASM_GF2m -DSHA1_ASM -DSHA256_ASM -DSHA512_ASM -DKECCAK1600_ASM -DRC4_ASM -DMD5_ASM -DAES_ASM -DVPAES_ASM -DBSAES_ASM -DGHASH_ASM -DECP_NISTZ256_ASM -DX25519_ASM -DPADLOCK_ASM -DPOLY1305_ASM -DOPENSSLDIR="\"/opt/rustwide/target/debug/build/openssl-sys-5b4e8d65c9d3d4b1/out/openssl-build/install/ssl\"" -DENGINESDIR="\"/opt/rustwide/target/debug/build/openssl-sys-5b4e8d65c9d3d4b1/out/openssl-build/install/lib/engines-1.1\"" -DNDEBUG  -MMD -MF apps/bf_prefix.d.tmp -MT apps/bf_prefix.o -c -o apps/bf_prefix.o apps/bf_prefix.c
[INFO] [stderr]   cc  -I. -Iinclude -fPIC -pthread -m64 -Wa,--noexecstack -Wall -O3 -O2 -ffunction-sections -fdata-sections -fPIC -g -fno-omit-frame-pointer -m64 -DOPENSSL_USE_NODELETE -DL_ENDIAN -DOPENSSL_PIC -DOPENSSL_CPUID_OBJ -DOPENSSL_IA32_SSE2 -DOPENSSL_BN_ASM_MONT -DOPENSSL_BN_ASM_MONT5 -DOPENSSL_BN_ASM_GF2m -DSHA1_ASM -DSHA256_ASM -DSHA512_ASM -DKECCAK1600_ASM -DRC4_ASM -DMD5_ASM -DAES_ASM -DVPAES_ASM -DBSAES_ASM -DGHASH_ASM -DECP_NISTZ256_ASM -DX25519_ASM -DPADLOCK_ASM -DPOLY1305_ASM -DOPENSSLDIR="\"/opt/rustwide/target/debug/build/openssl-sys-5b4e8d65c9d3d4b1/out/openssl-build/install/ssl\"" -DENGINESDIR="\"/opt/rustwide/target/debug/build/openssl-sys-5b4e8d65c9d3d4b1/out/openssl-build/install/lib/engines-1.1\"" -DNDEBUG  -MMD -MF apps/opt.d.tmp -MT apps/opt.o -c -o apps/opt.o apps/opt.c
[INFO] [stderr]   cc  -I. -Iinclude -fPIC -pthread -m64 -Wa,--noexecstack -Wall -O3 -O2 -ffunction-sections -fdata-sections -fPIC -g -fno-omit-frame-pointer -m64 -DOPENSSL_USE_NODELETE -DL_ENDIAN -DOPENSSL_PIC -DOPENSSL_CPUID_OBJ -DOPENSSL_IA32_SSE2 -DOPENSSL_BN_ASM_MONT -DOPENSSL_BN_ASM_MONT5 -DOPENSSL_BN_ASM_GF2m -DSHA1_ASM -DSHA256_ASM -DSHA512_ASM -DKECCAK1600_ASM -DRC4_ASM -DMD5_ASM -DAES_ASM -DVPAES_ASM -DBSAES_ASM -DGHASH_ASM -DECP_NISTZ256_ASM -DX25519_ASM -DPADLOCK_ASM -DPOLY1305_ASM -DOPENSSLDIR="\"/opt/rustwide/target/debug/build/openssl-sys-5b4e8d65c9d3d4b1/out/openssl-build/install/ssl\"" -DENGINESDIR="\"/opt/rustwide/target/debug/build/openssl-sys-5b4e8d65c9d3d4b1/out/openssl-build/install/lib/engines-1.1\"" -DNDEBUG  -MMD -MF apps/s_cb.d.tmp -MT apps/s_cb.o -c -o apps/s_cb.o apps/s_cb.c
[INFO] [stderr]   cc  -I. -Iinclude -fPIC -pthread -m64 -Wa,--noexecstack -Wall -O3 -O2 -ffunction-sections -fdata-sections -fPIC -g -fno-omit-frame-pointer -m64 -DOPENSSL_USE_NODELETE -DL_ENDIAN -DOPENSSL_PIC -DOPENSSL_CPUID_OBJ -DOPENSSL_IA32_SSE2 -DOPENSSL_BN_ASM_MONT -DOPENSSL_BN_ASM_MONT5 -DOPENSSL_BN_ASM_GF2m -DSHA1_ASM -DSHA256_ASM -DSHA512_ASM -DKECCAK1600_ASM -DRC4_ASM -DMD5_ASM -DAES_ASM -DVPAES_ASM -DBSAES_ASM -DGHASH_ASM -DECP_NISTZ256_ASM -DX25519_ASM -DPADLOCK_ASM -DPOLY1305_ASM -DOPENSSLDIR="\"/opt/rustwide/target/debug/build/openssl-sys-5b4e8d65c9d3d4b1/out/openssl-build/install/ssl\"" -DENGINESDIR="\"/opt/rustwide/target/debug/build/openssl-sys-5b4e8d65c9d3d4b1/out/openssl-build/install/lib/engines-1.1\"" -DNDEBUG  -MMD -MF apps/s_socket.d.tmp -MT apps/s_socket.o -c -o apps/s_socket.o apps/s_socket.c
[INFO] [stderr]   CC="cc" /usr/bin/perl crypto/aes/asm/aes-x86_64.pl elf crypto/aes/aes-x86_64.s
[INFO] [stderr]   cc  -I. -Icrypto/include -Iinclude -fPIC -pthread -m64 -Wa,--noexecstack -Wall -O3 -O2 -ffunction-sections -fdata-sections -fPIC -g -fno-omit-frame-pointer -m64 -DOPENSSL_USE_NODELETE -DL_ENDIAN -DOPENSSL_PIC -DOPENSSL_CPUID_OBJ -DOPENSSL_IA32_SSE2 -DOPENSSL_BN_ASM_MONT -DOPENSSL_BN_ASM_MONT5 -DOPENSSL_BN_ASM_GF2m -DSHA1_ASM -DSHA256_ASM -DSHA512_ASM -DKECCAK1600_ASM -DRC4_ASM -DMD5_ASM -DAES_ASM -DVPAES_ASM -DBSAES_ASM -DGHASH_ASM -DECP_NISTZ256_ASM -DX25519_ASM -DPADLOCK_ASM -DPOLY1305_ASM -DOPENSSLDIR="\"/opt/rustwide/target/debug/build/openssl-sys-5b4e8d65c9d3d4b1/out/openssl-build/install/ssl\"" -DENGINESDIR="\"/opt/rustwide/target/debug/build/openssl-sys-5b4e8d65c9d3d4b1/out/openssl-build/install/lib/engines-1.1\"" -DNDEBUG  -MMD -MF crypto/aes/aes_cfb.d.tmp -MT crypto/aes/aes_cfb.o -c -o crypto/aes/aes_cfb.o crypto/aes/aes_cfb.c
[INFO] [stderr]   cc  -I. -Icrypto/include -Iinclude -fPIC -pthread -m64 -Wa,--noexecstack -Wall -O3 -O2 -ffunction-sections -fdata-sections -fPIC -g -fno-omit-frame-pointer -m64 -DOPENSSL_USE_NODELETE -DL_ENDIAN -DOPENSSL_PIC -DOPENSSL_CPUID_OBJ -DOPENSSL_IA32_SSE2 -DOPENSSL_BN_ASM_MONT -DOPENSSL_BN_ASM_MONT5 -DOPENSSL_BN_ASM_GF2m -DSHA1_ASM -DSHA256_ASM -DSHA512_ASM -DKECCAK1600_ASM -DRC4_ASM -DMD5_ASM -DAES_ASM -DVPAES_ASM -DBSAES_ASM -DGHASH_ASM -DECP_NISTZ256_ASM -DX25519_ASM -DPADLOCK_ASM -DPOLY1305_ASM -DOPENSSLDIR="\"/opt/rustwide/target/debug/build/openssl-sys-5b4e8d65c9d3d4b1/out/openssl-build/install/ssl\"" -DENGINESDIR="\"/opt/rustwide/target/debug/build/openssl-sys-5b4e8d65c9d3d4b1/out/openssl-build/install/lib/engines-1.1\"" -DNDEBUG  -MMD -MF crypto/aes/aes_ecb.d.tmp -MT crypto/aes/aes_ecb.o -c -o crypto/aes/aes_ecb.o crypto/aes/aes_ecb.c
[INFO] [stderr]   cc  -I. -Icrypto/include -Iinclude -fPIC -pthread -m64 -Wa,--noexecstack -Wall -O3 -O2 -ffunction-sections -fdata-sections -fPIC -g -fno-omit-frame-pointer -m64 -DOPENSSL_USE_NODELETE -DL_ENDIAN -DOPENSSL_PIC -DOPENSSL_CPUID_OBJ -DOPENSSL_IA32_SSE2 -DOPENSSL_BN_ASM_MONT -DOPENSSL_BN_ASM_MONT5 -DOPENSSL_BN_ASM_GF2m -DSHA1_ASM -DSHA256_ASM -DSHA512_ASM -DKECCAK1600_ASM -DRC4_ASM -DMD5_ASM -DAES_ASM -DVPAES_ASM -DBSAES_ASM -DGHASH_ASM -DECP_NISTZ256_ASM -DX25519_ASM -DPADLOCK_ASM -DPOLY1305_ASM -DOPENSSLDIR="\"/opt/rustwide/target/debug/build/openssl-sys-5b4e8d65c9d3d4b1/out/openssl-build/install/ssl\"" -DENGINESDIR="\"/opt/rustwide/target/debug/build/openssl-sys-5b4e8d65c9d3d4b1/out/openssl-build/install/lib/engines-1.1\"" -DNDEBUG  -MMD -MF crypto/aes/aes_ige.d.tmp -MT crypto/aes/aes_ige.o -c -o crypto/aes/aes_ige.o crypto/aes/aes_ige.c
[INFO] [stderr]   cc  -I. -Icrypto/include -Iinclude -fPIC -pthread -m64 -Wa,--noexecstack -Wall -O3 -O2 -ffunction-sections -fdata-sections -fPIC -g -fno-omit-frame-pointer -m64 -DOPENSSL_USE_NODELETE -DL_ENDIAN -DOPENSSL_PIC -DOPENSSL_CPUID_OBJ -DOPENSSL_IA32_SSE2 -DOPENSSL_BN_ASM_MONT -DOPENSSL_BN_ASM_MONT5 -DOPENSSL_BN_ASM_GF2m -DSHA1_ASM -DSHA256_ASM -DSHA512_ASM -DKECCAK1600_ASM -DRC4_ASM -DMD5_ASM -DAES_ASM -DVPAES_ASM -DBSAES_ASM -DGHASH_ASM -DECP_NISTZ256_ASM -DX25519_ASM -DPADLOCK_ASM -DPOLY1305_ASM -DOPENSSLDIR="\"/opt/rustwide/target/debug/build/openssl-sys-5b4e8d65c9d3d4b1/out/openssl-build/install/ssl\"" -DENGINESDIR="\"/opt/rustwide/target/debug/build/openssl-sys-5b4e8d65c9d3d4b1/out/openssl-build/install/lib/engines-1.1\"" -DNDEBUG  -MMD -MF crypto/aes/aes_misc.d.tmp -MT crypto/aes/aes_misc.o -c -o crypto/aes/aes_misc.o crypto/aes/aes_misc.c
[INFO] [stderr]   cc  -I. -Icrypto/include -Iinclude -fPIC -pthread -m64 -Wa,--noexecstack -Wall -O3 -O2 -ffunction-sections -fdata-sections -fPIC -g -fno-omit-frame-pointer -m64 -DOPENSSL_USE_NODELETE -DL_ENDIAN -DOPENSSL_PIC -DOPENSSL_CPUID_OBJ -DOPENSSL_IA32_SSE2 -DOPENSSL_BN_ASM_MONT -DOPENSSL_BN_ASM_MONT5 -DOPENSSL_BN_ASM_GF2m -DSHA1_ASM -DSHA256_ASM -DSHA512_ASM -DKECCAK1600_ASM -DRC4_ASM -DMD5_ASM -DAES_ASM -DVPAES_ASM -DBSAES_ASM -DGHASH_ASM -DECP_NISTZ256_ASM -DX25519_ASM -DPADLOCK_ASM -DPOLY1305_ASM -DOPENSSLDIR="\"/opt/rustwide/target/debug/build/openssl-sys-5b4e8d65c9d3d4b1/out/openssl-build/install/ssl\"" -DENGINESDIR="\"/opt/rustwide/target/debug/build/openssl-sys-5b4e8d65c9d3d4b1/out/openssl-build/install/lib/engines-1.1\"" -DNDEBUG  -MMD -MF crypto/aes/aes_ofb.d.tmp -MT crypto/aes/aes_ofb.o -c -o crypto/aes/aes_ofb.o crypto/aes/aes_ofb.c
[INFO] [stderr]   cc  -I. -Icrypto/include -Iinclude -fPIC -pthread -m64 -Wa,--noexecstack -Wall -O3 -O2 -ffunction-sections -fdata-sections -fPIC -g -fno-omit-frame-pointer -m64 -DOPENSSL_USE_NODELETE -DL_ENDIAN -DOPENSSL_PIC -DOPENSSL_CPUID_OBJ -DOPENSSL_IA32_SSE2 -DOPENSSL_BN_ASM_MONT -DOPENSSL_BN_ASM_MONT5 -DOPENSSL_BN_ASM_GF2m -DSHA1_ASM -DSHA256_ASM -DSHA512_ASM -DKECCAK1600_ASM -DRC4_ASM -DMD5_ASM -DAES_ASM -DVPAES_ASM -DBSAES_ASM -DGHASH_ASM -DECP_NISTZ256_ASM -DX25519_ASM -DPADLOCK_ASM -DPOLY1305_ASM -DOPENSSLDIR="\"/opt/rustwide/target/debug/build/openssl-sys-5b4e8d65c9d3d4b1/out/openssl-build/install/ssl\"" -DENGINESDIR="\"/opt/rustwide/target/debug/build/openssl-sys-5b4e8d65c9d3d4b1/out/openssl-build/install/lib/engines-1.1\"" -DNDEBUG  -MMD -MF crypto/aes/aes_wrap.d.tmp -MT crypto/aes/aes_wrap.o -c -o crypto/aes/aes_wrap.o crypto/aes/aes_wrap.c
[INFO] [stderr]   CC="cc" /usr/bin/perl crypto/aes/asm/aesni-mb-x86_64.pl elf crypto/aes/aesni-mb-x86_64.s
[INFO] [stderr]   CC="cc" /usr/bin/perl crypto/aes/asm/aesni-sha1-x86_64.pl elf crypto/aes/aesni-sha1-x86_64.s
[INFO] [stderr]   CC="cc" /usr/bin/perl crypto/aes/asm/aesni-sha256-x86_64.pl elf crypto/aes/aesni-sha256-x86_64.s
[INFO] [stderr]   CC="cc" /usr/bin/perl crypto/aes/asm/aesni-x86_64.pl elf crypto/aes/aesni-x86_64.s
[INFO] [stderr]   CC="cc" /usr/bin/perl crypto/aes/asm/bsaes-x86_64.pl elf crypto/aes/bsaes-x86_64.s
[INFO] [stderr]   CC="cc" /usr/bin/perl crypto/aes/asm/vpaes-x86_64.pl elf crypto/aes/vpaes-x86_64.s
[INFO] [stderr]   cc  -I. -Icrypto/include -Iinclude -fPIC -pthread -m64 -Wa,--noexecstack -Wall -O3 -O2 -ffunction-sections -fdata-sections -fPIC -g -fno-omit-frame-pointer -m64 -DOPENSSL_USE_NODELETE -DL_ENDIAN -DOPENSSL_PIC -DOPENSSL_CPUID_OBJ -DOPENSSL_IA32_SSE2 -DOPENSSL_BN_ASM_MONT -DOPENSSL_BN_ASM_MONT5 -DOPENSSL_BN_ASM_GF2m -DSHA1_ASM -DSHA256_ASM -DSHA512_ASM -DKECCAK1600_ASM -DRC4_ASM -DMD5_ASM -DAES_ASM -DVPAES_ASM -DBSAES_ASM -DGHASH_ASM -DECP_NISTZ256_ASM -DX25519_ASM -DPADLOCK_ASM -DPOLY1305_ASM -DOPENSSLDIR="\"/opt/rustwide/target/debug/build/openssl-sys-5b4e8d65c9d3d4b1/out/openssl-build/install/ssl\"" -DENGINESDIR="\"/opt/rustwide/target/debug/build/openssl-sys-5b4e8d65c9d3d4b1/out/openssl-build/install/lib/engines-1.1\"" -DNDEBUG  -MMD -MF crypto/aria/aria.d.tmp -MT crypto/aria/aria.o -c -o crypto/aria/aria.o crypto/aria/aria.c
[INFO] [stderr]   cc  -I. -Icrypto/include -Iinclude -fPIC -pthread -m64 -Wa,--noexecstack -Wall -O3 -O2 -ffunction-sections -fdata-sections -fPIC -g -fno-omit-frame-pointer -m64 -DOPENSSL_USE_NODELETE -DL_ENDIAN -DOPENSSL_PIC -DOPENSSL_CPUID_OBJ -DOPENSSL_IA32_SSE2 -DOPENSSL_BN_ASM_MONT -DOPENSSL_BN_ASM_MONT5 -DOPENSSL_BN_ASM_GF2m -DSHA1_ASM -DSHA256_ASM -DSHA512_ASM -DKECCAK1600_ASM -DRC4_ASM -DMD5_ASM -DAES_ASM -DVPAES_ASM -DBSAES_ASM -DGHASH_ASM -DECP_NISTZ256_ASM -DX25519_ASM -DPADLOCK_ASM -DPOLY1305_ASM -DOPENSSLDIR="\"/opt/rustwide/target/debug/build/openssl-sys-5b4e8d65c9d3d4b1/out/openssl-build/install/ssl\"" -DENGINESDIR="\"/opt/rustwide/target/debug/build/openssl-sys-5b4e8d65c9d3d4b1/out/openssl-build/install/lib/engines-1.1\"" -DNDEBUG  -MMD -MF crypto/asn1/a_bitstr.d.tmp -MT crypto/asn1/a_bitstr.o -c -o crypto/asn1/a_bitstr.o crypto/asn1/a_bitstr.c
[INFO] [stderr]   cc  -I. -Icrypto/include -Iinclude -fPIC -pthread -m64 -Wa,--noexecstack -Wall -O3 -O2 -ffunction-sections -fdata-sections -fPIC -g -fno-omit-frame-pointer -m64 -DOPENSSL_USE_NODELETE -DL_ENDIAN -DOPENSSL_PIC -DOPENSSL_CPUID_OBJ -DOPENSSL_IA32_SSE2 -DOPENSSL_BN_ASM_MONT -DOPENSSL_BN_ASM_MONT5 -DOPENSSL_BN_ASM_GF2m -DSHA1_ASM -DSHA256_ASM -DSHA512_ASM -DKECCAK1600_ASM -DRC4_ASM -DMD5_ASM -DAES_ASM -DVPAES_ASM -DBSAES_ASM -DGHASH_ASM -DECP_NISTZ256_ASM -DX25519_ASM -DPADLOCK_ASM -DPOLY1305_ASM -DOPENSSLDIR="\"/opt/rustwide/target/debug/build/openssl-sys-5b4e8d65c9d3d4b1/out/openssl-build/install/ssl\"" -DENGINESDIR="\"/opt/rustwide/target/debug/build/openssl-sys-5b4e8d65c9d3d4b1/out/openssl-build/install/lib/engines-1.1\"" -DNDEBUG  -MMD -MF crypto/asn1/a_d2i_fp.d.tmp -MT crypto/asn1/a_d2i_fp.o -c -o crypto/asn1/a_d2i_fp.o crypto/asn1/a_d2i_fp.c
[INFO] [stderr]   cc  -I. -Icrypto/include -Iinclude -fPIC -pthread -m64 -Wa,--noexecstack -Wall -O3 -O2 -ffunction-sections -fdata-sections -fPIC -g -fno-omit-frame-pointer -m64 -DOPENSSL_USE_NODELETE -DL_ENDIAN -DOPENSSL_PIC -DOPENSSL_CPUID_OBJ -DOPENSSL_IA32_SSE2 -DOPENSSL_BN_ASM_MONT -DOPENSSL_BN_ASM_MONT5 -DOPENSSL_BN_ASM_GF2m -DSHA1_ASM -DSHA256_ASM -DSHA512_ASM -DKECCAK1600_ASM -DRC4_ASM -DMD5_ASM -DAES_ASM -DVPAES_ASM -DBSAES_ASM -DGHASH_ASM -DECP_NISTZ256_ASM -DX25519_ASM -DPADLOCK_ASM -DPOLY1305_ASM -DOPENSSLDIR="\"/opt/rustwide/target/debug/build/openssl-sys-5b4e8d65c9d3d4b1/out/openssl-build/install/ssl\"" -DENGINESDIR="\"/opt/rustwide/target/debug/build/openssl-sys-5b4e8d65c9d3d4b1/out/openssl-build/install/lib/engines-1.1\"" -DNDEBUG  -MMD -MF crypto/asn1/a_digest.d.tmp -MT crypto/asn1/a_digest.o -c -o crypto/asn1/a_digest.o crypto/asn1/a_digest.c
[INFO] [stderr]   cc  -I. -Icrypto/include -Iinclude -fPIC -pthread -m64 -Wa,--noexecstack -Wall -O3 -O2 -ffunction-sections -fdata-sections -fPIC -g -fno-omit-frame-pointer -m64 -DOPENSSL_USE_NODELETE -DL_ENDIAN -DOPENSSL_PIC -DOPENSSL_CPUID_OBJ -DOPENSSL_IA32_SSE2 -DOPENSSL_BN_ASM_MONT -DOPENSSL_BN_ASM_MONT5 -DOPENSSL_BN_ASM_GF2m -DSHA1_ASM -DSHA256_ASM -DSHA512_ASM -DKECCAK1600_ASM -DRC4_ASM -DMD5_ASM -DAES_ASM -DVPAES_ASM -DBSAES_ASM -DGHASH_ASM -DECP_NISTZ256_ASM -DX25519_ASM -DPADLOCK_ASM -DPOLY1305_ASM -DOPENSSLDIR="\"/opt/rustwide/target/debug/build/openssl-sys-5b4e8d65c9d3d4b1/out/openssl-build/install/ssl\"" -DENGINESDIR="\"/opt/rustwide/target/debug/build/openssl-sys-5b4e8d65c9d3d4b1/out/openssl-build/install/lib/engines-1.1\"" -DNDEBUG  -MMD -MF crypto/asn1/a_dup.d.tmp -MT crypto/asn1/a_dup.o -c -o crypto/asn1/a_dup.o crypto/asn1/a_dup.c
[INFO] [stderr]   cc  -I. -Icrypto/include -Iinclude -fPIC -pthread -m64 -Wa,--noexecstack -Wall -O3 -O2 -ffunction-sections -fdata-sections -fPIC -g -fno-omit-frame-pointer -m64 -DOPENSSL_USE_NODELETE -DL_ENDIAN -DOPENSSL_PIC -DOPENSSL_CPUID_OBJ -DOPENSSL_IA32_SSE2 -DOPENSSL_BN_ASM_MONT -DOPENSSL_BN_ASM_MONT5 -DOPENSSL_BN_ASM_GF2m -DSHA1_ASM -DSHA256_ASM -DSHA512_ASM -DKECCAK1600_ASM -DRC4_ASM -DMD5_ASM -DAES_ASM -DVPAES_ASM -DBSAES_ASM -DGHASH_ASM -DECP_NISTZ256_ASM -DX25519_ASM -DPADLOCK_ASM -DPOLY1305_ASM -DOPENSSLDIR="\"/opt/rustwide/target/debug/build/openssl-sys-5b4e8d65c9d3d4b1/out/openssl-build/install/ssl\"" -DENGINESDIR="\"/opt/rustwide/target/debug/build/openssl-sys-5b4e8d65c9d3d4b1/out/openssl-build/install/lib/engines-1.1\"" -DNDEBUG  -MMD -MF crypto/asn1/a_gentm.d.tmp -MT crypto/asn1/a_gentm.o -c -o crypto/asn1/a_gentm.o crypto/asn1/a_gentm.c
[INFO] [stderr]   cc  -I. -Icrypto/include -Iinclude -fPIC -pthread -m64 -Wa,--noexecstack -Wall -O3 -O2 -ffunction-sections -fdata-sections -fPIC -g -fno-omit-frame-pointer -m64 -DOPENSSL_USE_NODELETE -DL_ENDIAN -DOPENSSL_PIC -DOPENSSL_CPUID_OBJ -DOPENSSL_IA32_SSE2 -DOPENSSL_BN_ASM_MONT -DOPENSSL_BN_ASM_MONT5 -DOPENSSL_BN_ASM_GF2m -DSHA1_ASM -DSHA256_ASM -DSHA512_ASM -DKECCAK1600_ASM -DRC4_ASM -DMD5_ASM -DAES_ASM -DVPAES_ASM -DBSAES_ASM -DGHASH_ASM -DECP_NISTZ256_ASM -DX25519_ASM -DPADLOCK_ASM -DPOLY1305_ASM -DOPENSSLDIR="\"/opt/rustwide/target/debug/build/openssl-sys-5b4e8d65c9d3d4b1/out/openssl-build/install/ssl\"" -DENGINESDIR="\"/opt/rustwide/target/debug/build/openssl-sys-5b4e8d65c9d3d4b1/out/openssl-build/install/lib/engines-1.1\"" -DNDEBUG  -MMD -MF crypto/asn1/a_i2d_fp.d.tmp -MT crypto/asn1/a_i2d_fp.o -c -o crypto/asn1/a_i2d_fp.o crypto/asn1/a_i2d_fp.c
[INFO] [stderr]   cc  -I. -Icrypto/include -Iinclude -fPIC -pthread -m64 -Wa,--noexecstack -Wall -O3 -O2 -ffunction-sections -fdata-sections -fPIC -g -fno-omit-frame-pointer -m64 -DOPENSSL_USE_NODELETE -DL_ENDIAN -DOPENSSL_PIC -DOPENSSL_CPUID_OBJ -DOPENSSL_IA32_SSE2 -DOPENSSL_BN_ASM_MONT -DOPENSSL_BN_ASM_MONT5 -DOPENSSL_BN_ASM_GF2m -DSHA1_ASM -DSHA256_ASM -DSHA512_ASM -DKECCAK1600_ASM -DRC4_ASM -DMD5_ASM -DAES_ASM -DVPAES_ASM -DBSAES_ASM -DGHASH_ASM -DECP_NISTZ256_ASM -DX25519_ASM -DPADLOCK_ASM -DPOLY1305_ASM -DOPENSSLDIR="\"/opt/rustwide/target/debug/build/openssl-sys-5b4e8d65c9d3d4b1/out/openssl-build/install/ssl\"" -DENGINESDIR="\"/opt/rustwide/target/debug/build/openssl-sys-5b4e8d65c9d3d4b1/out/openssl-build/install/lib/engines-1.1\"" -DNDEBUG  -MMD -MF crypto/asn1/a_int.d.tmp -MT crypto/asn1/a_int.o -c -o crypto/asn1/a_int.o crypto/asn1/a_int.c
[INFO] [stderr]   cc  -I. -Icrypto/include -Iinclude -fPIC -pthread -m64 -Wa,--noexecstack -Wall -O3 -O2 -ffunction-sections -fdata-sections -fPIC -g -fno-omit-frame-pointer -m64 -DOPENSSL_USE_NODELETE -DL_ENDIAN -DOPENSSL_PIC -DOPENSSL_CPUID_OBJ -DOPENSSL_IA32_SSE2 -DOPENSSL_BN_ASM_MONT -DOPENSSL_BN_ASM_MONT5 -DOPENSSL_BN_ASM_GF2m -DSHA1_ASM -DSHA256_ASM -DSHA512_ASM -DKECCAK1600_ASM -DRC4_ASM -DMD5_ASM -DAES_ASM -DVPAES_ASM -DBSAES_ASM -DGHASH_ASM -DECP_NISTZ256_ASM -DX25519_ASM -DPADLOCK_ASM -DPOLY1305_ASM -DOPENSSLDIR="\"/opt/rustwide/target/debug/build/openssl-sys-5b4e8d65c9d3d4b1/out/openssl-build/install/ssl\"" -DENGINESDIR="\"/opt/rustwide/target/debug/build/openssl-sys-5b4e8d65c9d3d4b1/out/openssl-build/install/lib/engines-1.1\"" -DNDEBUG  -MMD -MF crypto/asn1/a_mbstr.d.tmp -MT crypto/asn1/a_mbstr.o -c -o crypto/asn1/a_mbstr.o crypto/asn1/a_mbstr.c
[INFO] [stderr]   cc  -I. -Icrypto/include -Iinclude -fPIC -pthread -m64 -Wa,--noexecstack -Wall -O3 -O2 -ffunction-sections -fdata-sections -fPIC -g -fno-omit-frame-pointer -m64 -DOPENSSL_USE_NODELETE -DL_ENDIAN -DOPENSSL_PIC -DOPENSSL_CPUID_OBJ -DOPENSSL_IA32_SSE2 -DOPENSSL_BN_ASM_MONT -DOPENSSL_BN_ASM_MONT5 -DOPENSSL_BN_ASM_GF2m -DSHA1_ASM -DSHA256_ASM -DSHA512_ASM -DKECCAK1600_ASM -DRC4_ASM -DMD5_ASM -DAES_ASM -DVPAES_ASM -DBSAES_ASM -DGHASH_ASM -DECP_NISTZ256_ASM -DX25519_ASM -DPADLOCK_ASM -DPOLY1305_ASM -DOPENSSLDIR="\"/opt/rustwide/target/debug/build/openssl-sys-5b4e8d65c9d3d4b1/out/openssl-build/install/ssl\"" -DENGINESDIR="\"/opt/rustwide/target/debug/build/openssl-sys-5b4e8d65c9d3d4b1/out/openssl-build/install/lib/engines-1.1\"" -DNDEBUG  -MMD -MF crypto/asn1/a_object.d.tmp -MT crypto/asn1/a_object.o -c -o crypto/asn1/a_object.o crypto/asn1/a_object.c
[INFO] [stderr]   cc  -I. -Icrypto/include -Iinclude -fPIC -pthread -m64 -Wa,--noexecstack -Wall -O3 -O2 -ffunction-sections -fdata-sections -fPIC -g -fno-omit-frame-pointer -m64 -DOPENSSL_USE_NODELETE -DL_ENDIAN -DOPENSSL_PIC -DOPENSSL_CPUID_OBJ -DOPENSSL_IA32_SSE2 -DOPENSSL_BN_ASM_MONT -DOPENSSL_BN_ASM_MONT5 -DOPENSSL_BN_ASM_GF2m -DSHA1_ASM -DSHA256_ASM -DSHA512_ASM -DKECCAK1600_ASM -DRC4_ASM -DMD5_ASM -DAES_ASM -DVPAES_ASM -DBSAES_ASM -DGHASH_ASM -DECP_NISTZ256_ASM -DX25519_ASM -DPADLOCK_ASM -DPOLY1305_ASM -DOPENSSLDIR="\"/opt/rustwide/target/debug/build/openssl-sys-5b4e8d65c9d3d4b1/out/openssl-build/install/ssl\"" -DENGINESDIR="\"/opt/rustwide/target/debug/build/openssl-sys-5b4e8d65c9d3d4b1/out/openssl-build/install/lib/engines-1.1\"" -DNDEBUG  -MMD -MF crypto/asn1/a_octet.d.tmp -MT crypto/asn1/a_octet.o -c -o crypto/asn1/a_octet.o crypto/asn1/a_octet.c
[INFO] [stderr]   cc  -I. -Icrypto/include -Iinclude -fPIC -pthread -m64 -Wa,--noexecstack -Wall -O3 -O2 -ffunction-sections -fdata-sections -fPIC -g -fno-omit-frame-pointer -m64 -DOPENSSL_USE_NODELETE -DL_ENDIAN -DOPENSSL_PIC -DOPENSSL_CPUID_OBJ -DOPENSSL_IA32_SSE2 -DOPENSSL_BN_ASM_MONT -DOPENSSL_BN_ASM_MONT5 -DOPENSSL_BN_ASM_GF2m -DSHA1_ASM -DSHA256_ASM -DSHA512_ASM -DKECCAK1600_ASM -DRC4_ASM -DMD5_ASM -DAES_ASM -DVPAES_ASM -DBSAES_ASM -DGHASH_ASM -DECP_NISTZ256_ASM -DX25519_ASM -DPADLOCK_ASM -DPOLY1305_ASM -DOPENSSLDIR="\"/opt/rustwide/target/debug/build/openssl-sys-5b4e8d65c9d3d4b1/out/openssl-build/install/ssl\"" -DENGINESDIR="\"/opt/rustwide/target/debug/build/openssl-sys-5b4e8d65c9d3d4b1/out/openssl-build/install/lib/engines-1.1\"" -DNDEBUG  -MMD -MF crypto/asn1/a_print.d.tmp -MT crypto/asn1/a_print.o -c -o crypto/asn1/a_print.o crypto/asn1/a_print.c
[INFO] [stderr]   cc  -I. -Icrypto/include -Iinclude -fPIC -pthread -m64 -Wa,--noexecstack -Wall -O3 -O2 -ffunction-sections -fdata-sections -fPIC -g -fno-omit-frame-pointer -m64 -DOPENSSL_USE_NODELETE -DL_ENDIAN -DOPENSSL_PIC -DOPENSSL_CPUID_OBJ -DOPENSSL_IA32_SSE2 -DOPENSSL_BN_ASM_MONT -DOPENSSL_BN_ASM_MONT5 -DOPENSSL_BN_ASM_GF2m -DSHA1_ASM -DSHA256_ASM -DSHA512_ASM -DKECCAK1600_ASM -DRC4_ASM -DMD5_ASM -DAES_ASM -DVPAES_ASM -DBSAES_ASM -DGHASH_ASM -DECP_NISTZ256_ASM -DX25519_ASM -DPADLOCK_ASM -DPOLY1305_ASM -DOPENSSLDIR="\"/opt/rustwide/target/debug/build/openssl-sys-5b4e8d65c9d3d4b1/out/openssl-build/install/ssl\"" -DENGINESDIR="\"/opt/rustwide/target/debug/build/openssl-sys-5b4e8d65c9d3d4b1/out/openssl-build/install/lib/engines-1.1\"" -DNDEBUG  -MMD -MF crypto/asn1/a_sign.d.tmp -MT crypto/asn1/a_sign.o -c -o crypto/asn1/a_sign.o crypto/asn1/a_sign.c
[INFO] [stderr]   cc  -I. -Icrypto/include -Iinclude -fPIC -pthread -m64 -Wa,--noexecstack -Wall -O3 -O2 -ffunction-sections -fdata-sections -fPIC -g -fno-omit-frame-pointer -m64 -DOPENSSL_USE_NODELETE -DL_ENDIAN -DOPENSSL_PIC -DOPENSSL_CPUID_OBJ -DOPENSSL_IA32_SSE2 -DOPENSSL_BN_ASM_MONT -DOPENSSL_BN_ASM_MONT5 -DOPENSSL_BN_ASM_GF2m -DSHA1_ASM -DSHA256_ASM -DSHA512_ASM -DKECCAK1600_ASM -DRC4_ASM -DMD5_ASM -DAES_ASM -DVPAES_ASM -DBSAES_ASM -DGHASH_ASM -DECP_NISTZ256_ASM -DX25519_ASM -DPADLOCK_ASM -DPOLY1305_ASM -DOPENSSLDIR="\"/opt/rustwide/target/debug/build/openssl-sys-5b4e8d65c9d3d4b1/out/openssl-build/install/ssl\"" -DENGINESDIR="\"/opt/rustwide/target/debug/build/openssl-sys-5b4e8d65c9d3d4b1/out/openssl-build/install/lib/engines-1.1\"" -DNDEBUG  -MMD -MF crypto/asn1/a_strex.d.tmp -MT crypto/asn1/a_strex.o -c -o crypto/asn1/a_strex.o crypto/asn1/a_strex.c
[INFO] [stderr]   cc  -I. -Icrypto/include -Iinclude -fPIC -pthread -m64 -Wa,--noexecstack -Wall -O3 -O2 -ffunction-sections -fdata-sections -fPIC -g -fno-omit-frame-pointer -m64 -DOPENSSL_USE_NODELETE -DL_ENDIAN -DOPENSSL_PIC -DOPENSSL_CPUID_OBJ -DOPENSSL_IA32_SSE2 -DOPENSSL_BN_ASM_MONT -DOPENSSL_BN_ASM_MONT5 -DOPENSSL_BN_ASM_GF2m -DSHA1_ASM -DSHA256_ASM -DSHA512_ASM -DKECCAK1600_ASM -DRC4_ASM -DMD5_ASM -DAES_ASM -DVPAES_ASM -DBSAES_ASM -DGHASH_ASM -DECP_NISTZ256_ASM -DX25519_ASM -DPADLOCK_ASM -DPOLY1305_ASM -DOPENSSLDIR="\"/opt/rustwide/target/debug/build/openssl-sys-5b4e8d65c9d3d4b1/out/openssl-build/install/ssl\"" -DENGINESDIR="\"/opt/rustwide/target/debug/build/openssl-sys-5b4e8d65c9d3d4b1/out/openssl-build/install/lib/engines-1.1\"" -DNDEBUG  -MMD -MF crypto/asn1/a_strnid.d.tmp -MT crypto/asn1/a_strnid.o -c -o crypto/asn1/a_strnid.o crypto/asn1/a_strnid.c
[INFO] [stderr]   cc  -I. -Icrypto/include -Iinclude -fPIC -pthread -m64 -Wa,--noexecstack -Wall -O3 -O2 -ffunction-sections -fdata-sections -fPIC -g -fno-omit-frame-pointer -m64 -DOPENSSL_USE_NODELETE -DL_ENDIAN -DOPENSSL_PIC -DOPENSSL_CPUID_OBJ -DOPENSSL_IA32_SSE2 -DOPENSSL_BN_ASM_MONT -DOPENSSL_BN_ASM_MONT5 -DOPENSSL_BN_ASM_GF2m -DSHA1_ASM -DSHA256_ASM -DSHA512_ASM -DKECCAK1600_ASM -DRC4_ASM -DMD5_ASM -DAES_ASM -DVPAES_ASM -DBSAES_ASM -DGHASH_ASM -DECP_NISTZ256_ASM -DX25519_ASM -DPADLOCK_ASM -DPOLY1305_ASM -DOPENSSLDIR="\"/opt/rustwide/target/debug/build/openssl-sys-5b4e8d65c9d3d4b1/out/openssl-build/install/ssl\"" -DENGINESDIR="\"/opt/rustwide/target/debug/build/openssl-sys-5b4e8d65c9d3d4b1/out/openssl-build/install/lib/engines-1.1\"" -DNDEBUG  -MMD -MF crypto/asn1/a_time.d.tmp -MT crypto/asn1/a_time.o -c -o crypto/asn1/a_time.o crypto/asn1/a_time.c
[INFO] [stderr]   cc  -I. -Icrypto/include -Iinclude -fPIC -pthread -m64 -Wa,--noexecstack -Wall -O3 -O2 -ffunction-sections -fdata-sections -fPIC -g -fno-omit-frame-pointer -m64 -DOPENSSL_USE_NODELETE -DL_ENDIAN -DOPENSSL_PIC -DOPENSSL_CPUID_OBJ -DOPENSSL_IA32_SSE2 -DOPENSSL_BN_ASM_MONT -DOPENSSL_BN_ASM_MONT5 -DOPENSSL_BN_ASM_GF2m -DSHA1_ASM -DSHA256_ASM -DSHA512_ASM -DKECCAK1600_ASM -DRC4_ASM -DMD5_ASM -DAES_ASM -DVPAES_ASM -DBSAES_ASM -DGHASH_ASM -DECP_NISTZ256_ASM -DX25519_ASM -DPADLOCK_ASM -DPOLY1305_ASM -DOPENSSLDIR="\"/opt/rustwide/target/debug/build/openssl-sys-5b4e8d65c9d3d4b1/out/openssl-build/install/ssl\"" -DENGINESDIR="\"/opt/rustwide/target/debug/build/openssl-sys-5b4e8d65c9d3d4b1/out/openssl-build/install/lib/engines-1.1\"" -DNDEBUG  -MMD -MF crypto/asn1/a_type.d.tmp -MT crypto/asn1/a_type.o -c -o crypto/asn1/a_type.o crypto/asn1/a_type.c
[INFO] [stderr]   cc  -I. -Icrypto/include -Iinclude -fPIC -pthread -m64 -Wa,--noexecstack -Wall -O3 -O2 -ffunction-sections -fdata-sections -fPIC -g -fno-omit-frame-pointer -m64 -DOPENSSL_USE_NODELETE -DL_ENDIAN -DOPENSSL_PIC -DOPENSSL_CPUID_OBJ -DOPENSSL_IA32_SSE2 -DOPENSSL_BN_ASM_MONT -DOPENSSL_BN_ASM_MONT5 -DOPENSSL_BN_ASM_GF2m -DSHA1_ASM -DSHA256_ASM -DSHA512_ASM -DKECCAK1600_ASM -DRC4_ASM -DMD5_ASM -DAES_ASM -DVPAES_ASM -DBSAES_ASM -DGHASH_ASM -DECP_NISTZ256_ASM -DX25519_ASM -DPADLOCK_ASM -DPOLY1305_ASM -DOPENSSLDIR="\"/opt/rustwide/target/debug/build/openssl-sys-5b4e8d65c9d3d4b1/out/openssl-build/install/ssl\"" -DENGINESDIR="\"/opt/rustwide/target/debug/build/openssl-sys-5b4e8d65c9d3d4b1/out/openssl-build/install/lib/engines-1.1\"" -DNDEBUG  -MMD -MF crypto/asn1/a_utctm.d.tmp -MT crypto/asn1/a_utctm.o -c -o crypto/asn1/a_utctm.o crypto/asn1/a_utctm.c
[INFO] [stderr]   cc  -I. -Icrypto/include -Iinclude -fPIC -pthread -m64 -Wa,--noexecstack -Wall -O3 -O2 -ffunction-sections -fdata-sections -fPIC -g -fno-omit-frame-pointer -m64 -DOPENSSL_USE_NODELETE -DL_ENDIAN -DOPENSSL_PIC -DOPENSSL_CPUID_OBJ -DOPENSSL_IA32_SSE2 -DOPENSSL_BN_ASM_MONT -DOPENSSL_BN_ASM_MONT5 -DOPENSSL_BN_ASM_GF2m -DSHA1_ASM -DSHA256_ASM -DSHA512_ASM -DKECCAK1600_ASM -DRC4_ASM -DMD5_ASM -DAES_ASM -DVPAES_ASM -DBSAES_ASM -DGHASH_ASM -DECP_NISTZ256_ASM -DX25519_ASM -DPADLOCK_ASM -DPOLY1305_ASM -DOPENSSLDIR="\"/opt/rustwide/target/debug/build/openssl-sys-5b4e8d65c9d3d4b1/out/openssl-build/install/ssl\"" -DENGINESDIR="\"/opt/rustwide/target/debug/build/openssl-sys-5b4e8d65c9d3d4b1/out/openssl-build/install/lib/engines-1.1\"" -DNDEBUG  -MMD -MF crypto/asn1/a_utf8.d.tmp -MT crypto/asn1/a_utf8.o -c -o crypto/asn1/a_utf8.o crypto/asn1/a_utf8.c
[INFO] [stderr]   cc  -I. -Icrypto/include -Iinclude -fPIC -pthread -m64 -Wa,--noexecstack -Wall -O3 -O2 -ffunction-sections -fdata-sections -fPIC -g -fno-omit-frame-pointer -m64 -DOPENSSL_USE_NODELETE -DL_ENDIAN -DOPENSSL_PIC -DOPENSSL_CPUID_OBJ -DOPENSSL_IA32_SSE2 -DOPENSSL_BN_ASM_MONT -DOPENSSL_BN_ASM_MONT5 -DOPENSSL_BN_ASM_GF2m -DSHA1_ASM -DSHA256_ASM -DSHA512_ASM -DKECCAK1600_ASM -DRC4_ASM -DMD5_ASM -DAES_ASM -DVPAES_ASM -DBSAES_ASM -DGHASH_ASM -DECP_NISTZ256_ASM -DX25519_ASM -DPADLOCK_ASM -DPOLY1305_ASM -DOPENSSLDIR="\"/opt/rustwide/target/debug/build/openssl-sys-5b4e8d65c9d3d4b1/out/openssl-build/install/ssl\"" -DENGINESDIR="\"/opt/rustwide/target/debug/build/openssl-sys-5b4e8d65c9d3d4b1/out/openssl-build/install/lib/engines-1.1\"" -DNDEBUG  -MMD -MF crypto/asn1/a_verify.d.tmp -MT crypto/asn1/a_verify.o -c -o crypto/asn1/a_verify.o crypto/asn1/a_verify.c
[INFO] [stderr]   cc  -I. -Icrypto/include -Iinclude -fPIC -pthread -m64 -Wa,--noexecstack -Wall -O3 -O2 -ffunction-sections -fdata-sections -fPIC -g -fno-omit-frame-pointer -m64 -DOPENSSL_USE_NODELETE -DL_ENDIAN -DOPENSSL_PIC -DOPENSSL_CPUID_OBJ -DOPENSSL_IA32_SSE2 -DOPENSSL_BN_ASM_MONT -DOPENSSL_BN_ASM_MONT5 -DOPENSSL_BN_ASM_GF2m -DSHA1_ASM -DSHA256_ASM -DSHA512_ASM -DKECCAK1600_ASM -DRC4_ASM -DMD5_ASM -DAES_ASM -DVPAES_ASM -DBSAES_ASM -DGHASH_ASM -DECP_NISTZ256_ASM -DX25519_ASM -DPADLOCK_ASM -DPOLY1305_ASM -DOPENSSLDIR="\"/opt/rustwide/target/debug/build/openssl-sys-5b4e8d65c9d3d4b1/out/openssl-build/install/ssl\"" -DENGINESDIR="\"/opt/rustwide/target/debug/build/openssl-sys-5b4e8d65c9d3d4b1/out/openssl-build/install/lib/engines-1.1\"" -DNDEBUG  -MMD -MF crypto/asn1/ameth_lib.d.tmp -MT crypto/asn1/ameth_lib.o -c -o crypto/asn1/ameth_lib.o crypto/asn1/ameth_lib.c
[INFO] [stderr]   cc  -I. -Icrypto/include -Iinclude -fPIC -pthread -m64 -Wa,--noexecstack -Wall -O3 -O2 -ffunction-sections -fdata-sections -fPIC -g -fno-omit-frame-pointer -m64 -DOPENSSL_USE_NODELETE -DL_ENDIAN -DOPENSSL_PIC -DOPENSSL_CPUID_OBJ -DOPENSSL_IA32_SSE2 -DOPENSSL_BN_ASM_MONT -DOPENSSL_BN_ASM_MONT5 -DOPENSSL_BN_ASM_GF2m -DSHA1_ASM -DSHA256_ASM -DSHA512_ASM -DKECCAK1600_ASM -DRC4_ASM -DMD5_ASM -DAES_ASM -DVPAES_ASM -DBSAES_ASM -DGHASH_ASM -DECP_NISTZ256_ASM -DX25519_ASM -DPADLOCK_ASM -DPOLY1305_ASM -DOPENSSLDIR="\"/opt/rustwide/target/debug/build/openssl-sys-5b4e8d65c9d3d4b1/out/openssl-build/install/ssl\"" -DENGINESDIR="\"/opt/rustwide/target/debug/build/openssl-sys-5b4e8d65c9d3d4b1/out/openssl-build/install/lib/engines-1.1\"" -DNDEBUG  -MMD -MF crypto/asn1/asn1_err.d.tmp -MT crypto/asn1/asn1_err.o -c -o crypto/asn1/asn1_err.o crypto/asn1/asn1_err.c
[INFO] [stderr]   cc  -I. -Icrypto/include -Iinclude -fPIC -pthread -m64 -Wa,--noexecstack -Wall -O3 -O2 -ffunction-sections -fdata-sections -fPIC -g -fno-omit-frame-pointer -m64 -DOPENSSL_USE_NODELETE -DL_ENDIAN -DOPENSSL_PIC -DOPENSSL_CPUID_OBJ -DOPENSSL_IA32_SSE2 -DOPENSSL_BN_ASM_MONT -DOPENSSL_BN_ASM_MONT5 -DOPENSSL_BN_ASM_GF2m -DSHA1_ASM -DSHA256_ASM -DSHA512_ASM -DKECCAK1600_ASM -DRC4_ASM -DMD5_ASM -DAES_ASM -DVPAES_ASM -DBSAES_ASM -DGHASH_ASM -DECP_NISTZ256_ASM -DX25519_ASM -DPADLOCK_ASM -DPOLY1305_ASM -DOPENSSLDIR="\"/opt/rustwide/target/debug/build/openssl-sys-5b4e8d65c9d3d4b1/out/openssl-build/install/ssl\"" -DENGINESDIR="\"/opt/rustwide/target/debug/build/openssl-sys-5b4e8d65c9d3d4b1/out/openssl-build/install/lib/engines-1.1\"" -DNDEBUG  -MMD -MF crypto/asn1/asn1_gen.d.tmp -MT crypto/asn1/asn1_gen.o -c -o crypto/asn1/asn1_gen.o crypto/asn1/asn1_gen.c
[INFO] [stderr]   cc  -I. -Icrypto/include -Iinclude -fPIC -pthread -m64 -Wa,--noexecstack -Wall -O3 -O2 -ffunction-sections -fdata-sections -fPIC -g -fno-omit-frame-pointer -m64 -DOPENSSL_USE_NODELETE -DL_ENDIAN -DOPENSSL_PIC -DOPENSSL_CPUID_OBJ -DOPENSSL_IA32_SSE2 -DOPENSSL_BN_ASM_MONT -DOPENSSL_BN_ASM_MONT5 -DOPENSSL_BN_ASM_GF2m -DSHA1_ASM -DSHA256_ASM -DSHA512_ASM -DKECCAK1600_ASM -DRC4_ASM -DMD5_ASM -DAES_ASM -DVPAES_ASM -DBSAES_ASM -DGHASH_ASM -DECP_NISTZ256_ASM -DX25519_ASM -DPADLOCK_ASM -DPOLY1305_ASM -DOPENSSLDIR="\"/opt/rustwide/target/debug/build/openssl-sys-5b4e8d65c9d3d4b1/out/openssl-build/install/ssl\"" -DENGINESDIR="\"/opt/rustwide/target/debug/build/openssl-sys-5b4e8d65c9d3d4b1/out/openssl-build/install/lib/engines-1.1\"" -DNDEBUG  -MMD -MF crypto/asn1/asn1_item_list.d.tmp -MT crypto/asn1/asn1_item_list.o -c -o crypto/asn1/asn1_item_list.o crypto/asn1/asn1_item_list.c
[INFO] [stderr]   cc  -I. -Icrypto/include -Iinclude -fPIC -pthread -m64 -Wa,--noexecstack -Wall -O3 -O2 -ffunction-sections -fdata-sections -fPIC -g -fno-omit-frame-pointer -m64 -DOPENSSL_USE_NODELETE -DL_ENDIAN -DOPENSSL_PIC -DOPENSSL_CPUID_OBJ -DOPENSSL_IA32_SSE2 -DOPENSSL_BN_ASM_MONT -DOPENSSL_BN_ASM_MONT5 -DOPENSSL_BN_ASM_GF2m -DSHA1_ASM -DSHA256_ASM -DSHA512_ASM -DKECCAK1600_ASM -DRC4_ASM -DMD5_ASM -DAES_ASM -DVPAES_ASM -DBSAES_ASM -DGHASH_ASM -DECP_NISTZ256_ASM -DX25519_ASM -DPADLOCK_ASM -DPOLY1305_ASM -DOPENSSLDIR="\"/opt/rustwide/target/debug/build/openssl-sys-5b4e8d65c9d3d4b1/out/openssl-build/install/ssl\"" -DENGINESDIR="\"/opt/rustwide/target/debug/build/openssl-sys-5b4e8d65c9d3d4b1/out/openssl-build/install/lib/engines-1.1\"" -DNDEBUG  -MMD -MF crypto/asn1/asn1_lib.d.tmp -MT crypto/asn1/asn1_lib.o -c -o crypto/asn1/asn1_lib.o crypto/asn1/asn1_lib.c
[INFO] [stderr]   cc  -I. -Icrypto/include -Iinclude -fPIC -pthread -m64 -Wa,--noexecstack -Wall -O3 -O2 -ffunction-sections -fdata-sections -fPIC -g -fno-omit-frame-pointer -m64 -DOPENSSL_USE_NODELETE -DL_ENDIAN -DOPENSSL_PIC -DOPENSSL_CPUID_OBJ -DOPENSSL_IA32_SSE2 -DOPENSSL_BN_ASM_MONT -DOPENSSL_BN_ASM_MONT5 -DOPENSSL_BN_ASM_GF2m -DSHA1_ASM -DSHA256_ASM -DSHA512_ASM -DKECCAK1600_ASM -DRC4_ASM -DMD5_ASM -DAES_ASM -DVPAES_ASM -DBSAES_ASM -DGHASH_ASM -DECP_NISTZ256_ASM -DX25519_ASM -DPADLOCK_ASM -DPOLY1305_ASM -DOPENSSLDIR="\"/opt/rustwide/target/debug/build/openssl-sys-5b4e8d65c9d3d4b1/out/openssl-build/install/ssl\"" -DENGINESDIR="\"/opt/rustwide/target/debug/build/openssl-sys-5b4e8d65c9d3d4b1/out/openssl-build/install/lib/engines-1.1\"" -DNDEBUG  -MMD -MF crypto/asn1/asn1_par.d.tmp -MT crypto/asn1/asn1_par.o -c -o crypto/asn1/asn1_par.o crypto/asn1/asn1_par.c
[INFO] [stderr]   cc  -I. -Icrypto/include -Iinclude -fPIC -pthread -m64 -Wa,--noexecstack -Wall -O3 -O2 -ffunction-sections -fdata-sections -fPIC -g -fno-omit-frame-pointer -m64 -DOPENSSL_USE_NODELETE -DL_ENDIAN -DOPENSSL_PIC -DOPENSSL_CPUID_OBJ -DOPENSSL_IA32_SSE2 -DOPENSSL_BN_ASM_MONT -DOPENSSL_BN_ASM_MONT5 -DOPENSSL_BN_ASM_GF2m -DSHA1_ASM -DSHA256_ASM -DSHA512_ASM -DKECCAK1600_ASM -DRC4_ASM -DMD5_ASM -DAES_ASM -DVPAES_ASM -DBSAES_ASM -DGHASH_ASM -DECP_NISTZ256_ASM -DX25519_ASM -DPADLOCK_ASM -DPOLY1305_ASM -DOPENSSLDIR="\"/opt/rustwide/target/debug/build/openssl-sys-5b4e8d65c9d3d4b1/out/openssl-build/install/ssl\"" -DENGINESDIR="\"/opt/rustwide/target/debug/build/openssl-sys-5b4e8d65c9d3d4b1/out/openssl-build/install/lib/engines-1.1\"" -DNDEBUG  -MMD -MF crypto/asn1/asn_mime.d.tmp -MT crypto/asn1/asn_mime.o -c -o crypto/asn1/asn_mime.o crypto/asn1/asn_mime.c
[INFO] [stderr]   cc  -I. -Icrypto/include -Iinclude -fPIC -pthread -m64 -Wa,--noexecstack -Wall -O3 -O2 -ffunction-sections -fdata-sections -fPIC -g -fno-omit-frame-pointer -m64 -DOPENSSL_USE_NODELETE -DL_ENDIAN -DOPENSSL_PIC -DOPENSSL_CPUID_OBJ -DOPENSSL_IA32_SSE2 -DOPENSSL_BN_ASM_MONT -DOPENSSL_BN_ASM_MONT5 -DOPENSSL_BN_ASM_GF2m -DSHA1_ASM -DSHA256_ASM -DSHA512_ASM -DKECCAK1600_ASM -DRC4_ASM -DMD5_ASM -DAES_ASM -DVPAES_ASM -DBSAES_ASM -DGHASH_ASM -DECP_NISTZ256_ASM -DX25519_ASM -DPADLOCK_ASM -DPOLY1305_ASM -DOPENSSLDIR="\"/opt/rustwide/target/debug/build/openssl-sys-5b4e8d65c9d3d4b1/out/openssl-build/install/ssl\"" -DENGINESDIR="\"/opt/rustwide/target/debug/build/openssl-sys-5b4e8d65c9d3d4b1/out/openssl-build/install/lib/engines-1.1\"" -DNDEBUG  -MMD -MF crypto/asn1/asn_moid.d.tmp -MT crypto/asn1/asn_moid.o -c -o crypto/asn1/asn_moid.o crypto/asn1/asn_moid.c
[INFO] [stderr]   cc  -I. -Icrypto/include -Iinclude -fPIC -pthread -m64 -Wa,--noexecstack -Wall -O3 -O2 -ffunction-sections -fdata-sections -fPIC -g -fno-omit-frame-pointer -m64 -DOPENSSL_USE_NODELETE -DL_ENDIAN -DOPENSSL_PIC -DOPENSSL_CPUID_OBJ -DOPENSSL_IA32_SSE2 -DOPENSSL_BN_ASM_MONT -DOPENSSL_BN_ASM_MONT5 -DOPENSSL_BN_ASM_GF2m -DSHA1_ASM -DSHA256_ASM -DSHA512_ASM -DKECCAK1600_ASM -DRC4_ASM -DMD5_ASM -DAES_ASM -DVPAES_ASM -DBSAES_ASM -DGHASH_ASM -DECP_NISTZ256_ASM -DX25519_ASM -DPADLOCK_ASM -DPOLY1305_ASM -DOPENSSLDIR="\"/opt/rustwide/target/debug/build/openssl-sys-5b4e8d65c9d3d4b1/out/openssl-build/install/ssl\"" -DENGINESDIR="\"/opt/rustwide/target/debug/build/openssl-sys-5b4e8d65c9d3d4b1/out/openssl-build/install/lib/engines-1.1\"" -DNDEBUG  -MMD -MF crypto/asn1/asn_mstbl.d.tmp -MT crypto/asn1/asn_mstbl.o -c -o crypto/asn1/asn_mstbl.o crypto/asn1/asn_mstbl.c
[INFO] [stderr]   cc  -I. -Icrypto/include -Iinclude -fPIC -pthread -m64 -Wa,--noexecstack -Wall -O3 -O2 -ffunction-sections -fdata-sections -fPIC -g -fno-omit-frame-pointer -m64 -DOPENSSL_USE_NODELETE -DL_ENDIAN -DOPENSSL_PIC -DOPENSSL_CPUID_OBJ -DOPENSSL_IA32_SSE2 -DOPENSSL_BN_ASM_MONT -DOPENSSL_BN_ASM_MONT5 -DOPENSSL_BN_ASM_GF2m -DSHA1_ASM -DSHA256_ASM -DSHA512_ASM -DKECCAK1600_ASM -DRC4_ASM -DMD5_ASM -DAES_ASM -DVPAES_ASM -DBSAES_ASM -DGHASH_ASM -DECP_NISTZ256_ASM -DX25519_ASM -DPADLOCK_ASM -DPOLY1305_ASM -DOPENSSLDIR="\"/opt/rustwide/target/debug/build/openssl-sys-5b4e8d65c9d3d4b1/out/openssl-build/install/ssl\"" -DENGINESDIR="\"/opt/rustwide/target/debug/build/openssl-sys-5b4e8d65c9d3d4b1/out/openssl-build/install/lib/engines-1.1\"" -DNDEBUG  -MMD -MF crypto/asn1/asn_pack.d.tmp -MT crypto/asn1/asn_pack.o -c -o crypto/asn1/asn_pack.o crypto/asn1/asn_pack.c
[INFO] [stderr]   cc  -I. -Icrypto/include -Iinclude -fPIC -pthread -m64 -Wa,--noexecstack -Wall -O3 -O2 -ffunction-sections -fdata-sections -fPIC -g -fno-omit-frame-pointer -m64 -DOPENSSL_USE_NODELETE -DL_ENDIAN -DOPENSSL_PIC -DOPENSSL_CPUID_OBJ -DOPENSSL_IA32_SSE2 -DOPENSSL_BN_ASM_MONT -DOPENSSL_BN_ASM_MONT5 -DOPENSSL_BN_ASM_GF2m -DSHA1_ASM -DSHA256_ASM -DSHA512_ASM -DKECCAK1600_ASM -DRC4_ASM -DMD5_ASM -DAES_ASM -DVPAES_ASM -DBSAES_ASM -DGHASH_ASM -DECP_NISTZ256_ASM -DX25519_ASM -DPADLOCK_ASM -DPOLY1305_ASM -DOPENSSLDIR="\"/opt/rustwide/target/debug/build/openssl-sys-5b4e8d65c9d3d4b1/out/openssl-build/install/ssl\"" -DENGINESDIR="\"/opt/rustwide/target/debug/build/openssl-sys-5b4e8d65c9d3d4b1/out/openssl-build/install/lib/engines-1.1\"" -DNDEBUG  -MMD -MF crypto/asn1/bio_asn1.d.tmp -MT crypto/asn1/bio_asn1.o -c -o crypto/asn1/bio_asn1.o crypto/asn1/bio_asn1.c
[INFO] [stderr]   cc  -I. -Icrypto/include -Iinclude -fPIC -pthread -m64 -Wa,--noexecstack -Wall -O3 -O2 -ffunction-sections -fdata-sections -fPIC -g -fno-omit-frame-pointer -m64 -DOPENSSL_USE_NODELETE -DL_ENDIAN -DOPENSSL_PIC -DOPENSSL_CPUID_OBJ -DOPENSSL_IA32_SSE2 -DOPENSSL_BN_ASM_MONT -DOPENSSL_BN_ASM_MONT5 -DOPENSSL_BN_ASM_GF2m -DSHA1_ASM -DSHA256_ASM -DSHA512_ASM -DKECCAK1600_ASM -DRC4_ASM -DMD5_ASM -DAES_ASM -DVPAES_ASM -DBSAES_ASM -DGHASH_ASM -DECP_NISTZ256_ASM -DX25519_ASM -DPADLOCK_ASM -DPOLY1305_ASM -DOPENSSLDIR="\"/opt/rustwide/target/debug/build/openssl-sys-5b4e8d65c9d3d4b1/out/openssl-build/install/ssl\"" -DENGINESDIR="\"/opt/rustwide/target/debug/build/openssl-sys-5b4e8d65c9d3d4b1/out/openssl-build/install/lib/engines-1.1\"" -DNDEBUG  -MMD -MF crypto/asn1/bio_ndef.d.tmp -MT crypto/asn1/bio_ndef.o -c -o crypto/asn1/bio_ndef.o crypto/asn1/bio_ndef.c
[INFO] [stderr]   cc  -I. -Icrypto/include -Iinclude -fPIC -pthread -m64 -Wa,--noexecstack -Wall -O3 -O2 -ffunction-sections -fdata-sections -fPIC -g -fno-omit-frame-pointer -m64 -DOPENSSL_USE_NODELETE -DL_ENDIAN -DOPENSSL_PIC -DOPENSSL_CPUID_OBJ -DOPENSSL_IA32_SSE2 -DOPENSSL_BN_ASM_MONT -DOPENSSL_BN_ASM_MONT5 -DOPENSSL_BN_ASM_GF2m -DSHA1_ASM -DSHA256_ASM -DSHA512_ASM -DKECCAK1600_ASM -DRC4_ASM -DMD5_ASM -DAES_ASM -DVPAES_ASM -DBSAES_ASM -DGHASH_ASM -DECP_NISTZ256_ASM -DX25519_ASM -DPADLOCK_ASM -DPOLY1305_ASM -DOPENSSLDIR="\"/opt/rustwide/target/debug/build/openssl-sys-5b4e8d65c9d3d4b1/out/openssl-build/install/ssl\"" -DENGINESDIR="\"/opt/rustwide/target/debug/build/openssl-sys-5b4e8d65c9d3d4b1/out/openssl-build/install/lib/engines-1.1\"" -DNDEBUG  -MMD -MF crypto/asn1/d2i_pr.d.tmp -MT crypto/asn1/d2i_pr.o -c -o crypto/asn1/d2i_pr.o crypto/asn1/d2i_pr.c
[INFO] [stderr]   cc  -I. -Icrypto/include -Iinclude -fPIC -pthread -m64 -Wa,--noexecstack -Wall -O3 -O2 -ffunction-sections -fdata-sections -fPIC -g -fno-omit-frame-pointer -m64 -DOPENSSL_USE_NODELETE -DL_ENDIAN -DOPENSSL_PIC -DOPENSSL_CPUID_OBJ -DOPENSSL_IA32_SSE2 -DOPENSSL_BN_ASM_MONT -DOPENSSL_BN_ASM_MONT5 -DOPENSSL_BN_ASM_GF2m -DSHA1_ASM -DSHA256_ASM -DSHA512_ASM -DKECCAK1600_ASM -DRC4_ASM -DMD5_ASM -DAES_ASM -DVPAES_ASM -DBSAES_ASM -DGHASH_ASM -DECP_NISTZ256_ASM -DX25519_ASM -DPADLOCK_ASM -DPOLY1305_ASM -DOPENSSLDIR="\"/opt/rustwide/target/debug/build/openssl-sys-5b4e8d65c9d3d4b1/out/openssl-build/install/ssl\"" -DENGINESDIR="\"/opt/rustwide/target/debug/build/openssl-sys-5b4e8d65c9d3d4b1/out/openssl-build/install/lib/engines-1.1\"" -DNDEBUG  -MMD -MF crypto/asn1/d2i_pu.d.tmp -MT crypto/asn1/d2i_pu.o -c -o crypto/asn1/d2i_pu.o crypto/asn1/d2i_pu.c
[INFO] [stderr]   cc  -I. -Icrypto/include -Iinclude -fPIC -pthread -m64 -Wa,--noexecstack -Wall -O3 -O2 -ffunction-sections -fdata-sections -fPIC -g -fno-omit-frame-pointer -m64 -DOPENSSL_USE_NODELETE -DL_ENDIAN -DOPENSSL_PIC -DOPENSSL_CPUID_OBJ -DOPENSSL_IA32_SSE2 -DOPENSSL_BN_ASM_MONT -DOPENSSL_BN_ASM_MONT5 -DOPENSSL_BN_ASM_GF2m -DSHA1_ASM -DSHA256_ASM -DSHA512_ASM -DKECCAK1600_ASM -DRC4_ASM -DMD5_ASM -DAES_ASM -DVPAES_ASM -DBSAES_ASM -DGHASH_ASM -DECP_NISTZ256_ASM -DX25519_ASM -DPADLOCK_ASM -DPOLY1305_ASM -DOPENSSLDIR="\"/opt/rustwide/target/debug/build/openssl-sys-5b4e8d65c9d3d4b1/out/openssl-build/install/ssl\"" -DENGINESDIR="\"/opt/rustwide/target/debug/build/openssl-sys-5b4e8d65c9d3d4b1/out/openssl-build/install/lib/engines-1.1\"" -DNDEBUG  -MMD -MF crypto/asn1/evp_asn1.d.tmp -MT crypto/asn1/evp_asn1.o -c -o crypto/asn1/evp_asn1.o crypto/asn1/evp_asn1.c
[INFO] [stderr]   cc  -I. -Icrypto/include -Iinclude -fPIC -pthread -m64 -Wa,--noexecstack -Wall -O3 -O2 -ffunction-sections -fdata-sections -fPIC -g -fno-omit-frame-pointer -m64 -DOPENSSL_USE_NODELETE -DL_ENDIAN -DOPENSSL_PIC -DOPENSSL_CPUID_OBJ -DOPENSSL_IA32_SSE2 -DOPENSSL_BN_ASM_MONT -DOPENSSL_BN_ASM_MONT5 -DOPENSSL_BN_ASM_GF2m -DSHA1_ASM -DSHA256_ASM -DSHA512_ASM -DKECCAK1600_ASM -DRC4_ASM -DMD5_ASM -DAES_ASM -DVPAES_ASM -DBSAES_ASM -DGHASH_ASM -DECP_NISTZ256_ASM -DX25519_ASM -DPADLOCK_ASM -DPOLY1305_ASM -DOPENSSLDIR="\"/opt/rustwide/target/debug/build/openssl-sys-5b4e8d65c9d3d4b1/out/openssl-build/install/ssl\"" -DENGINESDIR="\"/opt/rustwide/target/debug/build/openssl-sys-5b4e8d65c9d3d4b1/out/openssl-build/install/lib/engines-1.1\"" -DNDEBUG  -MMD -MF crypto/asn1/f_int.d.tmp -MT crypto/asn1/f_int.o -c -o crypto/asn1/f_int.o crypto/asn1/f_int.c
[INFO] [stderr]   cc  -I. -Icrypto/include -Iinclude -fPIC -pthread -m64 -Wa,--noexecstack -Wall -O3 -O2 -ffunction-sections -fdata-sections -fPIC -g -fno-omit-frame-pointer -m64 -DOPENSSL_USE_NODELETE -DL_ENDIAN -DOPENSSL_PIC -DOPENSSL_CPUID_OBJ -DOPENSSL_IA32_SSE2 -DOPENSSL_BN_ASM_MONT -DOPENSSL_BN_ASM_MONT5 -DOPENSSL_BN_ASM_GF2m -DSHA1_ASM -DSHA256_ASM -DSHA512_ASM -DKECCAK1600_ASM -DRC4_ASM -DMD5_ASM -DAES_ASM -DVPAES_ASM -DBSAES_ASM -DGHASH_ASM -DECP_NISTZ256_ASM -DX25519_ASM -DPADLOCK_ASM -DPOLY1305_ASM -DOPENSSLDIR="\"/opt/rustwide/target/debug/build/openssl-sys-5b4e8d65c9d3d4b1/out/openssl-build/install/ssl\"" -DENGINESDIR="\"/opt/rustwide/target/debug/build/openssl-sys-5b4e8d65c9d3d4b1/out/openssl-build/install/lib/engines-1.1\"" -DNDEBUG  -MMD -MF crypto/asn1/f_string.d.tmp -MT crypto/asn1/f_string.o -c -o crypto/asn1/f_string.o crypto/asn1/f_string.c
[INFO] [stderr]   cc  -I. -Icrypto/include -Iinclude -fPIC -pthread -m64 -Wa,--noexecstack -Wall -O3 -O2 -ffunction-sections -fdata-sections -fPIC -g -fno-omit-frame-pointer -m64 -DOPENSSL_USE_NODELETE -DL_ENDIAN -DOPENSSL_PIC -DOPENSSL_CPUID_OBJ -DOPENSSL_IA32_SSE2 -DOPENSSL_BN_ASM_MONT -DOPENSSL_BN_ASM_MONT5 -DOPENSSL_BN_ASM_GF2m -DSHA1_ASM -DSHA256_ASM -DSHA512_ASM -DKECCAK1600_ASM -DRC4_ASM -DMD5_ASM -DAES_ASM -DVPAES_ASM -DBSAES_ASM -DGHASH_ASM -DECP_NISTZ256_ASM -DX25519_ASM -DPADLOCK_ASM -DPOLY1305_ASM -DOPENSSLDIR="\"/opt/rustwide/target/debug/build/openssl-sys-5b4e8d65c9d3d4b1/out/openssl-build/install/ssl\"" -DENGINESDIR="\"/opt/rustwide/target/debug/build/openssl-sys-5b4e8d65c9d3d4b1/out/openssl-build/install/lib/engines-1.1\"" -DNDEBUG  -MMD -MF crypto/asn1/i2d_pr.d.tmp -MT crypto/asn1/i2d_pr.o -c -o crypto/asn1/i2d_pr.o crypto/asn1/i2d_pr.c
[INFO] [stderr]   cc  -I. -Icrypto/include -Iinclude -fPIC -pthread -m64 -Wa,--noexecstack -Wall -O3 -O2 -ffunction-sections -fdata-sections -fPIC -g -fno-omit-frame-pointer -m64 -DOPENSSL_USE_NODELETE -DL_ENDIAN -DOPENSSL_PIC -DOPENSSL_CPUID_OBJ -DOPENSSL_IA32_SSE2 -DOPENSSL_BN_ASM_MONT -DOPENSSL_BN_ASM_MONT5 -DOPENSSL_BN_ASM_GF2m -DSHA1_ASM -DSHA256_ASM -DSHA512_ASM -DKECCAK1600_ASM -DRC4_ASM -DMD5_ASM -DAES_ASM -DVPAES_ASM -DBSAES_ASM -DGHASH_ASM -DECP_NISTZ256_ASM -DX25519_ASM -DPADLOCK_ASM -DPOLY1305_ASM -DOPENSSLDIR="\"/opt/rustwide/target/debug/build/openssl-sys-5b4e8d65c9d3d4b1/out/openssl-build/install/ssl\"" -DENGINESDIR="\"/opt/rustwide/target/debug/build/openssl-sys-5b4e8d65c9d3d4b1/out/openssl-build/install/lib/engines-1.1\"" -DNDEBUG  -MMD -MF crypto/asn1/i2d_pu.d.tmp -MT crypto/asn1/i2d_pu.o -c -o crypto/asn1/i2d_pu.o crypto/asn1/i2d_pu.c
[INFO] [stderr]   cc  -I. -Icrypto/include -Iinclude -fPIC -pthread -m64 -Wa,--noexecstack -Wall -O3 -O2 -ffunction-sections -fdata-sections -fPIC -g -fno-omit-frame-pointer -m64 -DOPENSSL_USE_NODELETE -DL_ENDIAN -DOPENSSL_PIC -DOPENSSL_CPUID_OBJ -DOPENSSL_IA32_SSE2 -DOPENSSL_BN_ASM_MONT -DOPENSSL_BN_ASM_MONT5 -DOPENSSL_BN_ASM_GF2m -DSHA1_ASM -DSHA256_ASM -DSHA512_ASM -DKECCAK1600_ASM -DRC4_ASM -DMD5_ASM -DAES_ASM -DVPAES_ASM -DBSAES_ASM -DGHASH_ASM -DECP_NISTZ256_ASM -DX25519_ASM -DPADLOCK_ASM -DPOLY1305_ASM -DOPENSSLDIR="\"/opt/rustwide/target/debug/build/openssl-sys-5b4e8d65c9d3d4b1/out/openssl-build/install/ssl\"" -DENGINESDIR="\"/opt/rustwide/target/debug/build/openssl-sys-5b4e8d65c9d3d4b1/out/openssl-build/install/lib/engines-1.1\"" -DNDEBUG  -MMD -MF crypto/asn1/n_pkey.d.tmp -MT crypto/asn1/n_pkey.o -c -o crypto/asn1/n_pkey.o crypto/asn1/n_pkey.c
[INFO] [stderr]   cc  -I. -Icrypto/include -Iinclude -fPIC -pthread -m64 -Wa,--noexecstack -Wall -O3 -O2 -ffunction-sections -fdata-sections -fPIC -g -fno-omit-frame-pointer -m64 -DOPENSSL_USE_NODELETE -DL_ENDIAN -DOPENSSL_PIC -DOPENSSL_CPUID_OBJ -DOPENSSL_IA32_SSE2 -DOPENSSL_BN_ASM_MONT -DOPENSSL_BN_ASM_MONT5 -DOPENSSL_BN_ASM_GF2m -DSHA1_ASM -DSHA256_ASM -DSHA512_ASM -DKECCAK1600_ASM -DRC4_ASM -DMD5_ASM -DAES_ASM -DVPAES_ASM -DBSAES_ASM -DGHASH_ASM -DECP_NISTZ256_ASM -DX25519_ASM -DPADLOCK_ASM -DPOLY1305_ASM -DOPENSSLDIR="\"/opt/rustwide/target/debug/build/openssl-sys-5b4e8d65c9d3d4b1/out/openssl-build/install/ssl\"" -DENGINESDIR="\"/opt/rustwide/target/debug/build/openssl-sys-5b4e8d65c9d3d4b1/out/openssl-build/install/lib/engines-1.1\"" -DNDEBUG  -MMD -MF crypto/asn1/nsseq.d.tmp -MT crypto/asn1/nsseq.o -c -o crypto/asn1/nsseq.o crypto/asn1/nsseq.c
[INFO] [stderr]   cc  -I. -Icrypto/include -Iinclude -fPIC -pthread -m64 -Wa,--noexecstack -Wall -O3 -O2 -ffunction-sections -fdata-sections -fPIC -g -fno-omit-frame-pointer -m64 -DOPENSSL_USE_NODELETE -DL_ENDIAN -DOPENSSL_PIC -DOPENSSL_CPUID_OBJ -DOPENSSL_IA32_SSE2 -DOPENSSL_BN_ASM_MONT -DOPENSSL_BN_ASM_MONT5 -DOPENSSL_BN_ASM_GF2m -DSHA1_ASM -DSHA256_ASM -DSHA512_ASM -DKECCAK1600_ASM -DRC4_ASM -DMD5_ASM -DAES_ASM -DVPAES_ASM -DBSAES_ASM -DGHASH_ASM -DECP_NISTZ256_ASM -DX25519_ASM -DPADLOCK_ASM -DPOLY1305_ASM -DOPENSSLDIR="\"/opt/rustwide/target/debug/build/openssl-sys-5b4e8d65c9d3d4b1/out/openssl-build/install/ssl\"" -DENGINESDIR="\"/opt/rustwide/target/debug/build/openssl-sys-5b4e8d65c9d3d4b1/out/openssl-build/install/lib/engines-1.1\"" -DNDEBUG  -MMD -MF crypto/asn1/p5_pbe.d.tmp -MT crypto/asn1/p5_pbe.o -c -o crypto/asn1/p5_pbe.o crypto/asn1/p5_pbe.c
[INFO] [stderr]   cc  -I. -Icrypto/include -Iinclude -fPIC -pthread -m64 -Wa,--noexecstack -Wall -O3 -O2 -ffunction-sections -fdata-sections -fPIC -g -fno-omit-frame-pointer -m64 -DOPENSSL_USE_NODELETE -DL_ENDIAN -DOPENSSL_PIC -DOPENSSL_CPUID_OBJ -DOPENSSL_IA32_SSE2 -DOPENSSL_BN_ASM_MONT -DOPENSSL_BN_ASM_MONT5 -DOPENSSL_BN_ASM_GF2m -DSHA1_ASM -DSHA256_ASM -DSHA512_ASM -DKECCAK1600_ASM -DRC4_ASM -DMD5_ASM -DAES_ASM -DVPAES_ASM -DBSAES_ASM -DGHASH_ASM -DECP_NISTZ256_ASM -DX25519_ASM -DPADLOCK_ASM -DPOLY1305_ASM -DOPENSSLDIR="\"/opt/rustwide/target/debug/build/openssl-sys-5b4e8d65c9d3d4b1/out/openssl-build/install/ssl\"" -DENGINESDIR="\"/opt/rustwide/target/debug/build/openssl-sys-5b4e8d65c9d3d4b1/out/openssl-build/install/lib/engines-1.1\"" -DNDEBUG  -MMD -MF crypto/asn1/p5_pbev2.d.tmp -MT crypto/asn1/p5_pbev2.o -c -o crypto/asn1/p5_pbev2.o crypto/asn1/p5_pbev2.c
[INFO] [stderr]   cc  -I. -Icrypto/include -Iinclude -fPIC -pthread -m64 -Wa,--noexecstack -Wall -O3 -O2 -ffunction-sections -fdata-sections -fPIC -g -fno-omit-frame-pointer -m64 -DOPENSSL_USE_NODELETE -DL_ENDIAN -DOPENSSL_PIC -DOPENSSL_CPUID_OBJ -DOPENSSL_IA32_SSE2 -DOPENSSL_BN_ASM_MONT -DOPENSSL_BN_ASM_MONT5 -DOPENSSL_BN_ASM_GF2m -DSHA1_ASM -DSHA256_ASM -DSHA512_ASM -DKECCAK1600_ASM -DRC4_ASM -DMD5_ASM -DAES_ASM -DVPAES_ASM -DBSAES_ASM -DGHASH_ASM -DECP_NISTZ256_ASM -DX25519_ASM -DPADLOCK_ASM -DPOLY1305_ASM -DOPENSSLDIR="\"/opt/rustwide/target/debug/build/openssl-sys-5b4e8d65c9d3d4b1/out/openssl-build/install/ssl\"" -DENGINESDIR="\"/opt/rustwide/target/debug/build/openssl-sys-5b4e8d65c9d3d4b1/out/openssl-build/install/lib/engines-1.1\"" -DNDEBUG  -MMD -MF crypto/asn1/p5_scrypt.d.tmp -MT crypto/asn1/p5_scrypt.o -c -o crypto/asn1/p5_scrypt.o crypto/asn1/p5_scrypt.c
[INFO] [stderr]   cc  -I. -Icrypto/include -Iinclude -fPIC -pthread -m64 -Wa,--noexecstack -Wall -O3 -O2 -ffunction-sections -fdata-sections -fPIC -g -fno-omit-frame-pointer -m64 -DOPENSSL_USE_NODELETE -DL_ENDIAN -DOPENSSL_PIC -DOPENSSL_CPUID_OBJ -DOPENSSL_IA32_SSE2 -DOPENSSL_BN_ASM_MONT -DOPENSSL_BN_ASM_MONT5 -DOPENSSL_BN_ASM_GF2m -DSHA1_ASM -DSHA256_ASM -DSHA512_ASM -DKECCAK1600_ASM -DRC4_ASM -DMD5_ASM -DAES_ASM -DVPAES_ASM -DBSAES_ASM -DGHASH_ASM -DECP_NISTZ256_ASM -DX25519_ASM -DPADLOCK_ASM -DPOLY1305_ASM -DOPENSSLDIR="\"/opt/rustwide/target/debug/build/openssl-sys-5b4e8d65c9d3d4b1/out/openssl-build/install/ssl\"" -DENGINESDIR="\"/opt/rustwide/target/debug/build/openssl-sys-5b4e8d65c9d3d4b1/out/openssl-build/install/lib/engines-1.1\"" -DNDEBUG  -MMD -MF crypto/asn1/p8_pkey.d.tmp -MT crypto/asn1/p8_pkey.o -c -o crypto/asn1/p8_pkey.o crypto/asn1/p8_pkey.c
[INFO] [stderr]   cc  -I. -Icrypto/include -Iinclude -fPIC -pthread -m64 -Wa,--noexecstack -Wall -O3 -O2 -ffunction-sections -fdata-sections -fPIC -g -fno-omit-frame-pointer -m64 -DOPENSSL_USE_NODELETE -DL_ENDIAN -DOPENSSL_PIC -DOPENSSL_CPUID_OBJ -DOPENSSL_IA32_SSE2 -DOPENSSL_BN_ASM_MONT -DOPENSSL_BN_ASM_MONT5 -DOPENSSL_BN_ASM_GF2m -DSHA1_ASM -DSHA256_ASM -DSHA512_ASM -DKECCAK1600_ASM -DRC4_ASM -DMD5_ASM -DAES_ASM -DVPAES_ASM -DBSAES_ASM -DGHASH_ASM -DECP_NISTZ256_ASM -DX25519_ASM -DPADLOCK_ASM -DPOLY1305_ASM -DOPENSSLDIR="\"/opt/rustwide/target/debug/build/openssl-sys-5b4e8d65c9d3d4b1/out/openssl-build/install/ssl\"" -DENGINESDIR="\"/opt/rustwide/target/debug/build/openssl-sys-5b4e8d65c9d3d4b1/out/openssl-build/install/lib/engines-1.1\"" -DNDEBUG  -MMD -MF crypto/asn1/t_bitst.d.tmp -MT crypto/asn1/t_bitst.o -c -o crypto/asn1/t_bitst.o crypto/asn1/t_bitst.c
[INFO] [stderr]   cc  -I. -Icrypto/include -Iinclude -fPIC -pthread -m64 -Wa,--noexecstack -Wall -O3 -O2 -ffunction-sections -fdata-sections -fPIC -g -fno-omit-frame-pointer -m64 -DOPENSSL_USE_NODELETE -DL_ENDIAN -DOPENSSL_PIC -DOPENSSL_CPUID_OBJ -DOPENSSL_IA32_SSE2 -DOPENSSL_BN_ASM_MONT -DOPENSSL_BN_ASM_MONT5 -DOPENSSL_BN_ASM_GF2m -DSHA1_ASM -DSHA256_ASM -DSHA512_ASM -DKECCAK1600_ASM -DRC4_ASM -DMD5_ASM -DAES_ASM -DVPAES_ASM -DBSAES_ASM -DGHASH_ASM -DECP_NISTZ256_ASM -DX25519_ASM -DPADLOCK_ASM -DPOLY1305_ASM -DOPENSSLDIR="\"/opt/rustwide/target/debug/build/openssl-sys-5b4e8d65c9d3d4b1/out/openssl-build/install/ssl\"" -DENGINESDIR="\"/opt/rustwide/target/debug/build/openssl-sys-5b4e8d65c9d3d4b1/out/openssl-build/install/lib/engines-1.1\"" -DNDEBUG  -MMD -MF crypto/asn1/t_pkey.d.tmp -MT crypto/asn1/t_pkey.o -c -o crypto/asn1/t_pkey.o crypto/asn1/t_pkey.c
[INFO] [stderr]   cc  -I. -Icrypto/include -Iinclude -fPIC -pthread -m64 -Wa,--noexecstack -Wall -O3 -O2 -ffunction-sections -fdata-sections -fPIC -g -fno-omit-frame-pointer -m64 -DOPENSSL_USE_NODELETE -DL_ENDIAN -DOPENSSL_PIC -DOPENSSL_CPUID_OBJ -DOPENSSL_IA32_SSE2 -DOPENSSL_BN_ASM_MONT -DOPENSSL_BN_ASM_MONT5 -DOPENSSL_BN_ASM_GF2m -DSHA1_ASM -DSHA256_ASM -DSHA512_ASM -DKECCAK1600_ASM -DRC4_ASM -DMD5_ASM -DAES_ASM -DVPAES_ASM -DBSAES_ASM -DGHASH_ASM -DECP_NISTZ256_ASM -DX25519_ASM -DPADLOCK_ASM -DPOLY1305_ASM -DOPENSSLDIR="\"/opt/rustwide/target/debug/build/openssl-sys-5b4e8d65c9d3d4b1/out/openssl-build/install/ssl\"" -DENGINESDIR="\"/opt/rustwide/target/debug/build/openssl-sys-5b4e8d65c9d3d4b1/out/openssl-build/install/lib/engines-1.1\"" -DNDEBUG  -MMD -MF crypto/asn1/t_spki.d.tmp -MT crypto/asn1/t_spki.o -c -o crypto/asn1/t_spki.o crypto/asn1/t_spki.c
[INFO] [stderr]   cc  -I. -Icrypto/include -Iinclude -fPIC -pthread -m64 -Wa,--noexecstack -Wall -O3 -O2 -ffunction-sections -fdata-sections -fPIC -g -fno-omit-frame-pointer -m64 -DOPENSSL_USE_NODELETE -DL_ENDIAN -DOPENSSL_PIC -DOPENSSL_CPUID_OBJ -DOPENSSL_IA32_SSE2 -DOPENSSL_BN_ASM_MONT -DOPENSSL_BN_ASM_MONT5 -DOPENSSL_BN_ASM_GF2m -DSHA1_ASM -DSHA256_ASM -DSHA512_ASM -DKECCAK1600_ASM -DRC4_ASM -DMD5_ASM -DAES_ASM -DVPAES_ASM -DBSAES_ASM -DGHASH_ASM -DECP_NISTZ256_ASM -DX25519_ASM -DPADLOCK_ASM -DPOLY1305_ASM -DOPENSSLDIR="\"/opt/rustwide/target/debug/build/openssl-sys-5b4e8d65c9d3d4b1/out/openssl-build/install/ssl\"" -DENGINESDIR="\"/opt/rustwide/target/debug/build/openssl-sys-5b4e8d65c9d3d4b1/out/openssl-build/install/lib/engines-1.1\"" -DNDEBUG  -MMD -MF crypto/asn1/tasn_dec.d.tmp -MT crypto/asn1/tasn_dec.o -c -o crypto/asn1/tasn_dec.o crypto/asn1/tasn_dec.c
[INFO] [stderr]   make[1]: Leaving directory '/opt/rustwide/target/debug/build/openssl-sys-5b4e8d65c9d3d4b1/out/openssl-build/build/src'
[INFO] [stderr] 
[INFO] [stderr]   --- stderr
[INFO] [stderr]   crypto/asn1/n_pkey.c:58:1: fatal error: error writing to /tmp/ccadLsWu.s: No space left on device
[INFO] [stderr]      58 | IMPLEMENT_ASN1_FUNCTIONS_const(NETSCAPE_PKEY)
[INFO] [stderr]         | ^~~~~~~~~~~~~~~~~~~~~~~~~~~~~~
[INFO] [stderr]   compilation terminated.
[INFO] [stderr]   make[1]: *** [Makefile:1145: crypto/asn1/n_pkey.o] Error 1
[INFO] [stderr]   make[1]: *** Waiting for unfinished jobs....
[INFO] [stderr]   crypto/asn1/p5_pbe.c:96:1: fatal error: error writing to /tmp/ccbHqZAh.s: No space left on device
[INFO] [stderr]      96 | }
[INFO] [stderr]         | ^
[INFO] [stderr]   compilation terminated.
[INFO] [stderr]   make[1]: *** [Makefile:1161: crypto/asn1/p5_pbe.o] Error 1
[INFO] [stderr]   crypto/asn1/t_pkey.c:93:1: fatal error: error writing to /tmp/cc0oUcEY.s: No space left on device
[INFO] [stderr]      93 | }
[INFO] [stderr]         | ^
[INFO] [stderr]   compilation terminated.
[INFO] [stderr]   make[1]: *** [Makefile:1201: crypto/asn1/t_pkey.o] Error 1
[INFO] [stderr]   crypto/asn1/p8_pkey.c:80:1: fatal error: error writing to /tmp/ccKfPzQ4.s: No space left on device
[INFO] [stderr]      80 | }
[INFO] [stderr]         | ^
[INFO] [stderr]   compilation terminated.
[INFO] [stderr]   make[1]: *** [Makefile:1185: crypto/asn1/p8_pkey.o] Error 1
[INFO] [stderr]   crypto/asn1/asn_mime.c:963:1: fatal error: error writing to /tmp/ccAFO9ag.s: No space left on device
[INFO] [stderr]     963 | }
[INFO] [stderr]         | ^
[INFO] [stderr]   compilation terminated.
[INFO] [stderr]   make[1]: *** [Makefile:1041: crypto/asn1/asn_mime.o] Error 1
[INFO] [stderr]   crypto/asn1/tasn_dec.c:1160:1: fatal error: error writing to /tmp/ccIwEbRp.s: No space left on device
[INFO] [stderr]    1160 | }
[INFO] [stderr]         | ^
[INFO] [stderr]   compilation terminated.
[INFO] [stderr]   make[1]: *** [Makefile:1217: crypto/asn1/tasn_dec.o] Error 1
[INFO] [stderr]   make: *** [Makefile:171: all] Error 2
[INFO] [stderr] 
[INFO] [stderr]   thread 'main' panicked at /opt/rustwide/cargo-home/registry/src/index.crates.io-1949cf8c6b5b557f/openssl-src-111.1.0+1.1.1a/src/lib.rs:304:13:
[INFO] [stderr] 
[INFO] [stderr] 
[INFO] [stderr] 
[INFO] [stderr]   Error building OpenSSL:
[INFO] [stderr]       Command: cd "/opt/rustwide/target/debug/build/openssl-sys-5b4e8d65c9d3d4b1/out/openssl-build/build/src" && MAKEFLAGS="-j --jobserver-fds=8,9 --jobserver-auth=8,9" "make"
[INFO] [stderr]       Exit status: exit status: 2
[INFO] [stderr] 
[INFO] [stderr] 
[INFO] [stderr]       
[INFO] [stderr]   stack backtrace:
[INFO] [stderr]      0:     0x5964f5271dfa - std::backtrace_rs::backtrace::libunwind::trace::hb059275cfc8d6126
[INFO] [stderr]                                  at /rustc/6067b36314ab5eb2eb47cecc464545ba58e1ad24/library/std/src/../../backtrace/src/backtrace/libunwind.rs:116:5
[INFO] [stderr]      1:     0x5964f5271dfa - std::backtrace_rs::backtrace::trace_unsynchronized::h2da071e4327ce3ee
[INFO] [stderr]                                  at /rustc/6067b36314ab5eb2eb47cecc464545ba58e1ad24/library/std/src/../../backtrace/src/backtrace/mod.rs:66:5
[INFO] [stderr]      2:     0x5964f5271dfa - std::sys::backtrace::_print_fmt::h842a1474e6f8d23f
[INFO] [stderr]                                  at /rustc/6067b36314ab5eb2eb47cecc464545ba58e1ad24/library/std/src/sys/backtrace.rs:66:9
[INFO] [stderr]      3:     0x5964f5271dfa - <std::sys::backtrace::BacktraceLock::print::DisplayBacktrace as core::fmt::Display>::fmt::h71a62eb3b9696b12
[INFO] [stderr]                                  at /rustc/6067b36314ab5eb2eb47cecc464545ba58e1ad24/library/std/src/sys/backtrace.rs:39:26
[INFO] [stderr]      4:     0x5964f52976e3 - core::fmt::rt::Argument::fmt::hdb6b616786b41dc1
[INFO] [stderr]                                  at /rustc/6067b36314ab5eb2eb47cecc464545ba58e1ad24/library/core/src/fmt/rt.rs:177:76
[INFO] [stderr]      5:     0x5964f52976e3 - core::fmt::write::h2cc1698af7e2d686
[INFO] [stderr]                                  at /rustc/6067b36314ab5eb2eb47cecc464545ba58e1ad24/library/core/src/fmt/mod.rs:1440:21
[INFO] [stderr]      6:     0x5964f526e713 - std::io::Write::write_fmt::h00c8700df393f328
[INFO] [stderr]                                  at /rustc/6067b36314ab5eb2eb47cecc464545ba58e1ad24/library/std/src/io/mod.rs:1887:15
[INFO] [stderr]      7:     0x5964f5271c42 - std::sys::backtrace::BacktraceLock::print::h147fe35b4ea13b08
[INFO] [stderr]                                  at /rustc/6067b36314ab5eb2eb47cecc464545ba58e1ad24/library/std/src/sys/backtrace.rs:42:9
[INFO] [stderr]      8:     0x5964f5272dcf - std::panicking::default_hook::{{closure}}::hbd44223dbdc0d208
[INFO] [stderr]                                  at /rustc/6067b36314ab5eb2eb47cecc464545ba58e1ad24/library/std/src/panicking.rs:298:22
[INFO] [stderr]      9:     0x5964f5272c3a - std::panicking::default_hook::h20f81eb0576efcec
[INFO] [stderr]                                  at /rustc/6067b36314ab5eb2eb47cecc464545ba58e1ad24/library/std/src/panicking.rs:325:9
[INFO] [stderr]     10:     0x5964f52737f2 - std::panicking::rust_panic_with_hook::h625eea43051b2edc
[INFO] [stderr]                                  at /rustc/6067b36314ab5eb2eb47cecc464545ba58e1ad24/library/std/src/panicking.rs:831:13
[INFO] [stderr]     11:     0x5964f527357a - std::panicking::begin_panic_handler::{{closure}}::h4f9159cfbc3f6bd3
[INFO] [stderr]                                  at /rustc/6067b36314ab5eb2eb47cecc464545ba58e1ad24/library/std/src/panicking.rs:704:13
[INFO] [stderr]     12:     0x5964f52722f9 - std::sys::backtrace::__rust_end_short_backtrace::h0390abce48353151
[INFO] [stderr]                                  at /rustc/6067b36314ab5eb2eb47cecc464545ba58e1ad24/library/std/src/sys/backtrace.rs:168:18
[INFO] [stderr]     13:     0x5964f527320d - rust_begin_unwind
[INFO] [stderr]                                  at /rustc/6067b36314ab5eb2eb47cecc464545ba58e1ad24/library/std/src/panicking.rs:695:5
[INFO] [stderr]     14:     0x5964f52964b0 - core::panicking::panic_fmt::h9e7c637e9e5f29c9
[INFO] [stderr]                                  at /rustc/6067b36314ab5eb2eb47cecc464545ba58e1ad24/library/core/src/panicking.rs:75:14
[INFO] [stderr]     15:     0x5964f5218739 - openssl_src::Build::run_command::h4c499c6542a7ebbd
[INFO] [stderr]     16:     0x5964f5217bc3 - openssl_src::Build::build::ha267c6806f358be6
[INFO] [stderr]     17:     0x5964f520772a - build_script_main::imp::get_openssl::h8a7594bff83a0461
[INFO] [stderr]     18:     0x5964f5200104 - build_script_main::main::h96f6eb4281201b4a
[INFO] [stderr]     19:     0x5964f5204ef3 - core::ops::function::FnOnce::call_once::h152dc528e01e9e9a
[INFO] [stderr]     20:     0x5964f5204716 - std::sys::backtrace::__rust_begin_short_backtrace::h54bc7a848303bc2a
[INFO] [stderr]     21:     0x5964f51fbd19 - std::rt::lang_start::{{closure}}::h1907b96a4002ee4a
[INFO] [stderr]     22:     0x5964f526a000 - core::ops::function::impls::<impl core::ops::function::FnOnce<A> for &F>::call_once::h1b085b6c1d2518b2
[INFO] [stderr]                                  at /rustc/6067b36314ab5eb2eb47cecc464545ba58e1ad24/library/core/src/ops/function.rs:284:13
[INFO] [stderr]     23:     0x5964f526a000 - std::panicking::try::do_call::h382f964a5a23b565
[INFO] [stderr]                                  at /rustc/6067b36314ab5eb2eb47cecc464545ba58e1ad24/library/std/src/panicking.rs:587:40
[INFO] [stderr]     24:     0x5964f526a000 - std::panicking::try::h57f991055eb622f9
[INFO] [stderr]                                  at /rustc/6067b36314ab5eb2eb47cecc464545ba58e1ad24/library/std/src/panicking.rs:550:19
[INFO] [stderr]     25:     0x5964f526a000 - std::panic::catch_unwind::h4d9a74ef04456343
[INFO] [stderr]                                  at /rustc/6067b36314ab5eb2eb47cecc464545ba58e1ad24/library/std/src/panic.rs:358:14
[INFO] [stderr]     26:     0x5964f526a000 - std::rt::lang_start_internal::{{closure}}::h2faa8ae84a93f314
[INFO] [stderr]                                  at /rustc/6067b36314ab5eb2eb47cecc464545ba58e1ad24/library/std/src/rt.rs:163:24
[INFO] [stderr]     27:     0x5964f526a000 - std::panicking::try::do_call::h0f8932bf638a9bf5
[INFO] [stderr]                                  at /rustc/6067b36314ab5eb2eb47cecc464545ba58e1ad24/library/std/src/panicking.rs:587:40
[INFO] [stderr]     28:     0x5964f526a000 - std::panicking::try::h683416ea756b175d
[INFO] [stderr]                                  at /rustc/6067b36314ab5eb2eb47cecc464545ba58e1ad24/library/std/src/panicking.rs:550:19
[INFO] [stderr]     29:     0x5964f526a000 - std::panic::catch_unwind::h56189fac8994979f
[INFO] [stderr]                                  at /rustc/6067b36314ab5eb2eb47cecc464545ba58e1ad24/library/std/src/panic.rs:358:14
[INFO] [stderr]     30:     0x5964f526a000 - std::rt::lang_start_internal::h8bbc1061691274fe
[INFO] [stderr]                                  at /rustc/6067b36314ab5eb2eb47cecc464545ba58e1ad24/library/std/src/rt.rs:159:5
[INFO] [stderr]     31:     0x5964f51fbd01 - std::rt::lang_start::hbad0ac0918287a71
[INFO] [stderr]     32:     0x5964f5203605 - main
[INFO] [stderr]     33:     0x7207eb779d90 - <unknown>
[INFO] [stderr]     34:     0x7207eb779e40 - __libc_start_main
[INFO] [stderr]     35:     0x5964f51fb9d5 - _start
[INFO] [stderr]     36:                0x0 - <unknown>
[INFO] running `Command { std: "docker" "inspect" "d7688e95924f90ad69dc942bd2edcfe9bab93ac36746b0ea4cdbc79af11352bb", kill_on_drop: false }`
[INFO] running `Command { std: "docker" "rm" "-f" "d7688e95924f90ad69dc942bd2edcfe9bab93ac36746b0ea4cdbc79af11352bb", kill_on_drop: false }`
[INFO] [stdout] d7688e95924f90ad69dc942bd2edcfe9bab93ac36746b0ea4cdbc79af11352bb
