[INFO] cloning repository https://github.com/mbellani/librdkafka-hang
[INFO] running `Command { std: "git" "-c" "credential.helper=" "-c" "credential.helper=/workspace/cargo-home/bin/git-credential-null" "clone" "--bare" "https://github.com/mbellani/librdkafka-hang" "/workspace/cache/git-repos/https%3A%2F%2Fgithub.com%2Fmbellani%2Flibrdkafka-hang", kill_on_drop: false }`
[INFO] [stderr] Cloning into bare repository '/workspace/cache/git-repos/https%3A%2F%2Fgithub.com%2Fmbellani%2Flibrdkafka-hang'...
[INFO] running `Command { std: "git" "rev-parse" "HEAD", kill_on_drop: false }`
[INFO] [stdout] 75c0de8441bb9f48f95181a73d10eb0215cb482d
[INFO] testing mbellani/librdkafka-hang against nightly-2025-01-18+rustflags=-Zrandomize-layout for randomize-layout-2
[INFO] running `Command { std: "git" "clone" "/workspace/cache/git-repos/https%3A%2F%2Fgithub.com%2Fmbellani%2Flibrdkafka-hang" "/workspace/builds/worker-0-tc2/source", kill_on_drop: false }`
[INFO] [stderr] Cloning into '/workspace/builds/worker-0-tc2/source'...
[INFO] [stderr] done.
[INFO] validating manifest of git repo https://github.com/mbellani/librdkafka-hang on toolchain nightly-2025-01-18
[INFO] running `Command { std: CARGO_HOME="/workspace/cargo-home" RUSTUP_HOME="/workspace/rustup-home" "/workspace/cargo-home/bin/cargo" "+nightly-2025-01-18" "metadata" "--manifest-path" "Cargo.toml" "--no-deps", kill_on_drop: false }`
[INFO] started tweaking git repo https://github.com/mbellani/librdkafka-hang
[INFO] finished tweaking git repo https://github.com/mbellani/librdkafka-hang
[INFO] tweaked toml for git repo https://github.com/mbellani/librdkafka-hang written to /workspace/builds/worker-0-tc2/source/Cargo.toml
[INFO] crate git repo https://github.com/mbellani/librdkafka-hang already has a lockfile, it will not be regenerated
[INFO] running `Command { std: CARGO_HOME="/workspace/cargo-home" RUSTUP_HOME="/workspace/rustup-home" "/workspace/cargo-home/bin/cargo" "+nightly-2025-01-18" "fetch" "--manifest-path" "Cargo.toml", kill_on_drop: false }`
[INFO] running `Command { std: "docker" "create" "-v" "/var/lib/crater-agent-workspace/builds/worker-0-tc2/target:/opt/rustwide/target:rw,Z" "-v" "/var/lib/crater-agent-workspace/builds/worker-0-tc2/source:/opt/rustwide/workdir:ro,Z" "-v" "/var/lib/crater-agent-workspace/cargo-home:/opt/rustwide/cargo-home:ro,Z" "-v" "/var/lib/crater-agent-workspace/rustup-home:/opt/rustwide/rustup-home:ro,Z" "-e" "SOURCE_DIR=/opt/rustwide/workdir" "-e" "CARGO_TARGET_DIR=/opt/rustwide/target" "-e" "CARGO_HOME=/opt/rustwide/cargo-home" "-e" "RUSTUP_HOME=/opt/rustwide/rustup-home" "-w" "/opt/rustwide/workdir" "-m" "1610612736" "--user" "0:0" "--network" "none" "ghcr.io/rust-lang/crates-build-env/linux@sha256:819108c5571ea2e421544af4d832f968d213c87fbe3707a016657f43d2f853bc" "/opt/rustwide/cargo-home/bin/cargo" "+nightly-2025-01-18" "metadata" "--no-deps" "--format-version=1", kill_on_drop: false }`
[INFO] [stdout] d378c66443c8ece5b7574b9c01956a1fd5ed7723bd3a21113311c598eae83781
[INFO] running `Command { std: "docker" "start" "-a" "d378c66443c8ece5b7574b9c01956a1fd5ed7723bd3a21113311c598eae83781", kill_on_drop: false }`
[INFO] running `Command { std: "docker" "inspect" "d378c66443c8ece5b7574b9c01956a1fd5ed7723bd3a21113311c598eae83781", kill_on_drop: false }`
[INFO] running `Command { std: "docker" "rm" "-f" "d378c66443c8ece5b7574b9c01956a1fd5ed7723bd3a21113311c598eae83781", kill_on_drop: false }`
[INFO] [stdout] d378c66443c8ece5b7574b9c01956a1fd5ed7723bd3a21113311c598eae83781
[INFO] running `Command { std: "docker" "create" "-v" "/var/lib/crater-agent-workspace/builds/worker-0-tc2/target:/opt/rustwide/target:rw,Z" "-v" "/var/lib/crater-agent-workspace/builds/worker-0-tc2/source:/opt/rustwide/workdir:ro,Z" "-v" "/var/lib/crater-agent-workspace/cargo-home:/opt/rustwide/cargo-home:ro,Z" "-v" "/var/lib/crater-agent-workspace/rustup-home:/opt/rustwide/rustup-home:ro,Z" "-e" "SOURCE_DIR=/opt/rustwide/workdir" "-e" "CARGO_TARGET_DIR=/opt/rustwide/target" "-e" "CARGO_INCREMENTAL=0" "-e" "RUST_BACKTRACE=full" "-e" "RUSTFLAGS=--cap-lints=forbid -Zrandomize-layout" "-e" "RUSTDOCFLAGS=--cap-lints=forbid" "-e" "CARGO_HOME=/opt/rustwide/cargo-home" "-e" "RUSTUP_HOME=/opt/rustwide/rustup-home" "-w" "/opt/rustwide/workdir" "-m" "1610612736" "--user" "0:0" "--network" "none" "ghcr.io/rust-lang/crates-build-env/linux@sha256:819108c5571ea2e421544af4d832f968d213c87fbe3707a016657f43d2f853bc" "/opt/rustwide/cargo-home/bin/cargo" "+nightly-2025-01-18" "build" "--frozen" "--message-format=json", kill_on_drop: false }`
[INFO] [stdout] d505f47d7c4953bbe0b7bdda1bab2b9662050182507378db6bc3cda37b6999b0
[INFO] running `Command { std: "docker" "start" "-a" "d505f47d7c4953bbe0b7bdda1bab2b9662050182507378db6bc3cda37b6999b0", kill_on_drop: false }`
[INFO] [stderr]    Compiling proc-macro2 v1.0.36
[INFO] [stderr]    Compiling unicode-xid v0.2.2
[INFO] [stderr]    Compiling syn v1.0.89
[INFO] [stderr]    Compiling libc v0.2.121
[INFO] [stderr]    Compiling cc v1.0.73
[INFO] [stderr]    Compiling pkg-config v0.3.24
[INFO] [stderr]    Compiling memchr v2.4.1
[INFO] [stderr]    Compiling serde v1.0.136
[INFO] [stderr]    Compiling futures-core v0.3.21
[INFO] [stderr]    Compiling cfg-if v1.0.0
[INFO] [stderr]    Compiling pin-project-lite v0.2.8
[INFO] [stderr]    Compiling log v0.4.16
[INFO] [stderr]    Compiling autocfg v1.1.0
[INFO] [stderr]    Compiling parking_lot_core v0.9.1
[INFO] [stderr]    Compiling futures-channel v0.3.21
[INFO] [stderr]    Compiling futures-task v0.3.21
[INFO] [stderr]    Compiling smallvec v1.8.0
[INFO] [stderr]    Compiling serde_derive v1.0.136
[INFO] [stderr]    Compiling futures-util v0.3.21
[INFO] [stderr]    Compiling futures-sink v0.3.21
[INFO] [stderr]    Compiling scopeguard v1.1.0
[INFO] [stderr]    Compiling lock_api v0.4.6
[INFO] [stderr]    Compiling futures-io v0.3.21
[INFO] [stderr]    Compiling slab v0.4.5
[INFO] [stderr]    Compiling pin-utils v0.1.0
[INFO] [stderr]    Compiling serde_json v1.0.79
[INFO] [stderr]    Compiling bytes v1.1.0
[INFO] [stderr]    Compiling once_cell v1.10.0
[INFO] [stderr]    Compiling signal-hook v0.3.13
[INFO] [stderr]    Compiling itoa v1.0.1
[INFO] [stderr]    Compiling ryu v1.0.9
[INFO] [stderr]    Compiling anyhow v1.0.56
[INFO] [stderr]    Compiling lazy_static v1.4.0
[INFO] [stderr]    Compiling signal-hook-registry v1.4.0
[INFO] [stderr]    Compiling socket2 v0.4.4
[INFO] [stderr]    Compiling num_cpus v1.13.1
[INFO] [stderr]    Compiling mio v0.8.2
[INFO] [stderr]    Compiling tracing-core v0.1.23
[INFO] [stderr]    Compiling quote v1.0.17
[INFO] [stderr]    Compiling parking_lot v0.12.0
[INFO] [stderr]    Compiling cmake v0.1.48
[INFO] [stderr]    Compiling openssl-sys v0.9.72
[INFO] [stderr]    Compiling libz-sys v1.1.5
[INFO] [stderr]    Compiling rdkafka-sys v4.2.0+1.8.2
[INFO] [stderr]    Compiling toml v0.5.8
[INFO] [stderr]    Compiling thiserror-impl v1.0.30
[INFO] [stderr]    Compiling futures-macro v0.3.21
[INFO] [stderr]    Compiling tokio-macros v1.7.0
[INFO] [stderr]    Compiling tracing-attributes v0.1.20
[INFO] [stderr]    Compiling tokio v1.17.0
[INFO] [stderr] rustc-LLVM ERROR: IO failure on output stream: No space left on device
[INFO] [stderr]    Compiling thiserror v1.0.30
[INFO] [stderr] error: could not compile `futures-macro` (lib)
[INFO] [stderr] 
[INFO] [stderr] Caused by:
[INFO] [stderr]   No space left on device (os error 28)
[INFO] [stderr] 
[INFO] [stderr] Caused by:
[INFO] [stderr]   failed to parse process output: `/opt/rustwide/rustup-home/toolchains/nightly-2025-01-18-x86_64-unknown-linux-gnu/bin/rustc --crate-name futures_macro --edition=2018 /opt/rustwide/cargo-home/registry/src/index.crates.io-1949cf8c6b5b557f/futures-macro-0.3.21/src/lib.rs --error-format=json --json=diagnostic-rendered-ansi,artifacts,future-incompat --crate-type proc-macro --emit=dep-info,link -C prefer-dynamic -C embed-bitcode=no --check-cfg 'cfg(docsrs,test)' --check-cfg 'cfg(feature, values())' -C metadata=77318c3df59efe2e -C extra-filename=-b906dee8297c4ec3 --out-dir /opt/rustwide/target/debug/deps -L dependency=/opt/rustwide/target/debug/deps --extern proc_macro2=/opt/rustwide/target/debug/deps/libproc_macro2-f26d57d153944ccf.rlib --extern quote=/opt/rustwide/target/debug/deps/libquote-fa5e425a2a803432.rlib --extern syn=/opt/rustwide/target/debug/deps/libsyn-7dafd8258b6bcfa7.rlib --extern proc_macro --cap-lints allow --cap-lints=forbid -Zrandomize-layout` (exit status: 101)
[INFO] [stderr] warning: build failed, waiting for other jobs to finish...
[INFO] [stderr] rustc-LLVM ERROR: IO failure on output stream: No space left on device
[INFO] [stderr] error: could not compile `thiserror` (lib)
[INFO] [stderr] 
[INFO] [stderr] Caused by:
[INFO] [stderr]   process didn't exit successfully: `/opt/rustwide/rustup-home/toolchains/nightly-2025-01-18-x86_64-unknown-linux-gnu/bin/rustc --crate-name thiserror --edition=2018 /opt/rustwide/cargo-home/registry/src/index.crates.io-1949cf8c6b5b557f/thiserror-1.0.30/src/lib.rs --error-format=json --json=diagnostic-rendered-ansi,artifacts,future-incompat --crate-type lib --emit=dep-info,metadata,link -C embed-bitcode=no --check-cfg 'cfg(docsrs,test)' --check-cfg 'cfg(feature, values())' -C metadata=4bcd3f33bfba2a32 -C extra-filename=-5ef8324caa745e5d --out-dir /opt/rustwide/target/debug/deps -L dependency=/opt/rustwide/target/debug/deps --extern thiserror_impl=/opt/rustwide/target/debug/deps/libthiserror_impl-29699f4224c3bc10.so --cap-lints allow --cap-lints=forbid -Zrandomize-layout` (exit status: 101)
[INFO] [stderr] error: failed to run custom build command for `rdkafka-sys v4.2.0+1.8.2`
[INFO] [stderr] note: To improve backtraces for build dependencies, set the CARGO_PROFILE_DEV_BUILD_OVERRIDE_DEBUG=true environment variable to enable debug information generation.
[INFO] [stderr] 
[INFO] [stderr] Caused by:
[INFO] [stderr]   process didn't exit successfully: `/opt/rustwide/target/debug/build/rdkafka-sys-b9411a7ff5eedc04/build-script-build` (exit status: 101)
[INFO] [stderr]   --- stdout
[INFO] [stderr]   Configuring and compiling librdkafka
[INFO] [stderr]   CMAKE_TOOLCHAIN_FILE_x86_64-unknown-linux-gnu = None
[INFO] [stderr]   CMAKE_TOOLCHAIN_FILE_x86_64_unknown_linux_gnu = None
[INFO] [stderr]   HOST_CMAKE_TOOLCHAIN_FILE = None
[INFO] [stderr]   CMAKE_TOOLCHAIN_FILE = None
[INFO] [stderr]   CMAKE_GENERATOR_x86_64-unknown-linux-gnu = None
[INFO] [stderr]   CMAKE_GENERATOR_x86_64_unknown_linux_gnu = None
[INFO] [stderr]   HOST_CMAKE_GENERATOR = None
[INFO] [stderr]   CMAKE_GENERATOR = None
[INFO] [stderr]   CMAKE_PREFIX_PATH_x86_64-unknown-linux-gnu = None
[INFO] [stderr]   CMAKE_PREFIX_PATH_x86_64_unknown_linux_gnu = None
[INFO] [stderr]   HOST_CMAKE_PREFIX_PATH = None
[INFO] [stderr]   CMAKE_PREFIX_PATH = None
[INFO] [stderr]   CMAKE_x86_64-unknown-linux-gnu = None
[INFO] [stderr]   CMAKE_x86_64_unknown_linux_gnu = None
[INFO] [stderr]   HOST_CMAKE = None
[INFO] [stderr]   CMAKE = None
[INFO] [stderr]   running: cd "/opt/rustwide/target/debug/build/rdkafka-sys-87e4c7016915a948/out/build" && CMAKE_PREFIX_PATH="" "cmake" "/opt/rustwide/cargo-home/registry/src/index.crates.io-1949cf8c6b5b557f/rdkafka-sys-4.2.0+1.8.2/librdkafka" "-DRDKAFKA_BUILD_STATIC=1" "-DRDKAFKA_BUILD_TESTS=0" "-DRDKAFKA_BUILD_EXAMPLES=0" "-DCMAKE_INSTALL_LIBDIR=lib" "-DWITH_ZLIB=1" "-DWITH_SSL=1" "-DWITH_SASL=0" "-DWITH_ZSTD=0" "-DENABLE_LZ4_EXT=0" "-DCMAKE_INSTALL_PREFIX=/opt/rustwide/target/debug/build/rdkafka-sys-87e4c7016915a948/out" "-DCMAKE_C_FLAGS= -ffunction-sections -fdata-sections -fPIC -m64" "-DCMAKE_C_COMPILER=/usr/bin/cc" "-DCMAKE_CXX_FLAGS= -ffunction-sections -fdata-sections -fPIC -m64" "-DCMAKE_CXX_COMPILER=/usr/bin/c++" "-DCMAKE_ASM_FLAGS= -ffunction-sections -fdata-sections -fPIC -m64" "-DCMAKE_ASM_COMPILER=/usr/bin/cc" "-DCMAKE_BUILD_TYPE=Debug"
[INFO] [stderr]   -- The C compiler identification is GNU 11.4.0
[INFO] [stderr]   -- The CXX compiler identification is GNU 11.4.0
[INFO] [stderr]   -- Detecting C compiler ABI info
[INFO] [stderr]   -- Detecting C compiler ABI info - done
[INFO] [stderr]   -- Check for working C compiler: /usr/bin/cc - skipped
[INFO] [stderr]   -- Detecting C compile features
[INFO] [stderr]   -- Detecting C compile features - done
[INFO] [stderr]   -- Detecting CXX compiler ABI info
[INFO] [stderr]   -- Detecting CXX compiler ABI info - done
[INFO] [stderr]   -- Check for working CXX compiler: /usr/bin/c++ - skipped
[INFO] [stderr]   -- Detecting CXX compile features
[INFO] [stderr]   -- Detecting CXX compile features - done
[INFO] [stderr]   -- Looking for pow in m
[INFO] [stderr]   -- Looking for pow in m - found
[INFO] [stderr]   -- Found Zstd: /usr/lib/x86_64-linux-gnu/libzstd.so
[INFO] [stderr]   -- Checking for module 'libsasl2'
[INFO] [stderr]   --   Found libsasl2, version 2.1.27
[INFO] [stderr]   -- Found ZLIB: /usr/lib/x86_64-linux-gnu/libz.so (found version "1.2.11") 
[INFO] [stderr]   -- Found OpenSSL: /usr/lib/x86_64-linux-gnu/libcrypto.so (found version "3.0.2")  
[INFO] [stderr]   -- Looking for pthread.h
[INFO] [stderr]   -- Looking for pthread.h - found
[INFO] [stderr]   -- Performing Test CMAKE_HAVE_LIBC_PTHREAD
[INFO] [stderr]   -- Performing Test CMAKE_HAVE_LIBC_PTHREAD - Success
[INFO] [stderr]   -- Found Threads: TRUE  
[INFO] [stderr]   -- Configuring done
[INFO] [stderr]   -- Generating done
[INFO] [stderr]   -- Build files have been written to: /opt/rustwide/target/debug/build/rdkafka-sys-87e4c7016915a948/out/build
[INFO] [stderr]   running: cd "/opt/rustwide/target/debug/build/rdkafka-sys-87e4c7016915a948/out/build" && MAKEFLAGS="-j --jobserver-fds=8,9 --jobserver-auth=8,9" "cmake" "--build" "." "--target" "install" "--config" "Debug" "--parallel" "16"
[INFO] [stderr]   [  1%] Building C object src/CMakeFiles/rdkafka.dir/rdavl.c.o
[INFO] [stderr]   [  2%] Building C object src/CMakeFiles/rdkafka.dir/rdaddr.c.o
[INFO] [stderr]   [  3%] Building C object src/CMakeFiles/rdkafka.dir/crc32c.c.o
[INFO] [stderr]   [  4%] Building C object src/CMakeFiles/rdkafka.dir/rdbuf.c.o
[INFO] [stderr]   [  5%] Building C object src/CMakeFiles/rdkafka.dir/rdcrc32.c.o
[INFO] [stderr]   [  7%] Building C object src/CMakeFiles/rdkafka.dir/rdfnv1a.c.o
[INFO] [stderr]   [  8%] Building C object src/CMakeFiles/rdkafka.dir/rdkafka_assignor.c.o
[INFO] [stderr]   [  9%] Building C object src/CMakeFiles/rdkafka.dir/rdkafka_conf.c.o
[INFO] [stderr]   [ 10%] Building C object src/CMakeFiles/rdkafka.dir/rdkafka_broker.c.o
[INFO] [stderr]   [ 11%] Building C object src/CMakeFiles/rdkafka.dir/rdkafka_event.c.o
[INFO] [stderr]   [ 12%] Building C object src/CMakeFiles/rdkafka.dir/rdkafka_cgrp.c.o
[INFO] [stderr]   [ 14%] Building C object src/CMakeFiles/rdkafka.dir/rdkafka_metadata.c.o
[INFO] [stderr]   [ 15%] Building C object src/CMakeFiles/rdkafka.dir/rdkafka_buf.c.o
[INFO] [stderr]   [ 16%] Building C object src/CMakeFiles/rdkafka.dir/rdkafka_lz4.c.o
[INFO] [stderr]   [ 17%] Building C object src/CMakeFiles/rdkafka.dir/rdkafka_feature.c.o
[INFO] [stderr]   [ 18%] Building C object src/CMakeFiles/rdkafka.dir/rdkafka.c.o
[INFO] [stderr]   [ 20%] Building C object src/CMakeFiles/rdkafka.dir/rdkafka_metadata_cache.c.o
[INFO] [stderr]   [ 21%] Building C object src/CMakeFiles/rdkafka.dir/rdkafka_msg.c.o
[INFO] [stderr]   [ 22%] Building C object src/CMakeFiles/rdkafka.dir/rdkafka_msgset_reader.c.o
[INFO] [stderr]   [ 23%] Building C object src/CMakeFiles/rdkafka.dir/rdkafka_msgset_writer.c.o
[INFO] [stderr]   [ 24%] Building C object src/CMakeFiles/rdkafka.dir/rdkafka_offset.c.o
[INFO] [stderr]   [ 25%] Building C object src/CMakeFiles/rdkafka.dir/rdkafka_op.c.o
[INFO] [stderr]   [ 27%] Building C object src/CMakeFiles/rdkafka.dir/rdkafka_partition.c.o
[INFO] [stderr]   [ 28%] Building C object src/CMakeFiles/rdkafka.dir/rdkafka_pattern.c.o
[INFO] [stderr]   [ 29%] Building C object src/CMakeFiles/rdkafka.dir/rdkafka_queue.c.o
[INFO] [stderr]   [ 30%] Building C object src/CMakeFiles/rdkafka.dir/rdkafka_range_assignor.c.o
[INFO] [stderr]   [ 31%] Building C object src/CMakeFiles/rdkafka.dir/rdkafka_request.c.o
[INFO] [stderr]   [ 32%] Building C object src/CMakeFiles/rdkafka.dir/rdkafka_roundrobin_assignor.c.o
[INFO] [stderr]   [ 34%] Building C object src/CMakeFiles/rdkafka.dir/rdkafka_sasl.c.o
[INFO] [stderr]   [ 35%] Building C object src/CMakeFiles/rdkafka.dir/rdkafka_sasl_plain.c.o
[INFO] [stderr]   [ 36%] Building C object src/CMakeFiles/rdkafka.dir/rdkafka_sticky_assignor.c.o
[INFO] [stderr]   [ 37%] Building C object src/CMakeFiles/rdkafka.dir/rdkafka_assignment.c.o
[INFO] [stderr]   [ 38%] Building C object src/CMakeFiles/rdkafka.dir/rdkafka_subscription.c.o
[INFO] [stderr]   [ 40%] Building C object src/CMakeFiles/rdkafka.dir/rdkafka_timer.c.o
[INFO] [stderr]   [ 41%] Building C object src/CMakeFiles/rdkafka.dir/rdkafka_transport.c.o
[INFO] [stderr]   [ 42%] Building C object src/CMakeFiles/rdkafka.dir/rdkafka_interceptor.c.o
[INFO] [stderr]   [ 43%] Building C object src/CMakeFiles/rdkafka.dir/rdkafka_topic.c.o
[INFO] [stderr]   [ 44%] Building C object src/CMakeFiles/rdkafka.dir/rdkafka_header.c.o
[INFO] [stderr]   [ 45%] Building C object src/CMakeFiles/rdkafka.dir/rdkafka_admin.c.o
[INFO] [stderr]   [ 47%] Building C object src/CMakeFiles/rdkafka.dir/rdkafka_aux.c.o
[INFO] [stderr]   [ 48%] Building C object src/CMakeFiles/rdkafka.dir/rdkafka_background.c.o
[INFO] [stderr]   [ 49%] Building C object src/CMakeFiles/rdkafka.dir/rdkafka_idempotence.c.o
[INFO] [stderr]   [ 50%] Building C object src/CMakeFiles/rdkafka.dir/rdkafka_txnmgr.c.o
[INFO] [stderr]   [ 51%] Building C object src/CMakeFiles/rdkafka.dir/rdkafka_cert.c.o
[INFO] [stderr]   [ 52%] Building C object src/CMakeFiles/rdkafka.dir/rdkafka_coord.c.o
[INFO] [stderr]   [ 54%] Building C object src/CMakeFiles/rdkafka.dir/rdkafka_mock.c.o
[INFO] [stderr]   [ 55%] Building C object src/CMakeFiles/rdkafka.dir/rdkafka_mock_handlers.c.o
[INFO] [stderr]   [ 56%] Building C object src/CMakeFiles/rdkafka.dir/rdkafka_error.c.o
[INFO] [stderr]   [ 57%] Building C object src/CMakeFiles/rdkafka.dir/rdkafka_mock_cgrp.c.o
[INFO] [stderr]   [ 58%] Building C object src/CMakeFiles/rdkafka.dir/rdlist.c.o
[INFO] [stderr]   [ 60%] Building C object src/CMakeFiles/rdkafka.dir/rdlog.c.o
[INFO] [stderr]   [ 61%] Building C object src/CMakeFiles/rdkafka.dir/rdmurmur2.c.o
[INFO] [stderr]   [ 62%] Building C object src/CMakeFiles/rdkafka.dir/rdports.c.o
[INFO] [stderr]   [ 63%] Building C object src/CMakeFiles/rdkafka.dir/rdrand.c.o
[INFO] [stderr]   [ 64%] Building C object src/CMakeFiles/rdkafka.dir/rdregex.c.o
[INFO] [stderr]   [ 65%] Building C object src/CMakeFiles/rdkafka.dir/rdstring.c.o
[INFO] [stderr]   [ 67%] Building C object src/CMakeFiles/rdkafka.dir/rdunittest.c.o
[INFO] [stderr]   [ 68%] Building C object src/CMakeFiles/rdkafka.dir/rdvarint.c.o
[INFO] [stderr]   [ 69%] Building C object src/CMakeFiles/rdkafka.dir/rdmap.c.o
[INFO] [stderr]   [ 70%] Building C object src/CMakeFiles/rdkafka.dir/snappy.c.o
[INFO] [stderr]   [ 71%] Building C object src/CMakeFiles/rdkafka.dir/tinycthread_extra.c.o
[INFO] [stderr]   [ 72%] Building C object src/CMakeFiles/rdkafka.dir/rdxxhash.c.o
[INFO] [stderr]   [ 74%] Building C object src/CMakeFiles/rdkafka.dir/tinycthread.c.o
[INFO] [stderr]   [ 75%] Building C object src/CMakeFiles/rdkafka.dir/rdkafka_ssl.c.o
[INFO] [stderr]   [ 76%] Building C object src/CMakeFiles/rdkafka.dir/rdhdrhistogram.c.o
[INFO] [stderr]   [ 77%] Building C object src/CMakeFiles/rdkafka.dir/rddl.c.o
[INFO] [stderr]   [ 78%] Building C object src/CMakeFiles/rdkafka.dir/rdgz.c.o
[INFO] [stderr]   [ 80%] Building C object src/CMakeFiles/rdkafka.dir/rdkafka_plugin.c.o
[INFO] [stderr]   [ 81%] Building C object src/CMakeFiles/rdkafka.dir/lz4.c.o
[INFO] [stderr]   [ 82%] Building C object src/CMakeFiles/rdkafka.dir/lz4frame.c.o
[INFO] [stderr]   [ 83%] Building C object src/CMakeFiles/rdkafka.dir/lz4hc.c.o
[INFO] [stderr] 
[INFO] [stderr]   --- stderr
[INFO] [stderr]   Building and linking librdkafka statically
[INFO] [stderr]   CMake Warning:
[INFO] [stderr]     Manually-specified variables were not used by the project:
[INFO] [stderr] 
[INFO] [stderr]       CMAKE_ASM_COMPILER
[INFO] [stderr]       CMAKE_ASM_FLAGS
[INFO] [stderr] 
[INFO] [stderr] 
[INFO] [stderr]   gmake: warning: -j16 forced in submake: resetting jobserver mode.
[INFO] [stderr]   /opt/rustwide/cargo-home/registry/src/index.crates.io-1949cf8c6b5b557f/rdkafka-sys-4.2.0+1.8.2/librdkafka/src/rdkafka_cert.c: In function 'rd_kafka_print_ssl_errors':
[INFO] [stderr]   /opt/rustwide/cargo-home/registry/src/index.crates.io-1949cf8c6b5b557f/rdkafka-sys-4.2.0+1.8.2/librdkafka/src/rdkafka_cert.c:113:9: warning: 'ERR_get_error_line_data' is deprecated: Since OpenSSL 3.0 [-Wdeprecated-declarations]
[INFO] [stderr]     113 |         while ((l = ERR_get_error_line_data(&file, &line,
[INFO] [stderr]         |         ^~~~~
[INFO] [stderr]   In file included from /usr/include/openssl/engine.h:31,
[INFO] [stderr]                    from /opt/rustwide/cargo-home/registry/src/index.crates.io-1949cf8c6b5b557f/rdkafka-sys-4.2.0+1.8.2/librdkafka/src/rdkafka_conf.h:36,
[INFO] [stderr]                    from /opt/rustwide/cargo-home/registry/src/index.crates.io-1949cf8c6b5b557f/rdkafka-sys-4.2.0+1.8.2/librdkafka/src/rdkafka_int.h:90,
[INFO] [stderr]                    from /opt/rustwide/cargo-home/registry/src/index.crates.io-1949cf8c6b5b557f/rdkafka-sys-4.2.0+1.8.2/librdkafka/src/rdkafka_cert.c:35:
[INFO] [stderr]   /usr/include/openssl/err.h:413:15: note: declared here
[INFO] [stderr]     413 | unsigned long ERR_get_error_line_data(const char **file, int *line,
[INFO] [stderr]         |               ^~~~~~~~~~~~~~~~~~~~~~~
[INFO] [stderr]   /opt/rustwide/cargo-home/registry/src/index.crates.io-1949cf8c6b5b557f/rdkafka-sys-4.2.0+1.8.2/librdkafka/src/rdkafka_cert.c:124:24: warning: 'ERR_func_error_string' is deprecated: Since OpenSSL 3.0 [-Wdeprecated-declarations]
[INFO] [stderr]     124 |                        ERR_func_error_string(l),
[INFO] [stderr]         |                        ^~~~~~~~~~~~~~~~~~~~~
[INFO] [stderr]   In file included from /usr/include/openssl/engine.h:31,
[INFO] [stderr]                    from /opt/rustwide/cargo-home/registry/src/index.crates.io-1949cf8c6b5b557f/rdkafka-sys-4.2.0+1.8.2/librdkafka/src/rdkafka_conf.h:36,
[INFO] [stderr]                    from /opt/rustwide/cargo-home/registry/src/index.crates.io-1949cf8c6b5b557f/rdkafka-sys-4.2.0+1.8.2/librdkafka/src/rdkafka_int.h:90,
[INFO] [stderr]                    from /opt/rustwide/cargo-home/registry/src/index.crates.io-1949cf8c6b5b557f/rdkafka-sys-4.2.0+1.8.2/librdkafka/src/rdkafka_cert.c:35:
[INFO] [stderr]   /usr/include/openssl/err.h:447:35: note: declared here
[INFO] [stderr]     447 | OSSL_DEPRECATEDIN_3_0 const char *ERR_func_error_string(unsigned long e);
[INFO] [stderr]         |                                   ^~~~~~~~~~~~~~~~~~~~~
[INFO] [stderr]   /opt/rustwide/cargo-home/registry/src/index.crates.io-1949cf8c6b5b557f/rdkafka-sys-4.2.0+1.8.2/librdkafka/src/rdkafka_ssl.c: In function 'rd_kafka_ssl_last_error_str':
[INFO] [stderr]   /opt/rustwide/cargo-home/registry/src/index.crates.io-1949cf8c6b5b557f/rdkafka-sys-4.2.0+1.8.2/librdkafka/src/rdkafka_ssl.c:108:9: warning: 'ERR_peek_last_error_line_data' is deprecated: Since OpenSSL 3.0 [-Wdeprecated-declarations]
[INFO] [stderr]     108 |         l = ERR_peek_last_error_line_data(&file, &line,
[INFO] [stderr]         |         ^
[INFO] [stderr]   In file included from /usr/include/openssl/engine.h:31,
[INFO] [stderr]                    from /opt/rustwide/cargo-home/registry/src/index.crates.io-1949cf8c6b5b557f/rdkafka-sys-4.2.0+1.8.2/librdkafka/src/rdkafka_conf.h:36,
[INFO] [stderr]                    from /opt/rustwide/cargo-home/registry/src/index.crates.io-1949cf8c6b5b557f/rdkafka-sys-4.2.0+1.8.2/librdkafka/src/rdkafka_int.h:90,
[INFO] [stderr]                    from /opt/rustwide/cargo-home/registry/src/index.crates.io-1949cf8c6b5b557f/rdkafka-sys-4.2.0+1.8.2/librdkafka/src/rdkafka_ssl.c:35:
[INFO] [stderr]   /usr/include/openssl/err.h:437:15: note: declared here
[INFO] [stderr]     437 | unsigned long ERR_peek_last_error_line_data(const char **file, int *line,
[INFO] [stderr]         |               ^~~~~~~~~~~~~~~~~~~~~~~~~~~~~
[INFO] [stderr]   /opt/rustwide/cargo-home/registry/src/index.crates.io-1949cf8c6b5b557f/rdkafka-sys-4.2.0+1.8.2/librdkafka/src/rdkafka_ssl.c:113:9: warning: 'ERR_func_error_string' is deprecated: Since OpenSSL 3.0 [-Wdeprecated-declarations]
[INFO] [stderr]     113 |         rd_snprintf(errstr, sizeof(errstr),
[INFO] [stderr]         |         ^~~~~~~~~~~
[INFO] [stderr]   In file included from /usr/include/openssl/engine.h:31,
[INFO] [stderr]                    from /opt/rustwide/cargo-home/registry/src/index.crates.io-1949cf8c6b5b557f/rdkafka-sys-4.2.0+1.8.2/librdkafka/src/rdkafka_conf.h:36,
[INFO] [stderr]                    from /opt/rustwide/cargo-home/registry/src/index.crates.io-1949cf8c6b5b557f/rdkafka-sys-4.2.0+1.8.2/librdkafka/src/rdkafka_int.h:90,
[INFO] [stderr]                    from /opt/rustwide/cargo-home/registry/src/index.crates.io-1949cf8c6b5b557f/rdkafka-sys-4.2.0+1.8.2/librdkafka/src/rdkafka_ssl.c:35:
[INFO] [stderr]   /usr/include/openssl/err.h:447:35: note: declared here
[INFO] [stderr]     447 | OSSL_DEPRECATEDIN_3_0 const char *ERR_func_error_string(unsigned long e);
[INFO] [stderr]         |                                   ^~~~~~~~~~~~~~~~~~~~~
[INFO] [stderr]   /opt/rustwide/cargo-home/registry/src/index.crates.io-1949cf8c6b5b557f/rdkafka-sys-4.2.0+1.8.2/librdkafka/src/rdkafka_ssl.c: In function 'rd_kafka_ssl_error':
[INFO] [stderr]   /opt/rustwide/cargo-home/registry/src/index.crates.io-1949cf8c6b5b557f/rdkafka-sys-4.2.0+1.8.2/librdkafka/src/rdkafka_ssl.c:144:9: warning: 'ERR_get_error_line_data' is deprecated: Since OpenSSL 3.0 [-Wdeprecated-declarations]
[INFO] [stderr]     144 |         while ((l = ERR_get_error_line_data(&file, &line,
[INFO] [stderr]         |         ^~~~~
[INFO] [stderr]   In file included from /usr/include/openssl/engine.h:31,
[INFO] [stderr]                    from /opt/rustwide/cargo-home/registry/src/index.crates.io-1949cf8c6b5b557f/rdkafka-sys-4.2.0+1.8.2/librdkafka/src/rdkafka_conf.h:36,
[INFO] [stderr]                    from /opt/rustwide/cargo-home/registry/src/index.crates.io-1949cf8c6b5b557f/rdkafka-sys-4.2.0+1.8.2/librdkafka/src/rdkafka_int.h:90,
[INFO] [stderr]                    from /opt/rustwide/cargo-home/registry/src/index.crates.io-1949cf8c6b5b557f/rdkafka-sys-4.2.0+1.8.2/librdkafka/src/rdkafka_ssl.c:35:
[INFO] [stderr]   /usr/include/openssl/err.h:413:15: note: declared here
[INFO] [stderr]     413 | unsigned long ERR_get_error_line_data(const char **file, int *line,
[INFO] [stderr]         |               ^~~~~~~~~~~~~~~~~~~~~~~
[INFO] [stderr]   /opt/rustwide/cargo-home/registry/src/index.crates.io-1949cf8c6b5b557f/rdkafka-sys-4.2.0+1.8.2/librdkafka/src/rdkafka_ssl.c: In function 'rd_kafka_ssl_set_certs':
[INFO] [stderr]   /opt/rustwide/cargo-home/registry/src/index.crates.io-1949cf8c6b5b557f/rdkafka-sys-4.2.0+1.8.2/librdkafka/src/rdkafka_ssl.c:1348:17: warning: 'ENGINE_load_ssl_client_cert' is deprecated: Since OpenSSL 3.0 [-Wdeprecated-declarations]
[INFO] [stderr]    1348 |                 r = ENGINE_load_ssl_client_cert(
[INFO] [stderr]         |                 ^
[INFO] [stderr]   In file included from /opt/rustwide/cargo-home/registry/src/index.crates.io-1949cf8c6b5b557f/rdkafka-sys-4.2.0+1.8.2/librdkafka/src/rdkafka_conf.h:36,
[INFO] [stderr]                    from /opt/rustwide/cargo-home/registry/src/index.crates.io-1949cf8c6b5b557f/rdkafka-sys-4.2.0+1.8.2/librdkafka/src/rdkafka_int.h:90,
[INFO] [stderr]                    from /opt/rustwide/cargo-home/registry/src/index.crates.io-1949cf8c6b5b557f/rdkafka-sys-4.2.0+1.8.2/librdkafka/src/rdkafka_ssl.c:35:
[INFO] [stderr]   /usr/include/openssl/engine.h:644:5: note: declared here
[INFO] [stderr]     644 | int ENGINE_load_ssl_client_cert(ENGINE *e, SSL *s, STACK_OF(X509_NAME) *ca_dn,
[INFO] [stderr]         |     ^~~~~~~~~~~~~~~~~~~~~~~~~~~
[INFO] [stderr]   /opt/rustwide/cargo-home/registry/src/index.crates.io-1949cf8c6b5b557f/rdkafka-sys-4.2.0+1.8.2/librdkafka/src/rdkafka_ssl.c: In function 'rd_kafka_ssl_ctx_term':
[INFO] [stderr]   /opt/rustwide/cargo-home/registry/src/index.crates.io-1949cf8c6b5b557f/rdkafka-sys-4.2.0+1.8.2/librdkafka/src/rdkafka_ssl.c:1421:9: warning: 'ENGINE_free' is deprecated: Since OpenSSL 3.0 [-Wdeprecated-declarations]
[INFO] [stderr]    1421 |         RD_IF_FREE(rk->rk_conf.ssl.engine, ENGINE_free);
[INFO] [stderr]         |         ^~~~~~~~~~
[INFO] [stderr]   In file included from /opt/rustwide/cargo-home/registry/src/index.crates.io-1949cf8c6b5b557f/rdkafka-sys-4.2.0+1.8.2/librdkafka/src/rdkafka_conf.h:36,
[INFO] [stderr]                    from /opt/rustwide/cargo-home/registry/src/index.crates.io-1949cf8c6b5b557f/rdkafka-sys-4.2.0+1.8.2/librdkafka/src/rdkafka_int.h:90,
[INFO] [stderr]                    from /opt/rustwide/cargo-home/registry/src/index.crates.io-1949cf8c6b5b557f/rdkafka-sys-4.2.0+1.8.2/librdkafka/src/rdkafka_ssl.c:35:
[INFO] [stderr]   /usr/include/openssl/engine.h:493:27: note: declared here
[INFO] [stderr]     493 | OSSL_DEPRECATEDIN_3_0 int ENGINE_free(ENGINE *e);
[INFO] [stderr]         |                           ^~~~~~~~~~~
[INFO] [stderr]   /opt/rustwide/cargo-home/registry/src/index.crates.io-1949cf8c6b5b557f/rdkafka-sys-4.2.0+1.8.2/librdkafka/src/rdkafka_ssl.c: In function 'rd_kafka_ssl_ctx_init_engine':
[INFO] [stderr]   /opt/rustwide/cargo-home/registry/src/index.crates.io-1949cf8c6b5b557f/rdkafka-sys-4.2.0+1.8.2/librdkafka/src/rdkafka_ssl.c:1442:9: warning: 'ENGINE_by_id' is deprecated: Since OpenSSL 3.0 [-Wdeprecated-declarations]
[INFO] [stderr]    1442 |         engine = ENGINE_by_id(rk->rk_conf.ssl.engine_id);
[INFO] [stderr]         |         ^~~~~~
[INFO] [stderr]   In file included from /opt/rustwide/cargo-home/registry/src/index.crates.io-1949cf8c6b5b557f/rdkafka-sys-4.2.0+1.8.2/librdkafka/src/rdkafka_conf.h:36,
[INFO] [stderr]                    from /opt/rustwide/cargo-home/registry/src/index.crates.io-1949cf8c6b5b557f/rdkafka-sys-4.2.0+1.8.2/librdkafka/src/rdkafka_int.h:90,
[INFO] [stderr]                    from /opt/rustwide/cargo-home/registry/src/index.crates.io-1949cf8c6b5b557f/rdkafka-sys-4.2.0+1.8.2/librdkafka/src/rdkafka_ssl.c:35:
[INFO] [stderr]   /usr/include/openssl/engine.h:336:31: note: declared here
[INFO] [stderr]     336 | OSSL_DEPRECATEDIN_3_0 ENGINE *ENGINE_by_id(const char *id);
[INFO] [stderr]         |                               ^~~~~~~~~~~~
[INFO] [stderr]   /opt/rustwide/cargo-home/registry/src/index.crates.io-1949cf8c6b5b557f/rdkafka-sys-4.2.0+1.8.2/librdkafka/src/rdkafka_ssl.c:1444:17: warning: 'ENGINE_by_id' is deprecated: Since OpenSSL 3.0 [-Wdeprecated-declarations]
[INFO] [stderr]    1444 |                 engine = ENGINE_by_id("dynamic");
[INFO] [stderr]         |                 ^~~~~~
[INFO] [stderr]   In file included from /opt/rustwide/cargo-home/registry/src/index.crates.io-1949cf8c6b5b557f/rdkafka-sys-4.2.0+1.8.2/librdkafka/src/rdkafka_conf.h:36,
[INFO] [stderr]                    from /opt/rustwide/cargo-home/registry/src/index.crates.io-1949cf8c6b5b557f/rdkafka-sys-4.2.0+1.8.2/librdkafka/src/rdkafka_int.h:90,
[INFO] [stderr]                    from /opt/rustwide/cargo-home/registry/src/index.crates.io-1949cf8c6b5b557f/rdkafka-sys-4.2.0+1.8.2/librdkafka/src/rdkafka_ssl.c:35:
[INFO] [stderr]   /usr/include/openssl/engine.h:336:31: note: declared here
[INFO] [stderr]     336 | OSSL_DEPRECATEDIN_3_0 ENGINE *ENGINE_by_id(const char *id);
[INFO] [stderr]         |                               ^~~~~~~~~~~~
[INFO] [stderr]   /opt/rustwide/cargo-home/registry/src/index.crates.io-1949cf8c6b5b557f/rdkafka-sys-4.2.0+1.8.2/librdkafka/src/rdkafka_ssl.c:1453:9: warning: 'ENGINE_ctrl_cmd_string' is deprecated: Since OpenSSL 3.0 [-Wdeprecated-declarations]
[INFO] [stderr]    1453 |         if (!ENGINE_ctrl_cmd_string(engine, "SO_PATH",
[INFO] [stderr]         |         ^~
[INFO] [stderr]   In file included from /opt/rustwide/cargo-home/registry/src/index.crates.io-1949cf8c6b5b557f/rdkafka-sys-4.2.0+1.8.2/librdkafka/src/rdkafka_conf.h:36,
[INFO] [stderr]                    from /opt/rustwide/cargo-home/registry/src/index.crates.io-1949cf8c6b5b557f/rdkafka-sys-4.2.0+1.8.2/librdkafka/src/rdkafka_int.h:90,
[INFO] [stderr]                    from /opt/rustwide/cargo-home/registry/src/index.crates.io-1949cf8c6b5b557f/rdkafka-sys-4.2.0+1.8.2/librdkafka/src/rdkafka_ssl.c:35:
[INFO] [stderr]   /usr/include/openssl/engine.h:479:5: note: declared here
[INFO] [stderr]     479 | int ENGINE_ctrl_cmd_string(ENGINE *e, const char *cmd_name, const char *arg,
[INFO] [stderr]         |     ^~~~~~~~~~~~~~~~~~~~~~
[INFO] [stderr]   /opt/rustwide/cargo-home/registry/src/index.crates.io-1949cf8c6b5b557f/rdkafka-sys-4.2.0+1.8.2/librdkafka/src/rdkafka_ssl.c:1456:17: warning: 'ENGINE_free' is deprecated: Since OpenSSL 3.0 [-Wdeprecated-declarations]
[INFO] [stderr]    1456 |                 ENGINE_free(engine);
[INFO] [stderr]         |                 ^~~~~~~~~~~
[INFO] [stderr]   In file included from /opt/rustwide/cargo-home/registry/src/index.crates.io-1949cf8c6b5b557f/rdkafka-sys-4.2.0+1.8.2/librdkafka/src/rdkafka_conf.h:36,
[INFO] [stderr]                    from /opt/rustwide/cargo-home/registry/src/index.crates.io-1949cf8c6b5b557f/rdkafka-sys-4.2.0+1.8.2/librdkafka/src/rdkafka_int.h:90,
[INFO] [stderr]                    from /opt/rustwide/cargo-home/registry/src/index.crates.io-1949cf8c6b5b557f/rdkafka-sys-4.2.0+1.8.2/librdkafka/src/rdkafka_ssl.c:35:
[INFO] [stderr]   /usr/include/openssl/engine.h:493:27: note: declared here
[INFO] [stderr]     493 | OSSL_DEPRECATEDIN_3_0 int ENGINE_free(ENGINE *e);
[INFO] [stderr]         |                           ^~~~~~~~~~~
[INFO] [stderr]   /opt/rustwide/cargo-home/registry/src/index.crates.io-1949cf8c6b5b557f/rdkafka-sys-4.2.0+1.8.2/librdkafka/src/rdkafka_ssl.c:1463:9: warning: 'ENGINE_ctrl_cmd_string' is deprecated: Since OpenSSL 3.0 [-Wdeprecated-declarations]
[INFO] [stderr]    1463 |         if (!ENGINE_ctrl_cmd_string(engine, "LIST_ADD",
[INFO] [stderr]         |         ^~
[INFO] [stderr]   In file included from /opt/rustwide/cargo-home/registry/src/index.crates.io-1949cf8c6b5b557f/rdkafka-sys-4.2.0+1.8.2/librdkafka/src/rdkafka_conf.h:36,
[INFO] [stderr]                    from /opt/rustwide/cargo-home/registry/src/index.crates.io-1949cf8c6b5b557f/rdkafka-sys-4.2.0+1.8.2/librdkafka/src/rdkafka_int.h:90,
[INFO] [stderr]                    from /opt/rustwide/cargo-home/registry/src/index.crates.io-1949cf8c6b5b557f/rdkafka-sys-4.2.0+1.8.2/librdkafka/src/rdkafka_ssl.c:35:
[INFO] [stderr]   /usr/include/openssl/engine.h:479:5: note: declared here
[INFO] [stderr]     479 | int ENGINE_ctrl_cmd_string(ENGINE *e, const char *cmd_name, const char *arg,
[INFO] [stderr]         |     ^~~~~~~~~~~~~~~~~~~~~~
[INFO] [stderr]   /opt/rustwide/cargo-home/registry/src/index.crates.io-1949cf8c6b5b557f/rdkafka-sys-4.2.0+1.8.2/librdkafka/src/rdkafka_ssl.c:1465:17: warning: 'ENGINE_free' is deprecated: Since OpenSSL 3.0 [-Wdeprecated-declarations]
[INFO] [stderr]    1465 |                 ENGINE_free(engine);
[INFO] [stderr]         |                 ^~~~~~~~~~~
[INFO] [stderr]   In file included from /opt/rustwide/cargo-home/registry/src/index.crates.io-1949cf8c6b5b557f/rdkafka-sys-4.2.0+1.8.2/librdkafka/src/rdkafka_conf.h:36,
[INFO] [stderr]                    from /opt/rustwide/cargo-home/registry/src/index.crates.io-1949cf8c6b5b557f/rdkafka-sys-4.2.0+1.8.2/librdkafka/src/rdkafka_int.h:90,
[INFO] [stderr]                    from /opt/rustwide/cargo-home/registry/src/index.crates.io-1949cf8c6b5b557f/rdkafka-sys-4.2.0+1.8.2/librdkafka/src/rdkafka_ssl.c:35:
[INFO] [stderr]   /usr/include/openssl/engine.h:493:27: note: declared here
[INFO] [stderr]     493 | OSSL_DEPRECATEDIN_3_0 int ENGINE_free(ENGINE *e);
[INFO] [stderr]         |                           ^~~~~~~~~~~
[INFO] [stderr]   /opt/rustwide/cargo-home/registry/src/index.crates.io-1949cf8c6b5b557f/rdkafka-sys-4.2.0+1.8.2/librdkafka/src/rdkafka_ssl.c:1472:9: warning: 'ENGINE_ctrl_cmd_string' is deprecated: Since OpenSSL 3.0 [-Wdeprecated-declarations]
[INFO] [stderr]    1472 |         if (!ENGINE_ctrl_cmd_string(engine, "LOAD", NULL, 0)) {
[INFO] [stderr]         |         ^~
[INFO] [stderr]   In file included from /opt/rustwide/cargo-home/registry/src/index.crates.io-1949cf8c6b5b557f/rdkafka-sys-4.2.0+1.8.2/librdkafka/src/rdkafka_conf.h:36,
[INFO] [stderr]                    from /opt/rustwide/cargo-home/registry/src/index.crates.io-1949cf8c6b5b557f/rdkafka-sys-4.2.0+1.8.2/librdkafka/src/rdkafka_int.h:90,
[INFO] [stderr]                    from /opt/rustwide/cargo-home/registry/src/index.crates.io-1949cf8c6b5b557f/rdkafka-sys-4.2.0+1.8.2/librdkafka/src/rdkafka_ssl.c:35:
[INFO] [stderr]   /usr/include/openssl/engine.h:479:5: note: declared here
[INFO] [stderr]     479 | int ENGINE_ctrl_cmd_string(ENGINE *e, const char *cmd_name, const char *arg,
[INFO] [stderr]         |     ^~~~~~~~~~~~~~~~~~~~~~
[INFO] [stderr]   /opt/rustwide/cargo-home/registry/src/index.crates.io-1949cf8c6b5b557f/rdkafka-sys-4.2.0+1.8.2/librdkafka/src/rdkafka_ssl.c:1473:17: warning: 'ENGINE_free' is deprecated: Since OpenSSL 3.0 [-Wdeprecated-declarations]
[INFO] [stderr]    1473 |                 ENGINE_free(engine);
[INFO] [stderr]         |                 ^~~~~~~~~~~
[INFO] [stderr]   In file included from /opt/rustwide/cargo-home/registry/src/index.crates.io-1949cf8c6b5b557f/rdkafka-sys-4.2.0+1.8.2/librdkafka/src/rdkafka_conf.h:36,
[INFO] [stderr]                    from /opt/rustwide/cargo-home/registry/src/index.crates.io-1949cf8c6b5b557f/rdkafka-sys-4.2.0+1.8.2/librdkafka/src/rdkafka_int.h:90,
[INFO] [stderr]                    from /opt/rustwide/cargo-home/registry/src/index.crates.io-1949cf8c6b5b557f/rdkafka-sys-4.2.0+1.8.2/librdkafka/src/rdkafka_ssl.c:35:
[INFO] [stderr]   /usr/include/openssl/engine.h:493:27: note: declared here
[INFO] [stderr]     493 | OSSL_DEPRECATEDIN_3_0 int ENGINE_free(ENGINE *e);
[INFO] [stderr]         |                           ^~~~~~~~~~~
[INFO] [stderr]   /opt/rustwide/cargo-home/registry/src/index.crates.io-1949cf8c6b5b557f/rdkafka-sys-4.2.0+1.8.2/librdkafka/src/rdkafka_ssl.c:1480:9: warning: 'ENGINE_init' is deprecated: Since OpenSSL 3.0 [-Wdeprecated-declarations]
[INFO] [stderr]    1480 |         if (!ENGINE_init(engine)) {
[INFO] [stderr]         |         ^~
[INFO] [stderr]   In file included from /opt/rustwide/cargo-home/registry/src/index.crates.io-1949cf8c6b5b557f/rdkafka-sys-4.2.0+1.8.2/librdkafka/src/rdkafka_conf.h:36,
[INFO] [stderr]                    from /opt/rustwide/cargo-home/registry/src/index.crates.io-1949cf8c6b5b557f/rdkafka-sys-4.2.0+1.8.2/librdkafka/src/rdkafka_int.h:90,
[INFO] [stderr]                    from /opt/rustwide/cargo-home/registry/src/index.crates.io-1949cf8c6b5b557f/rdkafka-sys-4.2.0+1.8.2/librdkafka/src/rdkafka_ssl.c:35:
[INFO] [stderr]   /usr/include/openssl/engine.h:620:27: note: declared here
[INFO] [stderr]     620 | OSSL_DEPRECATEDIN_3_0 int ENGINE_init(ENGINE *e);
[INFO] [stderr]         |                           ^~~~~~~~~~~
[INFO] [stderr]   /opt/rustwide/cargo-home/registry/src/index.crates.io-1949cf8c6b5b557f/rdkafka-sys-4.2.0+1.8.2/librdkafka/src/rdkafka_ssl.c:1481:17: warning: 'ENGINE_free' is deprecated: Since OpenSSL 3.0 [-Wdeprecated-declarations]
[INFO] [stderr]    1481 |                 ENGINE_free(engine);
[INFO] [stderr]         |                 ^~~~~~~~~~~
[INFO] [stderr]   In file included from /opt/rustwide/cargo-home/registry/src/index.crates.io-1949cf8c6b5b557f/rdkafka-sys-4.2.0+1.8.2/librdkafka/src/rdkafka_conf.h:36,
[INFO] [stderr]                    from /opt/rustwide/cargo-home/registry/src/index.crates.io-1949cf8c6b5b557f/rdkafka-sys-4.2.0+1.8.2/librdkafka/src/rdkafka_int.h:90,
[INFO] [stderr]                    from /opt/rustwide/cargo-home/registry/src/index.crates.io-1949cf8c6b5b557f/rdkafka-sys-4.2.0+1.8.2/librdkafka/src/rdkafka_ssl.c:35:
[INFO] [stderr]   /usr/include/openssl/engine.h:493:27: note: declared here
[INFO] [stderr]     493 | OSSL_DEPRECATEDIN_3_0 int ENGINE_free(ENGINE *e);
[INFO] [stderr]         |                           ^~~~~~~~~~~
[INFO] [stderr]   /opt/rustwide/cargo-home/registry/src/index.crates.io-1949cf8c6b5b557f/rdkafka-sys-4.2.0+1.8.2/librdkafka/src/rdkafka_ssl.c: In function 'rd_kafka_ssl_ctx_init':
[INFO] [stderr]   /opt/rustwide/cargo-home/registry/src/index.crates.io-1949cf8c6b5b557f/rdkafka-sys-4.2.0+1.8.2/librdkafka/src/rdkafka_ssl.c:1627:9: warning: 'ENGINE_free' is deprecated: Since OpenSSL 3.0 [-Wdeprecated-declarations]
[INFO] [stderr]    1627 |         RD_IF_FREE(rk->rk_conf.ssl.engine, ENGINE_free);
[INFO] [stderr]         |         ^~~~~~~~~~
[INFO] [stderr]   In file included from /opt/rustwide/cargo-home/registry/src/index.crates.io-1949cf8c6b5b557f/rdkafka-sys-4.2.0+1.8.2/librdkafka/src/rdkafka_conf.h:36,
[INFO] [stderr]                    from /opt/rustwide/cargo-home/registry/src/index.crates.io-1949cf8c6b5b557f/rdkafka-sys-4.2.0+1.8.2/librdkafka/src/rdkafka_int.h:90,
[INFO] [stderr]                    from /opt/rustwide/cargo-home/registry/src/index.crates.io-1949cf8c6b5b557f/rdkafka-sys-4.2.0+1.8.2/librdkafka/src/rdkafka_ssl.c:35:
[INFO] [stderr]   /usr/include/openssl/engine.h:493:27: note: declared here
[INFO] [stderr]     493 | OSSL_DEPRECATEDIN_3_0 int ENGINE_free(ENGINE *e);
[INFO] [stderr]         |                           ^~~~~~~~~~~
[INFO] [stderr]   /tmp/ccmgxa6j.s: Assembler messages:
[INFO] [stderr]   /tmp/ccmgxa6j.s: Fatal error: can't write 20 bytes to section .text.__bswap_16 of CMakeFiles/rdkafka.dir/rdkafka_request.c.o: 'No space left on device'
[INFO] [stderr]   as: BFD (GNU Binutils for Ubuntu) 2.38 assertion fail ../../bfd/elf.c:3120
[INFO] [stderr]   as: BFD (GNU Binutils for Ubuntu) 2.38 assertion fail ../../bfd/elf.c:3120
[INFO] [stderr]   as: BFD (GNU Binutils for Ubuntu) 2.38 assertion fail ../../bfd/elf.c:3120
[INFO] [stderr]   as: BFD (GNU Binutils for Ubuntu) 2.38 assertion fail ../../bfd/elf.c:3120
[INFO] [stderr]   as: BFD (GNU Binutils for Ubuntu) 2.38 assertion fail ../../bfd/elf.c:3120
[INFO] [stderr]   as: BFD (GNU Binutils for Ubuntu) 2.38 assertion fail ../../bfd/elf.c:3120
[INFO] [stderr]   as: BFD (GNU Binutils for Ubuntu) 2.38 assertion fail ../../bfd/elf.c:3120
[INFO] [stderr]   as: BFD (GNU Binutils for Ubuntu) 2.38 assertion fail ../../bfd/elf.c:3120
[INFO] [stderr]   as: BFD (GNU Binutils for Ubuntu) 2.38 assertion fail ../../bfd/elf.c:3120
[INFO] [stderr]   as: BFD (GNU Binutils for Ubuntu) 2.38 assertion fail ../../bfd/elf.c:3120
[INFO] [stderr]   as: BFD (GNU Binutils for Ubuntu) 2.38 assertion fail ../../bfd/elf.c:3120
[INFO] [stderr]   as: BFD (GNU Binutils for Ubuntu) 2.38 assertion fail ../../bfd/elf.c:3120
[INFO] [stderr]   as: BFD (GNU Binutils for Ubuntu) 2.38 assertion fail ../../bfd/elf.c:3120
[INFO] [stderr]   as: BFD (GNU Binutils for Ubuntu) 2.38 assertion fail ../../bfd/elf.c:3120
[INFO] [stderr]   as: BFD (GNU Binutils for Ubuntu) 2.38 assertion fail ../../bfd/elf.c:/tmp/ccUR4X9X.s: Assembler messages:
[INFO] [stderr]   /tmp/ccUR4X9X.s: Fatal error: can't write 49 bytes to section .text.rd_fd_set_nonblocking of CMakeFiles/rdkafka.dir/rdhdrhistogram.c.o: 'No space left on device'
[INFO] [stderr]   3120
[INFO] [stderr]   as: BFD (GNU Binutils for Ubuntu) 2.38 assertion fail ../../bfd/elf.c:3120
[INFO] [stderr]   as: BFD (GNU Binutils for Ubuntu) 2.38 assertion fail ../../bfd/elf.c:3120
[INFO] [stderr]   /tmp/ccUR4X9X.s: as: Fatal error: CMakeFiles/rdkafka.dir/rdhdrhistogram.c.o: No space left on device
[INFO] [stderr]   BFD (GNU Binutils for Ubuntu) 2.38 assertion fail ../../bfd/elf.c:3120
[INFO] [stderr]   as: BFD (GNU Binutils for Ubuntu) 2.38 assertion fail ../../bfd/elf.c:3120
[INFO] [stderr]   as: BFD (GNU Binutils for Ubuntu) 2.38 assertion fail ../../bfd/elf.c:3120
[INFO] [stderr]   as: BFD (GNU Binutils for Ubuntu) 2.38 assertion fail ../../bfd/elf.c:3120
[INFO] [stderr]   as: BFD (GNU Binutils for Ubuntu) 2.38 assertion fail ../../bfd/elf.c:3120
[INFO] [stderr]   as: BFD (GNU Binutils for Ubuntu) 2.38 assertion fail ../../bfd/elf.c:3120
[INFO] [stderr]   as: BFD (GNU Binutils for Ubuntu) 2.38 assertion fail ../../bfd/elf.c:3120
[INFO] [stderr]   as: BFD (GNU Binutils for Ubuntu) 2.38 assertion fail ../../bfd/elf.c:3120
[INFO] [stderr]   as: BFD (GNU Binutils for Ubuntu) 2.38 assertion fail ../../bfd/elf.c:3120
[INFO] [stderr]   as: BFD (GNU Binutils for Ubuntu) 2.38 assertion fail ../../bfd/elf.c:3120
[INFO] [stderr]   as: BFD (GNU Binutils for Ubuntu) 2.38 assertion fail ../../bfd/elf.c:3120
[INFO] [stderr]   as: BFD (GNU Binutils for Ubuntu) 2.38 assertion fail ../../bfd/elf.c:3120
[INFO] [stderr]   as: BFD (GNU Binutils for Ubuntu) 2.38 assertion fail ../../bfd/elf.c:3120
[INFO] [stderr]   as: BFD (GNU Binutils for Ubuntu) 2.38 assertion fail ../../bfd/elf.c:3120
[INFO] [stderr]   as: BFD (GNU Binutils for Ubuntu) 2.38 assertion fail ../../bfd/elf.c:3120
[INFO] [stderr]   as: BFD (GNU Binutils for Ubuntu) 2.38 assertion fail ../../bfd/elf.c:3120
[INFO] [stderr]   as: BFD (GNU Binutils for Ubuntu) 2.38 assertion fail ../../bfd/elf.c:3120
[INFO] [stderr]   as: BFD (GNU Binutils for Ubuntu) 2.38 assertion fail ../../bfd/elf.c:3120
[INFO] [stderr]   as: BFD (GNU Binutils for Ubuntu) 2.38 assertion fail ../../bfd/elf.c:3120
[INFO] [stderr]   as: BFD (GNU Binutils for Ubuntu) 2.38 assertion fail ../../bfd/elf.c:3120
[INFO] [stderr]   as: BFD (GNU Binutils for Ubuntu) 2.38 assertion fail ../../bfd/elf.c:3120
[INFO] [stderr]   as: BFD (GNU Binutils for Ubuntu) 2.38 assertion fail ../../bfd/elf.c:3120
[INFO] [stderr]   as: BFD (GNU Binutils for Ubuntu) 2.38 assertion fail ../../bfd/elf.c:3120
[INFO] [stderr]   as: BFD (GNU Binutils for Ubuntu) 2.38 assertion fail ../../bfd/elf.c:3120
[INFO] [stderr]   as: BFD (GNU Binutils for Ubuntu) 2.38 assertion fail ../../bfd/elf.c:3120
[INFO] [stderr]   as: BFD (GNU Binutils for Ubuntu) 2.38 assertion fail ../../bfd/elf.c:3120
[INFO] [stderr]   as: BFD (GNU Binutils for Ubuntu) 2.38 assertion fail ../../bfd/elf.c:3120
[INFO] [stderr]   as: BFD (GNU Binutils for Ubuntu) 2.38 assertion fail ../../bfd/elf.c:3120
[INFO] [stderr]   as: BFD (GNU Binutils for Ubuntu) 2.38 assertion fail ../../bfd/elf.c:3120
[INFO] [stderr]   as: BFD (GNU Binutils for Ubuntu) 2.38 assertion fail ../../bfd/elf.c:3120
[INFO] [stderr]   as: BFD (GNU Binutils for Ubuntu) 2.38 assertion fail ../../bfd/elf.c:3120
[INFO] [stderr]   as: BFD (GNU Binutils for Ubuntu) 2.38 assertion fail ../../bfd/elf.c:3120
[INFO] [stderr]   as: BFD (GNU Binutils for Ubuntu) 2.38 assertion fail ../../bfd/elf.c:3120
[INFO] [stderr]   as: BFD (GNU Binutils for Ubuntu) 2.38 assertion fail ../../bfd/elf.c:3120
[INFO] [stderr]   as: BFD (GNU Binutils for Ubuntu) 2.38 assertion fail ../../bfd/elf.c:3120
[INFO] [stderr]   as: BFD (GNU Binutils for Ubuntu) 2.38 assertion fail ../../bfd/elf.c:3120
[INFO] [stderr]   as: BFD (GNU Binutils for Ubuntu) 2.38 assertion fail ../../bfd/elf.c:3120
[INFO] [stderr]   as: BFD (GNU Binutils for Ubuntu) 2.38 assertion fail ../../bfd/elf.c:3120
[INFO] [stderr]   as: BFD (GNU Binutils for Ubuntu) 2.38 assertion fail ../../bfd/elf.c:3120
[INFO] [stderr]   as: BFD (GNU Binutils for Ubuntu) 2.38 assertion fail ../../bfd/elf.c:3120
[INFO] [stderr]   as: BFD (GNU Binutils for Ubuntu) 2.38 assertion fail ../../bfd/elf.c:3120
[INFO] [stderr]   as: BFD (GNU Binutils for Ubuntu) 2.38 assertion fail ../../bfd/elf.c:3120
[INFO] [stderr]   as: BFD (GNU Binutils for Ubuntu) 2.38 assertion fail ../../bfd/elf.c:3120
[INFO] [stderr]   as: BFD (GNU Binutils for Ubuntu) 2.38 assertion fail ../../bfd/elf.c:3120
[INFO] [stderr]   as: BFD (GNU Binutils for Ubuntu) 2.38 assertion fail ../../bfd/elf.c:3120
[INFO] [stderr]   as: BFD (GNU Binutils for Ubuntu) 2.38 assertion fail ../../bfd/elf.c:3120
[INFO] [stderr]   as: BFD (GNU Binutils for Ubuntu) 2.38 assertion fail ../../bfd/elf.c:3120
[INFO] [stderr]   as: BFD (GNU Binutils for Ubuntu) 2.38 assertion fail ../../bfd/elf.c:3120
[INFO] [stderr]   as: BFD (GNU Binutils for Ubuntu) 2.38 assertion fail ../../bfd/elf.c:3120
[INFO] [stderr]   as: BFD (GNU Binutils for Ubuntu) 2.38 assertion fail ../../bfd/elf.c:3120
[INFO] [stderr]   as: BFD (GNU Binutils for Ubuntu) 2.38 assertion fail ../../bfd/elf.c:3120
[INFO] [stderr]   as: BFD (GNU Binutils for Ubuntu) 2.38 assertion fail ../../bfd/elf.c:3120
[INFO] [stderr]   as: BFD (GNU Binutils for Ubuntu) 2.38 assertion fail ../../bfd/elf.c:3120
[INFO] [stderr]   as: BFD (GNU Binutils for Ubuntu) 2.38 assertion fail ../../bfd/elf.c:3120
[INFO] [stderr]   as: BFD (GNU Binutils for Ubuntu) 2.38 assertion fail ../../bfd/elf.c:3120
[INFO] [stderr]   as: BFD (GNU Binutils for Ubuntu) 2.38 assertion fail ../../bfd/elf.c:3120
[INFO] [stderr]   as: BFD (GNU Binutils for Ubuntu) 2.38 assertion fail ../../bfd/elf.c:3120
[INFO] [stderr]   as: BFD (GNU Binutils for Ubuntu) 2.38 assertion fail ../../bfd/elf.c:3120
[INFO] [stderr]   as: BFD (GNU Binutils for Ubuntu) 2.38 assertion fail ../../bfd/elf.c:3120
[INFO] [stderr]   as: BFD (GNU Binutils for Ubuntu) 2.38 assertion fail ../../bfd/elf.c:3120
[INFO] [stderr]   as: BFD (GNU Binutils for Ubuntu) 2.38 assertion fail ../../bfd/elf.c:3120
[INFO] [stderr]   as: BFD (GNU Binutils for Ubuntu) 2.38 assertion fail ../../bfd/elf.c:3120
[INFO] [stderr]   as: BFD (GNU Binutils for Ubuntu) 2.38 assertion fail ../../bfd/elf.c:3120
[INFO] [stderr]   as: BFD (GNU Binutils for Ubuntu) 2.38 assertion fail ../../bfd/elf.c:3120
[INFO] [stderr]   as: BFD (GNU Binutils for Ubuntu) 2.38 assertion fail ../../bfd/elf.c:3120
[INFO] [stderr]   as: BFD (GNU Binutils for Ubuntu) 2.38 assertion fail ../../bfd/elf.c:3120
[INFO] [stderr]   as: BFD (GNU Binutils for Ubuntu) 2.38 assertion fail ../../bfd/elf.c:3120
[INFO] [stderr]   as: BFD (GNU Binutils for Ubuntu) 2.38 assertion fail ../../bfd/elf.c:3120
[INFO] [stderr]   as: BFD (GNU Binutils for Ubuntu) 2.38 assertion fail ../../bfd/elf.c:3120
[INFO] [stderr]   as: BFD (GNU Binutils for Ubuntu) 2.38 assertion fail ../../bfd/elf.c:3120
[INFO] [stderr]   as: BFD (GNU Binutils for Ubuntu) 2.38 assertion fail ../../bfd/elf.c:3120
[INFO] [stderr]   as: BFD (GNU Binutils for Ubuntu) 2.38 assertion fail ../../bfd/elf.c:3120
[INFO] [stderr]   as: BFD (GNU Binutils for Ubuntu) 2.38 assertion fail ../../bfd/elf.c:3120
[INFO] [stderr]   as: BFD (GNU Binutils for Ubuntu) 2.38 assertion fail ../../bfd/elf.c:3120
[INFO] [stderr]   as: BFD (GNU Binutils for Ubuntu) 2.38 assertion fail ../../bfd/elf.c:3120
[INFO] [stderr]   as: BFD (GNU Binutils for Ubuntu) 2.38 assertion fail ../../bfd/elf.c:3120
[INFO] [stderr]   as: BFD (GNU Binutils for Ubuntu) 2.38 assertion fail ../../bfd/elf.c:3120
[INFO] [stderr]   as: BFD (GNU Binutils for Ubuntu) 2.38 assertion fail ../../bfd/elf.c:3120
[INFO] [stderr]   as: BFD (GNU Binutils for Ubuntu) 2.38gmake[2]: *** [src/CMakeFiles/rdkafka.dir/build.make:972: src/CMakeFiles/rdkafka.dir/rdhdrhistogram.c.o] Error 1
[INFO] [stderr]    assertion fail ../../bfd/elf.c:3120
[INFO] [stderr]   as: BFD (GNU Binutils for Ubuntu) 2.38 assertion fail ../../bfd/elf.c:3120
[INFO] [stderr]   as: gmake[2]: *** Waiting for unfinished jobs....
[INFO] [stderr]   BFD (GNU Binutils for Ubuntu) 2.38 assertion fail ../../bfd/elf.c:3120
[INFO] [stderr]   as: BFD (GNU Binutils for Ubuntu) 2.38 assertion fail ../../bfd/elf.c:3120
[INFO] [stderr]   as: BFD (GNU Binutils for Ubuntu) 2.38 assertion fail ../../bfd/elf.c:3120
[INFO] [stderr]   as: BFD (GNU Binutils for Ubuntu) 2.38 assertion fail ../../bfd/elf.c:3120
[INFO] [stderr]   as: BFD (GNU Binutils for Ubuntu) 2.38 assertion fail ../../bfd/elf.c:3120
[INFO] [stderr]   as: BFD (GNU Binutils for Ubuntu) 2.38 assertion fail ../../bfd/elf.c:3120
[INFO] [stderr]   as: BFD (GNU Binutils for Ubuntu) 2.38 assertion fail ../../bfd/elf.c:3120
[INFO] [stderr]   as: BFD (GNU Binutils for Ubuntu) 2.38 assertion fail ../../bfd/elf.c:3120
[INFO] [stderr]   as: BFD (GNU Binutils for Ubuntu) 2.38 assertion fail ../../bfd/elf.c:3120
[INFO] [stderr]   as: BFD (GNU Binutils for Ubuntu) 2.38 assertion fail ../../bfd/elf.c:3120
[INFO] [stderr]   as: BFD (GNU Binutils for Ubuntu) 2.38 assertion fail ../../bfd/elf.c:3120
[INFO] [stderr]   as: BFD (GNU Binutils for Ubuntu) 2.38 assertion fail ../../bfd/elf.c:3120
[INFO] [stderr]   as: BFD (GNU Binutils for Ubuntu) 2.38 assertion fail ../../bfd/elf.c:3120
[INFO] [stderr]   as: BFD (GNU Binutils for Ubuntu) 2.38 assertion fail ../../bfd/elf.c:3120
[INFO] [stderr]   as: BFD (GNU Binutils for Ubuntu) 2.38 assertion fail ../../bfd/elf.c:3120
[INFO] [stderr]   as: BFD (GNU Binutils for Ubuntu) 2.38 assertion fail ../../bfd/elf.c:3120
[INFO] [stderr]   as: BFD (GNU Binutils for Ubuntu) 2.38 assertion fail ../../bfd/elf.c:3120
[INFO] [stderr]   as: BFD (GNU Binutils for Ubuntu) 2.38 assertion fail ../../bfd/elf.c:3120
[INFO] [stderr]   as: BFD (GNU Binutils for Ubuntu) 2.38 assertion fail ../../bfd/elf.c:3120
[INFO] [stderr]   as: BFD (GNU Binutils for Ubuntu) 2.38 assertion fail ../../bfd/elf.c:3120
[INFO] [stderr]   as: BFD (GNU Binutils for Ubuntu) 2.38 assertion fail ../../bfd/elf.c:3120
[INFO] [stderr]   as: BFD (GNU Binutils for Ubuntu) 2.38 assertion fail ../../bfd/elf.c:3120
[INFO] [stderr]   as: BFD (GNU Binutils for Ubuntu) 2.38 assertion fail ../../bfd/elf.c:3120
[INFO] [stderr]   as: BFD (GNU Binutils for Ubuntu) 2.38 assertion fail ../../bfd/elf.c:3120
[INFO] [stderr]   as: BFD (GNU Binutils for Ubuntu) 2.38 assertion fail ../../bfd/elf.c:3120
[INFO] [stderr]   as: BFD (GNU Binutils for Ubuntu) 2.38 assertion fail ../../bfd/elf.c:3120
[INFO] [stderr]   as: BFD (GNU Binutils for Ubuntu) 2.38 assertion fail ../../bfd/elf.c:3120
[INFO] [stderr]   as: BFD (GNU Binutils for Ubuntu) 2.38 assertion fail ../../bfd/elf.c:3120
[INFO] [stderr]   as: BFD (GNU Binutils for Ubuntu) 2.38 assertion fail ../../bfd/elf.c:3120
[INFO] [stderr]   as: BFD (GNU Binutils for Ubuntu) 2.38 assertion fail ../../bfd/elf.c:3120
[INFO] [stderr]   as: BFD (GNU Binutils for Ubuntu) 2.38 assertion fail ../../bfd/elf.c:3120
[INFO] [stderr]   as: BFD (GNU Binutils for Ubuntu) 2.38 assertion fail ../../bfd/elf.c:3120
[INFO] [stderr]   as: BFD (GNU Binutils for Ubuntu) 2.38 assertion fail ../../bfd/elf.c:3120
[INFO] [stderr]   as: BFD (GNU Binutils for Ubuntu) 2.38 assertion fail ../../bfd/elf.c:3120
[INFO] [stderr]   as: BFD (GNU Binutils for Ubuntu) 2.38 assertion fail ../../bfd/elf.c:3120
[INFO] [stderr]   as: BFD (GNU Binutils for Ubuntu) 2.38 assertion fail ../../bfd/elf.c:3120
[INFO] [stderr]   as: BFD (GNU Binutils for Ubuntu) 2.38 assertion fail ../../bfd/elf.c:3120
[INFO] [stderr]   as: BFD (GNU Binutils for Ubuntu) 2.38 assertion fail ../../bfd/elf.c:3120
[INFO] [stderr]   as: BFD (GNU Binutils for Ubuntu) 2.38 assertion fail ../../bfd/elf.c:3120
[INFO] [stderr]   as: BFD (GNU Binutils for Ubuntu) 2.38 assertion fail ../../bfd/elf.c:3120
[INFO] [stderr]   /tmp/ccmgxa6j.s: Fatal error: CMakeFiles/rdkafka.dir/rdkafka_request.c.o: No space left on device
[INFO] [stderr]   gmake[2]: *** [src/CMakeFiles/rdkafka.dir/build.make:440: src/CMakeFiles/rdkafka.dir/rdkafka_request.c.o] Error 1
[INFO] [stderr]   /opt/rustwide/cargo-home/registry/src/index.crates.io-1949cf8c6b5b557f/rdkafka-sys-4.2.0+1.8.2/librdkafka/src/lz4frame.c:1899:1: fatal error: error writing to /tmp/ccSBYKCh.s: No space left on device
[INFO] [stderr]    1899 | }
[INFO] [stderr]         | ^
[INFO] [stderr]   compilation terminated.
[INFO] [stderr]   gmake[2]: *** [src/CMakeFiles/rdkafka.dir/build.make:1042: src/CMakeFiles/rdkafka.dir/lz4frame.c.o] Error 1
[INFO] [stderr]   /opt/rustwide/cargo-home/registry/src/index.crates.io-1949cf8c6b5b557f/rdkafka-sys-4.2.0+1.8.2/librdkafka/src/rdkafka_admin.c:4054:9: fatal error: error writing to /tmp/cc3YOtfW.s: No space left on device
[INFO] [stderr]    4054 |         rd_kafka_queue_t *rkqu);
[INFO] [stderr]         |         ^~~~~~~~~~~~~~~~
[INFO] [stderr]   compilation terminated.
[INFO] [stderr]   /opt/rustwide/cargo-home/registry/src/index.crates.io-1949cf8c6b5b557f/rdkafka-sys-4.2.0+1.8.2/librdkafka/src/rdkafka_mock.c:2254:1: fatal error: error writing to /tmp/ccUfn921.s: No space left on device
[INFO] [stderr]    2254 | }
[INFO] [stderr]         | ^
[INFO] [stderr]   compilation terminated.
[INFO] [stderr]   gmake[2]: *** [src/CMakeFiles/rdkafka.dir/build.make:706: src/CMakeFiles/rdkafka.dir/rdkafka_mock.c.o] Error 1
[INFO] [stderr]   gmake[2]: *** [src/CMakeFiles/rdkafka.dir/build.make:608: src/CMakeFiles/rdkafka.dir/rdkafka_admin.c.o] Error 1
[INFO] [stderr]   /opt/rustwide/cargo-home/registry/src/index.crates.io-1949cf8c6b5b557f/rdkafka-sys-4.2.0+1.8.2/librdkafka/src/rdkafka_mock_handlers.c:2013:1: fatal error: error writing to /tmp/ccEMqBqX.s: No space left on device
[INFO] [stderr]    2013 | }
[INFO] [stderr]         | ^
[INFO] [stderr]   compilation terminated.
[INFO] [stderr]   gmake[2]: *** [src/CMakeFiles/rdkafka.dir/build.make:720: src/CMakeFiles/rdkafka.dir/rdkafka_mock_handlers.c.o] Error 1
[INFO] [stderr]   /opt/rustwide/cargo-home/registry/src/index.crates.io-1949cf8c6b5b557f/rdkafka-sys-4.2.0+1.8.2/librdkafka/src/lz4.c:2496:1: fatal error: error writing to /tmp/cczEOdBc.s: No space left on device
[INFO] [stderr]    2496 | }
[INFO] [stderr]         | ^
[INFO] [stderr]   compilation terminated.
[INFO] [stderr]   gmake[2]: *** [src/CMakeFiles/rdkafka.dir/build.make:1028: src/CMakeFiles/rdkafka.dir/lz4.c.o] Error 1
[INFO] [stderr]   gmake[1]: *** [CMakeFiles/Makefile2:116: src/CMakeFiles/rdkafka.dir/all] Error 2
[INFO] [stderr]   gmake: *** [Makefile:136: all] Error 2
[INFO] [stderr] 
[INFO] [stderr]   thread 'main' panicked at /opt/rustwide/cargo-home/registry/src/index.crates.io-1949cf8c6b5b557f/cmake-0.1.48/src/lib.rs:975:5:
[INFO] [stderr] 
[INFO] [stderr]   command did not execute successfully, got: exit status: 2
[INFO] [stderr] 
[INFO] [stderr]   build script failed, must exit now
[INFO] [stderr]   stack backtrace:
[INFO] [stderr]      0:     0x64d61b399f0a - std::backtrace_rs::backtrace::libunwind::trace::hb059275cfc8d6126
[INFO] [stderr]                                  at /rustc/6067b36314ab5eb2eb47cecc464545ba58e1ad24/library/std/src/../../backtrace/src/backtrace/libunwind.rs:116:5
[INFO] [stderr]      1:     0x64d61b399f0a - std::backtrace_rs::backtrace::trace_unsynchronized::h2da071e4327ce3ee
[INFO] [stderr]                                  at /rustc/6067b36314ab5eb2eb47cecc464545ba58e1ad24/library/std/src/../../backtrace/src/backtrace/mod.rs:66:5
[INFO] [stderr]      2:     0x64d61b399f0a - std::sys::backtrace::_print_fmt::h842a1474e6f8d23f
[INFO] [stderr]                                  at /rustc/6067b36314ab5eb2eb47cecc464545ba58e1ad24/library/std/src/sys/backtrace.rs:66:9
[INFO] [stderr]      3:     0x64d61b399f0a - <std::sys::backtrace::BacktraceLock::print::DisplayBacktrace as core::fmt::Display>::fmt::h71a62eb3b9696b12
[INFO] [stderr]                                  at /rustc/6067b36314ab5eb2eb47cecc464545ba58e1ad24/library/std/src/sys/backtrace.rs:39:26
[INFO] [stderr]      4:     0x64d61b3bed83 - core::fmt::rt::Argument::fmt::hdb6b616786b41dc1
[INFO] [stderr]                                  at /rustc/6067b36314ab5eb2eb47cecc464545ba58e1ad24/library/core/src/fmt/rt.rs:177:76
[INFO] [stderr]      5:     0x64d61b3bed83 - core::fmt::write::h2cc1698af7e2d686
[INFO] [stderr]                                  at /rustc/6067b36314ab5eb2eb47cecc464545ba58e1ad24/library/core/src/fmt/mod.rs:1440:21
[INFO] [stderr]      6:     0x64d61b3963a3 - std::io::Write::write_fmt::h00c8700df393f328
[INFO] [stderr]                                  at /rustc/6067b36314ab5eb2eb47cecc464545ba58e1ad24/library/std/src/io/mod.rs:1887:15
[INFO] [stderr]      7:     0x64d61b399d52 - std::sys::backtrace::BacktraceLock::print::h147fe35b4ea13b08
[INFO] [stderr]                                  at /rustc/6067b36314ab5eb2eb47cecc464545ba58e1ad24/library/std/src/sys/backtrace.rs:42:9
[INFO] [stderr]      8:     0x64d61b39aedf - std::panicking::default_hook::{{closure}}::hbd44223dbdc0d208
[INFO] [stderr]                                  at /rustc/6067b36314ab5eb2eb47cecc464545ba58e1ad24/library/std/src/panicking.rs:298:22
[INFO] [stderr]      9:     0x64d61b39ad4a - std::panicking::default_hook::h20f81eb0576efcec
[INFO] [stderr]                                  at /rustc/6067b36314ab5eb2eb47cecc464545ba58e1ad24/library/std/src/panicking.rs:325:9
[INFO] [stderr]     10:     0x64d61b39b902 - std::panicking::rust_panic_with_hook::h625eea43051b2edc
[INFO] [stderr]                                  at /rustc/6067b36314ab5eb2eb47cecc464545ba58e1ad24/library/std/src/panicking.rs:831:13
[INFO] [stderr]     11:     0x64d61b39b68a - std::panicking::begin_panic_handler::{{closure}}::h4f9159cfbc3f6bd3
[INFO] [stderr]                                  at /rustc/6067b36314ab5eb2eb47cecc464545ba58e1ad24/library/std/src/panicking.rs:704:13
[INFO] [stderr]     12:     0x64d61b39a409 - std::sys::backtrace::__rust_end_short_backtrace::h0390abce48353151
[INFO] [stderr]                                  at /rustc/6067b36314ab5eb2eb47cecc464545ba58e1ad24/library/std/src/sys/backtrace.rs:168:18
[INFO] [stderr]     13:     0x64d61b39b31d - rust_begin_unwind
[INFO] [stderr]                                  at /rustc/6067b36314ab5eb2eb47cecc464545ba58e1ad24/library/std/src/panicking.rs:695:5
[INFO] [stderr]     14:     0x64d61b3bdb50 - core::panicking::panic_fmt::h9e7c637e9e5f29c9
[INFO] [stderr]                                  at /rustc/6067b36314ab5eb2eb47cecc464545ba58e1ad24/library/core/src/panicking.rs:75:14
[INFO] [stderr]     15:     0x64d61b311a8f - cmake::fail::hc1aa3e97d8f9eabb
[INFO] [stderr]     16:     0x64d61b31126a - cmake::run::h8df47d4ebdf3c60b
[INFO] [stderr]     17:     0x64d61b30e666 - cmake::Config::build::h5c9d89d0d4fa5380
[INFO] [stderr]     18:     0x64d61b30858f - build_script_build::build_librdkafka::h2d6d16609e823715
[INFO] [stderr]     19:     0x64d61b307588 - build_script_build::main::h9096a9314962fa45
[INFO] [stderr]     20:     0x64d61b302e83 - core::ops::function::FnOnce::call_once::h6201a96b6fbcb42c
[INFO] [stderr]     21:     0x64d61b302446 - std::sys::backtrace::__rust_begin_short_backtrace::h5b9248fd95f84ed2
[INFO] [stderr]     22:     0x64d61b3020a9 - std::rt::lang_start::{{closure}}::hd17bbb855d2554e0
[INFO] [stderr]     23:     0x64d61b3918c0 - core::ops::function::impls::<impl core::ops::function::FnOnce<A> for &F>::call_once::h1b085b6c1d2518b2
[INFO] [stderr]                                  at /rustc/6067b36314ab5eb2eb47cecc464545ba58e1ad24/library/core/src/ops/function.rs:284:13
[INFO] [stderr]     24:     0x64d61b3918c0 - std::panicking::try::do_call::h382f964a5a23b565
[INFO] [stderr]                                  at /rustc/6067b36314ab5eb2eb47cecc464545ba58e1ad24/library/std/src/panicking.rs:587:40
[INFO] [stderr]     25:     0x64d61b3918c0 - std::panicking::try::h57f991055eb622f9
[INFO] [stderr]                                  at /rustc/6067b36314ab5eb2eb47cecc464545ba58e1ad24/library/std/src/panicking.rs:550:19
[INFO] [stderr]     26:     0x64d61b3918c0 - std::panic::catch_unwind::h4d9a74ef04456343
[INFO] [stderr]                                  at /rustc/6067b36314ab5eb2eb47cecc464545ba58e1ad24/library/std/src/panic.rs:358:14
[INFO] [stderr]     27:     0x64d61b3918c0 - std::rt::lang_start_internal::{{closure}}::h2faa8ae84a93f314
[INFO] [stderr]                                  at /rustc/6067b36314ab5eb2eb47cecc464545ba58e1ad24/library/std/src/rt.rs:163:24
[INFO] [stderr]     28:     0x64d61b3918c0 - std::panicking::try::do_call::h0f8932bf638a9bf5
[INFO] [stderr]                                  at /rustc/6067b36314ab5eb2eb47cecc464545ba58e1ad24/library/std/src/panicking.rs:587:40
[INFO] [stderr]     29:     0x64d61b3918c0 - std::panicking::try::h683416ea756b175d
[INFO] [stderr]                                  at /rustc/6067b36314ab5eb2eb47cecc464545ba58e1ad24/library/std/src/panicking.rs:550:19
[INFO] [stderr]     30:     0x64d61b3918c0 - std::panic::catch_unwind::h56189fac8994979f
[INFO] [stderr]                                  at /rustc/6067b36314ab5eb2eb47cecc464545ba58e1ad24/library/std/src/panic.rs:358:14
[INFO] [stderr]     31:     0x64d61b3918c0 - std::rt::lang_start_internal::h8bbc1061691274fe
[INFO] [stderr]                                  at /rustc/6067b36314ab5eb2eb47cecc464545ba58e1ad24/library/std/src/rt.rs:159:5
[INFO] [stderr]     32:     0x64d61b302091 - std::rt::lang_start::h96163e5368a952e4
[INFO] [stderr]     33:     0x64d61b3086e5 - main
[INFO] [stderr]     34:     0x78ad6f3dbd90 - <unknown>
[INFO] [stderr]     35:     0x78ad6f3dbe40 - __libc_start_main
[INFO] [stderr]     36:     0x64d61b301df5 - _start
[INFO] [stderr]     37:                0x0 - <unknown>
[INFO] running `Command { std: "docker" "inspect" "d505f47d7c4953bbe0b7bdda1bab2b9662050182507378db6bc3cda37b6999b0", kill_on_drop: false }`
[INFO] running `Command { std: "docker" "rm" "-f" "d505f47d7c4953bbe0b7bdda1bab2b9662050182507378db6bc3cda37b6999b0", kill_on_drop: false }`
[INFO] [stdout] d505f47d7c4953bbe0b7bdda1bab2b9662050182507378db6bc3cda37b6999b0
