[INFO] cloning repository https://github.com/lucypero/vulkan-rs
[INFO] running `Command { std: "git" "-c" "credential.helper=" "-c" "credential.helper=/workspace/cargo-home/bin/git-credential-null" "clone" "--bare" "https://github.com/lucypero/vulkan-rs" "/workspace/cache/git-repos/https%3A%2F%2Fgithub.com%2Flucypero%2Fvulkan-rs", kill_on_drop: false }`
[INFO] [stderr] Cloning into bare repository '/workspace/cache/git-repos/https%3A%2F%2Fgithub.com%2Flucypero%2Fvulkan-rs'...
[INFO] running `Command { std: "git" "rev-parse" "HEAD", kill_on_drop: false }`
[INFO] [stdout] 706d919678a72de33ea0442a782cecbb8e782fd3
[INFO] testing lucypero/vulkan-rs against nightly-2025-01-18+rustflags=-Zrandomize-layout for randomize-layout-2
[INFO] running `Command { std: "git" "clone" "/workspace/cache/git-repos/https%3A%2F%2Fgithub.com%2Flucypero%2Fvulkan-rs" "/workspace/builds/worker-6-tc2/source", kill_on_drop: false }`
[INFO] [stderr] Cloning into '/workspace/builds/worker-6-tc2/source'...
[INFO] [stderr] done.
[INFO] validating manifest of git repo https://github.com/lucypero/vulkan-rs on toolchain nightly-2025-01-18
[INFO] running `Command { std: CARGO_HOME="/workspace/cargo-home" RUSTUP_HOME="/workspace/rustup-home" "/workspace/cargo-home/bin/cargo" "+nightly-2025-01-18" "metadata" "--manifest-path" "Cargo.toml" "--no-deps", kill_on_drop: false }`
[INFO] started tweaking git repo https://github.com/lucypero/vulkan-rs
[INFO] finished tweaking git repo https://github.com/lucypero/vulkan-rs
[INFO] tweaked toml for git repo https://github.com/lucypero/vulkan-rs written to /workspace/builds/worker-6-tc2/source/Cargo.toml
[INFO] crate git repo https://github.com/lucypero/vulkan-rs already has a lockfile, it will not be regenerated
[INFO] running `Command { std: CARGO_HOME="/workspace/cargo-home" RUSTUP_HOME="/workspace/rustup-home" "/workspace/cargo-home/bin/cargo" "+nightly-2025-01-18" "fetch" "--manifest-path" "Cargo.toml", kill_on_drop: false }`
[INFO] running `Command { std: "docker" "create" "-v" "/var/lib/crater-agent-workspace/builds/worker-6-tc2/target:/opt/rustwide/target:rw,Z" "-v" "/var/lib/crater-agent-workspace/builds/worker-6-tc2/source:/opt/rustwide/workdir:ro,Z" "-v" "/var/lib/crater-agent-workspace/cargo-home:/opt/rustwide/cargo-home:ro,Z" "-v" "/var/lib/crater-agent-workspace/rustup-home:/opt/rustwide/rustup-home:ro,Z" "-e" "SOURCE_DIR=/opt/rustwide/workdir" "-e" "CARGO_TARGET_DIR=/opt/rustwide/target" "-e" "CARGO_HOME=/opt/rustwide/cargo-home" "-e" "RUSTUP_HOME=/opt/rustwide/rustup-home" "-w" "/opt/rustwide/workdir" "-m" "1610612736" "--user" "0:0" "--network" "none" "ghcr.io/rust-lang/crates-build-env/linux@sha256:819108c5571ea2e421544af4d832f968d213c87fbe3707a016657f43d2f853bc" "/opt/rustwide/cargo-home/bin/cargo" "+nightly-2025-01-18" "metadata" "--no-deps" "--format-version=1", kill_on_drop: false }`
[INFO] [stdout] 327a0024ba31c3b28bbb50368054dc1749f0e731fc817401e8f5c83e3431ef6f
[INFO] running `Command { std: "docker" "start" "-a" "327a0024ba31c3b28bbb50368054dc1749f0e731fc817401e8f5c83e3431ef6f", kill_on_drop: false }`
[INFO] running `Command { std: "docker" "inspect" "327a0024ba31c3b28bbb50368054dc1749f0e731fc817401e8f5c83e3431ef6f", kill_on_drop: false }`
[INFO] running `Command { std: "docker" "rm" "-f" "327a0024ba31c3b28bbb50368054dc1749f0e731fc817401e8f5c83e3431ef6f", kill_on_drop: false }`
[INFO] [stdout] 327a0024ba31c3b28bbb50368054dc1749f0e731fc817401e8f5c83e3431ef6f
[INFO] running `Command { std: "docker" "create" "-v" "/var/lib/crater-agent-workspace/builds/worker-6-tc2/target:/opt/rustwide/target:rw,Z" "-v" "/var/lib/crater-agent-workspace/builds/worker-6-tc2/source:/opt/rustwide/workdir:ro,Z" "-v" "/var/lib/crater-agent-workspace/cargo-home:/opt/rustwide/cargo-home:ro,Z" "-v" "/var/lib/crater-agent-workspace/rustup-home:/opt/rustwide/rustup-home:ro,Z" "-e" "SOURCE_DIR=/opt/rustwide/workdir" "-e" "CARGO_TARGET_DIR=/opt/rustwide/target" "-e" "CARGO_INCREMENTAL=0" "-e" "RUST_BACKTRACE=full" "-e" "RUSTFLAGS=--cap-lints=forbid -Zrandomize-layout" "-e" "RUSTDOCFLAGS=--cap-lints=forbid" "-e" "CARGO_HOME=/opt/rustwide/cargo-home" "-e" "RUSTUP_HOME=/opt/rustwide/rustup-home" "-w" "/opt/rustwide/workdir" "-m" "1610612736" "--user" "0:0" "--network" "none" "ghcr.io/rust-lang/crates-build-env/linux@sha256:819108c5571ea2e421544af4d832f968d213c87fbe3707a016657f43d2f853bc" "/opt/rustwide/cargo-home/bin/cargo" "+nightly-2025-01-18" "build" "--frozen" "--message-format=json", kill_on_drop: false }`
[INFO] [stdout] 51da04d8adaa6218b4ca893594c006a1aeb69a506657bdfb85e9e502280fc3e5
[INFO] running `Command { std: "docker" "start" "-a" "51da04d8adaa6218b4ca893594c006a1aeb69a506657bdfb85e9e502280fc3e5", kill_on_drop: false }`
[INFO] [stderr]    Compiling cfg-if v1.0.0
[INFO] [stderr]    Compiling autocfg v1.0.1
[INFO] [stderr]    Compiling libc v0.2.98
[INFO] [stderr]    Compiling proc-macro2 v1.0.27
[INFO] [stderr]    Compiling unicode-xid v0.2.2
[INFO] [stderr]    Compiling lazy_static v1.4.0
[INFO] [stderr]    Compiling bitflags v1.2.1
[INFO] [stderr]    Compiling crossbeam-utils v0.8.5
[INFO] [stderr]    Compiling scopeguard v1.1.0
[INFO] [stderr]    Compiling pkg-config v0.3.19
[INFO] [stderr]    Compiling version_check v0.9.3
[INFO] [stderr]    Compiling syn v1.0.73
[INFO] [stderr]    Compiling crossbeam-epoch v0.9.5
[INFO] [stderr]    Compiling xml-rs v0.8.3
[INFO] [stderr]    Compiling memchr v2.3.4
[INFO] [stderr]    Compiling once_cell v1.8.0
[INFO] [stderr]    Compiling libloading v0.7.0
[INFO] [stderr]    Compiling smallvec v1.6.1
[INFO] [stderr]    Compiling log v0.4.14
[INFO] [stderr]    Compiling rayon-core v1.9.1
[INFO] [stderr]    Compiling dlib v0.5.0
[INFO] [stderr]    Compiling wayland-sys v0.28.6
[INFO] [stderr]    Compiling downcast-rs v1.2.0
[INFO] [stderr]    Compiling crossbeam-queue v0.3.2
[INFO] [stderr]    Compiling nix v0.18.0
[INFO] [stderr]    Compiling ttf-parser v0.6.2
[INFO] [stderr]    Compiling memoffset v0.6.4
[INFO] [stderr]    Compiling num-traits v0.2.14
[INFO] [stderr]    Compiling num-integer v0.1.44
[INFO] [stderr]    Compiling crossbeam-channel v0.5.1
[INFO] [stderr]    Compiling rayon v1.5.1
[INFO] [stderr]    Compiling scoped-tls v1.0.0
[INFO] [stderr]    Compiling miniz_oxide v0.4.4
[INFO] [stderr]    Compiling num-rational v0.4.0
[INFO] [stderr]    Compiling cfg-if v0.1.10
[INFO] [stderr]    Compiling nom v6.2.1
[INFO] [stderr]    Compiling either v1.6.1
[INFO] [stderr]    Compiling typenum v1.13.0
[INFO] [stderr]    Compiling maybe-uninit v2.0.0
[INFO] [stderr]    Compiling ab_glyph_rasterizer v0.1.4
[INFO] [stderr]    Compiling adler32 v1.2.0
[INFO] [stderr]    Compiling crc32fast v1.2.1
[INFO] [stderr]    Compiling same-file v1.0.6
[INFO] [stderr]    Compiling quote v1.0.9
[INFO] [stderr]    Compiling walkdir v2.3.2
[INFO] [stderr]    Compiling crossbeam-deque v0.8.0
[INFO] [stderr]    Compiling ahash v0.7.4
[INFO] [stderr]    Compiling num-iter v0.1.42
[INFO] [stderr]    Compiling num-rational v0.3.2
[INFO] [stderr]    Compiling x11-dl v2.18.5
[INFO] [stderr]    Compiling instant v0.1.10
[INFO] [stderr]    Compiling libloading v0.6.7
[INFO] [stderr]    Compiling cc v1.0.69
[INFO] [stderr]    Compiling adler v1.0.2
[INFO] [stderr]    Compiling xdg v2.2.0
[INFO] [stderr]    Compiling rawpointer v0.2.1
[INFO] [stderr]    Compiling weezl v0.1.5
[INFO] [stderr]    Compiling byteorder v1.4.3
[INFO] [stderr]    Compiling wayland-scanner v0.28.6
[INFO] [stderr]    Compiling paste v1.0.5
[INFO] [stderr]    Compiling owned_ttf_parser v0.6.0
[INFO] [stderr]    Compiling matrixmultiply v0.3.1
[INFO] [stderr]    Compiling approx v0.5.0
[INFO] [stderr]    Compiling rusttype v0.9.2
[INFO] [stderr]    Compiling nix v0.20.0
[INFO] [stderr]    Compiling num_cpus v1.13.0
[INFO] [stderr]    Compiling num-complex v0.4.0
[INFO] [stderr]    Compiling andrew v0.3.1
[INFO] [stderr]    Compiling getrandom v0.2.3
[INFO] [stderr]    Compiling xcursor v0.3.3
[INFO] [stderr]    Compiling parking_lot_core v0.8.3
[INFO] [stderr]    Compiling mio v0.7.13
[INFO] [stderr]    Compiling raw-window-handle v0.3.3
[INFO] [stderr]    Compiling memmap2 v0.1.0
[INFO] [stderr]    Compiling deflate v0.8.6
[INFO] [stderr]    Compiling dlib v0.4.2
[INFO] [stderr]    Compiling vk-mem v0.2.3 (https://github.com/aclysma/vk-mem-rs.git?rev=253e69f17655d0e91f7ee1e49ad3c85ad1ea7f57#253e69f1)
[INFO] [stderr]    Compiling crossbeam v0.8.1
[INFO] [stderr]    Compiling miniz_oxide v0.3.7
[INFO] [stderr]    Compiling aho-corasick v0.7.15
[INFO] [stderr]    Compiling ash v0.33.0+1.2.186
[INFO] [stderr]    Compiling lock_api v0.4.4
[INFO] [stderr]    Compiling winit v0.25.0
[INFO] [stderr]    Compiling color_quant v1.1.0
[INFO] [stderr]    Compiling wayland-client v0.28.6
[INFO] [stderr]    Compiling wayland-protocols v0.28.6
[INFO] [stderr]    Compiling regex-syntax v0.6.25
[INFO] [stderr]    Compiling gif v0.11.2
[INFO] [stderr]    Compiling parking_lot v0.11.1
[INFO] [stderr]    Compiling png v0.16.8
[INFO] [stderr]    Compiling mio-misc v1.2.1
[INFO] [stderr]    Compiling atty v0.2.14
[INFO] [stderr]    Compiling scoped_threadpool v0.1.9
[INFO] [stderr]    Compiling percent-encoding v2.1.0
[INFO] [stderr] rustc-LLVM ERROR: IO failure on output stream: No space left on device
[INFO] [stderr] error: could not compile `png` (lib)
[INFO] [stderr] 
[INFO] [stderr] Caused by:
[INFO] [stderr]   No space left on device (os error 28)
[INFO] [stderr] 
[INFO] [stderr] Caused by:
[INFO] [stderr]   failed to parse process output: `/opt/rustwide/rustup-home/toolchains/nightly-2025-01-18-x86_64-unknown-linux-gnu/bin/rustc --crate-name png --edition=2018 /opt/rustwide/cargo-home/registry/src/index.crates.io-1949cf8c6b5b557f/png-0.16.8/src/lib.rs --error-format=json --json=diagnostic-rendered-ansi,artifacts,future-incompat --crate-type lib --emit=dep-info,metadata,link -C embed-bitcode=no -C debuginfo=2 --cfg 'feature="default"' --cfg 'feature="deflate"' --cfg 'feature="png-encoding"' --check-cfg 'cfg(docsrs,test)' --check-cfg 'cfg(feature, values("benchmarks", "default", "deflate", "png-encoding", "unstable"))' -C metadata=9033c99cb18871dc -C extra-filename=-79763e11f70ac2ff --out-dir /opt/rustwide/target/debug/deps -L dependency=/opt/rustwide/target/debug/deps --extern bitflags=/opt/rustwide/target/debug/deps/libbitflags-fc1cdace1bbb776d.rmeta --extern crc32fast=/opt/rustwide/target/debug/deps/libcrc32fast-1bb56f67fd360b54.rmeta --extern deflate=/opt/rustwide/target/debug/deps/libdeflate-57e72d5cc4509cc0.rmeta --extern miniz_oxide=/opt/rustwide/target/debug/deps/libminiz_oxide-e91c616a0fd7faf7.rmeta --cap-lints allow --cap-lints=forbid -Zrandomize-layout` (exit status: 101)
[INFO] [stderr] warning: build failed, waiting for other jobs to finish...
[INFO] [stderr] rustc-LLVM ERROR: IO failure on output stream: No space left on device
[INFO] [stdout] error: couldn't create a temp dir: No space left on device (os error 28) at path "/opt/rustwide/target/debug/deps/rmetafXgHdY"
[INFO] [stdout] 
[INFO] [stdout] 
[INFO] [stderr] error: failed to run custom build command for `wayland-client v0.28.6`
[INFO] [stderr] note: To improve backtraces for build dependencies, set the CARGO_PROFILE_DEV_BUILD_OVERRIDE_DEBUG=true environment variable to enable debug information generation.
[INFO] [stderr] 
[INFO] [stderr] Caused by:
[INFO] [stderr]   process didn't exit successfully: `/opt/rustwide/target/debug/build/wayland-client-83d28ca1e762999f/build-script-build` (exit status: 101)
[INFO] [stderr]   --- stdout
[INFO] [stderr]   cargo:rerun-if-changed=./wayland.xml
[INFO] [stderr] 
[INFO] [stderr]   --- stderr
[INFO] [stderr] 
[INFO] [stderr]   thread 'main' panicked at /opt/rustwide/cargo-home/registry/src/index.crates.io-1949cf8c6b5b557f/wayland-scanner-0.28.6/src/lib.rs:156:40:
[INFO] [stderr]   called `Result::unwrap()` on an `Err` value: Os { code: 28, kind: StorageFull, message: "No space left on device" }
[INFO] [stderr]   stack backtrace:
[INFO] [stderr]      0:     0x646c725fe86a - std::backtrace_rs::backtrace::libunwind::trace::hb059275cfc8d6126
[INFO] [stderr]                                  at /rustc/6067b36314ab5eb2eb47cecc464545ba58e1ad24/library/std/src/../../backtrace/src/backtrace/libunwind.rs:116:5
[INFO] [stderr]      1:     0x646c725fe86a - std::backtrace_rs::backtrace::trace_unsynchronized::h2da071e4327ce3ee
[INFO] [stderr]                                  at /rustc/6067b36314ab5eb2eb47cecc464545ba58e1ad24/library/std/src/../../backtrace/src/backtrace/mod.rs:66:5
[INFO] [stderr]      2:     0x646c725fe86a - std::sys::backtrace::_print_fmt::h842a1474e6f8d23f
[INFO] [stderr]                                  at /rustc/6067b36314ab5eb2eb47cecc464545ba58e1ad24/library/std/src/sys/backtrace.rs:66:9
[INFO] [stderr]      3:     0x646c725fe86a - <std::sys::backtrace::BacktraceLock::print::DisplayBacktrace as core::fmt::Display>::fmt::h71a62eb3b9696b12
[INFO] [stderr]                                  at /rustc/6067b36314ab5eb2eb47cecc464545ba58e1ad24/library/std/src/sys/backtrace.rs:39:26
[INFO] [stderr]      4:     0x646c726209a3 - core::fmt::rt::Argument::fmt::hdb6b616786b41dc1
[INFO] [stderr]                                  at /rustc/6067b36314ab5eb2eb47cecc464545ba58e1ad24/library/core/src/fmt/rt.rs:177:76
[INFO] [stderr]      5:     0x646c726209a3 - core::fmt::write::h2cc1698af7e2d686
[INFO] [stderr]                                  at /rustc/6067b36314ab5eb2eb47cecc464545ba58e1ad24/library/core/src/fmt/mod.rs:1440:21
[INFO] [stderr]      6:     0x646c725fb983 - std::io::Write::write_fmt::h00c8700df393f328
[INFO] [stderr]                                  at /rustc/6067b36314ab5eb2eb47cecc464545ba58e1ad24/library/std/src/io/mod.rs:1887:15
[INFO] [stderr]      7:     0x646c725fe6b2 - std::sys::backtrace::BacktraceLock::print::h147fe35b4ea13b08
[INFO] [stderr]                                  at /rustc/6067b36314ab5eb2eb47cecc464545ba58e1ad24/library/std/src/sys/backtrace.rs:42:9
[INFO] [stderr]      8:     0x646c725ff99f - std::panicking::default_hook::{{closure}}::hbd44223dbdc0d208
[INFO] [stderr]                                  at /rustc/6067b36314ab5eb2eb47cecc464545ba58e1ad24/library/std/src/panicking.rs:298:22
[INFO] [stderr]      9:     0x646c725ff80a - std::panicking::default_hook::h20f81eb0576efcec
[INFO] [stderr]                                  at /rustc/6067b36314ab5eb2eb47cecc464545ba58e1ad24/library/std/src/panicking.rs:325:9
[INFO] [stderr]     10:     0x646c726003c2 - std::panicking::rust_panic_with_hook::h625eea43051b2edc
[INFO] [stderr]                                  at /rustc/6067b36314ab5eb2eb47cecc464545ba58e1ad24/library/std/src/panicking.rs:831:13
[INFO] [stderr]     11:     0x646c7260014a - std::panicking::begin_panic_handler::{{closure}}::h4f9159cfbc3f6bd3
[INFO] [stderr]                                  at /rustc/6067b36314ab5eb2eb47cecc464545ba58e1ad24/library/std/src/panicking.rs:704:13
[INFO] [stderr]     12:     0x646c725fed69 - std::sys::backtrace::__rust_end_short_backtrace::h0390abce48353151
[INFO] [stderr]                                  at /rustc/6067b36314ab5eb2eb47cecc464545ba58e1ad24/library/std/src/sys/backtrace.rs:168:18
[INFO] [stderr]     13:     0x646c725ffddd - rust_begin_unwind
[INFO] [stderr]                                  at /rustc/6067b36314ab5eb2eb47cecc464545ba58e1ad24/library/std/src/panicking.rs:695:5
[INFO] [stderr]     14:     0x646c7261f820 - core::panicking::panic_fmt::h9e7c637e9e5f29c9
[INFO] [stderr]                                  at /rustc/6067b36314ab5eb2eb47cecc464545ba58e1ad24/library/core/src/panicking.rs:75:14
[INFO] [stderr]     15:     0x646c7261fc66 - core::result::unwrap_failed::h7979f09313fe1849
[INFO] [stderr]                                  at /rustc/6067b36314ab5eb2eb47cecc464545ba58e1ad24/library/core/src/result.rs:1704:5
[INFO] [stderr]     16:     0x646c72534505 - wayland_scanner::generate_code_with_destructor_events::h46eaf4d30be55aee
[INFO] [stderr]     17:     0x646c72542426 - build_script_build::main::h9728788eb6dbe8d3
[INFO] [stderr]     18:     0x646c72535cd3 - core::ops::function::FnOnce::call_once::hcaeadd4581781cfb
[INFO] [stderr]     19:     0x646c72534f56 - std::sys::backtrace::__rust_begin_short_backtrace::hecd0627e4dfe3383
[INFO] [stderr]     20:     0x646c72534de9 - std::rt::lang_start::{{closure}}::h72e1b8a14b912b60
[INFO] [stderr]     21:     0x646c725f8590 - core::ops::function::impls::<impl core::ops::function::FnOnce<A> for &F>::call_once::h1b085b6c1d2518b2
[INFO] [stderr]                                  at /rustc/6067b36314ab5eb2eb47cecc464545ba58e1ad24/library/core/src/ops/function.rs:284:13
[INFO] [stderr]     22:     0x646c725f8590 - std::panicking::try::do_call::h382f964a5a23b565
[INFO] [stderr]                                  at /rustc/6067b36314ab5eb2eb47cecc464545ba58e1ad24/library/std/src/panicking.rs:587:40
[INFO] [stderr]     23:     0x646c725f8590 - std::panicking::try::h57f991055eb622f9
[INFO] [stderr]                                  at /rustc/6067b36314ab5eb2eb47cecc464545ba58e1ad24/library/std/src/panicking.rs:550:19
[INFO] [stderr]     24:     0x646c725f8590 - std::panic::catch_unwind::h4d9a74ef04456343
[INFO] [stderr]                                  at /rustc/6067b36314ab5eb2eb47cecc464545ba58e1ad24/library/std/src/panic.rs:358:14
[INFO] [stderr]     25:     0x646c725f8590 - std::rt::lang_start_internal::{{closure}}::h2faa8ae84a93f314
[INFO] [stderr]                                  at /rustc/6067b36314ab5eb2eb47cecc464545ba58e1ad24/library/std/src/rt.rs:163:24
[INFO] [stderr]     26:     0x646c725f8590 - std::panicking::try::do_call::h0f8932bf638a9bf5
[INFO] [stderr]                                  at /rustc/6067b36314ab5eb2eb47cecc464545ba58e1ad24/library/std/src/panicking.rs:587:40
[INFO] [stderr]     27:     0x646c725f8590 - std::panicking::try::h683416ea756b175d
[INFO] [stderr]                                  at /rustc/6067b36314ab5eb2eb47cecc464545ba58e1ad24/library/std/src/panicking.rs:550:19
[INFO] [stderr]     28:     0x646c725f8590 - std::panic::catch_unwind::h56189fac8994979f
[INFO] [stderr]                                  at /rustc/6067b36314ab5eb2eb47cecc464545ba58e1ad24/library/std/src/panic.rs:358:14
[INFO] [stderr]     29:     0x646c725f8590 - std::rt::lang_start_internal::h8bbc1061691274fe
[INFO] [stderr]                                  at /rustc/6067b36314ab5eb2eb47cecc464545ba58e1ad24/library/std/src/rt.rs:159:5
[INFO] [stderr]     30:     0x646c72534dd1 - std::rt::lang_start::ha0454cf9d51c61ed
[INFO] [stderr]     31:     0x646c72542475 - main
[INFO] [stderr]     32:     0x771324b46d90 - <unknown>
[INFO] [stderr]     33:     0x771324b46e40 - __libc_start_main
[INFO] [stderr]     34:     0x646c72533da5 - _start
[INFO] [stderr]     35:                0x0 - <unknown>
[INFO] [stdout] error: couldn't create a temp dir: No space left on device (os error 28) at path "/opt/rustwide/target/debug/deps/rmeta08CTMW"
[INFO] [stdout] 
[INFO] [stdout] 
[INFO] [stdout] error: failed to write to `/opt/rustwide/target/debug/deps/rmetaIq80Xk/lib.rmeta`: No space left on device (os error 28)
[INFO] [stdout] 
[INFO] [stdout] 
[INFO] [stderr] rustc-LLVM ERROR: IO failure on output stream: No space left on device
[INFO] [stderr] rustc-LLVM ERROR: IO failure on output stream: No space left on device
[INFO] [stderr] error: could not compile `percent-encoding` (lib) due to 1 previous error
[INFO] [stderr] error: could not compile `mio-misc` (lib)
[INFO] [stderr] 
[INFO] [stderr] Caused by:
[INFO] [stderr]   No space left on device (os error 28)
[INFO] [stderr] 
[INFO] [stderr] Caused by:
[INFO] [stderr]   failed to parse process output: `/opt/rustwide/rustup-home/toolchains/nightly-2025-01-18-x86_64-unknown-linux-gnu/bin/rustc --crate-name mio_misc --edition=2018 /opt/rustwide/cargo-home/registry/src/index.crates.io-1949cf8c6b5b557f/mio-misc-1.2.1/src/lib.rs --error-format=json --json=diagnostic-rendered-ansi,artifacts,future-incompat --crate-type lib --emit=dep-info,metadata,link -C embed-bitcode=no -C debuginfo=2 --check-cfg 'cfg(docsrs,test)' --check-cfg 'cfg(feature, values())' -C metadata=b773318a598f85b6 -C extra-filename=-03e05cd3ea269941 --out-dir /opt/rustwide/target/debug/deps -L dependency=/opt/rustwide/target/debug/deps --extern crossbeam=/opt/rustwide/target/debug/deps/libcrossbeam-c028462094edbb11.rmeta --extern crossbeam_queue=/opt/rustwide/target/debug/deps/libcrossbeam_queue-e0966e9a6a78c0d3.rmeta --extern log=/opt/rustwide/target/debug/deps/liblog-8c1d801a1334f23e.rmeta --extern mio=/opt/rustwide/target/debug/deps/libmio-ee5eb193f62b46da.rmeta --cap-lints allow --cap-lints=forbid -Zrandomize-layout` (exit status: 101)
[INFO] [stderr] error: could not compile `rayon` (lib) due to 1 previous error
[INFO] [stderr] error: could not compile `regex-syntax` (lib)
[INFO] [stderr] 
[INFO] [stderr] Caused by:
[INFO] [stderr]   No space left on device (os error 28)
[INFO] [stderr] 
[INFO] [stderr] Caused by:
[INFO] [stderr]   failed to parse process output: `/opt/rustwide/rustup-home/toolchains/nightly-2025-01-18-x86_64-unknown-linux-gnu/bin/rustc --crate-name regex_syntax --edition=2018 /opt/rustwide/cargo-home/registry/src/index.crates.io-1949cf8c6b5b557f/regex-syntax-0.6.25/src/lib.rs --error-format=json --json=diagnostic-rendered-ansi,artifacts,future-incompat --crate-type lib --emit=dep-info,metadata,link -C embed-bitcode=no -C debuginfo=2 --check-cfg 'cfg(docsrs,test)' --check-cfg 'cfg(feature, values("default", "unicode", "unicode-age", "unicode-bool", "unicode-case", "unicode-gencat", "unicode-perl", "unicode-script", "unicode-segment"))' -C metadata=f222b8b4f99a1714 -C extra-filename=-3d49b111d3479800 --out-dir /opt/rustwide/target/debug/deps -L dependency=/opt/rustwide/target/debug/deps --cap-lints allow --cap-lints=forbid -Zrandomize-layout` (exit status: 101)
[INFO] [stderr] error: could not compile `num-rational` (lib)
[INFO] [stderr] 
[INFO] [stderr] Caused by:
[INFO] [stderr]   No space left on device (os error 28)
[INFO] [stderr] 
[INFO] [stderr] Caused by:
[INFO] [stderr]   failed to parse process output: `/opt/rustwide/rustup-home/toolchains/nightly-2025-01-18-x86_64-unknown-linux-gnu/bin/rustc --crate-name num_rational --edition=2018 /opt/rustwide/cargo-home/registry/src/index.crates.io-1949cf8c6b5b557f/num-rational-0.3.2/src/lib.rs --error-format=json --json=diagnostic-rendered-ansi,artifacts,future-incompat --crate-type lib --emit=dep-info,metadata,link -C embed-bitcode=no -C debuginfo=2 --check-cfg 'cfg(docsrs,test)' --check-cfg 'cfg(feature, values("default", "num-bigint", "num-bigint-std", "serde", "std"))' -C metadata=de35986fe183aa4a -C extra-filename=-1b3b2e4eb3441fe0 --out-dir /opt/rustwide/target/debug/deps -L dependency=/opt/rustwide/target/debug/deps --extern num_integer=/opt/rustwide/target/debug/deps/libnum_integer-3257d932ff4eb299.rmeta --extern num_traits=/opt/rustwide/target/debug/deps/libnum_traits-de0438b889bc15f7.rmeta --cap-lints allow --cap-lints=forbid -Zrandomize-layout --cfg has_int_exp_fmt` (exit status: 101)
[INFO] [stderr] error: could not compile `aho-corasick` (lib) due to 1 previous error
[INFO] [stderr] rustc-LLVM ERROR: IO failure on output stream: No space left on device
[INFO] [stderr] error: could not compile `scoped_threadpool` (lib)
[INFO] [stderr] 
[INFO] [stderr] Caused by:
[INFO] [stderr]   No space left on device (os error 28)
[INFO] [stderr] 
[INFO] [stderr] Caused by:
[INFO] [stderr]   failed to parse process output: `/opt/rustwide/rustup-home/toolchains/nightly-2025-01-18-x86_64-unknown-linux-gnu/bin/rustc --crate-name scoped_threadpool --edition=2015 /opt/rustwide/cargo-home/registry/src/index.crates.io-1949cf8c6b5b557f/scoped_threadpool-0.1.9/src/lib.rs --error-format=json --json=diagnostic-rendered-ansi,artifacts,future-incompat --crate-type lib --emit=dep-info,metadata,link -C embed-bitcode=no -C debuginfo=2 --check-cfg 'cfg(docsrs,test)' --check-cfg 'cfg(feature, values("nightly"))' -C metadata=2ebad39a5b41ef45 -C extra-filename=-7e54f0397f56b50e --out-dir /opt/rustwide/target/debug/deps -L dependency=/opt/rustwide/target/debug/deps --cap-lints allow --cap-lints=forbid -Zrandomize-layout` (exit status: 101)
[INFO] [stdout] error: failed to write to `/opt/rustwide/target/debug/deps/rmetagOfTjr/lib.rmeta`: No space left on device (os error 28)
[INFO] [stdout] 
[INFO] [stdout] 
[INFO] [stderr] error: could not compile `x11-dl` (lib) due to 1 previous error
[INFO] [stdout] error: failed to write to `/opt/rustwide/target/debug/deps/rmetaSuHDH0/lib.rmeta`: No space left on device (os error 28)
[INFO] [stdout] 
[INFO] [stdout] 
[INFO] [stderr] error: could not compile `syn` (lib) due to 1 previous error
[INFO] [stderr] warning: vk-mem@0.2.3: In file included from wrapper/vma_lib.cpp:2:
[INFO] [stderr] warning: vk-mem@0.2.3: vendor/src/vk_mem_alloc.h: In member function 'virtual bool VmaBlockMetadata_Generic::Validate() const':
[INFO] [stderr] warning: vk-mem@0.2.3: vendor/src/vk_mem_alloc.h:9070:40: warning: comparison of unsigned expression in '>= 0' is always true [-Wtype-limits]
[INFO] [stderr] warning: vk-mem@0.2.3:  9070 |             VMA_VALIDATE(subAlloc.size >= VMA_DEBUG_MARGIN);
[INFO] [stderr] warning: vk-mem@0.2.3:       |                                        ^
[INFO] [stderr] warning: vk-mem@0.2.3: vendor/src/vk_mem_alloc.h:6462:38: note: in definition of macro 'VMA_VALIDATE'
[INFO] [stderr] warning: vk-mem@0.2.3:  6462 | #define VMA_VALIDATE(cond) do { if(!(cond)) { \
[INFO] [stderr] warning: vk-mem@0.2.3:       |                                      ^~~~
[INFO] [stderr] warning: vk-mem@0.2.3: vendor/src/vk_mem_alloc.h: In member function 'bool VmaBlockMetadata_Linear::CreateAllocationRequest_UpperAddress(uint32_t, uint32_t, VkDeviceSize, VkDeviceSize, VkDeviceSize, VmaSuballocationType, bool, uint32_t, VmaAllocationRequest*)':
[INFO] [stderr] warning: vk-mem@0.2.3: vendor/src/vk_mem_alloc.h:10955:25: warning: comparison of unsigned expression in '< 0' is always false [-Wtype-limits]
[INFO] [stderr] warning: vk-mem@0.2.3: 10955 |         if(resultOffset < VMA_DEBUG_MARGIN)
[INFO] [stderr] warning: vk-mem@0.2.3:       |                         ^
[INFO] [stderr] warning: vk-mem@0.2.3: In file included from /usr/include/c++/11/cassert:44,
[INFO] [stderr] warning: vk-mem@0.2.3:                  from vendor/src/vk_mem_alloc.h:4077,
[INFO] [stderr] warning: vk-mem@0.2.3:                  from wrapper/vma_lib.cpp:2:
[INFO] [stderr] warning: vk-mem@0.2.3: vendor/src/vk_mem_alloc.h: In member function 'VkResult VmaDeviceMemoryBlock::WriteMagicValueAroundAllocation(VmaAllocator, VkDeviceSize, VkDeviceSize)':
[INFO] [stderr] warning: vk-mem@0.2.3: vendor/src/vk_mem_alloc.h:12445:28: warning: comparison of unsigned expression in '>= 0' is always true [-Wtype-limits]
[INFO] [stderr] warning: vk-mem@0.2.3: 12445 |     VMA_ASSERT(allocOffset >= VMA_DEBUG_MARGIN);
[INFO] [stderr] warning: vk-mem@0.2.3:       |                            ^
[INFO] [stderr] warning: vk-mem@0.2.3: vendor/src/vk_mem_alloc.h:12445:5: note: in expansion of macro 'VMA_ASSERT'
[INFO] [stderr] warning: vk-mem@0.2.3: 12445 |     VMA_ASSERT(allocOffset >= VMA_DEBUG_MARGIN);
[INFO] [stderr] warning: vk-mem@0.2.3:       |     ^~~~~~~~~~
[INFO] [stderr] warning: vk-mem@0.2.3: vendor/src/vk_mem_alloc.h: In member function 'VkResult VmaDeviceMemoryBlock::ValidateMagicValueAroundAllocation(VmaAllocator, VkDeviceSize, VkDeviceSize)':
[INFO] [stderr] warning: vk-mem@0.2.3: vendor/src/vk_mem_alloc.h:12465:28: warning: comparison of unsigned expression in '>= 0' is always true [-Wtype-limits]
[INFO] [stderr] warning: vk-mem@0.2.3: 12465 |     VMA_ASSERT(allocOffset >= VMA_DEBUG_MARGIN);
[INFO] [stderr] warning: vk-mem@0.2.3:       |                            ^
[INFO] [stderr] warning: vk-mem@0.2.3: vendor/src/vk_mem_alloc.h:12465:5: note: in expansion of macro 'VMA_ASSERT'
[INFO] [stderr] warning: vk-mem@0.2.3: 12465 |     VMA_ASSERT(allocOffset >= VMA_DEBUG_MARGIN);
[INFO] [stderr] warning: vk-mem@0.2.3:       |     ^~~~~~~~~~
[INFO] [stderr] warning: vk-mem@0.2.3: In file included from wrapper/vma_lib.cpp:2:
[INFO] [stderr] warning: vk-mem@0.2.3: vendor/src/vk_mem_alloc.h: At global scope:
[INFO] [stderr] warning: vk-mem@0.2.3: vendor/src/vk_mem_alloc.h:19227:1: fatal error: error writing to /tmp/ccWzgDcX.s: No space left on device
[INFO] [stderr] warning: vk-mem@0.2.3: 19227 | }
[INFO] [stderr] warning: vk-mem@0.2.3:       | ^
[INFO] [stderr] warning: vk-mem@0.2.3: compilation terminated.
[INFO] [stderr] error: failed to run custom build command for `vk-mem v0.2.3 (https://github.com/aclysma/vk-mem-rs.git?rev=253e69f17655d0e91f7ee1e49ad3c85ad1ea7f57#253e69f1)`
[INFO] [stderr] note: To improve backtraces for build dependencies, set the CARGO_PROFILE_DEV_BUILD_OVERRIDE_DEBUG=true environment variable to enable debug information generation.
[INFO] [stderr] 
[INFO] [stderr] Caused by:
[INFO] [stderr]   process didn't exit successfully: `/opt/rustwide/target/debug/build/vk-mem-58abdf465fe88052/build-script-build` (exit status: 1)
[INFO] [stderr]   --- stdout
[INFO] [stderr]   TARGET = Some("x86_64-unknown-linux-gnu")
[INFO] [stderr]   OPT_LEVEL = Some("0")
[INFO] [stderr]   HOST = Some("x86_64-unknown-linux-gnu")
[INFO] [stderr]   CXX_x86_64-unknown-linux-gnu = None
[INFO] [stderr]   CXX_x86_64_unknown_linux_gnu = None
[INFO] [stderr]   HOST_CXX = None
[INFO] [stderr]   CXX = None
[INFO] [stderr]   CXXFLAGS_x86_64-unknown-linux-gnu = None
[INFO] [stderr]   CXXFLAGS_x86_64_unknown_linux_gnu = None
[INFO] [stderr]   HOST_CXXFLAGS = None
[INFO] [stderr]   CXXFLAGS = None
[INFO] [stderr]   CRATE_CC_NO_DEFAULTS = None
[INFO] [stderr]   DEBUG = Some("true")
[INFO] [stderr]   CARGO_CFG_TARGET_FEATURE = Some("fxsr,sse,sse2,x87")
[INFO] [stderr]   running: "c++" "-O0" "-ffunction-sections" "-fdata-sections" "-fPIC" "-g" "-fno-omit-frame-pointer" "-m64" "-I" "vendor/src" "-I" "wrapper" "-I" "wrapper/vulkan" "-Wall" "-Wextra" "-std=c++11" "-Wno-missing-field-initializers" "-Wno-unused-variable" "-Wno-unused-parameter" "-Wno-unused-private-field" "-Wno-reorder" "-DVMA_STATIC_VULKAN_FUNCTIONS=0" "-DVMA_DYNAMIC_VULKAN_FUNCTIONS=0" "-o" "/opt/rustwide/target/debug/build/vk-mem-304d7953c7660307/out/wrapper/vma_lib.o" "-c" "wrapper/vma_lib.cpp"
[INFO] [stderr]   cargo:warning=In file included from wrapper/vma_lib.cpp:2:
[INFO] [stderr]   cargo:warning=vendor/src/vk_mem_alloc.h: In member function 'virtual bool VmaBlockMetadata_Generic::Validate() const':
[INFO] [stderr]   cargo:warning=vendor/src/vk_mem_alloc.h:9070:40: warning: comparison of unsigned expression in '>= 0' is always true [-Wtype-limits]
[INFO] [stderr]   cargo:warning= 9070 |             VMA_VALIDATE(subAlloc.size >= VMA_DEBUG_MARGIN);
[INFO] [stderr]   cargo:warning=      |                                        ^
[INFO] [stderr]   cargo:warning=vendor/src/vk_mem_alloc.h:6462:38: note: in definition of macro 'VMA_VALIDATE'
[INFO] [stderr]   cargo:warning= 6462 | #define VMA_VALIDATE(cond) do { if(!(cond)) { \
[INFO] [stderr]   cargo:warning=      |                                      ^~~~
[INFO] [stderr]   cargo:warning=vendor/src/vk_mem_alloc.h: In member function 'bool VmaBlockMetadata_Linear::CreateAllocationRequest_UpperAddress(uint32_t, uint32_t, VkDeviceSize, VkDeviceSize, VkDeviceSize, VmaSuballocationType, bool, uint32_t, VmaAllocationRequest*)':
[INFO] [stderr]   cargo:warning=vendor/src/vk_mem_alloc.h:10955:25: warning: comparison of unsigned expression in '< 0' is always false [-Wtype-limits]
[INFO] [stderr]   cargo:warning=10955 |         if(resultOffset < VMA_DEBUG_MARGIN)
[INFO] [stderr]   cargo:warning=      |                         ^
[INFO] [stderr]   cargo:warning=In file included from /usr/include/c++/11/cassert:44,
[INFO] [stderr]   cargo:warning=                 from vendor/src/vk_mem_alloc.h:4077,
[INFO] [stderr]   cargo:warning=                 from wrapper/vma_lib.cpp:2:
[INFO] [stderr]   cargo:warning=vendor/src/vk_mem_alloc.h: In member function 'VkResult VmaDeviceMemoryBlock::WriteMagicValueAroundAllocation(VmaAllocator, VkDeviceSize, VkDeviceSize)':
[INFO] [stderr]   cargo:warning=vendor/src/vk_mem_alloc.h:12445:28: warning: comparison of unsigned expression in '>= 0' is always true [-Wtype-limits]
[INFO] [stderr]   cargo:warning=12445 |     VMA_ASSERT(allocOffset >= VMA_DEBUG_MARGIN);
[INFO] [stderr]   cargo:warning=      |                            ^
[INFO] [stderr]   cargo:warning=vendor/src/vk_mem_alloc.h:12445:5: note: in expansion of macro 'VMA_ASSERT'
[INFO] [stderr]   cargo:warning=12445 |     VMA_ASSERT(allocOffset >= VMA_DEBUG_MARGIN);
[INFO] [stderr]   cargo:warning=      |     ^~~~~~~~~~
[INFO] [stderr]   cargo:warning=vendor/src/vk_mem_alloc.h: In member function 'VkResult VmaDeviceMemoryBlock::ValidateMagicValueAroundAllocation(VmaAllocator, VkDeviceSize, VkDeviceSize)':
[INFO] [stderr]   cargo:warning=vendor/src/vk_mem_alloc.h:12465:28: warning: comparison of unsigned expression in '>= 0' is always true [-Wtype-limits]
[INFO] [stderr]   cargo:warning=12465 |     VMA_ASSERT(allocOffset >= VMA_DEBUG_MARGIN);
[INFO] [stderr]   cargo:warning=      |                            ^
[INFO] [stderr]   cargo:warning=vendor/src/vk_mem_alloc.h:12465:5: note: in expansion of macro 'VMA_ASSERT'
[INFO] [stderr]   cargo:warning=12465 |     VMA_ASSERT(allocOffset >= VMA_DEBUG_MARGIN);
[INFO] [stderr]   cargo:warning=      |     ^~~~~~~~~~
[INFO] [stderr]   cargo:warning=In file included from wrapper/vma_lib.cpp:2:
[INFO] [stderr]   cargo:warning=vendor/src/vk_mem_alloc.h: At global scope:
[INFO] [stderr]   cargo:warning=vendor/src/vk_mem_alloc.h:19227:1: fatal error: error writing to /tmp/ccWzgDcX.s: No space left on device
[INFO] [stderr]   cargo:warning=19227 | }
[INFO] [stderr]   cargo:warning=      | ^
[INFO] [stderr]   cargo:warning=compilation terminated.
[INFO] [stderr]   exit status: 1
[INFO] [stderr] 
[INFO] [stderr]   --- stderr
[INFO] [stderr] 
[INFO] [stderr] 
[INFO] [stderr]   error occurred: Command "c++" "-O0" "-ffunction-sections" "-fdata-sections" "-fPIC" "-g" "-fno-omit-frame-pointer" "-m64" "-I" "vendor/src" "-I" "wrapper" "-I" "wrapper/vulkan" "-Wall" "-Wextra" "-std=c++11" "-Wno-missing-field-initializers" "-Wno-unused-variable" "-Wno-unused-parameter" "-Wno-unused-private-field" "-Wno-reorder" "-DVMA_STATIC_VULKAN_FUNCTIONS=0" "-DVMA_DYNAMIC_VULKAN_FUNCTIONS=0" "-o" "/opt/rustwide/target/debug/build/vk-mem-304d7953c7660307/out/wrapper/vma_lib.o" "-c" "wrapper/vma_lib.cpp" with args "c++" did not execute successfully (status code exit status: 1).
[INFO] [stderr] 
[INFO] [stderr] 
[INFO] running `Command { std: "docker" "inspect" "51da04d8adaa6218b4ca893594c006a1aeb69a506657bdfb85e9e502280fc3e5", kill_on_drop: false }`
[INFO] running `Command { std: "docker" "rm" "-f" "51da04d8adaa6218b4ca893594c006a1aeb69a506657bdfb85e9e502280fc3e5", kill_on_drop: false }`
[INFO] [stdout] 51da04d8adaa6218b4ca893594c006a1aeb69a506657bdfb85e9e502280fc3e5
