[INFO] cloning repository https://github.com/leifb/mqtt-relay
[INFO] running `Command { std: "git" "-c" "credential.helper=" "-c" "credential.helper=/workspace/cargo-home/bin/git-credential-null" "clone" "--bare" "https://github.com/leifb/mqtt-relay" "/workspace/cache/git-repos/https%3A%2F%2Fgithub.com%2Fleifb%2Fmqtt-relay", kill_on_drop: false }`
[INFO] [stderr] Cloning into bare repository '/workspace/cache/git-repos/https%3A%2F%2Fgithub.com%2Fleifb%2Fmqtt-relay'...
[INFO] running `Command { std: "git" "rev-parse" "HEAD", kill_on_drop: false }`
[INFO] [stdout] a37f870166a593d5fa4b7ba928d1386ee9f34102
[INFO] testing leifb/mqtt-relay against nightly-2025-01-18+rustflags=-Zrandomize-layout for randomize-layout-2
[INFO] running `Command { std: "git" "clone" "/workspace/cache/git-repos/https%3A%2F%2Fgithub.com%2Fleifb%2Fmqtt-relay" "/workspace/builds/worker-5-tc2/source", kill_on_drop: false }`
[INFO] [stderr] Cloning into '/workspace/builds/worker-5-tc2/source'...
[INFO] [stderr] done.
[INFO] validating manifest of git repo https://github.com/leifb/mqtt-relay on toolchain nightly-2025-01-18
[INFO] running `Command { std: CARGO_HOME="/workspace/cargo-home" RUSTUP_HOME="/workspace/rustup-home" "/workspace/cargo-home/bin/cargo" "+nightly-2025-01-18" "metadata" "--manifest-path" "Cargo.toml" "--no-deps", kill_on_drop: false }`
[INFO] started tweaking git repo https://github.com/leifb/mqtt-relay
[INFO] finished tweaking git repo https://github.com/leifb/mqtt-relay
[INFO] tweaked toml for git repo https://github.com/leifb/mqtt-relay written to /workspace/builds/worker-5-tc2/source/Cargo.toml
[INFO] crate git repo https://github.com/leifb/mqtt-relay already has a lockfile, it will not be regenerated
[INFO] running `Command { std: CARGO_HOME="/workspace/cargo-home" RUSTUP_HOME="/workspace/rustup-home" "/workspace/cargo-home/bin/cargo" "+nightly-2025-01-18" "fetch" "--manifest-path" "Cargo.toml", kill_on_drop: false }`
[INFO] [stderr]     Blocking waiting for file lock on package cache
[INFO] [stderr]     Blocking waiting for file lock on package cache
[INFO] running `Command { std: "docker" "create" "-v" "/var/lib/crater-agent-workspace/builds/worker-5-tc2/target:/opt/rustwide/target:rw,Z" "-v" "/var/lib/crater-agent-workspace/builds/worker-5-tc2/source:/opt/rustwide/workdir:ro,Z" "-v" "/var/lib/crater-agent-workspace/cargo-home:/opt/rustwide/cargo-home:ro,Z" "-v" "/var/lib/crater-agent-workspace/rustup-home:/opt/rustwide/rustup-home:ro,Z" "-e" "SOURCE_DIR=/opt/rustwide/workdir" "-e" "CARGO_TARGET_DIR=/opt/rustwide/target" "-e" "CARGO_HOME=/opt/rustwide/cargo-home" "-e" "RUSTUP_HOME=/opt/rustwide/rustup-home" "-w" "/opt/rustwide/workdir" "-m" "1610612736" "--user" "0:0" "--network" "none" "ghcr.io/rust-lang/crates-build-env/linux@sha256:819108c5571ea2e421544af4d832f968d213c87fbe3707a016657f43d2f853bc" "/opt/rustwide/cargo-home/bin/cargo" "+nightly-2025-01-18" "metadata" "--no-deps" "--format-version=1", kill_on_drop: false }`
[INFO] [stdout] f4e5aaeb1c8e43aaed1410980e550421120926bb2466f05d9ae079d9fac2f5ac
[INFO] running `Command { std: "docker" "start" "-a" "f4e5aaeb1c8e43aaed1410980e550421120926bb2466f05d9ae079d9fac2f5ac", kill_on_drop: false }`
[INFO] running `Command { std: "docker" "inspect" "f4e5aaeb1c8e43aaed1410980e550421120926bb2466f05d9ae079d9fac2f5ac", kill_on_drop: false }`
[INFO] running `Command { std: "docker" "rm" "-f" "f4e5aaeb1c8e43aaed1410980e550421120926bb2466f05d9ae079d9fac2f5ac", kill_on_drop: false }`
[INFO] [stdout] f4e5aaeb1c8e43aaed1410980e550421120926bb2466f05d9ae079d9fac2f5ac
[INFO] running `Command { std: "docker" "create" "-v" "/var/lib/crater-agent-workspace/builds/worker-5-tc2/target:/opt/rustwide/target:rw,Z" "-v" "/var/lib/crater-agent-workspace/builds/worker-5-tc2/source:/opt/rustwide/workdir:ro,Z" "-v" "/var/lib/crater-agent-workspace/cargo-home:/opt/rustwide/cargo-home:ro,Z" "-v" "/var/lib/crater-agent-workspace/rustup-home:/opt/rustwide/rustup-home:ro,Z" "-e" "SOURCE_DIR=/opt/rustwide/workdir" "-e" "CARGO_TARGET_DIR=/opt/rustwide/target" "-e" "CARGO_INCREMENTAL=0" "-e" "RUST_BACKTRACE=full" "-e" "RUSTFLAGS=--cap-lints=forbid -Zrandomize-layout" "-e" "RUSTDOCFLAGS=--cap-lints=forbid" "-e" "CARGO_HOME=/opt/rustwide/cargo-home" "-e" "RUSTUP_HOME=/opt/rustwide/rustup-home" "-w" "/opt/rustwide/workdir" "-m" "1610612736" "--user" "0:0" "--network" "none" "ghcr.io/rust-lang/crates-build-env/linux@sha256:819108c5571ea2e421544af4d832f968d213c87fbe3707a016657f43d2f853bc" "/opt/rustwide/cargo-home/bin/cargo" "+nightly-2025-01-18" "build" "--frozen" "--message-format=json", kill_on_drop: false }`
[INFO] [stdout] ecbc2cbf32cbbc8ec70e7092386d05366cd421aae03172be9b59c9f1bc9a7eee
[INFO] running `Command { std: "docker" "start" "-a" "ecbc2cbf32cbbc8ec70e7092386d05366cd421aae03172be9b59c9f1bc9a7eee", kill_on_drop: false }`
[INFO] [stderr]    Compiling libc v0.2.155
[INFO] [stderr]    Compiling cfg-if v1.0.0
[INFO] [stderr]    Compiling autocfg v1.3.0
[INFO] [stderr]    Compiling proc-macro2 v1.0.86
[INFO] [stderr]    Compiling cc v1.1.7
[INFO] [stderr]    Compiling unicode-ident v1.0.12
[INFO] [stderr]    Compiling scopeguard v1.2.0
[INFO] [stderr]    Compiling log v0.4.22
[INFO] [stderr]    Compiling version_check v0.9.5
[INFO] [stderr]    Compiling memchr v2.7.4
[INFO] [stderr]    Compiling once_cell v1.19.0
[INFO] [stderr]    Compiling parking_lot_core v0.9.10
[INFO] [stderr]    Compiling zerocopy v0.7.35
[INFO] [stderr]    Compiling rustls-pki-types v1.7.0
[INFO] [stderr]    Compiling untrusted v0.9.0
[INFO] [stderr]    Compiling smallvec v1.13.2
[INFO] [stderr]    Compiling regex-syntax v0.8.4
[INFO] [stderr]    Compiling allocator-api2 v0.2.18
[INFO] [stderr]    Compiling rustls v0.22.4
[INFO] [stderr]    Compiling serde v1.0.204
[INFO] [stderr]    Compiling utf8parse v0.2.2
[INFO] [stderr]    Compiling pin-project-lite v0.2.14
[INFO] [stderr]    Compiling rustix v0.38.34
[INFO] [stderr]    Compiling pkg-config v0.3.30
[INFO] [stderr]    Compiling futures-core v0.3.30
[INFO] [stderr]    Compiling anstyle-parse v0.2.5
[INFO] [stderr]    Compiling bytes v1.7.1
[INFO] [stderr]    Compiling ahash v0.8.11
[INFO] [stderr]    Compiling lock_api v0.4.12
[INFO] [stderr]    Compiling slab v0.4.9
[INFO] [stderr]    Compiling serde_json v1.0.122
[INFO] [stderr]    Compiling anstyle v1.0.8
[INFO] [stderr]    Compiling linux-raw-sys v0.4.14
[INFO] [stderr]    Compiling colorchoice v1.0.2
[INFO] [stderr]    Compiling bitflags v2.6.0
[INFO] [stderr]    Compiling subtle v2.6.1
[INFO] [stderr]    Compiling aho-corasick v1.1.3
[INFO] [stderr]    Compiling zeroize v1.8.1
[INFO] [stderr]    Compiling base64 v0.22.1
[INFO] [stderr]    Compiling anstyle-query v1.1.1
[INFO] [stderr]    Compiling is_terminal_polyfill v1.70.1
[INFO] [stderr]    Compiling thiserror v1.0.63
[INFO] [stderr]    Compiling hashbrown v0.14.5
[INFO] [stderr]    Compiling anstream v0.6.15
[INFO] [stderr]    Compiling autotools v0.2.7
[INFO] [stderr]    Compiling spin v0.9.8
[INFO] [stderr]    Compiling quote v1.0.36
[INFO] [stderr]    Compiling jq-src v0.4.1
[INFO] [stderr]    Compiling rustls-pemfile v2.1.3
[INFO] [stderr]    Compiling getrandom v0.2.15
[INFO] [stderr]    Compiling mio v1.0.1
[INFO] [stderr]    Compiling socket2 v0.5.7
[INFO] [stderr]    Compiling signal-hook-registry v1.4.2
[INFO] [stderr]    Compiling inotify-sys v0.1.5
[INFO] [stderr]    Compiling fastrand v2.1.0
[INFO] [stderr]    Compiling syn v2.0.72
[INFO] [stderr]    Compiling futures-task v0.3.30
[INFO] [stderr]    Compiling bitflags v1.3.2
[INFO] [stderr]    Compiling parking_lot v0.12.3
[INFO] [stderr]    Compiling same-file v1.0.6
[INFO] [stderr]    Compiling equivalent v1.0.1
[INFO] [stderr]    Compiling serde_yml v0.0.11
[INFO] [stderr]    Compiling lazy_static v1.5.0
[INFO] [stderr]    Compiling pin-utils v0.1.0
[INFO] [stderr]    Compiling openssl-probe v0.1.5
[INFO] [stderr]    Compiling futures-sink v0.3.30
[INFO] [stderr]    Compiling ryu v1.0.18
[INFO] [stderr]    Compiling humantime v2.1.0
[INFO] [stderr]    Compiling itoa v1.0.11
[INFO] [stderr]    Compiling flume v0.11.0
[INFO] [stderr]    Compiling futures-util v0.3.30
[INFO] [stderr]    Compiling hashlink v0.8.4
[INFO] [stderr]    Compiling rustls-native-certs v0.7.1
[INFO] [stderr]    Compiling ring v0.17.8
[INFO] [stderr]    Compiling jq-sys v0.2.2
[INFO] [stderr]    Compiling indexmap v2.3.0
[INFO] [stderr]    Compiling walkdir v2.5.0
[INFO] [stderr]    Compiling colored v2.1.0
[INFO] [stderr]    Compiling inotify v0.9.6
[INFO] [stderr]    Compiling mio v0.8.11
[INFO] [stderr]    Compiling filetime v0.2.23
[INFO] [stderr]    Compiling encoding_rs v0.8.34
[INFO] [stderr]    Compiling libyml v0.0.4
[INFO] [stderr]    Compiling arraydeque v0.5.1
[INFO] [stderr]    Compiling json v0.12.4
[INFO] [stderr]    Compiling notify v6.1.1
[INFO] [stderr]    Compiling regex-automata v0.4.7
[INFO] [stderr]    Compiling tempfile v3.12.0
[INFO] [stderr]    Compiling yaml-rust2 v0.8.1
[INFO] [stderr]    Compiling serde_derive v1.0.204
[INFO] [stderr]    Compiling tokio-macros v2.4.0
[INFO] [stderr]    Compiling thiserror-impl v1.0.63
[INFO] [stderr]    Compiling tokio v1.39.2
[INFO] [stderr]    Compiling regex v1.10.6
[INFO] [stderr]    Compiling env_filter v0.1.2
[INFO] [stderr]    Compiling env_logger v0.11.5
[INFO] [stderr]    Compiling rustls-webpki v0.102.6
[INFO] [stderr]    Compiling colog v1.3.0
[INFO] [stderr]    Compiling tokio-rustls v0.25.0
[INFO] [stderr]    Compiling rumqttc v0.24.0
[INFO] [stderr] error: failed to run custom build command for `jq-sys v0.2.2`
[INFO] [stderr] note: To improve backtraces for build dependencies, set the CARGO_PROFILE_DEV_BUILD_OVERRIDE_DEBUG=true environment variable to enable debug information generation.
[INFO] [stderr] 
[INFO] [stderr] Caused by:
[INFO] [stderr]   process didn't exit successfully: `/opt/rustwide/target/debug/build/jq-sys-715da51ca101ff1a/build-script-build` (exit status: 101)
[INFO] [stderr]   --- stdout
[INFO] [stderr]   running: cd "/opt/rustwide/target/debug/build/jq-sys-a02db77e1a2553b5/out/sources/jq" && "sh" "-c" "exec \"$0\" \"$@\"" "autoreconf" "-fi"
[INFO] [stderr]   libtoolize: putting auxiliary files in '.'.
[INFO] [stderr]   libtoolize: copying file './ltmain.sh'
[INFO] [stderr]   libtoolize: putting macros in AC_CONFIG_MACRO_DIRS, 'm4'.
[INFO] [stderr]   libtoolize: copying file 'm4/libtool.m4'
[INFO] [stderr]   libtoolize: copying file 'm4/ltoptions.m4'
[INFO] [stderr]   libtoolize: copying file 'm4/ltsugar.m4'
[INFO] [stderr]   libtoolize: copying file 'm4/ltversion.m4'
[INFO] [stderr]   libtoolize: copying file 'm4/lt~obsolete.m4'
[INFO] [stderr]   libtoolize: putting auxiliary files in AC_CONFIG_AUX_DIR, 'config'.
[INFO] [stderr]   libtoolize: copying file 'config/ltmain.sh'
[INFO] [stderr]   libtoolize: putting macros in AC_CONFIG_MACRO_DIRS, 'config/m4'.
[INFO] [stderr]   libtoolize: copying file 'config/m4/libtool.m4'
[INFO] [stderr]   libtoolize: copying file 'config/m4/ltoptions.m4'
[INFO] [stderr]   libtoolize: copying file 'config/m4/ltsugar.m4'
[INFO] [stderr]   libtoolize: copying file 'config/m4/ltversion.m4'
[INFO] [stderr]   libtoolize: copying file 'config/m4/lt~obsolete.m4'
[INFO] [stderr]   running: cd "/opt/rustwide/target/debug/build/jq-sys-a02db77e1a2553b5/out/build" && CC="cc" CFLAGS="-O0 -ffunction-sections -fdata-sections -fPIC -gdwarf-4 -fno-omit-frame-pointer -m64" CXX="c++" CXXFLAGS="-O0 -ffunction-sections -fdata-sections -fPIC -gdwarf-4 -fno-omit-frame-pointer -m64" "sh" "-c" "exec \"$0\" \"$@\"" "/opt/rustwide/target/debug/build/jq-sys-a02db77e1a2553b5/out/sources/jq/configure" "--prefix=/opt/rustwide/target/debug/build/jq-sys-a02db77e1a2553b5/out" "--disable-shared" "--enable-static" "--disable-maintainer-mode" "--with-oniguruma=builtin"
[INFO] [stderr]   checking for a BSD-compatible install... /usr/bin/install -c
[INFO] [stderr]   checking whether build environment is sane... yes
[INFO] [stderr]   checking for a race-free mkdir -p... /usr/bin/mkdir -p
[INFO] [stderr]   checking for gawk... no
[INFO] [stderr]   checking for mawk... mawk
[INFO] [stderr]   checking whether make sets $(MAKE)... yes
[INFO] [stderr]   checking whether make supports nested variables... yes
[INFO] [stderr]   checking whether make supports nested variables... (cached) yes
[INFO] [stderr]   checking whether make supports the include directive... yes (GNU style)
[INFO] [stderr]   checking for gcc... cc
[INFO] [stderr]   checking whether the C compiler works... yes
[INFO] [stderr]   checking for C compiler default output file name... a.out
[INFO] [stderr]   checking for suffix of executables... 
[INFO] [stderr]   checking whether we are cross compiling... no
[INFO] [stderr]   checking for suffix of object files... o
[INFO] [stderr]   checking whether the compiler supports GNU C... yes
[INFO] [stderr]   checking whether cc accepts -g... yes
[INFO] [stderr]   checking for cc option to enable C11 features... none needed
[INFO] [stderr]   checking whether cc understands -c and -o together... yes
[INFO] [stderr]   checking dependency style of cc... gcc3
[INFO] [stderr]   checking for ar... ar
[INFO] [stderr]   checking the archiver (ar) interface... ar
[INFO] [stderr]   checking whether to enable maintainer-specific portions of Makefiles... no
[INFO] [stderr]   checking for gcc... (cached) cc
[INFO] [stderr]   checking whether the compiler supports GNU C... (cached) yes
[INFO] [stderr]   checking whether cc accepts -g... (cached) yes
[INFO] [stderr]   checking for cc option to enable C11 features... (cached) none needed
[INFO] [stderr]   checking whether cc understands -c and -o together... (cached) yes
[INFO] [stderr]   checking dependency style of cc... (cached) gcc3
[INFO] [stderr]   checking how to run the C preprocessor... cc -E
[INFO] [stderr]   checking for bison... bison -y
[INFO] [stderr]   checking build system type... x86_64-pc-linux-gnu
[INFO] [stderr]   checking host system type... x86_64-pc-linux-gnu
[INFO] [stderr]   checking how to print strings... printf
[INFO] [stderr]   checking for a sed that does not truncate output... /usr/bin/sed
[INFO] [stderr]   checking for grep that handles long lines and -e... /usr/bin/grep
[INFO] [stderr]   checking for egrep... /usr/bin/grep -E
[INFO] [stderr]   checking for fgrep... /usr/bin/grep -F
[INFO] [stderr]   checking for ld used by cc... /usr/bin/ld
[INFO] [stderr]   checking if the linker (/usr/bin/ld) is GNU ld... yes
[INFO] [stderr]   checking for BSD- or MS-compatible name lister (nm)... /usr/bin/nm -B
[INFO] [stderr]   checking the name lister (/usr/bin/nm -B) interface... BSD nm
[INFO] [stderr]   checking whether ln -s works... yes
[INFO] [stderr]   checking the maximum length of command line arguments... 1572864
[INFO] [stderr]   checking how to convert x86_64-pc-linux-gnu file names to x86_64-pc-linux-gnu format... func_convert_file_noop
[INFO] [stderr]   checking how to convert x86_64-pc-linux-gnu file names to toolchain format... func_convert_file_noop
[INFO] [stderr]   checking for /usr/bin/ld option to reload object files... -r
[INFO] [stderr]   checking for objdump... objdump
[INFO] [stderr]   checking how to recognize dependent libraries... pass_all
[INFO] [stderr]   checking for dlltool... no
[INFO] [stderr]   checking how to associate runtime and link libraries... printf %s\n
[INFO] [stderr]   checking for archiver @FILE support... @
[INFO] [stderr]   checking for strip... strip
[INFO] [stderr]   checking for ranlib... ranlib
[INFO] [stderr]   checking command to parse /usr/bin/nm -B output from cc object... ok
[INFO] [stderr]   checking for sysroot... no
[INFO] [stderr]   checking for a working dd... /usr/bin/dd
[INFO] [stderr]   checking how to truncate binary pipes... /usr/bin/dd bs=4096 count=1
[INFO] [stderr]   checking for mt... no
[INFO] [stderr]   checking if : is a manifest tool... no
[INFO] [stderr]   checking for stdio.h... yes
[INFO] [stderr]   checking for stdlib.h... yes
[INFO] [stderr]   checking for string.h... yes
[INFO] [stderr]   checking for inttypes.h... yes
[INFO] [stderr]   checking for stdint.h... yes
[INFO] [stderr]   checking for strings.h... yes
[INFO] [stderr]   checking for sys/stat.h... yes
[INFO] [stderr]   checking for sys/types.h... yes
[INFO] [stderr]   checking for unistd.h... yes
[INFO] [stderr]   checking for dlfcn.h... yes
[INFO] [stderr]   checking for objdir... .libs
[INFO] [stderr]   checking if cc supports -fno-rtti -fno-exceptions... no
[INFO] [stderr]   checking for cc option to produce PIC... -fPIC -DPIC
[INFO] [stderr]   checking if cc PIC flag -fPIC -DPIC works... yes
[INFO] [stderr]   checking if cc static flag -static works... yes
[INFO] [stderr]   checking if cc supports -c -o file.o... yes
[INFO] [stderr]   checking if cc supports -c -o file.o... (cached) yes
[INFO] [stderr]   checking whether the cc linker (/usr/bin/ld -m elf_x86_64) supports shared libraries... yes
[INFO] [stderr]   checking dynamic linker characteristics... GNU/Linux ld.so
[INFO] [stderr]   checking how to hardcode library paths into programs... immediate
[INFO] [stderr]   checking whether stripping libraries is possible... yes
[INFO] [stderr]   checking if libtool supports shared libraries... yes
[INFO] [stderr]   checking whether to build shared libraries... no
[INFO] [stderr]   checking whether to build static libraries... yes
[INFO] [stderr]   checking for valgrind... no
[INFO] [stderr]   checking for memmem... yes
[INFO] [stderr]   checking for mkstemp... yes
[INFO] [stderr]   checking for shlwapi.h... no
[INFO] [stderr]   checking for bundle... no
[INFO] [stderr]   checking for Ruby dependencies... *****************************************************************
[INFO] [stderr]   *  Ruby dependencies for building jq documentation not found.   *
[INFO] [stderr]   *  You can still build, install and hack on jq, but the manpage *
[INFO] [stderr]   *  will not be rebuilt and some of the tests will not run.      *
[INFO] [stderr]   *  See docs/README.md for how to install the docs dependencies. *
[INFO] [stderr]   *****************************************************************
[INFO] [stderr]   no
[INFO] [stderr]   checking for size_t... yes
[INFO] [stderr]   checking for working alloca.h... yes
[INFO] [stderr]   checking for alloca... yes
[INFO] [stderr]   checking for isatty... yes
[INFO] [stderr]   checking for _isatty... no
[INFO] [stderr]   checking for strptime... yes
[INFO] [stderr]   checking for strftime... yes
[INFO] [stderr]   checking for timegm... yes
[INFO] [stderr]   checking for gmtime_r... yes
[INFO] [stderr]   checking for gmtime... yes
[INFO] [stderr]   checking for localtime_r... yes
[INFO] [stderr]   checking for localtime... yes
[INFO] [stderr]   checking for gettimeofday... yes
[INFO] [stderr]   checking for struct tm.tm_gmtoff... yes
[INFO] [stderr]   checking for struct tm.__tm_gmtoff... no
[INFO] [stderr]   checking for acos in -lm... yes
[INFO] [stderr]   checking for acosh in -lm... yes
[INFO] [stderr]   checking for asin in -lm... yes
[INFO] [stderr]   checking for asinh in -lm... yes
[INFO] [stderr]   checking for atan2 in -lm... yes
[INFO] [stderr]   checking for atan in -lm... yes
[INFO] [stderr]   checking for atanh in -lm... yes
[INFO] [stderr]   checking for cbrt in -lm... yes
[INFO] [stderr]   checking for ceil in -lm... yes
[INFO] [stderr]   checking for copysign in -lm... yes
[INFO] [stderr]   checking for cos in -lm... yes
[INFO] [stderr]   checking for cosh in -lm... yes
[INFO] [stderr]   checking for drem in -lm... yes
[INFO] [stderr]   checking for erf in -lm... yes
[INFO] [stderr]   checking for erfc in -lm... yes
[INFO] [stderr]   checking for exp10 in -lm... yes
[INFO] [stderr]   checking for exp2 in -lm... yes
[INFO] [stderr]   checking for exp in -lm... yes
[INFO] [stderr]   checking for expm1 in -lm... yes
[INFO] [stderr]   checking for fabs in -lm... yes
[INFO] [stderr]   checking for fdim in -lm... yes
[INFO] [stderr]   checking for floor in -lm... yes
[INFO] [stderr]   checking for fma in -lm... yes
[INFO] [stderr]   checking for fmax in -lm... yes
[INFO] [stderr]   checking for fmin in -lm... yes
[INFO] [stderr]   checking for fmod in -lm... yes
[INFO] [stderr]   checking for frexp in -lm... yes
[INFO] [stderr]   checking for gamma in -lm... yes
[INFO] [stderr]   checking for hypot in -lm... yes
[INFO] [stderr]   checking for j0 in -lm... yes
[INFO] [stderr]   checking for j1 in -lm... yes
[INFO] [stderr]   checking for jn in -lm... yes
[INFO] [stderr]   checking for ldexp in -lm... yes
[INFO] [stderr]   checking for lgamma in -lm... yes
[INFO] [stderr]   checking for log10 in -lm... yes
[INFO] [stderr]   checking for log1p in -lm... yes
[INFO] [stderr]   checking for log2 in -lm... yes
[INFO] [stderr]   checking for log in -lm... yes
[INFO] [stderr]   checking for logb in -lm... yes
[INFO] [stderr]   checking for modf in -lm... yes
[INFO] [stderr]   checking for lgamma_r in -lm... yes
[INFO] [stderr]   checking for nearbyint in -lm... yes
[INFO] [stderr]   checking for nextafter in -lm... yes
[INFO] [stderr]   checking for nexttoward in -lm... yes
[INFO] [stderr]   checking for pow10 in -lm... no
[INFO] [stderr]   checking for pow in -lm... yes
[INFO] [stderr]   checking for remainder in -lm... yes
[INFO] [stderr]   checking for rint in -lm... yes
[INFO] [stderr]   checking for round in -lm... yes
[INFO] [stderr]   checking for scalb in -lm... yes
[INFO] [stderr]   checking for scalbln in -lm... yes
[INFO] [stderr]   checking for significand in -lm... yes
[INFO] [stderr]   checking for sin in -lm... yes
[INFO] [stderr]   checking for sinh in -lm... yes
[INFO] [stderr]   checking for sqrt in -lm... yes
[INFO] [stderr]   checking for tan in -lm... yes
[INFO] [stderr]   checking for tanh in -lm... yes
[INFO] [stderr]   checking for tgamma in -lm... yes
[INFO] [stderr]   checking for trunc in -lm... yes
[INFO] [stderr]   checking for y0 in -lm... yes
[INFO] [stderr]   checking for y1 in -lm... yes
[INFO] [stderr]   checking for yn in -lm... yes
[INFO] [stderr]   checking for thread-local storage... yes
[INFO] [stderr]   checking whether byte ordering is bigendian... no
[INFO] [stderr]   checking that generated files are newer than configure... done
[INFO] [stderr]   configure: creating ./config.status
[INFO] [stderr]   config.status: creating Makefile
[INFO] [stderr]   config.status: executing depfiles commands
[INFO] [stderr]   config.status: executing libtool commands
[INFO] [stderr]   === configuring in modules/oniguruma (/opt/rustwide/target/debug/build/jq-sys-a02db77e1a2553b5/out/build/modules/oniguruma)
[INFO] [stderr]   configure: running /bin/bash /opt/rustwide/target/debug/build/jq-sys-a02db77e1a2553b5/out/sources/jq/modules/oniguruma/configure --disable-option-checking '--prefix=/opt/rustwide/target/debug/build/jq-sys-a02db77e1a2553b5/out'  '--disable-shared' '--enable-static' '--disable-maintainer-mode' '--with-oniguruma=builtin' 'CC=cc' 'CFLAGS=-O0 -ffunction-sections -fdata-sections -fPIC -gdwarf-4 -fno-omit-frame-pointer -m64' --cache-file=/dev/null --srcdir=/opt/rustwide/target/debug/build/jq-sys-a02db77e1a2553b5/out/sources/jq/modules/oniguruma
[INFO] [stderr]   checking for a BSD-compatible install... /usr/bin/install -c
[INFO] [stderr]   checking whether build environment is sane... yes
[INFO] [stderr]   checking for a race-free mkdir -p... /usr/bin/mkdir -p
[INFO] [stderr]   checking for gawk... no
[INFO] [stderr]   checking for mawk... mawk
[INFO] [stderr]   checking whether make sets $(MAKE)... yes
[INFO] [stderr]   checking whether make supports nested variables... yes
[INFO] [stderr]   checking for gcc... cc
[INFO] [stderr]   checking whether the C compiler works... yes
[INFO] [stderr]   checking for C compiler default output file name... a.out
[INFO] [stderr]   checking for suffix of executables... 
[INFO] [stderr]   checking whether we are cross compiling... no
[INFO] [stderr]   checking for suffix of object files... o
[INFO] [stderr]   checking whether the compiler supports GNU C... yes
[INFO] [stderr]   checking whether cc accepts -g... yes
[INFO] [stderr]   checking for cc option to enable C11 features... none needed
[INFO] [stderr]   checking whether cc understands -c and -o together... yes
[INFO] [stderr]   checking whether make supports the include directive... yes (GNU style)
[INFO] [stderr]   checking dependency style of cc... gcc3
[INFO] [stderr]   checking build system type... x86_64-pc-linux-gnu
[INFO] [stderr]   checking host system type... x86_64-pc-linux-gnu
[INFO] [stderr]   checking how to print strings... printf
[INFO] [stderr]   checking for a sed that does not truncate output... /usr/bin/sed
[INFO] [stderr]   checking for grep that handles long lines and -e... /usr/bin/grep
[INFO] [stderr]   checking for egrep... /usr/bin/grep -E
[INFO] [stderr]   checking for fgrep... /usr/bin/grep -F
[INFO] [stderr]   checking for ld used by cc... /usr/bin/ld
[INFO] [stderr]   checking if the linker (/usr/bin/ld) is GNU ld... yes
[INFO] [stderr]   checking for BSD- or MS-compatible name lister (nm)... /usr/bin/nm -B
[INFO] [stderr]   checking the name lister (/usr/bin/nm -B) interface... BSD nm
[INFO] [stderr]   checking whether ln -s works... yes
[INFO] [stderr]   checking the maximum length of command line arguments... 1572864
[INFO] [stderr]   checking how to convert x86_64-pc-linux-gnu file names to x86_64-pc-linux-gnu format... func_convert_file_noop
[INFO] [stderr]   checking how to convert x86_64-pc-linux-gnu file names to toolchain format... func_convert_file_noop
[INFO] [stderr]   checking for /usr/bin/ld option to reload object files... -r
[INFO] [stderr]   checking for objdump... objdump
[INFO] [stderr]   checking how to recognize dependent libraries... pass_all
[INFO] [stderr]   checking for dlltool... no
[INFO] [stderr]   checking how to associate runtime and link libraries... printf %s\n
[INFO] [stderr]   checking for ar... ar
[INFO] [stderr]   checking for archiver @FILE support... @
[INFO] [stderr]   checking for strip... strip
[INFO] [stderr]   checking for ranlib... ranlib
[INFO] [stderr]   checking command to parse /usr/bin/nm -B output from cc object... ok
[INFO] [stderr]   checking for sysroot... no
[INFO] [stderr]   checking for a working dd... /usr/bin/dd
[INFO] [stderr]   checking how to truncate binary pipes... /usr/bin/dd bs=4096 count=1
[INFO] [stderr]   checking for mt... no
[INFO] [stderr]   checking if : is a manifest tool... no
[INFO] [stderr]   checking for stdio.h... yes
[INFO] [stderr]   checking for stdlib.h... yes
[INFO] [stderr]   checking for string.h... yes
[INFO] [stderr]   checking for inttypes.h... yes
[INFO] [stderr]   checking for stdint.h... yes
[INFO] [stderr]   checking for strings.h... yes
[INFO] [stderr]   checking for sys/stat.h... yes
[INFO] [stderr]   checking for sys/types.h... yes
[INFO] [stderr]   checking for unistd.h... yes
[INFO] [stderr]   checking for sys/time.h... yes
[INFO] [stderr]   checking for dlfcn.h... yes
[INFO] [stderr]   checking for objdir... .libs
[INFO] [stderr]   checking if cc supports -fno-rtti -fno-exceptions... no
[INFO] [stderr]   checking for cc option to produce PIC... -fPIC -DPIC
[INFO] [stderr]   checking if cc PIC flag -fPIC -DPIC works... yes
[INFO] [stderr]   checking if cc static flag -static works... yes
[INFO] [stderr]   checking if cc supports -c -o file.o... yes
[INFO] [stderr]   checking if cc supports -c -o file.o... (cached) yes
[INFO] [stderr]   checking whether the cc linker (/usr/bin/ld -m elf_x86_64) supports shared libraries... yes
[INFO] [stderr]   checking dynamic linker characteristics... GNU/Linux ld.so
[INFO] [stderr]   checking how to hardcode library paths into programs... immediate
[INFO] [stderr]   checking whether stripping libraries is possible... yes
[INFO] [stderr]   checking if libtool supports shared libraries... yes
[INFO] [stderr]   checking whether to build shared libraries... no
[INFO] [stderr]   checking whether to build static libraries... yes
[INFO] [stderr]   checking whether make sets $(MAKE)... (cached) yes
[INFO] [stderr]   checking for egrep... (cached) /usr/bin/grep -E
[INFO] [stderr]   checking for stdlib.h... (cached) yes
[INFO] [stderr]   checking for string.h... (cached) yes
[INFO] [stderr]   checking for strings.h... (cached) yes
[INFO] [stderr]   checking for sys/time.h... (cached) yes
[INFO] [stderr]   checking for unistd.h... (cached) yes
[INFO] [stderr]   checking for sys/times.h... yes
[INFO] [stderr]   checking size of int... 4
[INFO] [stderr]   checking size of short... 2
[INFO] [stderr]   checking size of long... 8
[INFO] [stderr]   checking for an ANSI C-conforming const... yes
[INFO] [stderr]   checking for size_t... yes
[INFO] [stderr]   checking for working alloca.h... yes
[INFO] [stderr]   checking for alloca... yes
[INFO] [stderr]   checking for working memcmp... yes
[INFO] [stderr]   checking for prototypes... yes
[INFO] [stderr]   checking for variable length prototypes and stdarg.h... yes
[INFO] [stderr]   checking that generated files are newer than configure... done
[INFO] [stderr]   configure: creating ./config.status
[INFO] [stderr]   config.status: creating Makefile
[INFO] [stderr]   config.status: creating src/Makefile
[INFO] [stderr]   config.status: creating test/Makefile
[INFO] [stderr]   config.status: creating sample/Makefile
[INFO] [stderr]   config.status: creating onig-config
[INFO] [stderr]   config.status: creating src/config.h
[INFO] [stderr]   config.status: executing depfiles commands
[INFO] [stderr]   config.status: executing libtool commands
[INFO] [stderr]   config.status: executing default commands
[INFO] [stderr]   running: cd "/opt/rustwide/target/debug/build/jq-sys-a02db77e1a2553b5/out/build" && MAKEFLAGS="-j --jobserver-fds=8,9 --jobserver-auth=8,9" "sh" "-c" "exec \"$0\" \"$@\"" "make" "install" "LDFLAGS=-all-static" "CFLAGS=-fPIC" "-j16"
[INFO] [stderr]     GEN      src/builtin.inc
[INFO] [stderr]     GEN      src/version.h
[INFO] [stderr]   make  install-recursive
[INFO] [stderr]   make[1]: Entering directory '/opt/rustwide/target/debug/build/jq-sys-a02db77e1a2553b5/out/build'
[INFO] [stderr]   Making install in modules/oniguruma
[INFO] [stderr]   make[2]: Entering directory '/opt/rustwide/target/debug/build/jq-sys-a02db77e1a2553b5/out/build/modules/oniguruma'
[INFO] [stderr]   Making install in src
[INFO] [stderr]   make[3]: Entering directory '/opt/rustwide/target/debug/build/jq-sys-a02db77e1a2553b5/out/build/modules/oniguruma/src'
[INFO] [stderr]   /bin/bash ../libtool  --tag=CC   --mode=compile cc -DHAVE_CONFIG_H -I. -I/opt/rustwide/target/debug/build/jq-sys-a02db77e1a2553b5/out/sources/jq/modules/oniguruma/src  -I/opt/rustwide/target/debug/build/jq-sys-a02db77e1a2553b5/out/sources/jq/modules/oniguruma -I/opt/rustwide/target/debug/build/jq-sys-a02db77e1a2553b5/out/include  -Wall -fPIC -MT regerror.lo -MD -MP -MF .deps/regerror.Tpo -c -o regerror.lo /opt/rustwide/target/debug/build/jq-sys-a02db77e1a2553b5/out/sources/jq/modules/oniguruma/src/regerror.c
[INFO] [stderr]   /bin/bash ../libtool  --tag=CC   --mode=compile cc -DHAVE_CONFIG_H -I. -I/opt/rustwide/target/debug/build/jq-sys-a02db77e1a2553b5/out/sources/jq/modules/oniguruma/src  -I/opt/rustwide/target/debug/build/jq-sys-a02db77e1a2553b5/out/sources/jq/modules/oniguruma -I/opt/rustwide/target/debug/build/jq-sys-a02db77e1a2553b5/out/include  -Wall -fPIC -MT regparse.lo -MD -MP -MF .deps/regparse.Tpo -c -o regparse.lo /opt/rustwide/target/debug/build/jq-sys-a02db77e1a2553b5/out/sources/jq/modules/oniguruma/src/regparse.c
[INFO] [stderr]   /bin/bash ../libtool  --tag=CC   --mode=compile cc -DHAVE_CONFIG_H -I. -I/opt/rustwide/target/debug/build/jq-sys-a02db77e1a2553b5/out/sources/jq/modules/oniguruma/src  -I/opt/rustwide/target/debug/build/jq-sys-a02db77e1a2553b5/out/sources/jq/modules/oniguruma -I/opt/rustwide/target/debug/build/jq-sys-a02db77e1a2553b5/out/include  -Wall -fPIC -MT regext.lo -MD -MP -MF .deps/regext.Tpo -c -o regext.lo /opt/rustwide/target/debug/build/jq-sys-a02db77e1a2553b5/out/sources/jq/modules/oniguruma/src/regext.c
[INFO] [stderr]   /bin/bash ../libtool  --tag=CC   --mode=compile cc -DHAVE_CONFIG_H -I. -I/opt/rustwide/target/debug/build/jq-sys-a02db77e1a2553b5/out/sources/jq/modules/oniguruma/src  -I/opt/rustwide/target/debug/build/jq-sys-a02db77e1a2553b5/out/sources/jq/modules/oniguruma -I/opt/rustwide/target/debug/build/jq-sys-a02db77e1a2553b5/out/include  -Wall -fPIC -MT regcomp.lo -MD -MP -MF .deps/regcomp.Tpo -c -o regcomp.lo /opt/rustwide/target/debug/build/jq-sys-a02db77e1a2553b5/out/sources/jq/modules/oniguruma/src/regcomp.c
[INFO] [stderr]   /bin/bash ../libtool  --tag=CC   --mode=compile cc -DHAVE_CONFIG_H -I. -I/opt/rustwide/target/debug/build/jq-sys-a02db77e1a2553b5/out/sources/jq/modules/oniguruma/src  -I/opt/rustwide/target/debug/build/jq-sys-a02db77e1a2553b5/out/sources/jq/modules/oniguruma -I/opt/rustwide/target/debug/build/jq-sys-a02db77e1a2553b5/out/include  -Wall -fPIC -MT regexec.lo -MD -MP -MF .deps/regexec.Tpo -c -o regexec.lo /opt/rustwide/target/debug/build/jq-sys-a02db77e1a2553b5/out/sources/jq/modules/oniguruma/src/regexec.c
[INFO] [stderr]   /bin/bash ../libtool  --tag=CC   --mode=compile cc -DHAVE_CONFIG_H -I. -I/opt/rustwide/target/debug/build/jq-sys-a02db77e1a2553b5/out/sources/jq/modules/oniguruma/src  -I/opt/rustwide/target/debug/build/jq-sys-a02db77e1a2553b5/out/sources/jq/modules/oniguruma -I/opt/rustwide/target/debug/build/jq-sys-a02db77e1a2553b5/out/include  -Wall -fPIC -MT reggnu.lo -MD -MP -MF .deps/reggnu.Tpo -c -o reggnu.lo /opt/rustwide/target/debug/build/jq-sys-a02db77e1a2553b5/out/sources/jq/modules/oniguruma/src/reggnu.c
[INFO] [stderr]   /bin/bash ../libtool  --tag=CC   --mode=compile cc -DHAVE_CONFIG_H -I. -I/opt/rustwide/target/debug/build/jq-sys-a02db77e1a2553b5/out/sources/jq/modules/oniguruma/src  -I/opt/rustwide/target/debug/build/jq-sys-a02db77e1a2553b5/out/sources/jq/modules/oniguruma -I/opt/rustwide/target/debug/build/jq-sys-a02db77e1a2553b5/out/include  -Wall -fPIC -MT regenc.lo -MD -MP -MF .deps/regenc.Tpo -c -o regenc.lo /opt/rustwide/target/debug/build/jq-sys-a02db77e1a2553b5/out/sources/jq/modules/oniguruma/src/regenc.c
[INFO] [stderr]   /bin/bash ../libtool  --tag=CC   --mode=compile cc -DHAVE_CONFIG_H -I. -I/opt/rustwide/target/debug/build/jq-sys-a02db77e1a2553b5/out/sources/jq/modules/oniguruma/src  -I/opt/rustwide/target/debug/build/jq-sys-a02db77e1a2553b5/out/sources/jq/modules/oniguruma -I/opt/rustwide/target/debug/build/jq-sys-a02db77e1a2553b5/out/include  -Wall -fPIC -MT regsyntax.lo -MD -MP -MF .deps/regsyntax.Tpo -c -o regsyntax.lo /opt/rustwide/target/debug/build/jq-sys-a02db77e1a2553b5/out/sources/jq/modules/oniguruma/src/regsyntax.c
[INFO] [stderr]   /bin/bash ../libtool  --tag=CC   --mode=compile cc -DHAVE_CONFIG_H -I. -I/opt/rustwide/target/debug/build/jq-sys-a02db77e1a2553b5/out/sources/jq/modules/oniguruma/src  -I/opt/rustwide/target/debug/build/jq-sys-a02db77e1a2553b5/out/sources/jq/modules/oniguruma -I/opt/rustwide/target/debug/build/jq-sys-a02db77e1a2553b5/out/include  -Wall -fPIC -MT regtrav.lo -MD -MP -MF .deps/regtrav.Tpo -c -o regtrav.lo /opt/rustwide/target/debug/build/jq-sys-a02db77e1a2553b5/out/sources/jq/modules/oniguruma/src/regtrav.c
[INFO] [stderr]   /bin/bash ../libtool  --tag=CC   --mode=compile cc -DHAVE_CONFIG_H -I. -I/opt/rustwide/target/debug/build/jq-sys-a02db77e1a2553b5/out/sources/jq/modules/oniguruma/src  -I/opt/rustwide/target/debug/build/jq-sys-a02db77e1a2553b5/out/sources/jq/modules/oniguruma -I/opt/rustwide/target/debug/build/jq-sys-a02db77e1a2553b5/out/include  -Wall -fPIC -MT regversion.lo -MD -MP -MF .deps/regversion.Tpo -c -o regversion.lo /opt/rustwide/target/debug/build/jq-sys-a02db77e1a2553b5/out/sources/jq/modules/oniguruma/src/regversion.c
[INFO] [stderr]   /bin/bash ../libtool  --tag=CC   --mode=compile cc -DHAVE_CONFIG_H -I. -I/opt/rustwide/target/debug/build/jq-sys-a02db77e1a2553b5/out/sources/jq/modules/oniguruma/src  -I/opt/rustwide/target/debug/build/jq-sys-a02db77e1a2553b5/out/sources/jq/modules/oniguruma -I/opt/rustwide/target/debug/build/jq-sys-a02db77e1a2553b5/out/include  -Wall -fPIC -MT st.lo -MD -MP -MF .deps/st.Tpo -c -o st.lo /opt/rustwide/target/debug/build/jq-sys-a02db77e1a2553b5/out/sources/jq/modules/oniguruma/src/st.c
[INFO] [stderr]   /bin/bash ../libtool  --tag=CC   --mode=compile cc -DHAVE_CONFIG_H -I. -I/opt/rustwide/target/debug/build/jq-sys-a02db77e1a2553b5/out/sources/jq/modules/oniguruma/src  -I/opt/rustwide/target/debug/build/jq-sys-a02db77e1a2553b5/out/sources/jq/modules/oniguruma -I/opt/rustwide/target/debug/build/jq-sys-a02db77e1a2553b5/out/include  -Wall -fPIC -MT regposix.lo -MD -MP -MF .deps/regposix.Tpo -c -o regposix.lo /opt/rustwide/target/debug/build/jq-sys-a02db77e1a2553b5/out/sources/jq/modules/oniguruma/src/regposix.c
[INFO] [stderr]   /bin/bash ../libtool  --tag=CC   --mode=compile cc -DHAVE_CONFIG_H -I. -I/opt/rustwide/target/debug/build/jq-sys-a02db77e1a2553b5/out/sources/jq/modules/oniguruma/src  -I/opt/rustwide/target/debug/build/jq-sys-a02db77e1a2553b5/out/sources/jq/modules/oniguruma -I/opt/rustwide/target/debug/build/jq-sys-a02db77e1a2553b5/out/include  -Wall -fPIC -MT regposerr.lo -MD -MP -MF .deps/regposerr.Tpo -c -o regposerr.lo /opt/rustwide/target/debug/build/jq-sys-a02db77e1a2553b5/out/sources/jq/modules/oniguruma/src/regposerr.c
[INFO] [stderr]   /bin/bash ../libtool  --tag=CC   --mode=compile cc -DHAVE_CONFIG_H -I. -I/opt/rustwide/target/debug/build/jq-sys-a02db77e1a2553b5/out/sources/jq/modules/oniguruma/src  -I/opt/rustwide/target/debug/build/jq-sys-a02db77e1a2553b5/out/sources/jq/modules/oniguruma -I/opt/rustwide/target/debug/build/jq-sys-a02db77e1a2553b5/out/include  -Wall -fPIC -MT unicode.lo -MD -MP -MF .deps/unicode.Tpo -c -o unicode.lo /opt/rustwide/target/debug/build/jq-sys-a02db77e1a2553b5/out/sources/jq/modules/oniguruma/src/unicode.c
[INFO] [stderr]   libtool: compile:  cc -DHAVE_CONFIG_H -I. -I/opt/rustwide/target/debug/build/jq-sys-a02db77e1a2553b5/out/sources/jq/modules/oniguruma/src -I/opt/rustwide/target/debug/build/jq-sys-a02db77e1a2553b5/out/sources/jq/modules/oniguruma -I/opt/rustwide/target/debug/build/jq-sys-a02db77e1a2553b5/out/include -Wall -fPIC -MT regcomp.lo -MD -MP -MF .deps/regcomp.Tpo -c /opt/rustwide/target/debug/build/jq-sys-a02db77e1a2553b5/out/sources/jq/modules/oniguruma/src/regcomp.c -o regcomp.o
[INFO] [stderr]   /bin/bash ../libtool  --tag=CC   --mode=compile cc -DHAVE_CONFIG_H -I. -I/opt/rustwide/target/debug/build/jq-sys-a02db77e1a2553b5/out/sources/jq/modules/oniguruma/src  -I/opt/rustwide/target/debug/build/jq-sys-a02db77e1a2553b5/out/sources/jq/modules/oniguruma -I/opt/rustwide/target/debug/build/jq-sys-a02db77e1a2553b5/out/include  -Wall -fPIC -MT unicode_unfold_key.lo -MD -MP -MF .deps/unicode_unfold_key.Tpo -c -o unicode_unfold_key.lo /opt/rustwide/target/debug/build/jq-sys-a02db77e1a2553b5/out/sources/jq/modules/oniguruma/src/unicode_unfold_key.c
[INFO] [stderr]   /bin/bash ../libtool  --tag=CC   --mode=compile cc -DHAVE_CONFIG_H -I. -I/opt/rustwide/target/debug/build/jq-sys-a02db77e1a2553b5/out/sources/jq/modules/oniguruma/src  -I/opt/rustwide/target/debug/build/jq-sys-a02db77e1a2553b5/out/sources/jq/modules/oniguruma -I/opt/rustwide/target/debug/build/jq-sys-a02db77e1a2553b5/out/include  -Wall -fPIC -MT unicode_fold1_key.lo -MD -MP -MF .deps/unicode_fold1_key.Tpo -c -o unicode_fold1_key.lo /opt/rustwide/target/debug/build/jq-sys-a02db77e1a2553b5/out/sources/jq/modules/oniguruma/src/unicode_fold1_key.c
[INFO] [stderr]   libtool: compile:  cc -DHAVE_CONFIG_H -I. -I/opt/rustwide/target/debug/build/jq-sys-a02db77e1a2553b5/out/sources/jq/modules/oniguruma/src -I/opt/rustwide/target/debug/build/jq-sys-a02db77e1a2553b5/out/sources/jq/modules/oniguruma -I/opt/rustwide/target/debug/build/jq-sys-a02db77e1a2553b5/out/include -Wall -fPIC -MT regsyntax.lo -MD -MP -MF .deps/regsyntax.Tpo -c /opt/rustwide/target/debug/build/jq-sys-a02db77e1a2553b5/out/sources/jq/modules/oniguruma/src/regsyntax.c -o regsyntax.o
[INFO] [stderr]   libtool: compile:  cc -DHAVE_CONFIG_H -I. -I/opt/rustwide/target/debug/build/jq-sys-a02db77e1a2553b5/out/sources/jq/modules/oniguruma/src -I/opt/rustwide/target/debug/build/jq-sys-a02db77e1a2553b5/out/sources/jq/modules/oniguruma -I/opt/rustwide/target/debug/build/jq-sys-a02db77e1a2553b5/out/include -Wall -fPIC -MT regexec.lo -MD -MP -MF .deps/regexec.Tpo -c /opt/rustwide/target/debug/build/jq-sys-a02db77e1a2553b5/out/sources/jq/modules/oniguruma/src/regexec.c -o regexec.o
[INFO] [stderr]   libtool: compile:  cc -DHAVE_CONFIG_H -I. -I/opt/rustwide/target/debug/build/jq-sys-a02db77e1a2553b5/out/sources/jq/modules/oniguruma/src -I/opt/rustwide/target/debug/build/jq-sys-a02db77e1a2553b5/out/sources/jq/modules/oniguruma -I/opt/rustwide/target/debug/build/jq-sys-a02db77e1a2553b5/out/include -Wall -fPIC -MT regerror.lo -MD -MP -MF .deps/regerror.Tpo -c /opt/rustwide/target/debug/build/jq-sys-a02db77e1a2553b5/out/sources/jq/modules/oniguruma/src/regerror.c -o regerror.o
[INFO] [stderr]   libtool: compile:  cc -DHAVE_CONFIG_H -I. -I/opt/rustwide/target/debug/build/jq-sys-a02db77e1a2553b5/out/sources/jq/modules/oniguruma/src -I/opt/rustwide/target/debug/build/jq-sys-a02db77e1a2553b5/out/sources/jq/modules/oniguruma -I/opt/rustwide/target/debug/build/jq-sys-a02db77e1a2553b5/out/include -Wall -fPIC -MT regparse.lo -MD -MP -MF .deps/regparse.Tpo -c /opt/rustwide/target/debug/build/jq-sys-a02db77e1a2553b5/out/sources/jq/modules/oniguruma/src/regparse.c -o regparse.o
[INFO] [stderr]   libtool: compile:  cc -DHAVE_CONFIG_H -I. -I/opt/rustwide/target/debug/build/jq-sys-a02db77e1a2553b5/out/sources/jq/modules/oniguruma/src -I/opt/rustwide/target/debug/build/jq-sys-a02db77e1a2553b5/out/sources/jq/modules/oniguruma -I/opt/rustwide/target/debug/build/jq-sys-a02db77e1a2553b5/out/include -Wall -fPIC -MT regposerr.lo -MD -MP -MF .deps/regposerr.Tpo -c /opt/rustwide/target/debug/build/jq-sys-a02db77e1a2553b5/out/sources/jq/modules/oniguruma/src/regposerr.c -o regposerr.o
[INFO] [stderr]   libtool: compile:  cc -DHAVE_CONFIG_H -I. -I/opt/rustwide/target/debug/build/jq-sys-a02db77e1a2553b5/out/sources/jq/modules/oniguruma/src -I/opt/rustwide/target/debug/build/jq-sys-a02db77e1a2553b5/out/sources/jq/modules/oniguruma -I/opt/rustwide/target/debug/build/jq-sys-a02db77e1a2553b5/out/include -Wall -fPIC -MT st.lo -MD -MP -MF .deps/st.Tpo -c /opt/rustwide/target/debug/build/jq-sys-a02db77e1a2553b5/out/sources/jq/modules/oniguruma/src/st.c -o st.o
[INFO] [stderr]   libtool: compile:  cc -DHAVE_CONFIG_H -I. -I/opt/rustwide/target/debug/build/jq-sys-a02db77e1a2553b5/out/sources/jq/modules/oniguruma/src -I/opt/rustwide/target/debug/build/jq-sys-a02db77e1a2553b5/out/sources/jq/modules/oniguruma -I/opt/rustwide/target/debug/build/jq-sys-a02db77e1a2553b5/out/include -Wall -fPIC -MT regext.lo -MD -MP -MF .deps/regext.Tpo -c /opt/rustwide/target/debug/build/jq-sys-a02db77e1a2553b5/out/sources/jq/modules/oniguruma/src/regext.c -o regext.o
[INFO] [stderr]   libtool: compile:  cc -DHAVE_CONFIG_H -I. -I/opt/rustwide/target/debug/build/jq-sys-a02db77e1a2553b5/out/sources/jq/modules/oniguruma/src -I/opt/rustwide/target/debug/build/jq-sys-a02db77e1a2553b5/out/sources/jq/modules/oniguruma -I/opt/rustwide/target/debug/build/jq-sys-a02db77e1a2553b5/out/include -Wall -fPIC -MT regenc.lo -MD -MP -MF .deps/regenc.Tpo -c /opt/rustwide/target/debug/build/jq-sys-a02db77e1a2553b5/out/sources/jq/modules/oniguruma/src/regenc.c -o regenc.o
[INFO] [stderr]   libtool: compile:  cc -DHAVE_CONFIG_H -I. -I/opt/rustwide/target/debug/build/jq-sys-a02db77e1a2553b5/out/sources/jq/modules/oniguruma/src -I/opt/rustwide/target/debug/build/jq-sys-a02db77e1a2553b5/out/sources/jq/modules/oniguruma -I/opt/rustwide/target/debug/build/jq-sys-a02db77e1a2553b5/out/include -Wall -fPIC -MT unicode_unfold_key.lo -MD -MP -MF .deps/unicode_unfold_key.Tpo -c /opt/rustwide/target/debug/build/jq-sys-a02db77e1a2553b5/out/sources/jq/modules/oniguruma/src/unicode_unfold_key.c -o unicode_unfold_key.o
[INFO] [stderr]   libtool: compile:  cc -DHAVE_CONFIG_H -I. -I/opt/rustwide/target/debug/build/jq-sys-a02db77e1a2553b5/out/sources/jq/modules/oniguruma/src -I/opt/rustwide/target/debug/build/jq-sys-a02db77e1a2553b5/out/sources/jq/modules/oniguruma -I/opt/rustwide/target/debug/build/jq-sys-a02db77e1a2553b5/out/include -Wall -fPIC -MT unicode_fold1_key.lo -MD -MP -MF .deps/unicode_fold1_key.Tpo -c /opt/rustwide/target/debug/build/jq-sys-a02db77e1a2553b5/out/sources/jq/modules/oniguruma/src/unicode_fold1_key.c -o unicode_fold1_key.o
[INFO] [stderr]   libtool: compile:  cc -DHAVE_CONFIG_H -I. -I/opt/rustwide/target/debug/build/jq-sys-a02db77e1a2553b5/out/sources/jq/modules/oniguruma/src -I/opt/rustwide/target/debug/build/jq-sys-a02db77e1a2553b5/out/sources/jq/modules/oniguruma -I/opt/rustwide/target/debug/build/jq-sys-a02db77e1a2553b5/out/include -Wall -fPIC -MT regversion.lo -MD -MP -MF .deps/regversion.Tpo -c /opt/rustwide/target/debug/build/jq-sys-a02db77e1a2553b5/out/sources/jq/modules/oniguruma/src/regversion.c -o regversion.o
[INFO] [stderr]   libtool: compile:  cc -DHAVE_CONFIG_H -I. -I/opt/rustwide/target/debug/build/jq-sys-a02db77e1a2553b5/out/sources/jq/modules/oniguruma/src -I/opt/rustwide/target/debug/build/jq-sys-a02db77e1a2553b5/out/sources/jq/modules/oniguruma -I/opt/rustwide/target/debug/build/jq-sys-a02db77e1a2553b5/out/include -Wall -fPIC -MT unicode.lo -MD -MP -MF .deps/unicode.Tpo -c /opt/rustwide/target/debug/build/jq-sys-a02db77e1a2553b5/out/sources/jq/modules/oniguruma/src/unicode.c -o unicode.o
[INFO] [stderr]   libtool: compile:  cc -DHAVE_CONFIG_H -I. -I/opt/rustwide/target/debug/build/jq-sys-a02db77e1a2553b5/out/sources/jq/modules/oniguruma/src -I/opt/rustwide/target/debug/build/jq-sys-a02db77e1a2553b5/out/sources/jq/modules/oniguruma -I/opt/rustwide/target/debug/build/jq-sys-a02db77e1a2553b5/out/include -Wall -fPIC -MT regtrav.lo -MD -MP -MF .deps/regtrav.Tpo -c /opt/rustwide/target/debug/build/jq-sys-a02db77e1a2553b5/out/sources/jq/modules/oniguruma/src/regtrav.c -o regtrav.o
[INFO] [stderr]   libtool: compile:  cc -DHAVE_CONFIG_H -I. -I/opt/rustwide/target/debug/build/jq-sys-a02db77e1a2553b5/out/sources/jq/modules/oniguruma/src -I/opt/rustwide/target/debug/build/jq-sys-a02db77e1a2553b5/out/sources/jq/modules/oniguruma -I/opt/rustwide/target/debug/build/jq-sys-a02db77e1a2553b5/out/include -Wall -fPIC -MT reggnu.lo -MD -MP -MF .deps/reggnu.Tpo -c /opt/rustwide/target/debug/build/jq-sys-a02db77e1a2553b5/out/sources/jq/modules/oniguruma/src/reggnu.c -o reggnu.o
[INFO] [stderr]   libtool: compile:  cc -DHAVE_CONFIG_H -I. -I/opt/rustwide/target/debug/build/jq-sys-a02db77e1a2553b5/out/sources/jq/modules/oniguruma/src -I/opt/rustwide/target/debug/build/jq-sys-a02db77e1a2553b5/out/sources/jq/modules/oniguruma -I/opt/rustwide/target/debug/build/jq-sys-a02db77e1a2553b5/out/include -Wall -fPIC -MT regposix.lo -MD -MP -MF .deps/regposix.Tpo -c /opt/rustwide/target/debug/build/jq-sys-a02db77e1a2553b5/out/sources/jq/modules/oniguruma/src/regposix.c -o regposix.o
[INFO] [stderr]   mv -f .deps/regposerr.Tpo .deps/regposerr.Plo
[INFO] [stderr]   /bin/bash ../libtool  --tag=CC   --mode=compile cc -DHAVE_CONFIG_H -I. -I/opt/rustwide/target/debug/build/jq-sys-a02db77e1a2553b5/out/sources/jq/modules/oniguruma/src  -I/opt/rustwide/target/debug/build/jq-sys-a02db77e1a2553b5/out/sources/jq/modules/oniguruma -I/opt/rustwide/target/debug/build/jq-sys-a02db77e1a2553b5/out/include  -Wall -fPIC -MT unicode_fold2_key.lo -MD -MP -MF .deps/unicode_fold2_key.Tpo -c -o unicode_fold2_key.lo /opt/rustwide/target/debug/build/jq-sys-a02db77e1a2553b5/out/sources/jq/modules/oniguruma/src/unicode_fold2_key.c
[INFO] [stderr]   mv -f .deps/unicode_unfold_key.Tpo .deps/unicode_unfold_key.Plo
[INFO] [stderr]   /bin/bash ../libtool  --tag=CC   --mode=compile cc -DHAVE_CONFIG_H -I. -I/opt/rustwide/target/debug/build/jq-sys-a02db77e1a2553b5/out/sources/jq/modules/oniguruma/src  -I/opt/rustwide/target/debug/build/jq-sys-a02db77e1a2553b5/out/sources/jq/modules/oniguruma -I/opt/rustwide/target/debug/build/jq-sys-a02db77e1a2553b5/out/include  -Wall -fPIC -MT unicode_fold3_key.lo -MD -MP -MF .deps/unicode_fold3_key.Tpo -c -o unicode_fold3_key.lo /opt/rustwide/target/debug/build/jq-sys-a02db77e1a2553b5/out/sources/jq/modules/oniguruma/src/unicode_fold3_key.c
[INFO] [stderr]   mv -f .deps/regenc.Tpo .deps/regenc.Plo
[INFO] [stderr]   mv -f .deps/reggnu.Tpo .deps/reggnu.Plo
[INFO] [stderr]   mv -f .deps/regsyntax.Tpo .deps/regsyntax.Plo
[INFO] [stderr]   /bin/bash ../libtool  --tag=CC   --mode=compile cc -DHAVE_CONFIG_H -I. -I/opt/rustwide/target/debug/build/jq-sys-a02db77e1a2553b5/out/sources/jq/modules/oniguruma/src  -I/opt/rustwide/target/debug/build/jq-sys-a02db77e1a2553b5/out/sources/jq/modules/oniguruma -I/opt/rustwide/target/debug/build/jq-sys-a02db77e1a2553b5/out/include  -Wall -fPIC -MT ascii.lo -MD -MP -MF .deps/ascii.Tpo -c -o ascii.lo /opt/rustwide/target/debug/build/jq-sys-a02db77e1a2553b5/out/sources/jq/modules/oniguruma/src/ascii.c
[INFO] [stderr]   mv -f .deps/regerror.Tpo .deps/regerror.Plo
[INFO] [stderr]   mv -f .deps/regposix.Tpo .deps/regposix.Plo
[INFO] [stderr]   mv -f .deps/unicode_fold1_key.Tpo .deps/unicode_fold1_key.Plo
[INFO] [stderr]   /bin/bash ../libtool  --tag=CC   --mode=compile cc -DHAVE_CONFIG_H -I. -I/opt/rustwide/target/debug/build/jq-sys-a02db77e1a2553b5/out/sources/jq/modules/oniguruma/src  -I/opt/rustwide/target/debug/build/jq-sys-a02db77e1a2553b5/out/sources/jq/modules/oniguruma -I/opt/rustwide/target/debug/build/jq-sys-a02db77e1a2553b5/out/include  -Wall -fPIC -MT utf8.lo -MD -MP -MF .deps/utf8.Tpo -c -o utf8.lo /opt/rustwide/target/debug/build/jq-sys-a02db77e1a2553b5/out/sources/jq/modules/oniguruma/src/utf8.c
[INFO] [stderr]   mv -f .deps/regversion.Tpo .deps/regversion.Plo
[INFO] [stderr]   /bin/bash ../libtool  --tag=CC   --mode=compile cc -DHAVE_CONFIG_H -I. -I/opt/rustwide/target/debug/build/jq-sys-a02db77e1a2553b5/out/sources/jq/modules/oniguruma/src  -I/opt/rustwide/target/debug/build/jq-sys-a02db77e1a2553b5/out/sources/jq/modules/oniguruma -I/opt/rustwide/target/debug/build/jq-sys-a02db77e1a2553b5/out/include  -Wall -fPIC -MT utf16_be.lo -MD -MP -MF .deps/utf16_be.Tpo -c -o utf16_be.lo /opt/rustwide/target/debug/build/jq-sys-a02db77e1a2553b5/out/sources/jq/modules/oniguruma/src/utf16_be.c
[INFO] [stderr]   /bin/bash ../libtool  --tag=CC   --mode=compile cc -DHAVE_CONFIG_H -I. -I/opt/rustwide/target/debug/build/jq-sys-a02db77e1a2553b5/out/sources/jq/modules/oniguruma/src  -I/opt/rustwide/target/debug/build/jq-sys-a02db77e1a2553b5/out/sources/jq/modules/oniguruma -I/opt/rustwide/target/debug/build/jq-sys-a02db77e1a2553b5/out/include  -Wall -fPIC -MT utf16_le.lo -MD -MP -MF .deps/utf16_le.Tpo -c -o utf16_le.lo /opt/rustwide/target/debug/build/jq-sys-a02db77e1a2553b5/out/sources/jq/modules/oniguruma/src/utf16_le.c
[INFO] [stderr]   libtool: compile:  cc -DHAVE_CONFIG_H -I. -I/opt/rustwide/target/debug/build/jq-sys-a02db77e1a2553b5/out/sources/jq/modules/oniguruma/src -I/opt/rustwide/target/debug/build/jq-sys-a02db77e1a2553b5/out/sources/jq/modules/oniguruma -I/opt/rustwide/target/debug/build/jq-sys-a02db77e1a2553b5/out/include -Wall -fPIC -MT unicode_fold2_key.lo -MD -MP -MF .deps/unicode_fold2_key.Tpo -c /opt/rustwide/target/debug/build/jq-sys-a02db77e1a2553b5/out/sources/jq/modules/oniguruma/src/unicode_fold2_key.c -o unicode_fold2_key.o
[INFO] [stderr]   /bin/bash ../libtool  --tag=CC   --mode=compile cc -DHAVE_CONFIG_H -I. -I/opt/rustwide/target/debug/build/jq-sys-a02db77e1a2553b5/out/sources/jq/modules/oniguruma/src  -I/opt/rustwide/target/debug/build/jq-sys-a02db77e1a2553b5/out/sources/jq/modules/oniguruma -I/opt/rustwide/target/debug/build/jq-sys-a02db77e1a2553b5/out/include  -Wall -fPIC -MT utf32_be.lo -MD -MP -MF .deps/utf32_be.Tpo -c -o utf32_be.lo /opt/rustwide/target/debug/build/jq-sys-a02db77e1a2553b5/out/sources/jq/modules/oniguruma/src/utf32_be.c
[INFO] [stderr]   /bin/bash ../libtool  --tag=CC   --mode=compile cc -DHAVE_CONFIG_H -I. -I/opt/rustwide/target/debug/build/jq-sys-a02db77e1a2553b5/out/sources/jq/modules/oniguruma/src  -I/opt/rustwide/target/debug/build/jq-sys-a02db77e1a2553b5/out/sources/jq/modules/oniguruma -I/opt/rustwide/target/debug/build/jq-sys-a02db77e1a2553b5/out/include  -Wall -fPIC -MT utf32_le.lo -MD -MP -MF .deps/utf32_le.Tpo -c -o utf32_le.lo /opt/rustwide/target/debug/build/jq-sys-a02db77e1a2553b5/out/sources/jq/modules/oniguruma/src/utf32_le.c
[INFO] [stderr]   libtool: compile:  cc -DHAVE_CONFIG_H -I. -I/opt/rustwide/target/debug/build/jq-sys-a02db77e1a2553b5/out/sources/jq/modules/oniguruma/src -I/opt/rustwide/target/debug/build/jq-sys-a02db77e1a2553b5/out/sources/jq/modules/oniguruma -I/opt/rustwide/target/debug/build/jq-sys-a02db77e1a2553b5/out/include -Wall -fPIC -MT unicode_fold3_key.lo -MD -MP -MF .deps/unicode_fold3_key.Tpo -c /opt/rustwide/target/debug/build/jq-sys-a02db77e1a2553b5/out/sources/jq/modules/oniguruma/src/unicode_fold3_key.c -o unicode_fold3_key.o
[INFO] [stderr]   /bin/bash ../libtool  --tag=CC   --mode=compile cc -DHAVE_CONFIG_H -I. -I/opt/rustwide/target/debug/build/jq-sys-a02db77e1a2553b5/out/sources/jq/modules/oniguruma/src  -I/opt/rustwide/target/debug/build/jq-sys-a02db77e1a2553b5/out/sources/jq/modules/oniguruma -I/opt/rustwide/target/debug/build/jq-sys-a02db77e1a2553b5/out/include  -Wall -fPIC -MT euc_jp.lo -MD -MP -MF .deps/euc_jp.Tpo -c -o euc_jp.lo /opt/rustwide/target/debug/build/jq-sys-a02db77e1a2553b5/out/sources/jq/modules/oniguruma/src/euc_jp.c
[INFO] [stderr]   mv -f .deps/regtrav.Tpo .deps/regtrav.Plo
[INFO] [stderr]   /bin/bash ../libtool  --tag=CC   --mode=compile cc -DHAVE_CONFIG_H -I. -I/opt/rustwide/target/debug/build/jq-sys-a02db77e1a2553b5/out/sources/jq/modules/oniguruma/src  -I/opt/rustwide/target/debug/build/jq-sys-a02db77e1a2553b5/out/sources/jq/modules/oniguruma -I/opt/rustwide/target/debug/build/jq-sys-a02db77e1a2553b5/out/include  -Wall -fPIC -MT euc_jp_prop.lo -MD -MP -MF .deps/euc_jp_prop.Tpo -c -o euc_jp_prop.lo /opt/rustwide/target/debug/build/jq-sys-a02db77e1a2553b5/out/sources/jq/modules/oniguruma/src/euc_jp_prop.c
[INFO] [stderr]   mv -f .deps/unicode_fold2_key.Tpo .deps/unicode_fold2_key.Plo
[INFO] [stderr]   mv -f .deps/regext.Tpo .deps/regext.Plo
[INFO] [stderr]   /bin/bash ../libtool  --tag=CC   --mode=compile cc -DHAVE_CONFIG_H -I. -I/opt/rustwide/target/debug/build/jq-sys-a02db77e1a2553b5/out/sources/jq/modules/oniguruma/src  -I/opt/rustwide/target/debug/build/jq-sys-a02db77e1a2553b5/out/sources/jq/modules/oniguruma -I/opt/rustwide/target/debug/build/jq-sys-a02db77e1a2553b5/out/include  -Wall -fPIC -MT sjis.lo -MD -MP -MF .deps/sjis.Tpo -c -o sjis.lo /opt/rustwide/target/debug/build/jq-sys-a02db77e1a2553b5/out/sources/jq/modules/oniguruma/src/sjis.c
[INFO] [stderr]   /bin/bash ../libtool  --tag=CC   --mode=compile cc -DHAVE_CONFIG_H -I. -I/opt/rustwide/target/debug/build/jq-sys-a02db77e1a2553b5/out/sources/jq/modules/oniguruma/src  -I/opt/rustwide/target/debug/build/jq-sys-a02db77e1a2553b5/out/sources/jq/modules/oniguruma -I/opt/rustwide/target/debug/build/jq-sys-a02db77e1a2553b5/out/include  -Wall -fPIC -MT sjis_prop.lo -MD -MP -MF .deps/sjis_prop.Tpo -c -o sjis_prop.lo /opt/rustwide/target/debug/build/jq-sys-a02db77e1a2553b5/out/sources/jq/modules/oniguruma/src/sjis_prop.c
[INFO] [stderr]   libtool: compile:  cc -DHAVE_CONFIG_H -I. -I/opt/rustwide/target/debug/build/jq-sys-a02db77e1a2553b5/out/sources/jq/modules/oniguruma/src -I/opt/rustwide/target/debug/build/jq-sys-a02db77e1a2553b5/out/sources/jq/modules/oniguruma -I/opt/rustwide/target/debug/build/jq-sys-a02db77e1a2553b5/out/include -Wall -fPIC -MT ascii.lo -MD -MP -MF .deps/ascii.Tpo -c /opt/rustwide/target/debug/build/jq-sys-a02db77e1a2553b5/out/sources/jq/modules/oniguruma/src/ascii.c -o ascii.o
[INFO] [stderr]   libtool: compile:  cc -DHAVE_CONFIG_H -I. -I/opt/rustwide/target/debug/build/jq-sys-a02db77e1a2553b5/out/sources/jq/modules/oniguruma/src -I/opt/rustwide/target/debug/build/jq-sys-a02db77e1a2553b5/out/sources/jq/modules/oniguruma -I/opt/rustwide/target/debug/build/jq-sys-a02db77e1a2553b5/out/include -Wall -fPIC -MT utf16_be.lo -MD -MP -MF .deps/utf16_be.Tpo -c /opt/rustwide/target/debug/build/jq-sys-a02db77e1a2553b5/out/sources/jq/modules/oniguruma/src/utf16_be.c -o utf16_be.o
[INFO] [stderr]   libtool: compile:  cc -DHAVE_CONFIG_H -I. -I/opt/rustwide/target/debug/build/jq-sys-a02db77e1a2553b5/out/sources/jq/modules/oniguruma/src -I/opt/rustwide/target/debug/build/jq-sys-a02db77e1a2553b5/out/sources/jq/modules/oniguruma -I/opt/rustwide/target/debug/build/jq-sys-a02db77e1a2553b5/out/include -Wall -fPIC -MT utf8.lo -MD -MP -MF .deps/utf8.Tpo -c /opt/rustwide/target/debug/build/jq-sys-a02db77e1a2553b5/out/sources/jq/modules/oniguruma/src/utf8.c -o utf8.o
[INFO] [stderr]   libtool: compile:  cc -DHAVE_CONFIG_H -I. -I/opt/rustwide/target/debug/build/jq-sys-a02db77e1a2553b5/out/sources/jq/modules/oniguruma/src -I/opt/rustwide/target/debug/build/jq-sys-a02db77e1a2553b5/out/sources/jq/modules/oniguruma -I/opt/rustwide/target/debug/build/jq-sys-a02db77e1a2553b5/out/include -Wall -fPIC -MT utf32_be.lo -MD -MP -MF .deps/utf32_be.Tpo -c /opt/rustwide/target/debug/build/jq-sys-a02db77e1a2553b5/out/sources/jq/modules/oniguruma/src/utf32_be.c -o utf32_be.o
[INFO] [stderr]   libtool: compile:  cc -DHAVE_CONFIG_H -I. -I/opt/rustwide/target/debug/build/jq-sys-a02db77e1a2553b5/out/sources/jq/modules/oniguruma/src -I/opt/rustwide/target/debug/build/jq-sys-a02db77e1a2553b5/out/sources/jq/modules/oniguruma -I/opt/rustwide/target/debug/build/jq-sys-a02db77e1a2553b5/out/include -Wall -fPIC -MT utf32_le.lo -MD -MP -MF .deps/utf32_le.Tpo -c /opt/rustwide/target/debug/build/jq-sys-a02db77e1a2553b5/out/sources/jq/modules/oniguruma/src/utf32_le.c -o utf32_le.o
[INFO] [stderr]   mv -f .deps/st.Tpo .deps/st.Plo
[INFO] [stderr]   /bin/bash ../libtool  --tag=CC   --mode=compile cc -DHAVE_CONFIG_H -I. -I/opt/rustwide/target/debug/build/jq-sys-a02db77e1a2553b5/out/sources/jq/modules/oniguruma/src  -I/opt/rustwide/target/debug/build/jq-sys-a02db77e1a2553b5/out/sources/jq/modules/oniguruma -I/opt/rustwide/target/debug/build/jq-sys-a02db77e1a2553b5/out/include  -Wall -fPIC -MT iso8859_1.lo -MD -MP -MF .deps/iso8859_1.Tpo -c -o iso8859_1.lo /opt/rustwide/target/debug/build/jq-sys-a02db77e1a2553b5/out/sources/jq/modules/oniguruma/src/iso8859_1.c
[INFO] [stderr]   mv -f .deps/ascii.Tpo .deps/ascii.Plo
[INFO] [stderr]   libtool: compile:  cc -DHAVE_CONFIG_H -I. -I/opt/rustwide/target/debug/build/jq-sys-a02db77e1a2553b5/out/sources/jq/modules/oniguruma/src -I/opt/rustwide/target/debug/build/jq-sys-a02db77e1a2553b5/out/sources/jq/modules/oniguruma -I/opt/rustwide/target/debug/build/jq-sys-a02db77e1a2553b5/out/include -Wall -fPIC -MT euc_jp.lo -MD -MP -MF .deps/euc_jp.Tpo -c /opt/rustwide/target/debug/build/jq-sys-a02db77e1a2553b5/out/sources/jq/modules/oniguruma/src/euc_jp.c -o euc_jp.o
[INFO] [stderr]   mv -f .deps/unicode_fold3_key.Tpo .deps/unicode_fold3_key.Plo
[INFO] [stderr]   libtool: compile:  cc -DHAVE_CONFIG_H -I. -I/opt/rustwide/target/debug/build/jq-sys-a02db77e1a2553b5/out/sources/jq/modules/oniguruma/src -I/opt/rustwide/target/debug/build/jq-sys-a02db77e1a2553b5/out/sources/jq/modules/oniguruma -I/opt/rustwide/target/debug/build/jq-sys-a02db77e1a2553b5/out/include -Wall -fPIC -MT sjis.lo -MD -MP -MF .deps/sjis.Tpo -c /opt/rustwide/target/debug/build/jq-sys-a02db77e1a2553b5/out/sources/jq/modules/oniguruma/src/sjis.c -o sjis.o
[INFO] [stderr]   /bin/bash ../libtool  --tag=CC   --mode=compile cc -DHAVE_CONFIG_H -I. -I/opt/rustwide/target/debug/build/jq-sys-a02db77e1a2553b5/out/sources/jq/modules/oniguruma/src  -I/opt/rustwide/target/debug/build/jq-sys-a02db77e1a2553b5/out/sources/jq/modules/oniguruma -I/opt/rustwide/target/debug/build/jq-sys-a02db77e1a2553b5/out/include  -Wall -fPIC -MT iso8859_2.lo -MD -MP -MF .deps/iso8859_2.Tpo -c -o iso8859_2.lo /opt/rustwide/target/debug/build/jq-sys-a02db77e1a2553b5/out/sources/jq/modules/oniguruma/src/iso8859_2.c
[INFO] [stderr]   /bin/bash ../libtool  --tag=CC   --mode=compile cc -DHAVE_CONFIG_H -I. -I/opt/rustwide/target/debug/build/jq-sys-a02db77e1a2553b5/out/sources/jq/modules/oniguruma/src  -I/opt/rustwide/target/debug/build/jq-sys-a02db77e1a2553b5/out/sources/jq/modules/oniguruma -I/opt/rustwide/target/debug/build/jq-sys-a02db77e1a2553b5/out/include  -Wall -fPIC -MT iso8859_3.lo -MD -MP -MF .deps/iso8859_3.Tpo -c -o iso8859_3.lo /opt/rustwide/target/debug/build/jq-sys-a02db77e1a2553b5/out/sources/jq/modules/oniguruma/src/iso8859_3.c
[INFO] [stderr]   libtool: compile:  cc -DHAVE_CONFIG_H -I. -I/opt/rustwide/target/debug/build/jq-sys-a02db77e1a2553b5/out/sources/jq/modules/oniguruma/src -I/opt/rustwide/target/debug/build/jq-sys-a02db77e1a2553b5/out/sources/jq/modules/oniguruma -I/opt/rustwide/target/debug/build/jq-sys-a02db77e1a2553b5/out/include -Wall -fPIC -MT utf16_le.lo -MD -MP -MF .deps/utf16_le.Tpo -c /opt/rustwide/target/debug/build/jq-sys-a02db77e1a2553b5/out/sources/jq/modules/oniguruma/src/utf16_le.c -o utf16_le.o
[INFO] [stderr]   libtool: compile:  cc -DHAVE_CONFIG_H -I. -I/opt/rustwide/target/debug/build/jq-sys-a02db77e1a2553b5/out/sources/jq/modules/oniguruma/src -I/opt/rustwide/target/debug/build/jq-sys-a02db77e1a2553b5/out/sources/jq/modules/oniguruma -I/opt/rustwide/target/debug/build/jq-sys-a02db77e1a2553b5/out/include -Wall -fPIC -MT sjis_prop.lo -MD -MP -MF .deps/sjis_prop.Tpo -c /opt/rustwide/target/debug/build/jq-sys-a02db77e1a2553b5/out/sources/jq/modules/oniguruma/src/sjis_prop.c -o sjis_prop.o
[INFO] [stderr]   mv -f .deps/utf32_be.Tpo .deps/utf32_be.Plo
[INFO] [stderr]   libtool: compile:  cc -DHAVE_CONFIG_H -I. -I/opt/rustwide/target/debug/build/jq-sys-a02db77e1a2553b5/out/sources/jq/modules/oniguruma/src -I/opt/rustwide/target/debug/build/jq-sys-a02db77e1a2553b5/out/sources/jq/modules/oniguruma -I/opt/rustwide/target/debug/build/jq-sys-a02db77e1a2553b5/out/include -Wall -fPIC -MT euc_jp_prop.lo -MD -MP -MF .deps/euc_jp_prop.Tpo -c /opt/rustwide/target/debug/build/jq-sys-a02db77e1a2553b5/out/sources/jq/modules/oniguruma/src/euc_jp_prop.c -o euc_jp_prop.o
[INFO] [stderr]   /bin/bash ../libtool  --tag=CC   --mode=compile cc -DHAVE_CONFIG_H -I. -I/opt/rustwide/target/debug/build/jq-sys-a02db77e1a2553b5/out/sources/jq/modules/oniguruma/src  -I/opt/rustwide/target/debug/build/jq-sys-a02db77e1a2553b5/out/sources/jq/modules/oniguruma -I/opt/rustwide/target/debug/build/jq-sys-a02db77e1a2553b5/out/include  -Wall -fPIC -MT iso8859_4.lo -MD -MP -MF .deps/iso8859_4.Tpo -c -o iso8859_4.lo /opt/rustwide/target/debug/build/jq-sys-a02db77e1a2553b5/out/sources/jq/modules/oniguruma/src/iso8859_4.c
[INFO] [stderr]   mv -f .deps/utf16_be.Tpo .deps/utf16_be.Plo
[INFO] [stderr]   mv -f .deps/utf32_le.Tpo .deps/utf32_le.Plo
[INFO] [stderr]   /bin/bash ../libtool  --tag=CC   --mode=compile cc -DHAVE_CONFIG_H -I. -I/opt/rustwide/target/debug/build/jq-sys-a02db77e1a2553b5/out/sources/jq/modules/oniguruma/src  -I/opt/rustwide/target/debug/build/jq-sys-a02db77e1a2553b5/out/sources/jq/modules/oniguruma -I/opt/rustwide/target/debug/build/jq-sys-a02db77e1a2553b5/out/include  -Wall -fPIC -MT iso8859_5.lo -MD -MP -MF .deps/iso8859_5.Tpo -c -o iso8859_5.lo /opt/rustwide/target/debug/build/jq-sys-a02db77e1a2553b5/out/sources/jq/modules/oniguruma/src/iso8859_5.c
[INFO] [stderr]   /bin/bash ../libtool  --tag=CC   --mode=compile cc -DHAVE_CONFIG_H -I. -I/opt/rustwide/target/debug/build/jq-sys-a02db77e1a2553b5/out/sources/jq/modules/oniguruma/src  -I/opt/rustwide/target/debug/build/jq-sys-a02db77e1a2553b5/out/sources/jq/modules/oniguruma -I/opt/rustwide/target/debug/build/jq-sys-a02db77e1a2553b5/out/include  -Wall -fPIC -MT iso8859_6.lo -MD -MP -MF .deps/iso8859_6.Tpo -c -o iso8859_6.lo /opt/rustwide/target/debug/build/jq-sys-a02db77e1a2553b5/out/sources/jq/modules/oniguruma/src/iso8859_6.c
[INFO] [stderr]   mv -f .deps/utf8.Tpo .deps/utf8.Plo
[INFO] [stderr]   /bin/bash ../libtool  --tag=CC   --mode=compile cc -DHAVE_CONFIG_H -I. -I/opt/rustwide/target/debug/build/jq-sys-a02db77e1a2553b5/out/sources/jq/modules/oniguruma/src  -I/opt/rustwide/target/debug/build/jq-sys-a02db77e1a2553b5/out/sources/jq/modules/oniguruma -I/opt/rustwide/target/debug/build/jq-sys-a02db77e1a2553b5/out/include  -Wall -fPIC -MT iso8859_7.lo -MD -MP -MF .deps/iso8859_7.Tpo -c -o iso8859_7.lo /opt/rustwide/target/debug/build/jq-sys-a02db77e1a2553b5/out/sources/jq/modules/oniguruma/src/iso8859_7.c
[INFO] [stderr]   mv -f .deps/euc_jp.Tpo .deps/euc_jp.Plo
[INFO] [stderr]   libtool: compile:  cc -DHAVE_CONFIG_H -I. -I/opt/rustwide/target/debug/build/jq-sys-a02db77e1a2553b5/out/sources/jq/modules/oniguruma/src -I/opt/rustwide/target/debug/build/jq-sys-a02db77e1a2553b5/out/sources/jq/modules/oniguruma -I/opt/rustwide/target/debug/build/jq-sys-a02db77e1a2553b5/out/include -Wall -fPIC -MT iso8859_3.lo -MD -MP -MF .deps/iso8859_3.Tpo -c /opt/rustwide/target/debug/build/jq-sys-a02db77e1a2553b5/out/sources/jq/modules/oniguruma/src/iso8859_3.c -o iso8859_3.o
[INFO] [stderr]   /bin/bash ../libtool  --tag=CC   --mode=compile cc -DHAVE_CONFIG_H -I. -I/opt/rustwide/target/debug/build/jq-sys-a02db77e1a2553b5/out/sources/jq/modules/oniguruma/src  -I/opt/rustwide/target/debug/build/jq-sys-a02db77e1a2553b5/out/sources/jq/modules/oniguruma -I/opt/rustwide/target/debug/build/jq-sys-a02db77e1a2553b5/out/include  -Wall -fPIC -MT iso8859_8.lo -MD -MP -MF .deps/iso8859_8.Tpo -c -o iso8859_8.lo /opt/rustwide/target/debug/build/jq-sys-a02db77e1a2553b5/out/sources/jq/modules/oniguruma/src/iso8859_8.c
[INFO] [stderr]   libtool: compile:  cc -DHAVE_CONFIG_H -I. -I/opt/rustwide/target/debug/build/jq-sys-a02db77e1a2553b5/out/sources/jq/modules/oniguruma/src -I/opt/rustwide/target/debug/build/jq-sys-a02db77e1a2553b5/out/sources/jq/modules/oniguruma -I/opt/rustwide/target/debug/build/jq-sys-a02db77e1a2553b5/out/include -Wall -fPIC -MT iso8859_1.lo -MD -MP -MF .deps/iso8859_1.Tpo -c /opt/rustwide/target/debug/build/jq-sys-a02db77e1a2553b5/out/sources/jq/modules/oniguruma/src/iso8859_1.c -o iso8859_1.o
[INFO] [stderr]   mv -f .deps/sjis.Tpo .deps/sjis.Plo
[INFO] [stderr]   libtool: compile:  cc -DHAVE_CONFIG_H -I. -I/opt/rustwide/target/debug/build/jq-sys-a02db77e1a2553b5/out/sources/jq/modules/oniguruma/src -I/opt/rustwide/target/debug/build/jq-sys-a02db77e1a2553b5/out/sources/jq/modules/oniguruma -I/opt/rustwide/target/debug/build/jq-sys-a02db77e1a2553b5/out/include -Wall -fPIC -MT iso8859_2.lo -MD -MP -MF .deps/iso8859_2.Tpo -c /opt/rustwide/target/debug/build/jq-sys-a02db77e1a2553b5/out/sources/jq/modules/oniguruma/src/iso8859_2.c -o iso8859_2.o
[INFO] [stderr]   /bin/bash ../libtool  --tag=CC   --mode=compile cc -DHAVE_CONFIG_H -I. -I/opt/rustwide/target/debug/build/jq-sys-a02db77e1a2553b5/out/sources/jq/modules/oniguruma/src  -I/opt/rustwide/target/debug/build/jq-sys-a02db77e1a2553b5/out/sources/jq/modules/oniguruma -I/opt/rustwide/target/debug/build/jq-sys-a02db77e1a2553b5/out/include  -Wall -fPIC -MT iso8859_9.lo -MD -MP -MF .deps/iso8859_9.Tpo -c -o iso8859_9.lo /opt/rustwide/target/debug/build/jq-sys-a02db77e1a2553b5/out/sources/jq/modules/oniguruma/src/iso8859_9.c
[INFO] [stderr]   libtool: compile:  cc -DHAVE_CONFIG_H -I. -I/opt/rustwide/target/debug/build/jq-sys-a02db77e1a2553b5/out/sources/jq/modules/oniguruma/src -I/opt/rustwide/target/debug/build/jq-sys-a02db77e1a2553b5/out/sources/jq/modules/oniguruma -I/opt/rustwide/target/debug/build/jq-sys-a02db77e1a2553b5/out/include -Wall -fPIC -MT iso8859_7.lo -MD -MP -MF .deps/iso8859_7.Tpo -c /opt/rustwide/target/debug/build/jq-sys-a02db77e1a2553b5/out/sources/jq/modules/oniguruma/src/iso8859_7.c -o iso8859_7.o
[INFO] [stderr]   libtool: compile:  cc -DHAVE_CONFIG_H -I. -I/opt/rustwide/target/debug/build/jq-sys-a02db77e1a2553b5/out/sources/jq/modules/oniguruma/src -I/opt/rustwide/target/debug/build/jq-sys-a02db77e1a2553b5/out/sources/jq/modules/oniguruma -I/opt/rustwide/target/debug/build/jq-sys-a02db77e1a2553b5/out/include -Wall -fPIC -MT iso8859_5.lo -MD -MP -MF .deps/iso8859_5.Tpo -c /opt/rustwide/target/debug/build/jq-sys-a02db77e1a2553b5/out/sources/jq/modules/oniguruma/src/iso8859_5.c -o iso8859_5.o
[INFO] [stderr]   mv -f .deps/utf16_le.Tpo .deps/utf16_le.Plo
[INFO] [stderr]   mv -f .deps/sjis_prop.Tpo .deps/sjis_prop.Plo
[INFO] [stderr]   /bin/bash ../libtool  --tag=CC   --mode=compile cc -DHAVE_CONFIG_H -I. -I/opt/rustwide/target/debug/build/jq-sys-a02db77e1a2553b5/out/sources/jq/modules/oniguruma/src  -I/opt/rustwide/target/debug/build/jq-sys-a02db77e1a2553b5/out/sources/jq/modules/oniguruma -I/opt/rustwide/target/debug/build/jq-sys-a02db77e1a2553b5/out/include  -Wall -fPIC -MT iso8859_10.lo -MD -MP -MF .deps/iso8859_10.Tpo -c -o iso8859_10.lo /opt/rustwide/target/debug/build/jq-sys-a02db77e1a2553b5/out/sources/jq/modules/oniguruma/src/iso8859_10.c
[INFO] [stderr]   mv -f .deps/iso8859_1.Tpo .deps/iso8859_1.Plo
[INFO] [stderr]   /bin/bash ../libtool  --tag=CC   --mode=compile cc -DHAVE_CONFIG_H -I. -I/opt/rustwide/target/debug/build/jq-sys-a02db77e1a2553b5/out/sources/jq/modules/oniguruma/src  -I/opt/rustwide/target/debug/build/jq-sys-a02db77e1a2553b5/out/sources/jq/modules/oniguruma -I/opt/rustwide/target/debug/build/jq-sys-a02db77e1a2553b5/out/include  -Wall -fPIC -MT iso8859_11.lo -MD -MP -MF .deps/iso8859_11.Tpo -c -o iso8859_11.lo /opt/rustwide/target/debug/build/jq-sys-a02db77e1a2553b5/out/sources/jq/modules/oniguruma/src/iso8859_11.c
[INFO] [stderr]   /bin/bash ../libtool  --tag=CC   --mode=compile cc -DHAVE_CONFIG_H -I. -I/opt/rustwide/target/debug/build/jq-sys-a02db77e1a2553b5/out/sources/jq/modules/oniguruma/src  -I/opt/rustwide/target/debug/build/jq-sys-a02db77e1a2553b5/out/sources/jq/modules/oniguruma -I/opt/rustwide/target/debug/build/jq-sys-a02db77e1a2553b5/out/include  -Wall -fPIC -MT iso8859_13.lo -MD -MP -MF .deps/iso8859_13.Tpo -c -o iso8859_13.lo /opt/rustwide/target/debug/build/jq-sys-a02db77e1a2553b5/out/sources/jq/modules/oniguruma/src/iso8859_13.c
[INFO] [stderr]   libtool: compile:  cc -DHAVE_CONFIG_H -I. -I/opt/rustwide/target/debug/build/jq-sys-a02db77e1a2553b5/out/sources/jq/modules/oniguruma/src -I/opt/rustwide/target/debug/build/jq-sys-a02db77e1a2553b5/out/sources/jq/modules/oniguruma -I/opt/rustwide/target/debug/build/jq-sys-a02db77e1a2553b5/out/include -Wall -fPIC -MT iso8859_4.lo -MD -MP -MF .deps/iso8859_4.Tpo -c /opt/rustwide/target/debug/build/jq-sys-a02db77e1a2553b5/out/sources/jq/modules/oniguruma/src/iso8859_4.c -o iso8859_4.o
[INFO] [stderr]   mv -f .deps/euc_jp_prop.Tpo .deps/euc_jp_prop.Plo
[INFO] [stderr]   libtool: compile:  cc -DHAVE_CONFIG_H -I. -I/opt/rustwide/target/debug/build/jq-sys-a02db77e1a2553b5/out/sources/jq/modules/oniguruma/src -I/opt/rustwide/target/debug/build/jq-sys-a02db77e1a2553b5/out/sources/jq/modules/oniguruma -I/opt/rustwide/target/debug/build/jq-sys-a02db77e1a2553b5/out/include -Wall -fPIC -MT iso8859_6.lo -MD -MP -MF .deps/iso8859_6.Tpo -c /opt/rustwide/target/debug/build/jq-sys-a02db77e1a2553b5/out/sources/jq/modules/oniguruma/src/iso8859_6.c -o iso8859_6.o
[INFO] [stderr]   /bin/bash ../libtool  --tag=CC   --mode=compile cc -DHAVE_CONFIG_H -I. -I/opt/rustwide/target/debug/build/jq-sys-a02db77e1a2553b5/out/sources/jq/modules/oniguruma/src  -I/opt/rustwide/target/debug/build/jq-sys-a02db77e1a2553b5/out/sources/jq/modules/oniguruma -I/opt/rustwide/target/debug/build/jq-sys-a02db77e1a2553b5/out/include  -Wall -fPIC -MT iso8859_14.lo -MD -MP -MF .deps/iso8859_14.Tpo -c -o iso8859_14.lo /opt/rustwide/target/debug/build/jq-sys-a02db77e1a2553b5/out/sources/jq/modules/oniguruma/src/iso8859_14.c
[INFO] [stderr]   mv -f .deps/iso8859_7.Tpo .deps/iso8859_7.Plo
[INFO] [stderr]   libtool: compile:  cc -DHAVE_CONFIG_H -I. -I/opt/rustwide/target/debug/build/jq-sys-a02db77e1a2553b5/out/sources/jq/modules/oniguruma/src -I/opt/rustwide/target/debug/build/jq-sys-a02db77e1a2553b5/out/sources/jq/modules/oniguruma -I/opt/rustwide/target/debug/build/jq-sys-a02db77e1a2553b5/out/include -Wall -fPIC -MT iso8859_11.lo -MD -MP -MF .deps/iso8859_11.Tpo -c /opt/rustwide/target/debug/build/jq-sys-a02db77e1a2553b5/out/sources/jq/modules/oniguruma/src/iso8859_11.c -o iso8859_11.o
[INFO] [stderr]   /bin/bash ../libtool  --tag=CC   --mode=compile cc -DHAVE_CONFIG_H -I. -I/opt/rustwide/target/debug/build/jq-sys-a02db77e1a2553b5/out/sources/jq/modules/oniguruma/src  -I/opt/rustwide/target/debug/build/jq-sys-a02db77e1a2553b5/out/sources/jq/modules/oniguruma -I/opt/rustwide/target/debug/build/jq-sys-a02db77e1a2553b5/out/include  -Wall -fPIC -MT iso8859_15.lo -MD -MP -MF .deps/iso8859_15.Tpo -c -o iso8859_15.lo /opt/rustwide/target/debug/build/jq-sys-a02db77e1a2553b5/out/sources/jq/modules/oniguruma/src/iso8859_15.c
[INFO] [stderr]   mv -f .deps/iso8859_2.Tpo .deps/iso8859_2.Plo
[INFO] [stderr]   mv -f .deps/iso8859_3.Tpo .deps/iso8859_3.Plo
[INFO] [stderr]   /bin/bash ../libtool  --tag=CC   --mode=compile cc -DHAVE_CONFIG_H -I. -I/opt/rustwide/target/debug/build/jq-sys-a02db77e1a2553b5/out/sources/jq/modules/oniguruma/src  -I/opt/rustwide/target/debug/build/jq-sys-a02db77e1a2553b5/out/sources/jq/modules/oniguruma -I/opt/rustwide/target/debug/build/jq-sys-a02db77e1a2553b5/out/include  -Wall -fPIC -MT iso8859_16.lo -MD -MP -MF .deps/iso8859_16.Tpo -c -o iso8859_16.lo /opt/rustwide/target/debug/build/jq-sys-a02db77e1a2553b5/out/sources/jq/modules/oniguruma/src/iso8859_16.c
[INFO] [stderr]   libtool: compile:  cc -DHAVE_CONFIG_H -I. -I/opt/rustwide/target/debug/build/jq-sys-a02db77e1a2553b5/out/sources/jq/modules/oniguruma/src -I/opt/rustwide/target/debug/build/jq-sys-a02db77e1a2553b5/out/sources/jq/modules/oniguruma -I/opt/rustwide/target/debug/build/jq-sys-a02db77e1a2553b5/out/include -Wall -fPIC -MT iso8859_8.lo -MD -MP -MF .deps/iso8859_8.Tpo -c /opt/rustwide/target/debug/build/jq-sys-a02db77e1a2553b5/out/sources/jq/modules/oniguruma/src/iso8859_8.c -o iso8859_8.o
[INFO] [stderr]   libtool: compile:  cc -DHAVE_CONFIG_H -I. -I/opt/rustwide/target/debug/build/jq-sys-a02db77e1a2553b5/out/sources/jq/modules/oniguruma/src -I/opt/rustwide/target/debug/build/jq-sys-a02db77e1a2553b5/out/sources/jq/modules/oniguruma -I/opt/rustwide/target/debug/build/jq-sys-a02db77e1a2553b5/out/include -Wall -fPIC -MT iso8859_10.lo -MD -MP -MF .deps/iso8859_10.Tpo -c /opt/rustwide/target/debug/build/jq-sys-a02db77e1a2553b5/out/sources/jq/modules/oniguruma/src/iso8859_10.c -o iso8859_10.o
[INFO] [stderr]   /bin/bash ../libtool  --tag=CC   --mode=compile cc -DHAVE_CONFIG_H -I. -I/opt/rustwide/target/debug/build/jq-sys-a02db77e1a2553b5/out/sources/jq/modules/oniguruma/src  -I/opt/rustwide/target/debug/build/jq-sys-a02db77e1a2553b5/out/sources/jq/modules/oniguruma -I/opt/rustwide/target/debug/build/jq-sys-a02db77e1a2553b5/out/include  -Wall -fPIC -MT euc_tw.lo -MD -MP -MF .deps/euc_tw.Tpo -c -o euc_tw.lo /opt/rustwide/target/debug/build/jq-sys-a02db77e1a2553b5/out/sources/jq/modules/oniguruma/src/euc_tw.c
[INFO] [stderr]   libtool: compile:  cc -DHAVE_CONFIG_H -I. -I/opt/rustwide/target/debug/build/jq-sys-a02db77e1a2553b5/out/sources/jq/modules/oniguruma/src -I/opt/rustwide/target/debug/build/jq-sys-a02db77e1a2553b5/out/sources/jq/modules/oniguruma -I/opt/rustwide/target/debug/build/jq-sys-a02db77e1a2553b5/out/include -Wall -fPIC -MT iso8859_9.lo -MD -MP -MF .deps/iso8859_9.Tpo -c /opt/rustwide/target/debug/build/jq-sys-a02db77e1a2553b5/out/sources/jq/modules/oniguruma/src/iso8859_9.c -o iso8859_9.o
[INFO] [stderr]   libtool: compile:  cc -DHAVE_CONFIG_H -I. -I/opt/rustwide/target/debug/build/jq-sys-a02db77e1a2553b5/out/sources/jq/modules/oniguruma/src -I/opt/rustwide/target/debug/build/jq-sys-a02db77e1a2553b5/out/sources/jq/modules/oniguruma -I/opt/rustwide/target/debug/build/jq-sys-a02db77e1a2553b5/out/include -Wall -fPIC -MT iso8859_14.lo -MD -MP -MF .deps/iso8859_14.Tpo -c /opt/rustwide/target/debug/build/jq-sys-a02db77e1a2553b5/out/sources/jq/modules/oniguruma/src/iso8859_14.c -o iso8859_14.o
[INFO] [stderr]   mv -f .deps/iso8859_6.Tpo .deps/iso8859_6.Plo
[INFO] [stderr]   mv -f .deps/iso8859_5.Tpo .deps/iso8859_5.Plo
[INFO] [stderr]   libtool: compile:  cc -DHAVE_CONFIG_H -I. -I/opt/rustwide/target/debug/build/jq-sys-a02db77e1a2553b5/out/sources/jq/modules/oniguruma/src -I/opt/rustwide/target/debug/build/jq-sys-a02db77e1a2553b5/out/sources/jq/modules/oniguruma -I/opt/rustwide/target/debug/build/jq-sys-a02db77e1a2553b5/out/include -Wall -fPIC -MT iso8859_13.lo -MD -MP -MF .deps/iso8859_13.Tpo -c /opt/rustwide/target/debug/build/jq-sys-a02db77e1a2553b5/out/sources/jq/modules/oniguruma/src/iso8859_13.c -o iso8859_13.o
[INFO] [stderr]   mv -f .deps/iso8859_4.Tpo .deps/iso8859_4.Plo
[INFO] [stderr]   /bin/bash ../libtool  --tag=CC   --mode=compile cc -DHAVE_CONFIG_H -I. -I/opt/rustwide/target/debug/build/jq-sys-a02db77e1a2553b5/out/sources/jq/modules/oniguruma/src  -I/opt/rustwide/target/debug/build/jq-sys-a02db77e1a2553b5/out/sources/jq/modules/oniguruma -I/opt/rustwide/target/debug/build/jq-sys-a02db77e1a2553b5/out/include  -Wall -fPIC -MT euc_kr.lo -MD -MP -MF .deps/euc_kr.Tpo -c -o euc_kr.lo /opt/rustwide/target/debug/build/jq-sys-a02db77e1a2553b5/out/sources/jq/modules/oniguruma/src/euc_kr.c
[INFO] [stderr]   mv -f .deps/iso8859_11.Tpo .deps/iso8859_11.Plo
[INFO] [stderr]   /bin/bash ../libtool  --tag=CC   --mode=compile cc -DHAVE_CONFIG_H -I. -I/opt/rustwide/target/debug/build/jq-sys-a02db77e1a2553b5/out/sources/jq/modules/oniguruma/src  -I/opt/rustwide/target/debug/build/jq-sys-a02db77e1a2553b5/out/sources/jq/modules/oniguruma -I/opt/rustwide/target/debug/build/jq-sys-a02db77e1a2553b5/out/include  -Wall -fPIC -MT big5.lo -MD -MP -MF .deps/big5.Tpo -c -o big5.lo /opt/rustwide/target/debug/build/jq-sys-a02db77e1a2553b5/out/sources/jq/modules/oniguruma/src/big5.c
[INFO] [stderr]   /bin/bash ../libtool  --tag=CC   --mode=compile cc -DHAVE_CONFIG_H -I. -I/opt/rustwide/target/debug/build/jq-sys-a02db77e1a2553b5/out/sources/jq/modules/oniguruma/src  -I/opt/rustwide/target/debug/build/jq-sys-a02db77e1a2553b5/out/sources/jq/modules/oniguruma -I/opt/rustwide/target/debug/build/jq-sys-a02db77e1a2553b5/out/include  -Wall -fPIC -MT gb18030.lo -MD -MP -MF .deps/gb18030.Tpo -c -o gb18030.lo /opt/rustwide/target/debug/build/jq-sys-a02db77e1a2553b5/out/sources/jq/modules/oniguruma/src/gb18030.c
[INFO] [stderr]   /bin/bash ../libtool  --tag=CC   --mode=compile cc -DHAVE_CONFIG_H -I. -I/opt/rustwide/target/debug/build/jq-sys-a02db77e1a2553b5/out/sources/jq/modules/oniguruma/src  -I/opt/rustwide/target/debug/build/jq-sys-a02db77e1a2553b5/out/sources/jq/modules/oniguruma -I/opt/rustwide/target/debug/build/jq-sys-a02db77e1a2553b5/out/include  -Wall -fPIC -MT koi8_r.lo -MD -MP -MF .deps/koi8_r.Tpo -c -o koi8_r.lo /opt/rustwide/target/debug/build/jq-sys-a02db77e1a2553b5/out/sources/jq/modules/oniguruma/src/koi8_r.c
[INFO] [stderr]   libtool: compile:  cc -DHAVE_CONFIG_H -I. -I/opt/rustwide/target/debug/build/jq-sys-a02db77e1a2553b5/out/sources/jq/modules/oniguruma/src -I/opt/rustwide/target/debug/build/jq-sys-a02db77e1a2553b5/out/sources/jq/modules/oniguruma -I/opt/rustwide/target/debug/build/jq-sys-a02db77e1a2553b5/out/include -Wall -fPIC -MT iso8859_15.lo -MD -MP -MF .deps/iso8859_15.Tpo -c /opt/rustwide/target/debug/build/jq-sys-a02db77e1a2553b5/out/sources/jq/modules/oniguruma/src/iso8859_15.c -o iso8859_15.o
[INFO] [stderr]   mv -f .deps/iso8859_14.Tpo .deps/iso8859_14.Plo
[INFO] [stderr]   mv -f .deps/iso8859_13.Tpo .deps/iso8859_13.Plo
[INFO] [stderr]   mv -f .deps/iso8859_8.Tpo .deps/iso8859_8.Plo
[INFO] [stderr]   /bin/bash ../libtool  --tag=CC   --mode=compile cc -DHAVE_CONFIG_H -I. -I/opt/rustwide/target/debug/build/jq-sys-a02db77e1a2553b5/out/sources/jq/modules/oniguruma/src  -I/opt/rustwide/target/debug/build/jq-sys-a02db77e1a2553b5/out/sources/jq/modules/oniguruma -I/opt/rustwide/target/debug/build/jq-sys-a02db77e1a2553b5/out/include  -Wall -fPIC -MT cp1251.lo -MD -MP -MF .deps/cp1251.Tpo -c -o cp1251.lo /opt/rustwide/target/debug/build/jq-sys-a02db77e1a2553b5/out/sources/jq/modules/oniguruma/src/cp1251.c
[INFO] [stderr]   mv -f .deps/iso8859_10.Tpo .deps/iso8859_10.Plo
[INFO] [stderr]   /bin/bash ../libtool  --tag=CC   --mode=compile cc -DHAVE_CONFIG_H -I. -I/opt/rustwide/target/debug/build/jq-sys-a02db77e1a2553b5/out/sources/jq/modules/oniguruma/src  -I/opt/rustwide/target/debug/build/jq-sys-a02db77e1a2553b5/out/sources/jq/modules/oniguruma -I/opt/rustwide/target/debug/build/jq-sys-a02db77e1a2553b5/out/include  -Wall -fPIC -MT onig_init.lo -MD -MP -MF .deps/onig_init.Tpo -c -o onig_init.lo /opt/rustwide/target/debug/build/jq-sys-a02db77e1a2553b5/out/sources/jq/modules/oniguruma/src/onig_init.c
[INFO] [stderr]   libtool: compile:  cc -DHAVE_CONFIG_H -I. -I/opt/rustwide/target/debug/build/jq-sys-a02db77e1a2553b5/out/sources/jq/modules/oniguruma/src -I/opt/rustwide/target/debug/build/jq-sys-a02db77e1a2553b5/out/sources/jq/modules/oniguruma -I/opt/rustwide/target/debug/build/jq-sys-a02db77e1a2553b5/out/include -Wall -fPIC -MT iso8859_16.lo -MD -MP -MF .deps/iso8859_16.Tpo -c /opt/rustwide/target/debug/build/jq-sys-a02db77e1a2553b5/out/sources/jq/modules/oniguruma/src/iso8859_16.c -o iso8859_16.o
[INFO] [stderr]   libtool: compile:  cc -DHAVE_CONFIG_H -I. -I/opt/rustwide/target/debug/build/jq-sys-a02db77e1a2553b5/out/sources/jq/modules/oniguruma/src -I/opt/rustwide/target/debug/build/jq-sys-a02db77e1a2553b5/out/sources/jq/modules/oniguruma -I/opt/rustwide/target/debug/build/jq-sys-a02db77e1a2553b5/out/include -Wall -fPIC -MT euc_tw.lo -MD -MP -MF .deps/euc_tw.Tpo -c /opt/rustwide/target/debug/build/jq-sys-a02db77e1a2553b5/out/sources/jq/modules/oniguruma/src/euc_tw.c -o euc_tw.o
[INFO] [stderr]   mv -f .deps/iso8859_9.Tpo .deps/iso8859_9.Plo
[INFO] [stderr]   libtool: compile:  cc -DHAVE_CONFIG_H -I. -I/opt/rustwide/target/debug/build/jq-sys-a02db77e1a2553b5/out/sources/jq/modules/oniguruma/src -I/opt/rustwide/target/debug/build/jq-sys-a02db77e1a2553b5/out/sources/jq/modules/oniguruma -I/opt/rustwide/target/debug/build/jq-sys-a02db77e1a2553b5/out/include -Wall -fPIC -MT gb18030.lo -MD -MP -MF .deps/gb18030.Tpo -c /opt/rustwide/target/debug/build/jq-sys-a02db77e1a2553b5/out/sources/jq/modules/oniguruma/src/gb18030.c -o gb18030.o
[INFO] [stderr]   mv -f .deps/iso8859_15.Tpo .deps/iso8859_15.Plo
[INFO] [stderr]   libtool: compile:  cc -DHAVE_CONFIG_H -I. -I/opt/rustwide/target/debug/build/jq-sys-a02db77e1a2553b5/out/sources/jq/modules/oniguruma/src -I/opt/rustwide/target/debug/build/jq-sys-a02db77e1a2553b5/out/sources/jq/modules/oniguruma -I/opt/rustwide/target/debug/build/jq-sys-a02db77e1a2553b5/out/include -Wall -fPIC -MT koi8_r.lo -MD -MP -MF .deps/koi8_r.Tpo -c /opt/rustwide/target/debug/build/jq-sys-a02db77e1a2553b5/out/sources/jq/modules/oniguruma/src/koi8_r.c -o koi8_r.o
[INFO] [stderr]   libtool: compile:  cc -DHAVE_CONFIG_H -I. -I/opt/rustwide/target/debug/build/jq-sys-a02db77e1a2553b5/out/sources/jq/modules/oniguruma/src -I/opt/rustwide/target/debug/build/jq-sys-a02db77e1a2553b5/out/sources/jq/modules/oniguruma -I/opt/rustwide/target/debug/build/jq-sys-a02db77e1a2553b5/out/include -Wall -fPIC -MT euc_kr.lo -MD -MP -MF .deps/euc_kr.Tpo -c /opt/rustwide/target/debug/build/jq-sys-a02db77e1a2553b5/out/sources/jq/modules/oniguruma/src/euc_kr.c -o euc_kr.o
[INFO] [stderr]   libtool: compile:  cc -DHAVE_CONFIG_H -I. -I/opt/rustwide/target/debug/build/jq-sys-a02db77e1a2553b5/out/sources/jq/modules/oniguruma/src -I/opt/rustwide/target/debug/build/jq-sys-a02db77e1a2553b5/out/sources/jq/modules/oniguruma -I/opt/rustwide/target/debug/build/jq-sys-a02db77e1a2553b5/out/include -Wall -fPIC -MT big5.lo -MD -MP -MF .deps/big5.Tpo -c /opt/rustwide/target/debug/build/jq-sys-a02db77e1a2553b5/out/sources/jq/modules/oniguruma/src/big5.c -o big5.o
[INFO] [stderr]   libtool: compile:  cc -DHAVE_CONFIG_H -I. -I/opt/rustwide/target/debug/build/jq-sys-a02db77e1a2553b5/out/sources/jq/modules/oniguruma/src -I/opt/rustwide/target/debug/build/jq-sys-a02db77e1a2553b5/out/sources/jq/modules/oniguruma -I/opt/rustwide/target/debug/build/jq-sys-a02db77e1a2553b5/out/include -Wall -fPIC -MT onig_init.lo -MD -MP -MF .deps/onig_init.Tpo -c /opt/rustwide/target/debug/build/jq-sys-a02db77e1a2553b5/out/sources/jq/modules/oniguruma/src/onig_init.c -o onig_init.o
[INFO] [stderr]   mv -f .deps/iso8859_16.Tpo .deps/iso8859_16.Plo
[INFO] [stderr]   mv -f .deps/euc_kr.Tpo .deps/euc_kr.Plo
[INFO] [stderr]   libtool: compile:  cc -DHAVE_CONFIG_H -I. -I/opt/rustwide/target/debug/build/jq-sys-a02db77e1a2553b5/out/sources/jq/modules/oniguruma/src -I/opt/rustwide/target/debug/build/jq-sys-a02db77e1a2553b5/out/sources/jq/modules/oniguruma -I/opt/rustwide/target/debug/build/jq-sys-a02db77e1a2553b5/out/include -Wall -fPIC -MT cp1251.lo -MD -MP -MF .deps/cp1251.Tpo -c /opt/rustwide/target/debug/build/jq-sys-a02db77e1a2553b5/out/sources/jq/modules/oniguruma/src/cp1251.c -o cp1251.o
[INFO] [stderr]   mv -f .deps/euc_tw.Tpo .deps/euc_tw.Plo
[INFO] [stderr]   mv -f .deps/gb18030.Tpo .deps/gb18030.Plo
[INFO] [stderr]   mv -f .deps/koi8_r.Tpo .deps/koi8_r.Plo
[INFO] [stderr]   mv -f .deps/big5.Tpo .deps/big5.Plo
[INFO] [stderr]   mv -f .deps/regcomp.Tpo .deps/regcomp.Plo
[INFO] [stderr]   mv -f .deps/onig_init.Tpo .deps/onig_init.Plo
[INFO] [stderr]   mv -f .deps/cp1251.Tpo .deps/cp1251.Plo
[INFO] [stderr]   mv -f .deps/unicode.Tpo .deps/unicode.Plo
[INFO] [stderr]   mv -f .deps/regexec.Tpo .deps/regexec.Plo
[INFO] [stderr]   mv -f .deps/regparse.Tpo .deps/regparse.Plo
[INFO] [stderr]   /bin/bash ../libtool  --tag=CC   --mode=link cc -Wall -fPIC -version-info 4:0:0 -all-static -o libonig.la -rpath /opt/rustwide/target/debug/build/jq-sys-a02db77e1a2553b5/out/lib regerror.lo regparse.lo regext.lo regcomp.lo regexec.lo reggnu.lo regenc.lo regsyntax.lo regtrav.lo regversion.lo st.lo regposix.lo regposerr.lo unicode.lo unicode_unfold_key.lo unicode_fold1_key.lo unicode_fold2_key.lo unicode_fold3_key.lo ascii.lo utf8.lo utf16_be.lo utf16_le.lo utf32_be.lo utf32_le.lo euc_jp.lo euc_jp_prop.lo sjis.lo sjis_prop.lo iso8859_1.lo iso8859_2.lo iso8859_3.lo iso8859_4.lo iso8859_5.lo iso8859_6.lo iso8859_7.lo iso8859_8.lo iso8859_9.lo iso8859_10.lo iso8859_11.lo iso8859_13.lo iso8859_14.lo iso8859_15.lo iso8859_16.lo euc_tw.lo euc_kr.lo big5.lo gb18030.lo koi8_r.lo cp1251.lo onig_init.lo  
[INFO] [stderr]   libtool: link: ar cr .libs/libonig.a  regerror.o regparse.o regext.o regcomp.o regexec.o reggnu.o regenc.o regsyntax.o regtrav.o regversion.o st.o regposix.o regposerr.o unicode.o unicode_unfold_key.o unicode_fold1_key.o unicode_fold2_key.o unicode_fold3_key.o ascii.o utf8.o utf16_be.o utf16_le.o utf32_be.o utf32_le.o euc_jp.o euc_jp_prop.o sjis.o sjis_prop.o iso8859_1.o iso8859_2.o iso8859_3.o iso8859_4.o iso8859_5.o iso8859_6.o iso8859_7.o iso8859_8.o iso8859_9.o iso8859_10.o iso8859_11.o iso8859_13.o iso8859_14.o iso8859_15.o iso8859_16.o euc_tw.o euc_kr.o big5.o gb18030.o koi8_r.o cp1251.o onig_init.o
[INFO] [stderr]   make[3]: Leaving directory '/opt/rustwide/target/debug/build/jq-sys-a02db77e1a2553b5/out/build/modules/oniguruma/src'
[INFO] [stderr]   make[2]: Leaving directory '/opt/rustwide/target/debug/build/jq-sys-a02db77e1a2553b5/out/build/modules/oniguruma'
[INFO] [stderr]   make[1]: Leaving directory '/opt/rustwide/target/debug/build/jq-sys-a02db77e1a2553b5/out/build'
[INFO] [stderr] 
[INFO] [stderr]   --- stderr
[INFO] [stderr]   fatal: not a git repository (or any parent up to mount point /opt/rustwide)
[INFO] [stderr]   Stopping at filesystem boundary (GIT_DISCOVERY_ACROSS_FILESYSTEM not set).
[INFO] [stderr]   fatal: not a git repository (or any parent up to mount point /opt/rustwide)
[INFO] [stderr]   Stopping at filesystem boundary (GIT_DISCOVERY_ACROSS_FILESYSTEM not set).
[INFO] [stderr]   fatal: not a git repository (or any parent up to mount point /opt/rustwide)
[INFO] [stderr]   Stopping at filesystem boundary (GIT_DISCOVERY_ACROSS_FILESYSTEM not set).
[INFO] [stderr]   fatal: not a git repository (or any parent up to mount point /opt/rustwide)
[INFO] [stderr]   Stopping at filesystem boundary (GIT_DISCOVERY_ACROSS_FILESYSTEM not set).
[INFO] [stderr]   fatal: not a git repository (or any parent up to mount point /opt/rustwide)
[INFO] [stderr]   Stopping at filesystem boundary (GIT_DISCOVERY_ACROSS_FILESYSTEM not set).
[INFO] [stderr]   fatal: not a git repository (or any parent up to mount point /opt/rustwide)
[INFO] [stderr]   Stopping at filesystem boundary (GIT_DISCOVERY_ACROSS_FILESYSTEM not set).
[INFO] [stderr]   configure.ac:7: warning: The macro `AC_CONFIG_HEADER' is obsolete.
[INFO] [stderr]   configure.ac:7: You should run autoupdate.
[INFO] [stderr]   ./lib/autoconf/status.m4:719: AC_CONFIG_HEADER is expanded from...
[INFO] [stderr]   configure.ac:7: the top level
[INFO] [stderr]   configure.ac:36: warning: The macro `AM_PROG_LIBTOOL' is obsolete.
[INFO] [stderr]   configure.ac:36: You should run autoupdate.
[INFO] [stderr]   m4/libtool.m4:100: AM_PROG_LIBTOOL is expanded from...
[INFO] [stderr]   configure.ac:36: the top level
[INFO] [stderr]   configure.ac:46: warning: The macro `AC_HEADER_STDC' is obsolete.
[INFO] [stderr]   configure.ac:46: You should run autoupdate.
[INFO] [stderr]   ./lib/autoconf/headers.m4:704: AC_HEADER_STDC is expanded from...
[INFO] [stderr]   configure.ac:46: the top level
[INFO] [stderr]   configure.ac:54: warning: The macro `AC_HEADER_TIME' is obsolete.
[INFO] [stderr]   configure.ac:54: You should run autoupdate.
[INFO] [stderr]   ./lib/autoconf/headers.m4:743: AC_HEADER_TIME is expanded from...
[INFO] [stderr]   configure.ac:54: the top level
[INFO] [stderr]   configure.ac:60: warning: The macro `AC_TRY_COMPILE' is obsolete.
[INFO] [stderr]   configure.ac:60: You should run autoupdate.
[INFO] [stderr]   ./lib/autoconf/general.m4:2847: AC_TRY_COMPILE is expanded from...
[INFO] [stderr]   lib/m4sugar/m4sh.m4:692: _AS_IF_ELSE is expanded from...
[INFO] [stderr]   lib/m4sugar/m4sh.m4:699: AS_IF is expanded from...
[INFO] [stderr]   ./lib/autoconf/general.m4:2249: AC_CACHE_VAL is expanded from...
[INFO] [stderr]   ./lib/autoconf/general.m4:2270: AC_CACHE_CHECK is expanded from...
[INFO] [stderr]   configure.ac:60: the top level
[INFO] [stderr]   configure.ac:68: warning: The macro `AC_TRY_COMPILE' is obsolete.
[INFO] [stderr]   configure.ac:68: You should run autoupdate.
[INFO] [stderr]   ./lib/autoconf/general.m4:2847: AC_TRY_COMPILE is expanded from...
[INFO] [stderr]   lib/m4sugar/m4sh.m4:692: _AS_IF_ELSE is expanded from...
[INFO] [stderr]   lib/m4sugar/m4sh.m4:699: AS_IF is expanded from...
[INFO] [stderr]   ./lib/autoconf/general.m4:2249: AC_CACHE_VAL is expanded from...
[INFO] [stderr]   ./lib/autoconf/general.m4:2270: AC_CACHE_CHECK is expanded from...
[INFO] [stderr]   configure.ac:68: the top level
[INFO] [stderr]   configure.ac:87: warning: AC_OUTPUT should be used without arguments.
[INFO] [stderr]   configure.ac:87: You should run autoupdate.
[INFO] [stderr]   configure.ac:35: installing './compile'
[INFO] [stderr]   configure.ac:6: installing './missing'
[INFO] [stderr]   sample/Makefile.am: installing './depcomp'
[INFO] [stderr]   fatal: not a git repository (or any parent up to mount point /opt/rustwide)
[INFO] [stderr]   Stopping at filesystem boundary (GIT_DISCOVERY_ACROSS_FILESYSTEM not set).
[INFO] [stderr]   fatal: not a git repository (or any parent up to mount point /opt/rustwide)
[INFO] [stderr]   Stopping at filesystem boundary (GIT_DISCOVERY_ACROSS_FILESYSTEM not set).
[INFO] [stderr]   fatal: not a git repository (or any parent up to mount point /opt/rustwide)
[INFO] [stderr]   Stopping at filesystem boundary (GIT_DISCOVERY_ACROSS_FILESYSTEM not set).
[INFO] [stderr]   fatal: not a git repository (or any parent up to mount point /opt/rustwide)
[INFO] [stderr]   Stopping at filesystem boundary (GIT_DISCOVERY_ACROSS_FILESYSTEM not set).
[INFO] [stderr]   fatal: not a git repository (or any parent up to mount point /opt/rustwide)
[INFO] [stderr]   Stopping at filesystem boundary (GIT_DISCOVERY_ACROSS_FILESYSTEM not set).
[INFO] [stderr]   fatal: not a git repository (or any parent up to mount point /opt/rustwide)
[INFO] [stderr]   Stopping at filesystem boundary (GIT_DISCOVERY_ACROSS_FILESYSTEM not set).
[INFO] [stderr]   configure.ac:20: warning: The macro `AC_PROG_CC_STDC' is obsolete.
[INFO] [stderr]   configure.ac:20: You should run autoupdate.
[INFO] [stderr]   ./lib/autoconf/c.m4:1666: AC_PROG_CC_STDC is expanded from...
[INFO] [stderr]   configure.ac:20: the top level
[INFO] [stderr]   configure.ac:62: warning: The macro `AC_HELP_STRING' is obsolete.
[INFO] [stderr]   configure.ac:62: You should run autoupdate.
[INFO] [stderr]   ./lib/autoconf/general.m4:204: AC_HELP_STRING is expanded from...
[INFO] [stderr]   configure.ac:62: the top level
[INFO] [stderr]   configure.ac:67: warning: The macro `AC_HELP_STRING' is obsolete.
[INFO] [stderr]   configure.ac:67: You should run autoupdate.
[INFO] [stderr]   ./lib/autoconf/general.m4:204: AC_HELP_STRING is expanded from...
[INFO] [stderr]   configure.ac:67: the top level
[INFO] [stderr]   configure.ac:71: warning: The macro `AC_HELP_STRING' is obsolete.
[INFO] [stderr]   configure.ac:71: You should run autoupdate.
[INFO] [stderr]   ./lib/autoconf/general.m4:204: AC_HELP_STRING is expanded from...
[INFO] [stderr]   configure.ac:71: the top level
[INFO] [stderr]   configure.ac:75: warning: The macro `AC_HELP_STRING' is obsolete.
[INFO] [stderr]   configure.ac:75: You should run autoupdate.
[INFO] [stderr]   ./lib/autoconf/general.m4:204: AC_HELP_STRING is expanded from...
[INFO] [stderr]   configure.ac:75: the top level
[INFO] [stderr]   configure.ac:79: warning: The macro `AC_HELP_STRING' is obsolete.
[INFO] [stderr]   configure.ac:79: You should run autoupdate.
[INFO] [stderr]   ./lib/autoconf/general.m4:204: AC_HELP_STRING is expanded from...
[INFO] [stderr]   configure.ac:79: the top level
[INFO] [stderr]   configure.ac:83: warning: The macro `AC_HELP_STRING' is obsolete.
[INFO] [stderr]   configure.ac:83: You should run autoupdate.
[INFO] [stderr]   ./lib/autoconf/general.m4:204: AC_HELP_STRING is expanded from...
[INFO] [stderr]   configure.ac:83: the top level
[INFO] [stderr]   configure.ac:87: warning: The macro `AC_HELP_STRING' is obsolete.
[INFO] [stderr]   configure.ac:87: You should run autoupdate.
[INFO] [stderr]   ./lib/autoconf/general.m4:204: AC_HELP_STRING is expanded from...
[INFO] [stderr]   configure.ac:87: the top level
[INFO] [stderr]   configure.ac:138: warning: The macro `AC_HELP_STRING' is obsolete.
[INFO] [stderr]   configure.ac:138: You should run autoupdate.
[INFO] [stderr]   ./lib/autoconf/general.m4:204: AC_HELP_STRING is expanded from...
[INFO] [stderr]   ./lib/autoconf/general.m4:1534: AC_ARG_ENABLE is expanded from...
[INFO] [stderr]   configure.ac:138: the top level
[INFO] [stderr]   fatal: not a git repository (or any parent up to mount point /opt/rustwide)
[INFO] [stderr]   Stopping at filesystem boundary (GIT_DISCOVERY_ACROSS_FILESYSTEM not set).
[INFO] [stderr]   fatal: not a git repository (or any parent up to mount point /opt/rustwide)
[INFO] [stderr]   Stopping at filesystem boundary (GIT_DISCOVERY_ACROSS_FILESYSTEM not set).
[INFO] [stderr]   fatal: not a git repository (or any parent up to mount point /opt/rustwide)
[INFO] [stderr]   Stopping at filesystem boundary (GIT_DISCOVERY_ACROSS_FILESYSTEM not set).
[INFO] [stderr]   configure.ac:17: installing 'config/ar-lib'
[INFO] [stderr]   configure.ac:17: installing 'config/compile'
[INFO] [stderr]   configure.ac:25: installing 'config/config.guess'
[INFO] [stderr]   configure.ac:25: installing 'config/config.sub'
[INFO] [stderr]   configure.ac:15: installing 'config/install-sh'
[INFO] [stderr]   configure.ac:15: installing 'config/missing'
[INFO] [stderr]   Makefile.am: installing 'config/depcomp'
[INFO] [stderr]   configure.ac: installing 'config/ylwrap'
[INFO] [stderr]   parallel-tests: installing 'config/test-driver'
[INFO] [stderr]   configure: WARNING: valgrind is required to test jq.
[INFO] [stderr]   configure: WARNING: 
[INFO] [stderr]   make: warning: -j16 forced in submake: resetting jobserver mode.
[INFO] [stderr]   fatal: not a git repository (or any parent up to mount point /opt/rustwide)
[INFO] [stderr]   Stopping at filesystem boundary (GIT_DISCOVERY_ACROSS_FILESYSTEM not set).
[INFO] [stderr]   fatal: not a git repository (or any parent up to mount point /opt/rustwide)
[INFO] [stderr]   Stopping at filesystem boundary (GIT_DISCOVERY_ACROSS_FILESYSTEM not set).
[INFO] [stderr]   ar: unable to copy file '.libs/libonig.a'; reason: No space left on device
[INFO] [stderr]   make[3]: *** [Makefile:496: libonig.la] Error 1
[INFO] [stderr]   make[2]: *** [Makefile:493: install-recursive] Error 1
[INFO] [stderr]   make[1]: *** [Makefile:1107: install-recursive] Error 1
[INFO] [stderr]   make: *** [Makefile:1620: install] Error 2
[INFO] [stderr] 
[INFO] [stderr]   thread '<unnamed>' panicked at /opt/rustwide/cargo-home/registry/src/index.crates.io-1949cf8c6b5b557f/autotools-0.2.7/src/lib.rs:790:5:
[INFO] [stderr] 
[INFO] [stderr]   command did not execute successfully, got: exit status: 2
[INFO] [stderr] 
[INFO] [stderr]   build script failed, must exit now
[INFO] [stderr]   stack backtrace:
[INFO] [stderr]      0:     0x5d60d47b8fca - std::backtrace_rs::backtrace::libunwind::trace::hb059275cfc8d6126
[INFO] [stderr]                                  at /rustc/6067b36314ab5eb2eb47cecc464545ba58e1ad24/library/std/src/../../backtrace/src/backtrace/libunwind.rs:116:5
[INFO] [stderr]      1:     0x5d60d47b8fca - std::backtrace_rs::backtrace::trace_unsynchronized::h2da071e4327ce3ee
[INFO] [stderr]                                  at /rustc/6067b36314ab5eb2eb47cecc464545ba58e1ad24/library/std/src/../../backtrace/src/backtrace/mod.rs:66:5
[INFO] [stderr]      2:     0x5d60d47b8fca - std::sys::backtrace::_print_fmt::h842a1474e6f8d23f
[INFO] [stderr]                                  at /rustc/6067b36314ab5eb2eb47cecc464545ba58e1ad24/library/std/src/sys/backtrace.rs:66:9
[INFO] [stderr]      3:     0x5d60d47b8fca - <std::sys::backtrace::BacktraceLock::print::DisplayBacktrace as core::fmt::Display>::fmt::h71a62eb3b9696b12
[INFO] [stderr]                                  at /rustc/6067b36314ab5eb2eb47cecc464545ba58e1ad24/library/std/src/sys/backtrace.rs:39:26
[INFO] [stderr]      4:     0x5d60d47de053 - core::fmt::rt::Argument::fmt::hdb6b616786b41dc1
[INFO] [stderr]                                  at /rustc/6067b36314ab5eb2eb47cecc464545ba58e1ad24/library/core/src/fmt/rt.rs:177:76
[INFO] [stderr]      5:     0x5d60d47de053 - core::fmt::write::h2cc1698af7e2d686
[INFO] [stderr]                                  at /rustc/6067b36314ab5eb2eb47cecc464545ba58e1ad24/library/core/src/fmt/mod.rs:1440:21
[INFO] [stderr]      6:     0x5d60d47b5683 - std::io::Write::write_fmt::h00c8700df393f328
[INFO] [stderr]                                  at /rustc/6067b36314ab5eb2eb47cecc464545ba58e1ad24/library/std/src/io/mod.rs:1887:15
[INFO] [stderr]      7:     0x5d60d47b8e12 - std::sys::backtrace::BacktraceLock::print::h147fe35b4ea13b08
[INFO] [stderr]                                  at /rustc/6067b36314ab5eb2eb47cecc464545ba58e1ad24/library/std/src/sys/backtrace.rs:42:9
[INFO] [stderr]      8:     0x5d60d47b9f9f - std::panicking::default_hook::{{closure}}::hbd44223dbdc0d208
[INFO] [stderr]                                  at /rustc/6067b36314ab5eb2eb47cecc464545ba58e1ad24/library/std/src/panicking.rs:298:22
[INFO] [stderr]      9:     0x5d60d47b9e0a - std::panicking::default_hook::h20f81eb0576efcec
[INFO] [stderr]                                  at /rustc/6067b36314ab5eb2eb47cecc464545ba58e1ad24/library/std/src/panicking.rs:325:9
[INFO] [stderr]     10:     0x5d60d47ba9c2 - std::panicking::rust_panic_with_hook::h625eea43051b2edc
[INFO] [stderr]                                  at /rustc/6067b36314ab5eb2eb47cecc464545ba58e1ad24/library/std/src/panicking.rs:831:13
[INFO] [stderr]     11:     0x5d60d47ba74a - std::panicking::begin_panic_handler::{{closure}}::h4f9159cfbc3f6bd3
[INFO] [stderr]                                  at /rustc/6067b36314ab5eb2eb47cecc464545ba58e1ad24/library/std/src/panicking.rs:704:13
[INFO] [stderr]     12:     0x5d60d47b94c9 - std::sys::backtrace::__rust_end_short_backtrace::h0390abce48353151
[INFO] [stderr]                                  at /rustc/6067b36314ab5eb2eb47cecc464545ba58e1ad24/library/std/src/sys/backtrace.rs:168:18
[INFO] [stderr]     13:     0x5d60d47ba3dd - rust_begin_unwind
[INFO] [stderr]                                  at /rustc/6067b36314ab5eb2eb47cecc464545ba58e1ad24/library/std/src/panicking.rs:695:5
[INFO] [stderr]     14:     0x5d60d47dce20 - core::panicking::panic_fmt::h9e7c637e9e5f29c9
[INFO] [stderr]                                  at /rustc/6067b36314ab5eb2eb47cecc464545ba58e1ad24/library/core/src/panicking.rs:75:14
[INFO] [stderr]     15:     0x5d60d474135f - autotools::fail::h03470d2d03067e34
[INFO] [stderr]     16:     0x5d60d473f785 - autotools::Config::build::h9d23da2a2d193b88
[INFO] [stderr]     17:     0x5d60d4734a0f - jq_src::run_autotools::{{closure}}::h8c68fd7c6809a6ce
[INFO] [stderr]     18:     0x5d60d47353f6 - std::sys::backtrace::__rust_begin_short_backtrace::h6c14d1bb627a509d
[INFO] [stderr]     19:     0x5d60d47366ab - std::thread::Builder::spawn_unchecked_::{{closure}}::{{closure}}::hcff6d0893f909ab2
[INFO] [stderr]     20:     0x5d60d4730201 - <core::panic::unwind_safe::AssertUnwindSafe<F> as core::ops::function::FnOnce<()>>::call_once::h1c42dea6a8eb2e48
[INFO] [stderr]     21:     0x5d60d47307a1 - std::panicking::try::do_call::hb241788ab1fe9866
[INFO] [stderr]     22:     0x5d60d4737aeb - __rust_try
[INFO] [stderr]     23:     0x5d60d473648a - std::thread::Builder::spawn_unchecked_::{{closure}}::h6df0e9a1258801fb
[INFO] [stderr]     24:     0x5d60d47308b7 - core::ops::function::FnOnce::call_once{{vtable.shim}}::he668919d484a7d63
[INFO] [stderr]     25:     0x5d60d47c0d5b - <alloc::boxed::Box<F,A> as core::ops::function::FnOnce<Args>>::call_once::ha52bedf99a3b4981
[INFO] [stderr]                                  at /rustc/6067b36314ab5eb2eb47cecc464545ba58e1ad24/library/alloc/src/boxed.rs:2013:9
[INFO] [stderr]     26:     0x5d60d47c0d5b - <alloc::boxed::Box<F,A> as core::ops::function::FnOnce<Args>>::call_once::h567748934d80ccf8
[INFO] [stderr]                                  at /rustc/6067b36314ab5eb2eb47cecc464545ba58e1ad24/library/alloc/src/boxed.rs:2013:9
[INFO] [stderr]     27:     0x5d60d47c0d5b - std::sys::pal::unix::thread::Thread::new::thread_start::h2d970728ae887adc
[INFO] [stderr]                                  at /rustc/6067b36314ab5eb2eb47cecc464545ba58e1ad24/library/std/src/sys/pal/unix/thread.rs:106:17
[INFO] [stderr]     28:     0x7a77ed261ac3 - <unknown>
[INFO] [stderr]     29:     0x7a77ed2f2a04 - clone
[INFO] [stderr]     30:                0x0 - <unknown>
[INFO] [stderr]   Build experienced some sort of failure. Retrying (1).
[INFO] [stderr] 
[INFO] [stderr]   thread 'main' panicked at /opt/rustwide/cargo-home/registry/src/index.crates.io-1949cf8c6b5b557f/jq-src-0.4.1/src/lib.rs:127:35:
[INFO] [stderr]   called `Result::unwrap()` on an `Err` value: Os { code: 28, kind: StorageFull, message: "No space left on device" }
[INFO] [stderr]   stack backtrace:
[INFO] [stderr]      0:     0x5d60d47b8fca - std::backtrace_rs::backtrace::libunwind::trace::hb059275cfc8d6126
[INFO] [stderr]                                  at /rustc/6067b36314ab5eb2eb47cecc464545ba58e1ad24/library/std/src/../../backtrace/src/backtrace/libunwind.rs:116:5
[INFO] [stderr]      1:     0x5d60d47b8fca - std::backtrace_rs::backtrace::trace_unsynchronized::h2da071e4327ce3ee
[INFO] [stderr]                                  at /rustc/6067b36314ab5eb2eb47cecc464545ba58e1ad24/library/std/src/../../backtrace/src/backtrace/mod.rs:66:5
[INFO] [stderr]      2:     0x5d60d47b8fca - std::sys::backtrace::_print_fmt::h842a1474e6f8d23f
[INFO] [stderr]                                  at /rustc/6067b36314ab5eb2eb47cecc464545ba58e1ad24/library/std/src/sys/backtrace.rs:66:9
[INFO] [stderr]      3:     0x5d60d47b8fca - <std::sys::backtrace::BacktraceLock::print::DisplayBacktrace as core::fmt::Display>::fmt::h71a62eb3b9696b12
[INFO] [stderr]                                  at /rustc/6067b36314ab5eb2eb47cecc464545ba58e1ad24/library/std/src/sys/backtrace.rs:39:26
[INFO] [stderr]      4:     0x5d60d47de053 - core::fmt::rt::Argument::fmt::hdb6b616786b41dc1
[INFO] [stderr]                                  at /rustc/6067b36314ab5eb2eb47cecc464545ba58e1ad24/library/core/src/fmt/rt.rs:177:76
[INFO] [stderr]      5:     0x5d60d47de053 - core::fmt::write::h2cc1698af7e2d686
[INFO] [stderr]                                  at /rustc/6067b36314ab5eb2eb47cecc464545ba58e1ad24/library/core/src/fmt/mod.rs:1440:21
[INFO] [stderr]      6:     0x5d60d47b5683 - std::io::Write::write_fmt::h00c8700df393f328
[INFO] [stderr]                                  at /rustc/6067b36314ab5eb2eb47cecc464545ba58e1ad24/library/std/src/io/mod.rs:1887:15
[INFO] [stderr]      7:     0x5d60d47b8e12 - std::sys::backtrace::BacktraceLock::print::h147fe35b4ea13b08
[INFO] [stderr]                                  at /rustc/6067b36314ab5eb2eb47cecc464545ba58e1ad24/library/std/src/sys/backtrace.rs:42:9
[INFO] [stderr]      8:     0x5d60d47b9f9f - std::panicking::default_hook::{{closure}}::hbd44223dbdc0d208
[INFO] [stderr]                                  at /rustc/6067b36314ab5eb2eb47cecc464545ba58e1ad24/library/std/src/panicking.rs:298:22
[INFO] [stderr]      9:     0x5d60d47b9e0a - std::panicking::default_hook::h20f81eb0576efcec
[INFO] [stderr]                                  at /rustc/6067b36314ab5eb2eb47cecc464545ba58e1ad24/library/std/src/panicking.rs:325:9
[INFO] [stderr]     10:     0x5d60d47ba9c2 - std::panicking::rust_panic_with_hook::h625eea43051b2edc
[INFO] [stderr]                                  at /rustc/6067b36314ab5eb2eb47cecc464545ba58e1ad24/library/std/src/panicking.rs:831:13
[INFO] [stderr]     11:     0x5d60d47ba74a - std::panicking::begin_panic_handler::{{closure}}::h4f9159cfbc3f6bd3
[INFO] [stderr]                                  at /rustc/6067b36314ab5eb2eb47cecc464545ba58e1ad24/library/std/src/panicking.rs:704:13
[INFO] [stderr]     12:     0x5d60d47b94c9 - std::sys::backtrace::__rust_end_short_backtrace::h0390abce48353151
[INFO] [stderr]                                  at /rustc/6067b36314ab5eb2eb47cecc464545ba58e1ad24/library/std/src/sys/backtrace.rs:168:18
[INFO] [stderr]     13:     0x5d60d47ba3dd - rust_begin_unwind
[INFO] [stderr]                                  at /rustc/6067b36314ab5eb2eb47cecc464545ba58e1ad24/library/std/src/panicking.rs:695:5
[INFO] [stderr]     14:     0x5d60d47dce20 - core::panicking::panic_fmt::h9e7c637e9e5f29c9
[INFO] [stderr]                                  at /rustc/6067b36314ab5eb2eb47cecc464545ba58e1ad24/library/core/src/panicking.rs:75:14
[INFO] [stderr]     15:     0x5d60d47dd266 - core::result::unwrap_failed::h7979f09313fe1849
[INFO] [stderr]                                  at /rustc/6067b36314ab5eb2eb47cecc464545ba58e1ad24/library/core/src/result.rs:1704:5
[INFO] [stderr]     16:     0x5d60d4735063 - jq_src::cp_r::hd69271574e474987
[INFO] [stderr]     17:     0x5d60d47351e3 - jq_src::cp_r::hd69271574e474987
[INFO] [stderr]     18:     0x5d60d47351e3 - jq_src::cp_r::hd69271574e474987
[INFO] [stderr]     19:     0x5d60d47351e3 - jq_src::cp_r::hd69271574e474987
[INFO] [stderr]     20:     0x5d60d47351e3 - jq_src::cp_r::hd69271574e474987
[INFO] [stderr]     21:     0x5d60d4735328 - jq_src::prepare_sources::h647a0482be072051
[INFO] [stderr]     22:     0x5d60d4734409 - jq_src::run_autotools::h7decccad8c736bb4
[INFO] [stderr]     23:     0x5d60d4734168 - jq_src::build::h17b2a4b16cab834f
[INFO] [stderr]     24:     0x5d60d473000a - build_script_build::build_bundled::h7d16919a15c7bbc5
[INFO] [stderr]     25:     0x5d60d4730096 - build_script_build::main::ha0848c117a234b18
[INFO] [stderr]     26:     0x5d60d472ff33 - core::ops::function::FnOnce::call_once::ha69ff5924cdf45b3
[INFO] [stderr]     27:     0x5d60d472fea6 - std::sys::backtrace::__rust_begin_short_backtrace::hdce8ca5354759994
[INFO] [stderr]     28:     0x5d60d472fe89 - std::rt::lang_start::{{closure}}::h0efe4e4e4e68c5f3
[INFO] [stderr]     29:     0x5d60d47b0a90 - core::ops::function::impls::<impl core::ops::function::FnOnce<A> for &F>::call_once::h1b085b6c1d2518b2
[INFO] [stderr]                                  at /rustc/6067b36314ab5eb2eb47cecc464545ba58e1ad24/library/core/src/ops/function.rs:284:13
[INFO] [stderr]     30:     0x5d60d47b0a90 - std::panicking::try::do_call::h382f964a5a23b565
[INFO] [stderr]                                  at /rustc/6067b36314ab5eb2eb47cecc464545ba58e1ad24/library/std/src/panicking.rs:587:40
[INFO] [stderr]     31:     0x5d60d47b0a90 - std::panicking::try::h57f991055eb622f9
[INFO] [stderr]                                  at /rustc/6067b36314ab5eb2eb47cecc464545ba58e1ad24/library/std/src/panicking.rs:550:19
[INFO] [stderr]     32:     0x5d60d47b0a90 - std::panic::catch_unwind::h4d9a74ef04456343
[INFO] [stderr]                                  at /rustc/6067b36314ab5eb2eb47cecc464545ba58e1ad24/library/std/src/panic.rs:358:14
[INFO] [stderr]     33:     0x5d60d47b0a90 - std::rt::lang_start_internal::{{closure}}::h2faa8ae84a93f314
[INFO] [stderr]                                  at /rustc/6067b36314ab5eb2eb47cecc464545ba58e1ad24/library/std/src/rt.rs:163:24
[INFO] [stderr]     34:     0x5d60d47b0a90 - std::panicking::try::do_call::h0f8932bf638a9bf5
[INFO] [stderr]                                  at /rustc/6067b36314ab5eb2eb47cecc464545ba58e1ad24/library/std/src/panicking.rs:587:40
[INFO] [stderr]     35:     0x5d60d47b0a90 - std::panicking::try::h683416ea756b175d
[INFO] [stderr]                                  at /rustc/6067b36314ab5eb2eb47cecc464545ba58e1ad24/library/std/src/panicking.rs:550:19
[INFO] [stderr]     36:     0x5d60d47b0a90 - std::panic::catch_unwind::h56189fac8994979f
[INFO] [stderr]                                  at /rustc/6067b36314ab5eb2eb47cecc464545ba58e1ad24/library/std/src/panic.rs:358:14
[INFO] [stderr]     37:     0x5d60d47b0a90 - std::rt::lang_start_internal::h8bbc1061691274fe
[INFO] [stderr]                                  at /rustc/6067b36314ab5eb2eb47cecc464545ba58e1ad24/library/std/src/rt.rs:159:5
[INFO] [stderr]     38:     0x5d60d472fe71 - std::rt::lang_start::h349a01b32777bc5d
[INFO] [stderr]     39:     0x5d60d47300b5 - main
[INFO] [stderr]     40:     0x7a77ed1f6d90 - <unknown>
[INFO] [stderr]     41:     0x7a77ed1f6e40 - __libc_start_main
[INFO] [stderr]     42:     0x5d60d472fd85 - _start
[INFO] [stderr]     43:                0x0 - <unknown>
[INFO] running `Command { std: "docker" "inspect" "ecbc2cbf32cbbc8ec70e7092386d05366cd421aae03172be9b59c9f1bc9a7eee", kill_on_drop: false }`
[INFO] running `Command { std: "docker" "rm" "-f" "ecbc2cbf32cbbc8ec70e7092386d05366cd421aae03172be9b59c9f1bc9a7eee", kill_on_drop: false }`
[INFO] [stdout] ecbc2cbf32cbbc8ec70e7092386d05366cd421aae03172be9b59c9f1bc9a7eee
