[INFO] cloning repository https://github.com/kination/depot
[INFO] running `Command { std: "git" "-c" "credential.helper=" "-c" "credential.helper=/workspace/cargo-home/bin/git-credential-null" "clone" "--bare" "https://github.com/kination/depot" "/workspace/cache/git-repos/https%3A%2F%2Fgithub.com%2Fkination%2Fdepot", kill_on_drop: false }`
[INFO] [stderr] Cloning into bare repository '/workspace/cache/git-repos/https%3A%2F%2Fgithub.com%2Fkination%2Fdepot'...
[INFO] running `Command { std: "git" "rev-parse" "HEAD", kill_on_drop: false }`
[INFO] [stdout] 0ee107f3b9109a320619bafc74ff0d6d6fbb61b5
[INFO] testing kination/depot against nightly-2025-01-18+rustflags=-Zrandomize-layout for randomize-layout-2
[INFO] running `Command { std: "git" "clone" "/workspace/cache/git-repos/https%3A%2F%2Fgithub.com%2Fkination%2Fdepot" "/workspace/builds/worker-6-tc2/source", kill_on_drop: false }`
[INFO] [stderr] Cloning into '/workspace/builds/worker-6-tc2/source'...
[INFO] [stderr] done.
[INFO] validating manifest of git repo https://github.com/kination/depot on toolchain nightly-2025-01-18
[INFO] running `Command { std: CARGO_HOME="/workspace/cargo-home" RUSTUP_HOME="/workspace/rustup-home" "/workspace/cargo-home/bin/cargo" "+nightly-2025-01-18" "metadata" "--manifest-path" "Cargo.toml" "--no-deps", kill_on_drop: false }`
[INFO] started tweaking git repo https://github.com/kination/depot
[INFO] finished tweaking git repo https://github.com/kination/depot
[INFO] tweaked toml for git repo https://github.com/kination/depot written to /workspace/builds/worker-6-tc2/source/Cargo.toml
[INFO] crate git repo https://github.com/kination/depot already has a lockfile, it will not be regenerated
[INFO] running `Command { std: CARGO_HOME="/workspace/cargo-home" RUSTUP_HOME="/workspace/rustup-home" "/workspace/cargo-home/bin/cargo" "+nightly-2025-01-18" "fetch" "--manifest-path" "Cargo.toml", kill_on_drop: false }`
[INFO] [stderr] warning: virtual workspace defaulting to `resolver = "1"` despite one or more workspace members being on edition 2021 which implies `resolver = "2"`
[INFO] [stderr] note: to keep the current resolver, specify `workspace.resolver = "1"` in the workspace root's manifest
[INFO] [stderr] note: to use the edition 2021 resolver, specify `workspace.resolver = "2"` in the workspace root's manifest
[INFO] [stderr] note: for more details see https://doc.rust-lang.org/cargo/reference/resolver.html#resolver-versions
[INFO] [stderr]     Blocking waiting for file lock on package cache
[INFO] [stderr]     Blocking waiting for file lock on package cache
[INFO] running `Command { std: "docker" "create" "-v" "/var/lib/crater-agent-workspace/builds/worker-6-tc2/target:/opt/rustwide/target:rw,Z" "-v" "/var/lib/crater-agent-workspace/builds/worker-6-tc2/source:/opt/rustwide/workdir:ro,Z" "-v" "/var/lib/crater-agent-workspace/cargo-home:/opt/rustwide/cargo-home:ro,Z" "-v" "/var/lib/crater-agent-workspace/rustup-home:/opt/rustwide/rustup-home:ro,Z" "-e" "SOURCE_DIR=/opt/rustwide/workdir" "-e" "CARGO_TARGET_DIR=/opt/rustwide/target" "-e" "CARGO_HOME=/opt/rustwide/cargo-home" "-e" "RUSTUP_HOME=/opt/rustwide/rustup-home" "-w" "/opt/rustwide/workdir" "-m" "1610612736" "--user" "0:0" "--network" "none" "ghcr.io/rust-lang/crates-build-env/linux@sha256:819108c5571ea2e421544af4d832f968d213c87fbe3707a016657f43d2f853bc" "/opt/rustwide/cargo-home/bin/cargo" "+nightly-2025-01-18" "metadata" "--no-deps" "--format-version=1", kill_on_drop: false }`
[INFO] [stdout] 1e183b21b5faa4c203b2e941578b9d4a18631d0d756104f9da7a8eb7610bdad8
[INFO] running `Command { std: "docker" "start" "-a" "1e183b21b5faa4c203b2e941578b9d4a18631d0d756104f9da7a8eb7610bdad8", kill_on_drop: false }`
[INFO] running `Command { std: "docker" "inspect" "1e183b21b5faa4c203b2e941578b9d4a18631d0d756104f9da7a8eb7610bdad8", kill_on_drop: false }`
[INFO] running `Command { std: "docker" "rm" "-f" "1e183b21b5faa4c203b2e941578b9d4a18631d0d756104f9da7a8eb7610bdad8", kill_on_drop: false }`
[INFO] [stdout] 1e183b21b5faa4c203b2e941578b9d4a18631d0d756104f9da7a8eb7610bdad8
[INFO] running `Command { std: "docker" "create" "-v" "/var/lib/crater-agent-workspace/builds/worker-6-tc2/target:/opt/rustwide/target:rw,Z" "-v" "/var/lib/crater-agent-workspace/builds/worker-6-tc2/source:/opt/rustwide/workdir:ro,Z" "-v" "/var/lib/crater-agent-workspace/cargo-home:/opt/rustwide/cargo-home:ro,Z" "-v" "/var/lib/crater-agent-workspace/rustup-home:/opt/rustwide/rustup-home:ro,Z" "-e" "SOURCE_DIR=/opt/rustwide/workdir" "-e" "CARGO_TARGET_DIR=/opt/rustwide/target" "-e" "CARGO_INCREMENTAL=0" "-e" "RUST_BACKTRACE=full" "-e" "RUSTFLAGS=--cap-lints=forbid -Zrandomize-layout" "-e" "RUSTDOCFLAGS=--cap-lints=forbid" "-e" "CARGO_HOME=/opt/rustwide/cargo-home" "-e" "RUSTUP_HOME=/opt/rustwide/rustup-home" "-w" "/opt/rustwide/workdir" "-m" "1610612736" "--user" "0:0" "--network" "none" "ghcr.io/rust-lang/crates-build-env/linux@sha256:819108c5571ea2e421544af4d832f968d213c87fbe3707a016657f43d2f853bc" "/opt/rustwide/cargo-home/bin/cargo" "+nightly-2025-01-18" "build" "--frozen" "--message-format=json", kill_on_drop: false }`
[INFO] [stdout] 60d1b802ca32cf80732ba038f9abe0f3077f31b3bde36418ad2b6794fcf2f55d
[INFO] running `Command { std: "docker" "start" "-a" "60d1b802ca32cf80732ba038f9abe0f3077f31b3bde36418ad2b6794fcf2f55d", kill_on_drop: false }`
[INFO] [stderr] warning: virtual workspace defaulting to `resolver = "1"` despite one or more workspace members being on edition 2021 which implies `resolver = "2"`
[INFO] [stderr] note: to keep the current resolver, specify `workspace.resolver = "1"` in the workspace root's manifest
[INFO] [stderr] note: to use the edition 2021 resolver, specify `workspace.resolver = "2"` in the workspace root's manifest
[INFO] [stderr] note: for more details see https://doc.rust-lang.org/cargo/reference/resolver.html#resolver-versions
[INFO] [stderr]    Compiling libc v0.2.158
[INFO] [stderr]    Compiling proc-macro2 v1.0.86
[INFO] [stderr]    Compiling unicode-ident v1.0.13
[INFO] [stderr]    Compiling cfg-if v1.0.0
[INFO] [stderr]    Compiling shlex v1.3.0
[INFO] [stderr]    Compiling autocfg v1.3.0
[INFO] [stderr]    Compiling byteorder v1.5.0
[INFO] [stderr]    Compiling once_cell v1.19.0
[INFO] [stderr]    Compiling dunce v1.0.5
[INFO] [stderr]    Compiling fs_extra v1.3.0
[INFO] [stderr]    Compiling version_check v0.9.5
[INFO] [stderr]    Compiling paste v1.0.15
[INFO] [stderr]    Compiling libm v0.2.8
[INFO] [stderr]    Compiling aws-lc-rs v1.9.0
[INFO] [stderr]    Compiling pin-project-lite v0.2.14
[INFO] [stderr]    Compiling memchr v2.7.4
[INFO] [stderr]    Compiling allocator-api2 v0.2.18
[INFO] [stderr]    Compiling bytes v1.7.2
[INFO] [stderr]    Compiling crossbeam-utils v0.8.20
[INFO] [stderr]    Compiling mirai-annotations v1.12.0
[INFO] [stderr]    Compiling untrusted v0.7.1
[INFO] [stderr]    Compiling subtle v2.6.1
[INFO] [stderr]    Compiling equivalent v1.0.1
[INFO] [stderr]    Compiling atomic-waker v1.1.2
[INFO] [stderr]    Compiling hex-literal v0.4.1
[INFO] [stderr]    Compiling futures-core v0.3.30
[INFO] [stderr]    Compiling parking_lot_core v0.9.10
[INFO] [stderr]    Compiling smallvec v1.13.2
[INFO] [stderr]    Compiling futures-sink v0.3.30
[INFO] [stderr]    Compiling getrandom v0.1.16
[INFO] [stderr]    Compiling ahash v0.8.11
[INFO] [stderr]    Compiling serde v1.0.210
[INFO] [stderr]    Compiling scopeguard v1.2.0
[INFO] [stderr]    Compiling futures-task v0.3.30
[INFO] [stderr]    Compiling num-traits v0.2.19
[INFO] [stderr]    Compiling lock_api v0.4.12
[INFO] [stderr]    Compiling slab v0.4.9
[INFO] [stderr]    Compiling futures-channel v0.3.30
[INFO] [stderr]    Compiling memoffset v0.9.1
[INFO] [stderr]    Compiling futures-io v0.3.30
[INFO] [stderr]    Compiling lazy_static v1.5.0
[INFO] [stderr]    Compiling pin-utils v0.1.0
[INFO] [stderr]    Compiling untrusted v0.9.0
[INFO] [stderr]    Compiling itoa v1.0.11
[INFO] [stderr]    Compiling ryu v1.0.18
[INFO] [stderr]    Compiling hex v0.4.3
[INFO] [stderr]    Compiling powerfmt v0.2.0
[INFO] [stderr]    Compiling pkg-config v0.3.31
[INFO] [stderr]    Compiling num-conv v0.1.0
[INFO] [stderr]    Compiling time-core v0.1.2
[INFO] [stderr]    Compiling s2n-quic-platform v0.46.0
[INFO] [stderr]    Compiling rustls-pki-types v1.8.0
[INFO] [stderr]    Compiling deranged v0.3.11
[INFO] [stderr]    Compiling intrusive-collections v0.9.7
[INFO] [stderr]    Compiling toml_datetime v0.6.8
[INFO] [stderr]    Compiling base64 v0.22.1
[INFO] [stderr]    Compiling winnow v0.6.20
[INFO] [stderr]    Compiling log v0.4.22
[INFO] [stderr]    Compiling siphasher v1.0.1
[INFO] [stderr]    Compiling rustls v0.23.13
[INFO] [stderr]    Compiling quote v1.0.37
[INFO] [stderr]    Compiling vcpkg v0.2.15
[INFO] [stderr]    Compiling fnv v1.0.7
[INFO] [stderr]    Compiling spin v0.9.8
[INFO] [stderr]    Compiling pem v3.0.4
[INFO] [stderr]    Compiling hash_hasher v2.0.3
[INFO] [stderr]    Compiling unsafe-libyaml v0.2.11
[INFO] [stderr]    Compiling serde_json v1.0.132
[INFO] [stderr]    Compiling syn v2.0.77
[INFO] [stderr]    Compiling num-integer v0.1.46
[INFO] [stderr]    Compiling aho-corasick v1.1.3
[INFO] [stderr]    Compiling regex-syntax v0.8.3
[INFO] [stderr]    Compiling jobserver v0.1.31
[INFO] [stderr]    Compiling getrandom v0.2.15
[INFO] [stderr]    Compiling errno v0.3.9
[INFO] [stderr]    Compiling cc v1.1.21
[INFO] [stderr]    Compiling num-rational v0.4.2
[INFO] [stderr]    Compiling mio v1.0.2
[INFO] [stderr]    Compiling socket2 v0.5.7
[INFO] [stderr]    Compiling rand_core v0.5.1
[INFO] [stderr]    Compiling parking_lot v0.12.3
[INFO] [stderr]    Compiling signal-hook-registry v1.4.2
[INFO] [stderr]    Compiling rand_core v0.6.4
[INFO] [stderr]    Compiling time v0.3.36
[INFO] [stderr]    Compiling utf8parse v0.2.2
[INFO] [stderr]    Compiling anstyle-parse v0.2.5
[INFO] [stderr]    Compiling rdkafka-sys v4.8.0+2.3.0
[INFO] [stderr]    Compiling anstyle-query v1.1.1
[INFO] [stderr]    Compiling anstyle v1.0.8
[INFO] [stderr]    Compiling colorchoice v1.0.2
[INFO] [stderr]    Compiling is_terminal_polyfill v1.70.1
[INFO] [stderr]    Compiling clap_lex v0.7.2
[INFO] [stderr]    Compiling strsim v0.11.1
[INFO] [stderr]    Compiling heck v0.5.0
[INFO] [stderr]    Compiling csv-core v0.1.11
[INFO] [stderr]    Compiling anstream v0.6.15
[INFO] [stderr]    Compiling yasna v0.5.2
[INFO] [stderr]    Compiling clap_builder v4.5.20
[INFO] [stderr]    Compiling cmake v0.1.50
[INFO] [stderr]    Compiling s2n-tls-sys v0.3.3
[INFO] [stderr]    Compiling ring v0.17.8
[INFO] [stderr]    Compiling libz-sys v1.1.20
[INFO] [stderr]    Compiling aws-lc-sys v0.21.2
[INFO] [stderr]    Compiling regex-automata v0.4.6
[INFO] [stderr]    Compiling rcgen v0.13.1
[INFO] [stderr]    Compiling zerocopy-derive v0.7.35
[INFO] [stderr]    Compiling zeroize_derive v1.4.2
[INFO] [stderr]    Compiling serde_derive v1.0.210
[INFO] [stderr]    Compiling futures-macro v0.3.30
[INFO] [stderr]    Compiling tokio-macros v2.4.0
[INFO] [stderr]    Compiling regex v1.10.4
[INFO] [stderr]    Compiling zeroize v1.8.1
[INFO] [stderr]    Compiling zerocopy v0.7.35
[INFO] [stderr]    Compiling clap_derive v4.5.18
[INFO] [stderr]    Compiling tokio v1.40.0
[INFO] [stderr]    Compiling futures-util v0.3.30
[INFO] [stderr]    Compiling s2n-codec v0.46.0
[INFO] [stderr]    Compiling hashbrown v0.14.5
[INFO] [stderr]    Compiling ppv-lite86 v0.2.20
[INFO] [stderr]    Compiling s2n-quic-core v0.46.0
[INFO] [stderr]    Compiling rand_chacha v0.2.2
[INFO] [stderr]    Compiling rand_chacha v0.3.1
[INFO] [stderr]    Compiling rand v0.7.3
[INFO] [stderr]    Compiling indexmap v2.5.0
[INFO] [stderr]    Compiling rand v0.8.5
[INFO] [stderr]    Compiling clap v4.5.20
[INFO] [stderr]    Compiling cuckoofilter v0.5.0
[INFO] [stderr]    Compiling toml_edit v0.22.22
[INFO] [stderr]    Compiling futures v0.3.30
[INFO] [stderr]    Compiling proc-macro-crate v3.2.0
[INFO] [stderr]    Compiling num_enum_derive v0.7.3
[INFO] [stderr]    Compiling num_enum v0.7.3
[INFO] [stderr]    Compiling serde_yaml v0.9.34+deprecated
[INFO] [stderr]    Compiling csv v1.3.1
[INFO] [stderr] rustc-LLVM ERROR: IO failure on output stream: No space left on device
[INFO] [stderr] rustc-LLVM ERROR: IO failure on output stream: No space left on device
[INFO] [stderr] error: could not compile `serde_json` (lib)
[INFO] [stderr] 
[INFO] [stderr] Caused by:
[INFO] [stderr]   No space left on device (os error 28)
[INFO] [stderr] 
[INFO] [stderr] Caused by:
[INFO] [stderr]   failed to parse process output: `/opt/rustwide/rustup-home/toolchains/nightly-2025-01-18-x86_64-unknown-linux-gnu/bin/rustc --crate-name serde_json --edition=2021 /opt/rustwide/cargo-home/registry/src/index.crates.io-1949cf8c6b5b557f/serde_json-1.0.132/src/lib.rs --error-format=json --json=diagnostic-rendered-ansi,artifacts,future-incompat --crate-type lib --emit=dep-info,metadata,link -C embed-bitcode=no -C debuginfo=2 --cfg 'feature="default"' --cfg 'feature="std"' --check-cfg 'cfg(docsrs,test)' --check-cfg 'cfg(feature, values("alloc", "arbitrary_precision", "default", "float_roundtrip", "indexmap", "preserve_order", "raw_value", "std", "unbounded_depth"))' -C metadata=58f95e3a20ce3af4 -C extra-filename=-90ba8c9870ccf689 --out-dir /opt/rustwide/target/debug/deps -L dependency=/opt/rustwide/target/debug/deps --extern itoa=/opt/rustwide/target/debug/deps/libitoa-2339ac03678ab7d4.rmeta --extern memchr=/opt/rustwide/target/debug/deps/libmemchr-c622a5b4f6a961b3.rmeta --extern ryu=/opt/rustwide/target/debug/deps/libryu-70ea9a7000b12dba.rmeta --extern serde=/opt/rustwide/target/debug/deps/libserde-da4031b32d7c9a60.rmeta --cap-lints allow --cap-lints=forbid -Zrandomize-layout --cfg 'fast_arithmetic="64"' --check-cfg 'cfg(fast_arithmetic, values("32", "64"))'` (exit status: 101)
[INFO] [stderr] warning: build failed, waiting for other jobs to finish...
[INFO] [stdout] error: failed to write to `/opt/rustwide/target/debug/deps/rmetaMLpuLL/lib.rmeta`: No space left on device (os error 28)
[INFO] [stdout] 
[INFO] [stdout] 
[INFO] [stderr] error: could not compile `tokio` (lib)
[INFO] [stderr] 
[INFO] [stderr] Caused by:
[INFO] [stderr]   No space left on device (os error 28)
[INFO] [stderr] 
[INFO] [stderr] Caused by:
[INFO] [stderr]   failed to parse process output: `/opt/rustwide/rustup-home/toolchains/nightly-2025-01-18-x86_64-unknown-linux-gnu/bin/rustc --crate-name tokio --edition=2021 /opt/rustwide/cargo-home/registry/src/index.crates.io-1949cf8c6b5b557f/tokio-1.40.0/src/lib.rs --error-format=json --json=diagnostic-rendered-ansi,artifacts,future-incompat --crate-type lib --emit=dep-info,metadata,link -C embed-bitcode=no -C debuginfo=2 --cfg 'feature="bytes"' --cfg 'feature="default"' --cfg 'feature="fs"' --cfg 'feature="full"' --cfg 'feature="io-std"' --cfg 'feature="io-util"' --cfg 'feature="libc"' --cfg 'feature="macros"' --cfg 'feature="mio"' --cfg 'feature="net"' --cfg 'feature="parking_lot"' --cfg 'feature="process"' --cfg 'feature="rt"' --cfg 'feature="rt-multi-thread"' --cfg 'feature="signal"' --cfg 'feature="signal-hook-registry"' --cfg 'feature="socket2"' --cfg 'feature="sync"' --cfg 'feature="time"' --cfg 'feature="tokio-macros"' --cfg 'feature="windows-sys"' --check-cfg 'cfg(docsrs,test)' --check-cfg 'cfg(feature, values("bytes", "default", "fs", "full", "io-std", "io-util", "libc", "macros", "mio", "net", "parking_lot", "process", "rt", "rt-multi-thread", "signal", "signal-hook-registry", "socket2", "sync", "test-util", "time", "tokio-macros", "tracing", "windows-sys"))' -C metadata=95158c9841395d55 -C extra-filename=-43e2a627247b468d --out-dir /opt/rustwide/target/debug/deps -L dependency=/opt/rustwide/target/debug/deps --extern bytes=/opt/rustwide/target/debug/deps/libbytes-aa7fcaacb924e552.rmeta --extern libc=/opt/rustwide/target/debug/deps/liblibc-f34f27927249ef47.rmeta --extern mio=/opt/rustwide/target/debug/deps/libmio-2f8711804d3ed673.rmeta --extern parking_lot=/opt/rustwide/target/debug/deps/libparking_lot-f9d8f87906726bfb.rmeta --extern pin_project_lite=/opt/rustwide/target/debug/deps/libpin_project_lite-d6f08e5f3a31541a.rmeta --extern signal_hook_registry=/opt/rustwide/target/debug/deps/libsignal_hook_registry-0c363978dd722fd9.rmeta --extern socket2=/opt/rustwide/target/debug/deps/libsocket2-a7f08be956df517a.rmeta --extern tokio_macros=/opt/rustwide/target/debug/deps/libtokio_macros-20e9685bce0421be.so --cap-lints allow --cap-lints=forbid -Zrandomize-layout` (exit status: 101)
[INFO] [stderr] error: could not compile `s2n-quic-core` (lib) due to 1 previous error
[INFO] [stderr] rustc-LLVM ERROR: IO failure on output stream: No space left on device
[INFO] [stderr] error: could not compile `serde_yaml` (lib)
[INFO] [stderr] 
[INFO] [stderr] Caused by:
[INFO] [stderr]   process didn't exit successfully: `/opt/rustwide/rustup-home/toolchains/nightly-2025-01-18-x86_64-unknown-linux-gnu/bin/rustc --crate-name serde_yaml --edition=2021 /opt/rustwide/cargo-home/registry/src/index.crates.io-1949cf8c6b5b557f/serde_yaml-0.9.34+deprecated/src/lib.rs --error-format=json --json=diagnostic-rendered-ansi,artifacts,future-incompat --crate-type lib --emit=dep-info,metadata,link -C embed-bitcode=no -C debuginfo=2 --check-cfg 'cfg(docsrs,test)' --check-cfg 'cfg(feature, values())' -C metadata=9011062b54363eab -C extra-filename=-7b35147bbbd95200 --out-dir /opt/rustwide/target/debug/deps -L dependency=/opt/rustwide/target/debug/deps --extern indexmap=/opt/rustwide/target/debug/deps/libindexmap-4655d1b20ab994d0.rmeta --extern itoa=/opt/rustwide/target/debug/deps/libitoa-2339ac03678ab7d4.rmeta --extern ryu=/opt/rustwide/target/debug/deps/libryu-70ea9a7000b12dba.rmeta --extern serde=/opt/rustwide/target/debug/deps/libserde-da4031b32d7c9a60.rmeta --extern unsafe_libyaml=/opt/rustwide/target/debug/deps/libunsafe_libyaml-fe735b36306ea696.rmeta --cap-lints allow --cap-lints=forbid -Zrandomize-layout` (exit status: 101)
[INFO] [stderr] warning: aws-lc-sys@0.21.2: /opt/rustwide/cargo-home/registry/src/index.crates.io-1949cf8c6b5b557f/aws-lc-sys-0.21.2/aws-lc/crypto/x509/x509_vfy.c:1746:1: fatal error: error writing to /tmp/ccfD09n6.s: No space left on device
[INFO] [stderr] warning: aws-lc-sys@0.21.2:  1746 | }
[INFO] [stderr] warning: aws-lc-sys@0.21.2:       | ^
[INFO] [stderr] warning: aws-lc-sys@0.21.2: compilation terminated.
[INFO] [stderr] warning: aws-lc-sys@0.21.2: ToolExecError: Command "cc" "-O0" "-ffunction-sections" "-fdata-sections" "-fPIC" "-gdwarf-4" "-fno-omit-frame-pointer" "-m64" "-static" "-std=c11" "-I" "/opt/rustwide/cargo-home/registry/src/index.crates.io-1949cf8c6b5b557f/aws-lc-sys-0.21.2/include" "-I" "/opt/rustwide/cargo-home/registry/src/index.crates.io-1949cf8c6b5b557f/aws-lc-sys-0.21.2/generated-include" "-I" "/opt/rustwide/cargo-home/registry/src/index.crates.io-1949cf8c6b5b557f/aws-lc-sys-0.21.2/aws-lc/include" "-I" "/opt/rustwide/cargo-home/registry/src/index.crates.io-1949cf8c6b5b557f/aws-lc-sys-0.21.2/aws-lc/third_party/s2n-bignum/include" "-Wall" "-Wextra" "-Wno-unused-parameter" "-lpthread" "-D_XOPEN_SOURCE=700" "-DBORINGSSL_IMPLEMENTATION=1" "-DBORINGSSL_PREFIX=aws_lc_0_21_2" "-o" "/opt/rustwide/target/debug/build/aws-lc-sys-7bbf0d645847f64a/out/79de323d58e12590-x509_vfy.o" "-c" "/opt/rustwide/cargo-home/registry/src/index.crates.io-1949cf8c6b5b557f/aws-lc-sys-0.21.2/aws-lc/crypto/x509/x509_vfy.c" with args cc did not execute successfully (status code exit status: 1).cargo:warning=/opt/rustwide/cargo-home/registry/src/index.crates.io-1949cf8c6b5b557f/aws-lc-sys-0.21.2/aws-lc/crypto/x509/x509_vpm.c:487:1: fatal error: error writing to /tmp/ccNKq3zM.s: No space left on device
[INFO] [stderr] warning: aws-lc-sys@0.21.2:   487 | }
[INFO] [stderr] warning: aws-lc-sys@0.21.2:       | ^
[INFO] [stderr] warning: aws-lc-sys@0.21.2: compilation terminated.
[INFO] [stderr] warning: aws-lc-sys@0.21.2: ToolExecError: Command "cc" "-O0" "-ffunction-sections" "-fdata-sections" "-fPIC" "-gdwarf-4" "-fno-omit-frame-pointer" "-m64" "-static" "-std=c11" "-I" "/opt/rustwide/cargo-home/registry/src/index.crates.io-1949cf8c6b5b557f/aws-lc-sys-0.21.2/include" "-I" "/opt/rustwide/cargo-home/registry/src/index.crates.io-1949cf8c6b5b557f/aws-lc-sys-0.21.2/generated-include" "-I" "/opt/rustwide/cargo-home/registry/src/index.crates.io-1949cf8c6b5b557f/aws-lc-sys-0.21.2/aws-lc/include" "-I" "/opt/rustwide/cargo-home/registry/src/index.crates.io-1949cf8c6b5b557f/aws-lc-sys-0.21.2/aws-lc/third_party/s2n-bignum/include" "-Wall" "-Wextra" "-Wno-unused-parameter" "-lpthread" "-D_XOPEN_SOURCE=700" "-DBORINGSSL_IMPLEMENTATION=1" "-DBORINGSSL_PREFIX=aws_lc_0_21_2" "-o" "/opt/rustwide/target/debug/build/aws-lc-sys-7bbf0d645847f64a/out/79de323d58e12590-x509_vpm.o" "-c" "/opt/rustwide/cargo-home/registry/src/index.crates.io-1949cf8c6b5b557f/aws-lc-sys-0.21.2/aws-lc/crypto/x509/x509_vpm.c" with args cc did not execute successfully (status code exit status: 1).cargo:warning=/tmp/ccymxKHO.s: Assembler messages:
[INFO] [stderr] warning: aws-lc-sys@0.21.2: /tmp/ccymxKHO.s: Fatal error: can't write 90 bytes to section .text.sk_X509_REVOKED_call_cmp_func of /opt/rustwide/target/debug/build/aws-lc-sys-7bbf0d645847f64a/out/79de323d58e12590-x509cset.o: 'No space left on device'
[INFO] [stderr] warning: aws-lc-sys@0.21.2: /tmp/ccymxKHO.s: Fatal error: /opt/rustwide/target/debug/build/aws-lc-sys-7bbf0d645847f64a/out/79de323d58e12590-x509cset.o: No space left on device
[INFO] [stderr] warning: aws-lc-sys@0.21.2: ToolExecError: Command "cc" "-O0" "-ffunction-sections" "-fdata-sections" "-fPIC" "-gdwarf-4" "-fno-omit-frame-pointer" "-m64" "-static" "-std=c11" "-I" "/opt/rustwide/cargo-home/registry/src/index.crates.io-1949cf8c6b5b557f/aws-lc-sys-0.21.2/include" "-I" "/opt/rustwide/cargo-home/registry/src/index.crates.io-1949cf8c6b5b557f/aws-lc-sys-0.21.2/generated-include" "-I" "/opt/rustwide/cargo-home/registry/src/index.crates.io-1949cf8c6b5b557f/aws-lc-sys-0.21.2/aws-lc/include" "-I" "/opt/rustwide/cargo-home/registry/src/index.crates.io-1949cf8c6b5b557f/aws-lc-sys-0.21.2/aws-lc/third_party/s2n-bignum/include" "-Wall" "-Wextra" "-Wno-unused-parameter" "-lpthread" "-D_XOPEN_SOURCE=700" "-DBORINGSSL_IMPLEMENTATION=1" "-DBORINGSSL_PREFIX=aws_lc_0_21_2" "-o" "/opt/rustwide/target/debug/build/aws-lc-sys-7bbf0d645847f64a/out/79de323d58e12590-x509cset.o" "-c" "/opt/rustwide/cargo-home/registry/src/index.crates.io-1949cf8c6b5b557f/aws-lc-sys-0.21.2/aws-lc/crypto/x509/x509cset.c" with args cc did not execute successfully (status code exit status: 1).cargo:warning=/opt/rustwide/cargo-home/registry/src/index.crates.io-1949cf8c6b5b557f/aws-lc-sys-0.21.2/aws-lc/crypto/x509/x509spki.c:178:1: fatal error: error writing to /tmp/ccAb946L.s: No space left on device
[INFO] [stderr] warning: aws-lc-sys@0.21.2:   178 | }
[INFO] [stderr] warning: aws-lc-sys@0.21.2:       | ^
[INFO] [stderr] warning: aws-lc-sys@0.21.2: compilation terminated.
[INFO] [stderr] warning: aws-lc-sys@0.21.2: ToolExecError: Command "cc" "-O0" "-ffunction-sections" "-fdata-sections" "-fPIC" "-gdwarf-4" "-fno-omit-frame-pointer" "-m64" "-static" "-std=c11" "-I" "/opt/rustwide/cargo-home/registry/src/index.crates.io-1949cf8c6b5b557f/aws-lc-sys-0.21.2/include" "-I" "/opt/rustwide/cargo-home/registry/src/index.crates.io-1949cf8c6b5b557f/aws-lc-sys-0.21.2/generated-include" "-I" "/opt/rustwide/cargo-home/registry/src/index.crates.io-1949cf8c6b5b557f/aws-lc-sys-0.21.2/aws-lc/include" "-I" "/opt/rustwide/cargo-home/registry/src/index.crates.io-1949cf8c6b5b557f/aws-lc-sys-0.21.2/aws-lc/third_party/s2n-bignum/include" "-Wall" "-Wextra" "-Wno-unused-parameter" "-lpthread" "-D_XOPEN_SOURCE=700" "-DBORINGSSL_IMPLEMENTATION=1" "-DBORINGSSL_PREFIX=aws_lc_0_21_2" "-o" "/opt/rustwide/target/debug/build/aws-lc-sys-7bbf0d645847f64a/out/79de323d58e12590-x509spki.o" "-c" "/opt/rustwide/cargo-home/registry/src/index.crates.io-1949cf8c6b5b557f/aws-lc-sys-0.21.2/aws-lc/crypto/x509/x509spki.c" with args cc did not execute successfully (status code exit status: 1).cargo:warning=/tmp/cceL2bgf.s: Assembler messages:
[INFO] [stderr] warning: aws-lc-sys@0.21.2: /tmp/cceL2bgf.s: Fatal error: can't write 116 bytes to section .rodata of /opt/rustwide/target/debug/build/aws-lc-sys-7bbf0d645847f64a/out/79de323d58e12590-x_all.o: 'No space left on device'
[INFO] [stderr] warning: aws-lc-sys@0.21.2: /tmp/cceL2bgf.s: Fatal error: /opt/rustwide/target/debug/build/aws-lc-sys-7bbf0d645847f64a/out/79de323d58e12590-x_all.o: No space left on device
[INFO] [stderr] warning: aws-lc-sys@0.21.2: ToolExecError: Command "cc" "-O0" "-ffunction-sections" "-fdata-sections" "-fPIC" "-gdwarf-4" "-fno-omit-frame-pointer" "-m64" "-static" "-std=c11" "-I" "/opt/rustwide/cargo-home/registry/src/index.crates.io-1949cf8c6b5b557f/aws-lc-sys-0.21.2/include" "-I" "/opt/rustwide/cargo-home/registry/src/index.crates.io-1949cf8c6b5b557f/aws-lc-sys-0.21.2/generated-include" "-I" "/opt/rustwide/cargo-home/registry/src/index.crates.io-1949cf8c6b5b557f/aws-lc-sys-0.21.2/aws-lc/include" "-I" "/opt/rustwide/cargo-home/registry/src/index.crates.io-1949cf8c6b5b557f/aws-lc-sys-0.21.2/aws-lc/third_party/s2n-bignum/include" "-Wall" "-Wextra" "-Wno-unused-parameter" "-lpthread" "-D_XOPEN_SOURCE=700" "-DBORINGSSL_IMPLEMENTATION=1" "-DBORINGSSL_PREFIX=aws_lc_0_21_2" "-o" "/opt/rustwide/target/debug/build/aws-lc-sys-7bbf0d645847f64a/out/79de323d58e12590-x_all.o" "-c" "/opt/rustwide/cargo-home/registry/src/index.crates.io-1949cf8c6b5b557f/aws-lc-sys-0.21.2/aws-lc/crypto/x509/x_all.c" with args cc did not execute successfully (status code exit status: 1).
[INFO] [stderr] error: failed to run custom build command for `aws-lc-sys v0.21.2`
[INFO] [stderr] note: To improve backtraces for build dependencies, set the CARGO_PROFILE_DEV_BUILD_OVERRIDE_DEBUG=true environment variable to enable debug information generation.
[INFO] [stderr] 
[INFO] [stderr] Caused by:
[INFO] [stderr]   process didn't exit successfully: `/opt/rustwide/target/debug/build/aws-lc-sys-87951b6afb4e8fe6/build-script-main` (exit status: 1)
[INFO] [stderr]   --- stdout
[INFO] [stderr]   cargo:rerun-if-env-changed=AWS_LC_SYS_NO_PREFIX
[INFO] [stderr]   cargo:rerun-if-env-changed=AWS_LC_SYS_INTERNAL_BINDGEN
[INFO] [stderr]   cargo:rerun-if-env-changed=AWS_LC_SYS_EXTERNAL_BINDGEN
[INFO] [stderr]   cargo:rerun-if-env-changed=AWS_LC_SYS_NO_ASM
[INFO] [stderr]   cargo:rerun-if-env-changed=AWS_LC_SYS_CFLAGS
[INFO] [stderr]   cargo:rerun-if-env-changed=AWS_LC_SYS_PREBUILT_NASM
[INFO] [stderr]   cargo:rerun-if-env-changed=AWS_LC_SYS_C_STD
[INFO] [stderr]   cargo:rustc-cfg=x86_64_unknown_linux_gnu
[INFO] [stderr]   cargo:rerun-if-env-changed=AWS_LC_SYS_CMAKE_BUILDER
[INFO] [stderr]   cargo:rerun-if-env-changed=AWS_LC_SYS_STATIC
[INFO] [stderr]   default_for Target: 'x86_64-unknown-linux-gnu'
[INFO] [stderr]   cargo:rerun-if-env-changed=CARGO_FEATURE_SSL
[INFO] [stderr]   default_for Target: 'x86_64-unknown-linux-gnu'
[INFO] [stderr]   cargo:rerun-if-env-changed=CARGO_FEATURE_SSL
[INFO] [stderr]   cargo:root=/opt/rustwide/target/debug/build/aws-lc-sys-7bbf0d645847f64a/out
[INFO] [stderr]   default_for Target: 'x86_64-unknown-linux-gnu'
[INFO] [stderr]   OPT_LEVEL = Some(0)
[INFO] [stderr]   TARGET = Some(x86_64-unknown-linux-gnu)
[INFO] [stderr]   HOST = Some(x86_64-unknown-linux-gnu)
[INFO] [stderr]   cargo:rerun-if-env-changed=CC_x86_64-unknown-linux-gnu
[INFO] [stderr]   CC_x86_64-unknown-linux-gnu = None
[INFO] [stderr]   cargo:rerun-if-env-changed=CC_x86_64_unknown_linux_gnu
[INFO] [stderr]   CC_x86_64_unknown_linux_gnu = None
[INFO] [stderr]   cargo:rerun-if-env-changed=HOST_CC
[INFO] [stderr]   HOST_CC = None
[INFO] [stderr]   cargo:rerun-if-env-changed=CC
[INFO] [stderr]   CC = None
[INFO] [stderr]   cargo:rerun-if-env-changed=CC_ENABLE_DEBUG_OUTPUT
[INFO] [stderr]   RUSTC_WRAPPER = None
[INFO] [stderr]   cargo:rerun-if-env-changed=CRATE_CC_NO_DEFAULTS
[INFO] [stderr]   CRATE_CC_NO_DEFAULTS = None
[INFO] [stderr]   DEBUG = Some(true)
[INFO] [stderr]   cargo:rerun-if-env-changed=CFLAGS_x86_64-unknown-linux-gnu
[INFO] [stderr]   CFLAGS_x86_64-unknown-linux-gnu = None
[INFO] [stderr]   cargo:rerun-if-env-changed=CFLAGS_x86_64_unknown_linux_gnu
[INFO] [stderr]   CFLAGS_x86_64_unknown_linux_gnu = None
[INFO] [stderr]   cargo:rerun-if-env-changed=HOST_CFLAGS
[INFO] [stderr]   HOST_CFLAGS = None
[INFO] [stderr]   cargo:rerun-if-env-changed=CFLAGS
[INFO] [stderr]   CFLAGS = None
[INFO] [stderr]   OPT_LEVEL = Some(0)
[INFO] [stderr]   TARGET = Some(x86_64-unknown-linux-gnu)
[INFO] [stderr]   OUT_DIR = Some(/opt/rustwide/target/debug/build/aws-lc-sys-7bbf0d645847f64a/out)
[INFO] [stderr]   HOST = Some(x86_64-unknown-linux-gnu)
[INFO] [stderr]   cargo:rerun-if-env-changed=CC_x86_64-unknown-linux-gnu
[INFO] [stderr]   CC_x86_64-unknown-linux-gnu = None
[INFO] [stderr]   cargo:rerun-if-env-changed=CC_x86_64_unknown_linux_gnu
[INFO] [stderr]   CC_x86_64_unknown_linux_gnu = None
[INFO] [stderr]   cargo:rerun-if-env-changed=HOST_CC
[INFO] [stderr]   HOST_CC = None
[INFO] [stderr]   cargo:rerun-if-env-changed=CC
[INFO] [stderr]   CC = None
[INFO] [stderr]   cargo:rerun-if-env-changed=CC_ENABLE_DEBUG_OUTPUT
[INFO] [stderr]   RUSTC_WRAPPER = None
[INFO] [stderr]   cargo:rerun-if-env-changed=CRATE_CC_NO_DEFAULTS
[INFO] [stderr]   CRATE_CC_NO_DEFAULTS = None
[INFO] [stderr]   DEBUG = Some(true)
[INFO] [stderr]   CARGO_CFG_TARGET_FEATURE = Some(fxsr,sse,sse2,x87)
[INFO] [stderr]   cargo:rerun-if-env-changed=CFLAGS_x86_64-unknown-linux-gnu
[INFO] [stderr]   CFLAGS_x86_64-unknown-linux-gnu = None
[INFO] [stderr]   cargo:rerun-if-env-changed=CFLAGS_x86_64_unknown_linux_gnu
[INFO] [stderr]   CFLAGS_x86_64_unknown_linux_gnu = None
[INFO] [stderr]   cargo:rerun-if-env-changed=HOST_CFLAGS
[INFO] [stderr]   HOST_CFLAGS = None
[INFO] [stderr]   cargo:rerun-if-env-changed=CFLAGS
[INFO] [stderr]   CFLAGS = None
[INFO] [stderr]   exit status: 0
[INFO] [stderr]   exit status: 0
[INFO] [stderr]   exit status: 0
[INFO] [stderr]   exit status: 0
[INFO] [stderr]   exit status: 0
[INFO] [stderr]   exit status: 0
[INFO] [stderr]   exit status: 0
[INFO] [stderr]   exit status: 0
[INFO] [stderr]   exit status: 0
[INFO] [stderr]   exit status: 0
[INFO] [stderr]   exit status: 0
[INFO] [stderr]   exit status: 0
[INFO] [stderr]   exit status: 0
[INFO] [stderr]   exit status: 0
[INFO] [stderr]   exit status: 0
[INFO] [stderr]   exit status: 0
[INFO] [stderr]   exit status: 0
[INFO] [stderr]   exit status: 0
[INFO] [stderr]   exit status: 0
[INFO] [stderr]   exit status: 0
[INFO] [stderr]   exit status: 0
[INFO] [stderr]   exit status: 0
[INFO] [stderr]   exit status: 0
[INFO] [stderr]   exit status: 0
[INFO] [stderr]   exit status: 0
[INFO] [stderr]   exit status: 0
[INFO] [stderr]   exit status: 0
[INFO] [stderr]   exit status: 0
[INFO] [stderr]   exit status: 0
[INFO] [stderr]   exit status: 0
[INFO] [stderr]   exit status: 0
[INFO] [stderr]   exit status: 0
[INFO] [stderr]   exit status: 0
[INFO] [stderr]   exit status: 0
[INFO] [stderr]   exit status: 0
[INFO] [stderr]   exit status: 0
[INFO] [stderr]   exit status: 0
[INFO] [stderr]   exit status: 0
[INFO] [stderr]   exit status: 0
[INFO] [stderr]   exit status: 0
[INFO] [stderr]   exit status: 0
[INFO] [stderr]   exit status: 0
[INFO] [stderr]   exit status: 0
[INFO] [stderr]   exit status: 0
[INFO] [stderr]   exit status: 0
[INFO] [stderr]   exit status: 0
[INFO] [stderr]   exit status: 0
[INFO] [stderr]   exit status: 0
[INFO] [stderr]   exit status: 0
[INFO] [stderr]   exit status: 0
[INFO] [stderr]   exit status: 0
[INFO] [stderr]   exit status: 0
[INFO] [stderr]   exit status: 0
[INFO] [stderr]   exit status: 0
[INFO] [stderr]   exit status: 0
[INFO] [stderr]   exit status: 0
[INFO] [stderr]   exit status: 0
[INFO] [stderr]   exit status: 0
[INFO] [stderr]   exit status: 0
[INFO] [stderr]   exit status: 0
[INFO] [stderr]   exit status: 0
[INFO] [stderr]   exit status: 0
[INFO] [stderr]   exit status: 0
[INFO] [stderr]   exit status: 0
[INFO] [stderr]   exit status: 0
[INFO] [stderr]   exit status: 0
[INFO] [stderr]   exit status: 0
[INFO] [stderr]   exit status: 0
[INFO] [stderr]   exit status: 0
[INFO] [stderr]   exit status: 0
[INFO] [stderr]   exit status: 0
[INFO] [stderr]   exit status: 0
[INFO] [stderr]   exit status: 0
[INFO] [stderr]   exit status: 0
[INFO] [stderr]   exit status: 0
[INFO] [stderr]   exit status: 0
[INFO] [stderr]   exit status: 0
[INFO] [stderr]   exit status: 0
[INFO] [stderr]   exit status: 0
[INFO] [stderr]   exit status: 0
[INFO] [stderr]   exit status: 0
[INFO] [stderr]   exit status: 0
[INFO] [stderr]   exit status: 0
[INFO] [stderr]   exit status: 0
[INFO] [stderr]   exit status: 0
[INFO] [stderr]   exit status: 0
[INFO] [stderr]   exit status: 0
[INFO] [stderr]   exit status: 0
[INFO] [stderr]   exit status: 0
[INFO] [stderr]   exit status: 0
[INFO] [stderr]   exit status: 0
[INFO] [stderr]   exit status: 0
[INFO] [stderr]   exit status: 0
[INFO] [stderr]   exit status: 0
[INFO] [stderr]   exit status: 0
[INFO] [stderr]   exit status: 0
[INFO] [stderr]   exit status: 0
[INFO] [stderr]   exit status: 0
[INFO] [stderr]   exit status: 0
[INFO] [stderr]   exit status: 0
[INFO] [stderr]   exit status: 0
[INFO] [stderr]   exit status: 0
[INFO] [stderr]   exit status: 0
[INFO] [stderr]   exit status: 0
[INFO] [stderr]   exit status: 0
[INFO] [stderr]   exit status: 0
[INFO] [stderr]   exit status: 0
[INFO] [stderr]   exit status: 0
[INFO] [stderr]   exit status: 0
[INFO] [stderr]   exit status: 0
[INFO] [stderr]   exit status: 0
[INFO] [stderr]   exit status: 0
[INFO] [stderr]   exit status: 0
[INFO] [stderr]   exit status: 0
[INFO] [stderr]   exit status: 0
[INFO] [stderr]   exit status: 0
[INFO] [stderr]   exit status: 0
[INFO] [stderr]   exit status: 0
[INFO] [stderr]   exit status: 0
[INFO] [stderr]   exit status: 0
[INFO] [stderr]   exit status: 0
[INFO] [stderr]   exit status: 0
[INFO] [stderr]   exit status: 0
[INFO] [stderr]   exit status: 0
[INFO] [stderr]   exit status: 0
[INFO] [stderr]   exit status: 0
[INFO] [stderr]   exit status: 0
[INFO] [stderr]   exit status: 0
[INFO] [stderr]   exit status: 0
[INFO] [stderr]   exit status: 0
[INFO] [stderr]   exit status: 0
[INFO] [stderr]   exit status: 0
[INFO] [stderr]   exit status: 0
[INFO] [stderr]   exit status: 0
[INFO] [stderr]   exit status: 0
[INFO] [stderr]   exit status: 0
[INFO] [stderr]   exit status: 0
[INFO] [stderr]   exit status: 0
[INFO] [stderr]   exit status: 0
[INFO] [stderr]   exit status: 0
[INFO] [stderr]   exit status: 0
[INFO] [stderr]   exit status: 0
[INFO] [stderr]   exit status: 0
[INFO] [stderr]   exit status: 0
[INFO] [stderr]   exit status: 0
[INFO] [stderr]   exit status: 0
[INFO] [stderr]   exit status: 0
[INFO] [stderr]   exit status: 0
[INFO] [stderr]   exit status: 0
[INFO] [stderr]   exit status: 0
[INFO] [stderr]   exit status: 0
[INFO] [stderr]   exit status: 0
[INFO] [stderr]   exit status: 0
[INFO] [stderr]   exit status: 0
[INFO] [stderr]   exit status: 0
[INFO] [stderr]   exit status: 0
[INFO] [stderr]   exit status: 0
[INFO] [stderr]   exit status: 0
[INFO] [stderr]   exit status: 0
[INFO] [stderr]   exit status: 0
[INFO] [stderr]   exit status: 0
[INFO] [stderr]   exit status: 0
[INFO] [stderr]   exit status: 0
[INFO] [stderr]   exit status: 0
[INFO] [stderr]   exit status: 0
[INFO] [stderr]   exit status: 0
[INFO] [stderr]   exit status: 0
[INFO] [stderr]   exit status: 0
[INFO] [stderr]   exit status: 0
[INFO] [stderr]   exit status: 0
[INFO] [stderr]   exit status: 0
[INFO] [stderr]   exit status: 0
[INFO] [stderr]   exit status: 0
[INFO] [stderr]   exit status: 0
[INFO] [stderr]   exit status: 0
[INFO] [stderr]   exit status: 0
[INFO] [stderr]   exit status: 0
[INFO] [stderr]   exit status: 0
[INFO] [stderr]   exit status: 0
[INFO] [stderr]   exit status: 0
[INFO] [stderr]   exit status: 0
[INFO] [stderr]   exit status: 0
[INFO] [stderr]   exit status: 0
[INFO] [stderr]   exit status: 0
[INFO] [stderr]   exit status: 0
[INFO] [stderr]   exit status: 0
[INFO] [stderr]   exit status: 0
[INFO] [stderr]   exit status: 0
[INFO] [stderr]   exit status: 0
[INFO] [stderr]   exit status: 0
[INFO] [stderr]   exit status: 0
[INFO] [stderr]   exit status: 0
[INFO] [stderr]   exit status: 0
[INFO] [stderr]   exit status: 0
[INFO] [stderr]   exit status: 0
[INFO] [stderr]   exit status: 0
[INFO] [stderr]   exit status: 0
[INFO] [stderr]   exit status: 0
[INFO] [stderr]   exit status: 0
[INFO] [stderr]   exit status: 0
[INFO] [stderr]   exit status: 0
[INFO] [stderr]   exit status: 0
[INFO] [stderr]   exit status: 0
[INFO] [stderr]   exit status: 0
[INFO] [stderr]   exit status: 0
[INFO] [stderr]   exit status: 0
[INFO] [stderr]   exit status: 0
[INFO] [stderr]   exit status: 0
[INFO] [stderr]   exit status: 0
[INFO] [stderr]   exit status: 0
[INFO] [stderr]   exit status: 0
[INFO] [stderr]   exit status: 0
[INFO] [stderr]   exit status: 0
[INFO] [stderr]   exit status: 0
[INFO] [stderr]   exit status: 0
[INFO] [stderr]   exit status: 0
[INFO] [stderr]   exit status: 0
[INFO] [stderr]   exit status: 0
[INFO] [stderr]   exit status: 0
[INFO] [stderr]   exit status: 0
[INFO] [stderr]   exit status: 0
[INFO] [stderr]   exit status: 0
[INFO] [stderr]   exit status: 0
[INFO] [stderr]   exit status: 0
[INFO] [stderr]   cargo:warning=/opt/rustwide/cargo-home/registry/src/index.crates.io-1949cf8c6b5b557f/aws-lc-sys-0.21.2/aws-lc/crypto/x509/x509_vfy.c:1746:1: fatal error: error writing to /tmp/ccfD09n6.s: No space left on device
[INFO] [stderr]   cargo:warning= 1746 | }
[INFO] [stderr]   cargo:warning=      | ^
[INFO] [stderr]   cargo:warning=compilation terminated.
[INFO] [stderr]   exit status: 0
[INFO] [stderr]   exit status: 0
[INFO] [stderr]   exit status: 0
[INFO] [stderr]   exit status: 0
[INFO] [stderr]   exit status: 0
[INFO] [stderr]   exit status: 0
[INFO] [stderr]   exit status: 0
[INFO] [stderr]   exit status: 0
[INFO] [stderr]   exit status: 1
[INFO] [stderr]   cargo:warning=ToolExecError: Command "cc" "-O0" "-ffunction-sections" "-fdata-sections" "-fPIC" "-gdwarf-4" "-fno-omit-frame-pointer" "-m64" "-static" "-std=c11" "-I" "/opt/rustwide/cargo-home/registry/src/index.crates.io-1949cf8c6b5b557f/aws-lc-sys-0.21.2/include" "-I" "/opt/rustwide/cargo-home/registry/src/index.crates.io-1949cf8c6b5b557f/aws-lc-sys-0.21.2/generated-include" "-I" "/opt/rustwide/cargo-home/registry/src/index.crates.io-1949cf8c6b5b557f/aws-lc-sys-0.21.2/aws-lc/include" "-I" "/opt/rustwide/cargo-home/registry/src/index.crates.io-1949cf8c6b5b557f/aws-lc-sys-0.21.2/aws-lc/third_party/s2n-bignum/include" "-Wall" "-Wextra" "-Wno-unused-parameter" "-lpthread" "-D_XOPEN_SOURCE=700" "-DBORINGSSL_IMPLEMENTATION=1" "-DBORINGSSL_PREFIX=aws_lc_0_21_2" "-o" "/opt/rustwide/target/debug/build/aws-lc-sys-7bbf0d645847f64a/out/79de323d58e12590-x509_vfy.o" "-c" "/opt/rustwide/cargo-home/registry/src/index.crates.io-1949cf8c6b5b557f/aws-lc-sys-0.21.2/aws-lc/crypto/x509/x509_vfy.c" with args cc did not execute successfully (status code exit status: 1).cargo:warning=/opt/rustwide/cargo-home/registry/src/index.crates.io-1949cf8c6b5b557f/aws-lc-sys-0.21.2/aws-lc/crypto/x509/x509_vpm.c:487:1: fatal error: error writing to /tmp/ccNKq3zM.s: No space left on device
[INFO] [stderr]   cargo:warning=  487 | }
[INFO] [stderr]   cargo:warning=      | ^
[INFO] [stderr]   cargo:warning=compilation terminated.
[INFO] [stderr] 
[INFO] [stderr]   exit status: 0
[INFO] [stderr]   exit status: 1
[INFO] [stderr]   cargo:warning=ToolExecError: Command "cc" "-O0" "-ffunction-sections" "-fdata-sections" "-fPIC" "-gdwarf-4" "-fno-omit-frame-pointer" "-m64" "-static" "-std=c11" "-I" "/opt/rustwide/cargo-home/registry/src/index.crates.io-1949cf8c6b5b557f/aws-lc-sys-0.21.2/include" "-I" "/opt/rustwide/cargo-home/registry/src/index.crates.io-1949cf8c6b5b557f/aws-lc-sys-0.21.2/generated-include" "-I" "/opt/rustwide/cargo-home/registry/src/index.crates.io-1949cf8c6b5b557f/aws-lc-sys-0.21.2/aws-lc/include" "-I" "/opt/rustwide/cargo-home/registry/src/index.crates.io-1949cf8c6b5b557f/aws-lc-sys-0.21.2/aws-lc/third_party/s2n-bignum/include" "-Wall" "-Wextra" "-Wno-unused-parameter" "-lpthread" "-D_XOPEN_SOURCE=700" "-DBORINGSSL_IMPLEMENTATION=1" "-DBORINGSSL_PREFIX=aws_lc_0_21_2" "-o" "/opt/rustwide/target/debug/build/aws-lc-sys-7bbf0d645847f64a/out/79de323d58e12590-x509_vpm.o" "-c" "/opt/rustwide/cargo-home/registry/src/index.crates.io-1949cf8c6b5b557f/aws-lc-sys-0.21.2/aws-lc/crypto/x509/x509_vpm.c" with args cc did not execute successfully (status code exit status: 1).cargo:warning=/tmp/ccymxKHO.s: Assembler messages:
[INFO] [stderr]   cargo:warning=/tmp/ccymxKHO.s: Fatal error: can't write 90 bytes to section .text.sk_X509_REVOKED_call_cmp_func of /opt/rustwide/target/debug/build/aws-lc-sys-7bbf0d645847f64a/out/79de323d58e12590-x509cset.o: 'No space left on device'
[INFO] [stderr]   cargo:warning=/tmp/ccymxKHO.s: Fatal error: /opt/rustwide/target/debug/build/aws-lc-sys-7bbf0d645847f64a/out/79de323d58e12590-x509cset.o: No space left on device
[INFO] [stderr] 
[INFO] [stderr]   exit status: 1
[INFO] [stderr]   cargo:warning=ToolExecError: Command "cc" "-O0" "-ffunction-sections" "-fdata-sections" "-fPIC" "-gdwarf-4" "-fno-omit-frame-pointer" "-m64" "-static" "-std=c11" "-I" "/opt/rustwide/cargo-home/registry/src/index.crates.io-1949cf8c6b5b557f/aws-lc-sys-0.21.2/include" "-I" "/opt/rustwide/cargo-home/registry/src/index.crates.io-1949cf8c6b5b557f/aws-lc-sys-0.21.2/generated-include" "-I" "/opt/rustwide/cargo-home/registry/src/index.crates.io-1949cf8c6b5b557f/aws-lc-sys-0.21.2/aws-lc/include" "-I" "/opt/rustwide/cargo-home/registry/src/index.crates.io-1949cf8c6b5b557f/aws-lc-sys-0.21.2/aws-lc/third_party/s2n-bignum/include" "-Wall" "-Wextra" "-Wno-unused-parameter" "-lpthread" "-D_XOPEN_SOURCE=700" "-DBORINGSSL_IMPLEMENTATION=1" "-DBORINGSSL_PREFIX=aws_lc_0_21_2" "-o" "/opt/rustwide/target/debug/build/aws-lc-sys-7bbf0d645847f64a/out/79de323d58e12590-x509cset.o" "-c" "/opt/rustwide/cargo-home/registry/src/index.crates.io-1949cf8c6b5b557f/aws-lc-sys-0.21.2/aws-lc/crypto/x509/x509cset.c" with args cc did not execute successfully (status code exit status: 1).cargo:warning=/opt/rustwide/cargo-home/registry/src/index.crates.io-1949cf8c6b5b557f/aws-lc-sys-0.21.2/aws-lc/crypto/x509/x509spki.c:178:1: fatal error: error writing to /tmp/ccAb946L.s: No space left on device
[INFO] [stderr]   cargo:warning=  178 | }
[INFO] [stderr]   cargo:warning=      | ^
[INFO] [stderr]   cargo:warning=compilation terminated.
[INFO] [stderr] 
[INFO] [stderr]   exit status: 0
[INFO] [stderr]   exit status: 1
[INFO] [stderr]   cargo:warning=ToolExecError: Command "cc" "-O0" "-ffunction-sections" "-fdata-sections" "-fPIC" "-gdwarf-4" "-fno-omit-frame-pointer" "-m64" "-static" "-std=c11" "-I" "/opt/rustwide/cargo-home/registry/src/index.crates.io-1949cf8c6b5b557f/aws-lc-sys-0.21.2/include" "-I" "/opt/rustwide/cargo-home/registry/src/index.crates.io-1949cf8c6b5b557f/aws-lc-sys-0.21.2/generated-include" "-I" "/opt/rustwide/cargo-home/registry/src/index.crates.io-1949cf8c6b5b557f/aws-lc-sys-0.21.2/aws-lc/include" "-I" "/opt/rustwide/cargo-home/registry/src/index.crates.io-1949cf8c6b5b557f/aws-lc-sys-0.21.2/aws-lc/third_party/s2n-bignum/include" "-Wall" "-Wextra" "-Wno-unused-parameter" "-lpthread" "-D_XOPEN_SOURCE=700" "-DBORINGSSL_IMPLEMENTATION=1" "-DBORINGSSL_PREFIX=aws_lc_0_21_2" "-o" "/opt/rustwide/target/debug/build/aws-lc-sys-7bbf0d645847f64a/out/79de323d58e12590-x509spki.o" "-c" "/opt/rustwide/cargo-home/registry/src/index.crates.io-1949cf8c6b5b557f/aws-lc-sys-0.21.2/aws-lc/crypto/x509/x509spki.c" with args cc did not execute successfully (status code exit status: 1).cargo:warning=/tmp/cceL2bgf.s: Assembler messages:
[INFO] [stderr]   cargo:warning=/tmp/cceL2bgf.s: Fatal error: can't write 116 bytes to section .rodata of /opt/rustwide/target/debug/build/aws-lc-sys-7bbf0d645847f64a/out/79de323d58e12590-x_all.o: 'No space left on device'
[INFO] [stderr]   cargo:warning=/tmp/cceL2bgf.s: Fatal error: /opt/rustwide/target/debug/build/aws-lc-sys-7bbf0d645847f64a/out/79de323d58e12590-x_all.o: No space left on device
[INFO] [stderr] 
[INFO] [stderr]   exit status: 0
[INFO] [stderr]   exit status: 1
[INFO] [stderr]   cargo:warning=ToolExecError: Command "cc" "-O0" "-ffunction-sections" "-fdata-sections" "-fPIC" "-gdwarf-4" "-fno-omit-frame-pointer" "-m64" "-static" "-std=c11" "-I" "/opt/rustwide/cargo-home/registry/src/index.crates.io-1949cf8c6b5b557f/aws-lc-sys-0.21.2/include" "-I" "/opt/rustwide/cargo-home/registry/src/index.crates.io-1949cf8c6b5b557f/aws-lc-sys-0.21.2/generated-include" "-I" "/opt/rustwide/cargo-home/registry/src/index.crates.io-1949cf8c6b5b557f/aws-lc-sys-0.21.2/aws-lc/include" "-I" "/opt/rustwide/cargo-home/registry/src/index.crates.io-1949cf8c6b5b557f/aws-lc-sys-0.21.2/aws-lc/third_party/s2n-bignum/include" "-Wall" "-Wextra" "-Wno-unused-parameter" "-lpthread" "-D_XOPEN_SOURCE=700" "-DBORINGSSL_IMPLEMENTATION=1" "-DBORINGSSL_PREFIX=aws_lc_0_21_2" "-o" "/opt/rustwide/target/debug/build/aws-lc-sys-7bbf0d645847f64a/out/79de323d58e12590-x_all.o" "-c" "/opt/rustwide/cargo-home/registry/src/index.crates.io-1949cf8c6b5b557f/aws-lc-sys-0.21.2/aws-lc/crypto/x509/x_all.c" with args cc did not execute successfully (status code exit status: 1).
[INFO] [stderr]   exit status: 0
[INFO] [stderr]   exit status: 0
[INFO] [stderr]   exit status: 0
[INFO] [stderr]   exit status: 0
[INFO] [stderr]   exit status: 0
[INFO] [stderr]   exit status: 0
[INFO] [stderr]   exit status: 0
[INFO] [stderr]   exit status: 0
[INFO] [stderr]   exit status: 0
[INFO] [stderr]   exit status: 0
[INFO] [stderr]   exit status: 0
[INFO] [stderr]   exit status: 0
[INFO] [stderr]   exit status: 0
[INFO] [stderr]   exit status: 0
[INFO] [stderr]   exit status: 0
[INFO] [stderr]   exit status: 0
[INFO] [stderr]   exit status: 0
[INFO] [stderr]   exit status: 0
[INFO] [stderr]   exit status: 0
[INFO] [stderr]   exit status: 0
[INFO] [stderr]   exit status: 0
[INFO] [stderr]   exit status: 0
[INFO] [stderr]   exit status: 0
[INFO] [stderr]   exit status: 0
[INFO] [stderr]   exit status: 0
[INFO] [stderr]   exit status: 0
[INFO] [stderr]   exit status: 0
[INFO] [stderr]   exit status: 0
[INFO] [stderr]   exit status: 0
[INFO] [stderr]   exit status: 0
[INFO] [stderr]   exit status: 0
[INFO] [stderr]   exit status: 0
[INFO] [stderr]   exit status: 0
[INFO] [stderr]   exit status: 0
[INFO] [stderr]   exit status: 0
[INFO] [stderr]   exit status: 0
[INFO] [stderr]   exit status: 0
[INFO] [stderr]   exit status: 0
[INFO] [stderr]   exit status: 0
[INFO] [stderr]   exit status: 0
[INFO] [stderr]   exit status: 0
[INFO] [stderr]   exit status: 0
[INFO] [stderr]   exit status: 0
[INFO] [stderr]   exit status: 0
[INFO] [stderr]   exit status: 0
[INFO] [stderr]   exit status: 0
[INFO] [stderr]   exit status: 0
[INFO] [stderr]   exit status: 0
[INFO] [stderr]   exit status: 0
[INFO] [stderr]   exit status: 0
[INFO] [stderr]   exit status: 0
[INFO] [stderr]   exit status: 0
[INFO] [stderr]   exit status: 0
[INFO] [stderr]   exit status: 0
[INFO] [stderr]   exit status: 0
[INFO] [stderr]   exit status: 0
[INFO] [stderr]   exit status: 0
[INFO] [stderr]   exit status: 0
[INFO] [stderr]   exit status: 0
[INFO] [stderr]   exit status: 0
[INFO] [stderr]   exit status: 0
[INFO] [stderr]   exit status: 0
[INFO] [stderr]   exit status: 0
[INFO] [stderr]   exit status: 0
[INFO] [stderr]   exit status: 0
[INFO] [stderr]   exit status: 0
[INFO] [stderr]   exit status: 0
[INFO] [stderr]   exit status: 0
[INFO] [stderr]   exit status: 0
[INFO] [stderr]   exit status: 0
[INFO] [stderr]   exit status: 0
[INFO] [stderr]   exit status: 0
[INFO] [stderr] 
[INFO] [stderr]   --- stderr
[INFO] [stderr] 
[INFO] [stderr] 
[INFO] [stderr]   error occurred: Command "cc" "-O0" "-ffunction-sections" "-fdata-sections" "-fPIC" "-gdwarf-4" "-fno-omit-frame-pointer" "-m64" "-static" "-std=c11" "-I" "/opt/rustwide/cargo-home/registry/src/index.crates.io-1949cf8c6b5b557f/aws-lc-sys-0.21.2/include" "-I" "/opt/rustwide/cargo-home/registry/src/index.crates.io-1949cf8c6b5b557f/aws-lc-sys-0.21.2/generated-include" "-I" "/opt/rustwide/cargo-home/registry/src/index.crates.io-1949cf8c6b5b557f/aws-lc-sys-0.21.2/aws-lc/include" "-I" "/opt/rustwide/cargo-home/registry/src/index.crates.io-1949cf8c6b5b557f/aws-lc-sys-0.21.2/aws-lc/third_party/s2n-bignum/include" "-Wall" "-Wextra" "-Wno-unused-parameter" "-lpthread" "-D_XOPEN_SOURCE=700" "-DBORINGSSL_IMPLEMENTATION=1" "-DBORINGSSL_PREFIX=aws_lc_0_21_2" "-o" "/opt/rustwide/target/debug/build/aws-lc-sys-7bbf0d645847f64a/out/79de323d58e12590-x_all.o" "-c" "/opt/rustwide/cargo-home/registry/src/index.crates.io-1949cf8c6b5b557f/aws-lc-sys-0.21.2/aws-lc/crypto/x509/x_all.c" with args cc did not execute successfully (status code exit status: 1).
[INFO] [stderr] 
[INFO] [stderr] 
[INFO] [stderr] error: failed to run custom build command for `rdkafka-sys v4.8.0+2.3.0`
[INFO] [stderr] note: To improve backtraces for build dependencies, set the CARGO_PROFILE_DEV_BUILD_OVERRIDE_DEBUG=true environment variable to enable debug information generation.
[INFO] [stderr] 
[INFO] [stderr] Caused by:
[INFO] [stderr]   process didn't exit successfully: `/opt/rustwide/target/debug/build/rdkafka-sys-6a926046e2443df2/build-script-build` (exit status: 101)
[INFO] [stderr]   --- stdout
[INFO] [stderr]   Cloning librdkafka
[INFO] [stderr]   Configuring librdkafka
[INFO] [stderr]   checking for OS or distribution... ok (ubuntu)
[INFO] [stderr]   checking for C compiler from CC env... failed
[INFO] [stderr]   checking for gcc (by command)... ok
[INFO] [stderr]   checking for C++ compiler from CXX env... failed
[INFO] [stderr]   checking for C++ compiler (g++)... ok
[INFO] [stderr]   checking executable ld... ok
[INFO] [stderr]   checking executable nm... ok
[INFO] [stderr]   checking executable objdump... ok
[INFO] [stderr]   checking executable strip... ok
[INFO] [stderr]   checking executable libtool... ok
[INFO] [stderr]   checking executable ranlib... ok
[INFO] [stderr]   checking for pkgconfig (by command)... ok
[INFO] [stderr]   checking for install (by command)... ok
[INFO] [stderr]   checking for GNU ar... ok
[INFO] [stderr]   checking for PIC (by compile)... ok
[INFO] [stderr]   checking for GNU-compatible linker options... ok
[INFO] [stderr]   checking for GNU linker-script ld flag... ok
[INFO] [stderr]   checking for __atomic_32 (by compile)... ok
[INFO] [stderr]   checking for __atomic_64 (by compile)... ok
[INFO] [stderr]   checking for socket (by compile)... ok
[INFO] [stderr]   parsing version '0x020300ff'... ok (2.3.0)
[INFO] [stderr]   checking for librt (by pkg-config)... failed
[INFO] [stderr]   checking for librt (by compile)... ok
[INFO] [stderr]   checking for libpthread (by pkg-config)... failed
[INFO] [stderr]   checking for libpthread (by compile)... ok
[INFO] [stderr]   checking for c11threads (by pkg-config)... failed
[INFO] [stderr]   checking for c11threads (by compile)... ok
[INFO] [stderr]   checking for libdl (by pkg-config)... failed
[INFO] [stderr]   checking for libdl (by compile)... ok
[INFO] [stderr]   checking for zlib (by pkg-config)... ok
[INFO] [stderr]   checking for libm (by pkg-config)... failed
[INFO] [stderr]   checking for libm (by compile)... ok
[INFO] [stderr]   checking for syslog (by compile)... ok
[INFO] [stderr]   checking for rapidjson (by compile)... failed (disable)
[INFO] [stderr]   checking for crc32chw (by compile)... ok
[INFO] [stderr]   checking for regex (by compile)... ok
[INFO] [stderr]   checking for rand_r (by compile)... ok
[INFO] [stderr]   checking for strndup (by compile)... ok
[INFO] [stderr]   checking for strlcpy (by compile)... failed (disable)
[INFO] [stderr]   checking for strerror_r (by compile)... ok
[INFO] [stderr]   checking for strcasestr (by compile)... ok
[INFO] [stderr]   checking for pthread_setname_gnu (by compile)... ok
[INFO] [stderr]   checking for nm (by env NM)... ok (cached)
[INFO] [stderr]   checking for python3 (by command)... ok
[INFO] [stderr]   checking for getrusage (by compile)... ok
[INFO] [stderr]   Generated Makefile.config
[INFO] [stderr]   Generated config.h
[INFO] [stderr] 
[INFO] [stderr]   Configuration summary:
[INFO] [stderr]     prefix                   /usr/local
[INFO] [stderr]     MKL_DISTRO               ubuntu
[INFO] [stderr]     SOLIB_EXT                .so
[INFO] [stderr]     ARCH                     x86_64
[INFO] [stderr]     CPU                      generic
[INFO] [stderr]     GEN_PKG_CONFIG           y
[INFO] [stderr]     MKL_APP_NAME             librdkafka
[INFO] [stderr]     MKL_APP_DESC_ONELINE     The Apache Kafka C/C++ library
[INFO] [stderr]     CC                       gcc
[INFO] [stderr]     CXX                      g++
[INFO] [stderr]     LD                       ld
[INFO] [stderr]     NM                       nm
[INFO] [stderr]     OBJDUMP                  objdump
[INFO] [stderr]     STRIP                    strip
[INFO] [stderr]     LIBTOOL                  libtool
[INFO] [stderr]     RANLIB                   ranlib
[INFO] [stderr]     CPPFLAGS                 -g -O2 -fPIC -Wall -Wsign-compare -Wfloat-equal -Wpointer-arith -Wcast-align
[INFO] [stderr]     PKG_CONFIG               pkg-config
[INFO] [stderr]     INSTALL                  /usr/bin/install
[INFO] [stderr]     HAS_GNU_AR               y
[INFO] [stderr]     LIB_LDFLAGS              -shared -Wl,-soname,$(LIBFILENAME)
[INFO] [stderr]     LDFLAG_LINKERSCRIPT      -Wl,--version-script=
[INFO] [stderr]     RDKAFKA_VERSION_STR      2.3.0
[INFO] [stderr]     MKL_APP_VERSION          2.3.0
[INFO] [stderr]     LIBS                     -lm -lz -ldl -lpthread -lrt -lpthread -lrt
[INFO] [stderr]     MKL_PKGCONFIG_LIBS_PRIVATE -lm -ldl -lpthread -lrt -lpthread -lrt
[INFO] [stderr]     MKL_PKGCONFIG_REQUIRES_PRIVATE zlib
[INFO] [stderr]     CFLAGS                   
[INFO] [stderr]     MKL_PKGCONFIG_REQUIRES   zlib
[INFO] [stderr]     CXXFLAGS                 -Wno-non-virtual-dtor
[INFO] [stderr]     SYMDUMPER                $(NM) -D
[INFO] [stderr]     MKL_DYNAMIC_LIBS         -lm -lz -ldl -lpthread -lrt -lpthread -lrt
[INFO] [stderr]     exec_prefix              /usr/local
[INFO] [stderr]     bindir                   /usr/local/bin
[INFO] [stderr]     sbindir                  /usr/local/sbin
[INFO] [stderr]     libexecdir               /usr/local/libexec
[INFO] [stderr]     datadir                  /usr/local/share
[INFO] [stderr]     sysconfdir               /usr/local/etc
[INFO] [stderr]     sharedstatedir           /usr/local/com
[INFO] [stderr]     localstatedir            /usr/local/var
[INFO] [stderr]     runstatedir              /usr/local/var/run
[INFO] [stderr]     libdir                   /usr/local/lib
[INFO] [stderr]     includedir               /usr/local/include
[INFO] [stderr]     infodir                  /usr/local/info
[INFO] [stderr]     mandir                   /usr/local/man
[INFO] [stderr]     BUILT_WITH               GCC GXX PKGCONFIG INSTALL GNULD LDS C11THREADS LIBDL PLUGINS ZLIB HDRHISTOGRAM SYSLOG SNAPPY SOCKEM CRC32C_HW
[INFO] [stderr]   Generated config.cache
[INFO] [stderr] 
[INFO] [stderr]   Now type 'make' to build
[INFO] [stderr]   Compiling librdkafka
[INFO] [stderr]   make[1]: Entering directory '/opt/rustwide/target/debug/build/rdkafka-sys-a787cc20201b7150/out/src'
[INFO] [stderr]   gcc -MD -MP -g -O2 -fPIC -Wall -Wsign-compare -Wfloat-equal -Wpointer-arith -Wcast-align  -c rdkafka.c -o rdkafka.o
[INFO] [stderr]   gcc -MD -MP -g -O2 -fPIC -Wall -Wsign-compare -Wfloat-equal -Wpointer-arith -Wcast-align  -c rdkafka_broker.c -o rdkafka_broker.o
[INFO] [stderr]   gcc -MD -MP -g -O2 -fPIC -Wall -Wsign-compare -Wfloat-equal -Wpointer-arith -Wcast-align  -c rdkafka_msg.c -o rdkafka_msg.o
[INFO] [stderr]   gcc -MD -MP -g -O2 -fPIC -Wall -Wsign-compare -Wfloat-equal -Wpointer-arith -Wcast-align  -c rdkafka_topic.c -o rdkafka_topic.o
[INFO] [stderr]   gcc -MD -MP -g -O2 -fPIC -Wall -Wsign-compare -Wfloat-equal -Wpointer-arith -Wcast-align  -c rdkafka_conf.c -o rdkafka_conf.o
[INFO] [stderr]   gcc -MD -MP -g -O2 -fPIC -Wall -Wsign-compare -Wfloat-equal -Wpointer-arith -Wcast-align  -c rdkafka_timer.c -o rdkafka_timer.o
[INFO] [stderr]   gcc -MD -MP -g -O2 -fPIC -Wall -Wsign-compare -Wfloat-equal -Wpointer-arith -Wcast-align  -c rdkafka_offset.c -o rdkafka_offset.o
[INFO] [stderr]   gcc -MD -MP -g -O2 -fPIC -Wall -Wsign-compare -Wfloat-equal -Wpointer-arith -Wcast-align  -c rdkafka_transport.c -o rdkafka_transport.o
[INFO] [stderr]   gcc -MD -MP -g -O2 -fPIC -Wall -Wsign-compare -Wfloat-equal -Wpointer-arith -Wcast-align  -c rdkafka_buf.c -o rdkafka_buf.o
[INFO] [stderr]   gcc -MD -MP -g -O2 -fPIC -Wall -Wsign-compare -Wfloat-equal -Wpointer-arith -Wcast-align  -c rdkafka_queue.c -o rdkafka_queue.o
[INFO] [stderr]   gcc -MD -MP -g -O2 -fPIC -Wall -Wsign-compare -Wfloat-equal -Wpointer-arith -Wcast-align  -c rdkafka_op.c -o rdkafka_op.o
[INFO] [stderr]   gcc -MD -MP -g -O2 -fPIC -Wall -Wsign-compare -Wfloat-equal -Wpointer-arith -Wcast-align  -c rdkafka_request.c -o rdkafka_request.o
[INFO] [stderr]   gcc -MD -MP -g -O2 -fPIC -Wall -Wsign-compare -Wfloat-equal -Wpointer-arith -Wcast-align  -c rdkafka_cgrp.c -o rdkafka_cgrp.o
[INFO] [stderr]   gcc -MD -MP -g -O2 -fPIC -Wall -Wsign-compare -Wfloat-equal -Wpointer-arith -Wcast-align  -c rdkafka_pattern.c -o rdkafka_pattern.o
[INFO] [stderr]   gcc -MD -MP -g -O2 -fPIC -Wall -Wsign-compare -Wfloat-equal -Wpointer-arith -Wcast-align  -c rdkafka_partition.c -o rdkafka_partition.o
[INFO] [stderr]   gcc -MD -MP -g -O2 -fPIC -Wall -Wsign-compare -Wfloat-equal -Wpointer-arith -Wcast-align  -c rdkafka_subscription.c -o rdkafka_subscription.o
[INFO] [stderr]   gcc -MD -MP -g -O2 -fPIC -Wall -Wsign-compare -Wfloat-equal -Wpointer-arith -Wcast-align  -c rdkafka_assignment.c -o rdkafka_assignment.o
[INFO] [stderr]   gcc -MD -MP -g -O2 -fPIC -Wall -Wsign-compare -Wfloat-equal -Wpointer-arith -Wcast-align  -c rdkafka_assignor.c -o rdkafka_assignor.o
[INFO] [stderr]   gcc -MD -MP -g -O2 -fPIC -Wall -Wsign-compare -Wfloat-equal -Wpointer-arith -Wcast-align  -c rdkafka_range_assignor.c -o rdkafka_range_assignor.o
[INFO] [stderr]   gcc -MD -MP -g -O2 -fPIC -Wall -Wsign-compare -Wfloat-equal -Wpointer-arith -Wcast-align  -c rdkafka_roundrobin_assignor.c -o rdkafka_roundrobin_assignor.o
[INFO] [stderr]   gcc -MD -MP -g -O2 -fPIC -Wall -Wsign-compare -Wfloat-equal -Wpointer-arith -Wcast-align  -c rdkafka_sticky_assignor.c -o rdkafka_sticky_assignor.o
[INFO] [stderr]   gcc -MD -MP -g -O2 -fPIC -Wall -Wsign-compare -Wfloat-equal -Wpointer-arith -Wcast-align  -c rdkafka_feature.c -o rdkafka_feature.o
[INFO] [stderr]   gcc -MD -MP -g -O2 -fPIC -Wall -Wsign-compare -Wfloat-equal -Wpointer-arith -Wcast-align  -c rdcrc32.c -o rdcrc32.o
[INFO] [stderr]   gcc -MD -MP -g -O2 -fPIC -Wall -Wsign-compare -Wfloat-equal -Wpointer-arith -Wcast-align  -c crc32c.c -o crc32c.o
[INFO] [stderr]   gcc -MD -MP -g -O2 -fPIC -Wall -Wsign-compare -Wfloat-equal -Wpointer-arith -Wcast-align  -c rdmurmur2.c -o rdmurmur2.o
[INFO] [stderr]   gcc -MD -MP -g -O2 -fPIC -Wall -Wsign-compare -Wfloat-equal -Wpointer-arith -Wcast-align  -c rdfnv1a.c -o rdfnv1a.o
[INFO] [stderr]   gcc -MD -MP -g -O2 -fPIC -Wall -Wsign-compare -Wfloat-equal -Wpointer-arith -Wcast-align  -c cJSON.c -o cJSON.o
[INFO] [stderr]   gcc -MD -MP -g -O2 -fPIC -Wall -Wsign-compare -Wfloat-equal -Wpointer-arith -Wcast-align  -c rdaddr.c -o rdaddr.o
[INFO] [stderr]   gcc -MD -MP -g -O2 -fPIC -Wall -Wsign-compare -Wfloat-equal -Wpointer-arith -Wcast-align  -c rdrand.c -o rdrand.o
[INFO] [stderr]   gcc -MD -MP -g -O2 -fPIC -Wall -Wsign-compare -Wfloat-equal -Wpointer-arith -Wcast-align  -c rdlist.c -o rdlist.o
[INFO] [stderr]   gcc -MD -MP -g -O2 -fPIC -Wall -Wsign-compare -Wfloat-equal -Wpointer-arith -Wcast-align  -c tinycthread.c -o tinycthread.o
[INFO] [stderr]   gcc -MD -MP -g -O2 -fPIC -Wall -Wsign-compare -Wfloat-equal -Wpointer-arith -Wcast-align  -c tinycthread_extra.c -o tinycthread_extra.o
[INFO] [stderr]   gcc -MD -MP -g -O2 -fPIC -Wall -Wsign-compare -Wfloat-equal -Wpointer-arith -Wcast-align  -c rdlog.c -o rdlog.o
[INFO] [stderr]   gcc -MD -MP -g -O2 -fPIC -Wall -Wsign-compare -Wfloat-equal -Wpointer-arith -Wcast-align  -c rdstring.c -o rdstring.o
[INFO] [stderr]   gcc -MD -MP -g -O2 -fPIC -Wall -Wsign-compare -Wfloat-equal -Wpointer-arith -Wcast-align  -c rdkafka_event.c -o rdkafka_event.o
[INFO] [stderr]   gcc -MD -MP -g -O2 -fPIC -Wall -Wsign-compare -Wfloat-equal -Wpointer-arith -Wcast-align  -c rdkafka_metadata.c -o rdkafka_metadata.o
[INFO] [stderr]   gcc -MD -MP -g -O2 -fPIC -Wall -Wsign-compare -Wfloat-equal -Wpointer-arith -Wcast-align  -c rdregex.c -o rdregex.o
[INFO] [stderr]   gcc -MD -MP -g -O2 -fPIC -Wall -Wsign-compare -Wfloat-equal -Wpointer-arith -Wcast-align  -c rdports.c -o rdports.o
[INFO] [stderr]   gcc -MD -MP -g -O2 -fPIC -Wall -Wsign-compare -Wfloat-equal -Wpointer-arith -Wcast-align  -c rdkafka_metadata_cache.c -o rdkafka_metadata_cache.o
[INFO] [stderr]   gcc -MD -MP -g -O2 -fPIC -Wall -Wsign-compare -Wfloat-equal -Wpointer-arith -Wcast-align  -c rdavl.c -o rdavl.o
[INFO] [stderr]   gcc -MD -MP -g -O2 -fPIC -Wall -Wsign-compare -Wfloat-equal -Wpointer-arith -Wcast-align  -c rdkafka_sasl.c -o rdkafka_sasl.o
[INFO] [stderr]   gcc -MD -MP -g -O2 -fPIC -Wall -Wsign-compare -Wfloat-equal -Wpointer-arith -Wcast-align  -c rdkafka_sasl_plain.c -o rdkafka_sasl_plain.o
[INFO] [stderr]   gcc -MD -MP -g -O2 -fPIC -Wall -Wsign-compare -Wfloat-equal -Wpointer-arith -Wcast-align  -c rdkafka_interceptor.c -o rdkafka_interceptor.o
[INFO] [stderr]   gcc -MD -MP -g -O2 -fPIC -Wall -Wsign-compare -Wfloat-equal -Wpointer-arith -Wcast-align  -c rdkafka_msgset_writer.c -o rdkafka_msgset_writer.o
[INFO] [stderr]   gcc -MD -MP -g -O2 -fPIC -Wall -Wsign-compare -Wfloat-equal -Wpointer-arith -Wcast-align  -c rdkafka_msgset_reader.c -o rdkafka_msgset_reader.o
[INFO] [stderr]   gcc -MD -MP -g -O2 -fPIC -Wall -Wsign-compare -Wfloat-equal -Wpointer-arith -Wcast-align  -c rdkafka_header.c -o rdkafka_header.o
[INFO] [stderr]   gcc -MD -MP -g -O2 -fPIC -Wall -Wsign-compare -Wfloat-equal -Wpointer-arith -Wcast-align  -c rdkafka_admin.c -o rdkafka_admin.o
[INFO] [stderr]   gcc -MD -MP -g -O2 -fPIC -Wall -Wsign-compare -Wfloat-equal -Wpointer-arith -Wcast-align  -c rdkafka_aux.c -o rdkafka_aux.o
[INFO] [stderr]   gcc -MD -MP -g -O2 -fPIC -Wall -Wsign-compare -Wfloat-equal -Wpointer-arith -Wcast-align  -c rdkafka_background.c -o rdkafka_background.o
[INFO] [stderr]   gcc -MD -MP -g -O2 -fPIC -Wall -Wsign-compare -Wfloat-equal -Wpointer-arith -Wcast-align  -c rdkafka_idempotence.c -o rdkafka_idempotence.o
[INFO] [stderr]   gcc -MD -MP -g -O2 -fPIC -Wall -Wsign-compare -Wfloat-equal -Wpointer-arith -Wcast-align  -c rdkafka_cert.c -o rdkafka_cert.o
[INFO] [stderr]   gcc -MD -MP -g -O2 -fPIC -Wall -Wsign-compare -Wfloat-equal -Wpointer-arith -Wcast-align  -c rdkafka_txnmgr.c -o rdkafka_txnmgr.o
[INFO] [stderr]   gcc -MD -MP -g -O2 -fPIC -Wall -Wsign-compare -Wfloat-equal -Wpointer-arith -Wcast-align  -c rdkafka_coord.c -o rdkafka_coord.o
[INFO] [stderr]   gcc -MD -MP -g -O2 -fPIC -Wall -Wsign-compare -Wfloat-equal -Wpointer-arith -Wcast-align  -c rdbase64.c -o rdbase64.o
[INFO] [stderr]   gcc -MD -MP -g -O2 -fPIC -Wall -Wsign-compare -Wfloat-equal -Wpointer-arith -Wcast-align  -c rdvarint.c -o rdvarint.o
[INFO] [stderr]   gcc -MD -MP -g -O2 -fPIC -Wall -Wsign-compare -Wfloat-equal -Wpointer-arith -Wcast-align  -c rdbuf.c -o rdbuf.o
[INFO] [stderr]   gcc -MD -MP -g -O2 -fPIC -Wall -Wsign-compare -Wfloat-equal -Wpointer-arith -Wcast-align  -c rdmap.c -o rdmap.o
[INFO] [stderr]   gcc -MD -MP -g -O2 -fPIC -Wall -Wsign-compare -Wfloat-equal -Wpointer-arith -Wcast-align  -c rdunittest.c -o rdunittest.o
[INFO] [stderr]   gcc -MD -MP -g -O2 -fPIC -Wall -Wsign-compare -Wfloat-equal -Wpointer-arith -Wcast-align  -c rdkafka_mock.c -o rdkafka_mock.o
[INFO] [stderr]   gcc -MD -MP -g -O2 -fPIC -Wall -Wsign-compare -Wfloat-equal -Wpointer-arith -Wcast-align  -c rdkafka_mock_handlers.c -o rdkafka_mock_handlers.o
[INFO] [stderr]   gcc -MD -MP -g -O2 -fPIC -Wall -Wsign-compare -Wfloat-equal -Wpointer-arith -Wcast-align  -c rdkafka_mock_cgrp.c -o rdkafka_mock_cgrp.o
[INFO] [stderr]   gcc -MD -MP -g -O2 -fPIC -Wall -Wsign-compare -Wfloat-equal -Wpointer-arith -Wcast-align  -c rdkafka_error.c -o rdkafka_error.o
[INFO] [stderr]   gcc -MD -MP -g -O2 -fPIC -Wall -Wsign-compare -Wfloat-equal -Wpointer-arith -Wcast-align  -c rdkafka_fetcher.c -o rdkafka_fetcher.o
[INFO] [stderr]   gcc -MD -MP -g -O2 -fPIC -Wall -Wsign-compare -Wfloat-equal -Wpointer-arith -Wcast-align  -c snappy.c -o snappy.o
[INFO] [stderr]   gcc -MD -MP -g -O2 -fPIC -Wall -Wsign-compare -Wfloat-equal -Wpointer-arith -Wcast-align  -c rdgz.c -o rdgz.o
[INFO] [stderr]   gcc -MD -MP -g -O2 -fPIC -Wall -Wsign-compare -Wfloat-equal -Wpointer-arith -Wcast-align  -c rdhdrhistogram.c -o rdhdrhistogram.o
[INFO] [stderr]   gcc -MD -MP -g -O2 -fPIC -Wall -Wsign-compare -Wfloat-equal -Wpointer-arith -Wcast-align  -c rdkafka_lz4.c -o rdkafka_lz4.o
[INFO] [stderr]   gcc -MD -MP -g -O2 -fPIC -Wall -Wsign-compare -Wfloat-equal -Wpointer-arith -Wcast-align  -O3 -c rdxxhash.c -o rdxxhash.o
[INFO] [stderr]   gcc -MD -MP -g -O2 -fPIC -Wall -Wsign-compare -Wfloat-equal -Wpointer-arith -Wcast-align  -O3 -c lz4.c -o lz4.o
[INFO] [stderr]   gcc -MD -MP -g -O2 -fPIC -Wall -Wsign-compare -Wfloat-equal -Wpointer-arith -Wcast-align  -O3 -c lz4frame.c -o lz4frame.o
[INFO] [stderr]   gcc -MD -MP -g -O2 -fPIC -Wall -Wsign-compare -Wfloat-equal -Wpointer-arith -Wcast-align  -O3 -c lz4hc.c -o lz4hc.o
[INFO] [stderr]   gcc -MD -MP -g -O2 -fPIC -Wall -Wsign-compare -Wfloat-equal -Wpointer-arith -Wcast-align  -c rddl.c -o rddl.o
[INFO] [stderr]   gcc -MD -MP -g -O2 -fPIC -Wall -Wsign-compare -Wfloat-equal -Wpointer-arith -Wcast-align  -c rdkafka_plugin.c -o rdkafka_plugin.o
[INFO] [stderr]   Generating linker script librdkafka.lds from rdkafka.h rdkafka_mock.h
[INFO] [stderr]   Generating pkg-config file rdkafka.pc
[INFO] [stderr]   make[1]: Leaving directory '/opt/rustwide/target/debug/build/rdkafka-sys-a787cc20201b7150/out/src'
[INFO] [stderr] 
[INFO] [stderr]   --- stderr
[INFO] [stderr]   Building and linking librdkafka statically
[INFO] [stderr]   Running command: "cp -a librdkafka/. /opt/rustwide/target/debug/build/rdkafka-sys-a787cc20201b7150/out" in dir: .
[INFO] [stderr]   Running command: "/opt/rustwide/target/debug/build/rdkafka-sys-a787cc20201b7150/out/configure --disable-ssl --disable-gssapi --disable-curl --disable-zstd --disable-lz4-ext" in dir: /opt/rustwide/target/debug/build/rdkafka-sys-a787cc20201b7150/out
[INFO] [stderr]   Running command: "make libs" in dir: /opt/rustwide/target/debug/build/rdkafka-sys-a787cc20201b7150/out
[INFO] [stderr]   rdkafka_plugin.c:213:1: fatal error: closing dependency file rdkafka_plugin.d: No space left on device
[INFO] [stderr]     213 | }
[INFO] [stderr]         | ^
[INFO] [stderr]   compilation terminated.
[INFO] [stderr]   make[1]: *** [../mklove/Makefile.base:97: rdkafka_plugin.o] Error 1
[INFO] [stderr]   make[1]: *** Waiting for unfinished jobs....
[INFO] [stderr]   rdkafka_metadata.c:1902:1: fatal error: error writing to /tmp/ccb9V795.s: No space left on device
[INFO] [stderr]    1902 | }
[INFO] [stderr]         | ^
[INFO] [stderr]   compilation terminated.
[INFO] [stderr]   make[1]: *** [../mklove/Makefile.base:97: rdkafka_metadata.o] Error 1
[INFO] [stderr]   lz4frame.c:1899:1: fatal error: error writing to /tmp/cc4lFCfc.s: No space left on device
[INFO] [stderr]    1899 | }
[INFO] [stderr]         | ^
[INFO] [stderr]   compilation terminated.
[INFO] [stderr]   make[1]: *** [../mklove/Makefile.base:97: lz4frame.o] Error 1
[INFO] [stderr]   rdkafka_fetcher.c:1175:1: fatal error: error writing to /tmp/ccNnNocD.s: No space left on device
[INFO] [stderr]    1175 | }
[INFO] [stderr]         | ^
[INFO] [stderr]   compilation terminated.
[INFO] [stderr]   make[1]: *** [../mklove/Makefile.base:97: rdkafka_fetcher.o] Error 1
[INFO] [stderr]   rdkafka_request.c:5782:1: fatal error: error writing to /tmp/ccae8Tt6.s: No space left on device
[INFO] [stderr]    5782 | }
[INFO] [stderr]         | ^
[INFO] [stderr]   compilation terminated.
[INFO] [stderr]   make[1]: *** [../mklove/Makefile.base:97: rdkafka_request.o] Error 1
[INFO] [stderr]   rdkafka_mock_handlers.c:2232:1: fatal error: error writing to /tmp/cccYXXBC.s: No space left on device
[INFO] [stderr]    2232 | }
[INFO] [stderr]         | ^
[INFO] [stderr]   compilation terminated.
[INFO] [stderr]   make[1]: *** [../mklove/Makefile.base:97: rdkafka_mock_handlers.o] Error 1
[INFO] [stderr]   make: *** [Makefile:27: libs] Error 2
[INFO] [stderr] 
[INFO] [stderr]   thread 'main' panicked at /opt/rustwide/cargo-home/registry/src/index.crates.io-1949cf8c6b5b557f/rdkafka-sys-4.8.0+2.3.0/build.rs:36:33:
[INFO] [stderr]   Command failed with error code 2
[INFO] [stderr]   stack backtrace:
[INFO] [stderr]      0:     0x5c30c0e8adea - std::backtrace_rs::backtrace::libunwind::trace::hb059275cfc8d6126
[INFO] [stderr]                                  at /rustc/6067b36314ab5eb2eb47cecc464545ba58e1ad24/library/std/src/../../backtrace/src/backtrace/libunwind.rs:116:5
[INFO] [stderr]      1:     0x5c30c0e8adea - std::backtrace_rs::backtrace::trace_unsynchronized::h2da071e4327ce3ee
[INFO] [stderr]                                  at /rustc/6067b36314ab5eb2eb47cecc464545ba58e1ad24/library/std/src/../../backtrace/src/backtrace/mod.rs:66:5
[INFO] [stderr]      2:     0x5c30c0e8adea - std::sys::backtrace::_print_fmt::h842a1474e6f8d23f
[INFO] [stderr]                                  at /rustc/6067b36314ab5eb2eb47cecc464545ba58e1ad24/library/std/src/sys/backtrace.rs:66:9
[INFO] [stderr]      3:     0x5c30c0e8adea - <std::sys::backtrace::BacktraceLock::print::DisplayBacktrace as core::fmt::Display>::fmt::h71a62eb3b9696b12
[INFO] [stderr]                                  at /rustc/6067b36314ab5eb2eb47cecc464545ba58e1ad24/library/std/src/sys/backtrace.rs:39:26
[INFO] [stderr]      4:     0x5c30c0ead3a3 - core::fmt::rt::Argument::fmt::hdb6b616786b41dc1
[INFO] [stderr]                                  at /rustc/6067b36314ab5eb2eb47cecc464545ba58e1ad24/library/core/src/fmt/rt.rs:177:76
[INFO] [stderr]      5:     0x5c30c0ead3a3 - core::fmt::write::h2cc1698af7e2d686
[INFO] [stderr]                                  at /rustc/6067b36314ab5eb2eb47cecc464545ba58e1ad24/library/core/src/fmt/mod.rs:1440:21
[INFO] [stderr]      6:     0x5c30c0e876a3 - std::io::Write::write_fmt::h00c8700df393f328
[INFO] [stderr]                                  at /rustc/6067b36314ab5eb2eb47cecc464545ba58e1ad24/library/std/src/io/mod.rs:1887:15
[INFO] [stderr]      7:     0x5c30c0e8ac32 - std::sys::backtrace::BacktraceLock::print::h147fe35b4ea13b08
[INFO] [stderr]                                  at /rustc/6067b36314ab5eb2eb47cecc464545ba58e1ad24/library/std/src/sys/backtrace.rs:42:9
[INFO] [stderr]      8:     0x5c30c0e8bd3f - std::panicking::default_hook::{{closure}}::hbd44223dbdc0d208
[INFO] [stderr]                                  at /rustc/6067b36314ab5eb2eb47cecc464545ba58e1ad24/library/std/src/panicking.rs:298:22
[INFO] [stderr]      9:     0x5c30c0e8bbaa - std::panicking::default_hook::h20f81eb0576efcec
[INFO] [stderr]                                  at /rustc/6067b36314ab5eb2eb47cecc464545ba58e1ad24/library/std/src/panicking.rs:325:9
[INFO] [stderr]     10:     0x5c30c0e8c722 - std::panicking::rust_panic_with_hook::h625eea43051b2edc
[INFO] [stderr]                                  at /rustc/6067b36314ab5eb2eb47cecc464545ba58e1ad24/library/std/src/panicking.rs:831:13
[INFO] [stderr]     11:     0x5c30c0e8c4aa - std::panicking::begin_panic_handler::{{closure}}::h4f9159cfbc3f6bd3
[INFO] [stderr]                                  at /rustc/6067b36314ab5eb2eb47cecc464545ba58e1ad24/library/std/src/panicking.rs:704:13
[INFO] [stderr]     12:     0x5c30c0e8b2e9 - std::sys::backtrace::__rust_end_short_backtrace::h0390abce48353151
[INFO] [stderr]                                  at /rustc/6067b36314ab5eb2eb47cecc464545ba58e1ad24/library/std/src/sys/backtrace.rs:168:18
[INFO] [stderr]     13:     0x5c30c0e8c13d - rust_begin_unwind
[INFO] [stderr]                                  at /rustc/6067b36314ab5eb2eb47cecc464545ba58e1ad24/library/std/src/panicking.rs:695:5
[INFO] [stderr]     14:     0x5c30c0eac530 - core::panicking::panic_fmt::h9e7c637e9e5f29c9
[INFO] [stderr]                                  at /rustc/6067b36314ab5eb2eb47cecc464545ba58e1ad24/library/core/src/panicking.rs:75:14
[INFO] [stderr]     15:     0x5c30c0e3b6f7 - build_script_build::run_command_or_fail::h1e7c1d437d7a7e57
[INFO] [stderr]     16:     0x5c30c0e3e44a - build_script_build::build_librdkafka::h7ce840142c4e9d9f
[INFO] [stderr]     17:     0x5c30c0e3c1bb - build_script_build::main::h79308ad6216ac501
[INFO] [stderr]     18:     0x5c30c0e3a6a3 - core::ops::function::FnOnce::call_once::h6e67dc7b1e118d38
[INFO] [stderr]     19:     0x5c30c0e39ea6 - std::sys::backtrace::__rust_begin_short_backtrace::h1f3f8054eff807b7
[INFO] [stderr]     20:     0x5c30c0e398f9 - std::rt::lang_start::{{closure}}::hc87c2cf9724c80b5
[INFO] [stderr]     21:     0x5c30c0e83ea0 - core::ops::function::impls::<impl core::ops::function::FnOnce<A> for &F>::call_once::h1b085b6c1d2518b2
[INFO] [stderr]                                  at /rustc/6067b36314ab5eb2eb47cecc464545ba58e1ad24/library/core/src/ops/function.rs:284:13
[INFO] [stderr]     22:     0x5c30c0e83ea0 - std::panicking::try::do_call::h382f964a5a23b565
[INFO] [stderr]                                  at /rustc/6067b36314ab5eb2eb47cecc464545ba58e1ad24/library/std/src/panicking.rs:587:40
[INFO] [stderr]     23:     0x5c30c0e83ea0 - std::panicking::try::h57f991055eb622f9
[INFO] [stderr]                                  at /rustc/6067b36314ab5eb2eb47cecc464545ba58e1ad24/library/std/src/panicking.rs:550:19
[INFO] [stderr]     24:     0x5c30c0e83ea0 - std::panic::catch_unwind::h4d9a74ef04456343
[INFO] [stderr]                                  at /rustc/6067b36314ab5eb2eb47cecc464545ba58e1ad24/library/std/src/panic.rs:358:14
[INFO] [stderr]     25:     0x5c30c0e83ea0 - std::rt::lang_start_internal::{{closure}}::h2faa8ae84a93f314
[INFO] [stderr]                                  at /rustc/6067b36314ab5eb2eb47cecc464545ba58e1ad24/library/std/src/rt.rs:163:24
[INFO] [stderr]     26:     0x5c30c0e83ea0 - std::panicking::try::do_call::h0f8932bf638a9bf5
[INFO] [stderr]                                  at /rustc/6067b36314ab5eb2eb47cecc464545ba58e1ad24/library/std/src/panicking.rs:587:40
[INFO] [stderr]     27:     0x5c30c0e83ea0 - std::panicking::try::h683416ea756b175d
[INFO] [stderr]                                  at /rustc/6067b36314ab5eb2eb47cecc464545ba58e1ad24/library/std/src/panicking.rs:550:19
[INFO] [stderr]     28:     0x5c30c0e83ea0 - std::panic::catch_unwind::h56189fac8994979f
[INFO] [stderr]                                  at /rustc/6067b36314ab5eb2eb47cecc464545ba58e1ad24/library/std/src/panic.rs:358:14
[INFO] [stderr]     29:     0x5c30c0e83ea0 - std::rt::lang_start_internal::h8bbc1061691274fe
[INFO] [stderr]                                  at /rustc/6067b36314ab5eb2eb47cecc464545ba58e1ad24/library/std/src/rt.rs:159:5
[INFO] [stderr]     30:     0x5c30c0e398e1 - std::rt::lang_start::h6d9fdc63386a04a6
[INFO] [stderr]     31:     0x5c30c0e3e5b5 - main
[INFO] [stderr]     32:     0x7771c68e5d90 - <unknown>
[INFO] [stderr]     33:     0x7771c68e5e40 - __libc_start_main
[INFO] [stderr]     34:     0x5c30c0e39745 - _start
[INFO] [stderr]     35:                0x0 - <unknown>
[INFO] running `Command { std: "docker" "inspect" "60d1b802ca32cf80732ba038f9abe0f3077f31b3bde36418ad2b6794fcf2f55d", kill_on_drop: false }`
[INFO] running `Command { std: "docker" "rm" "-f" "60d1b802ca32cf80732ba038f9abe0f3077f31b3bde36418ad2b6794fcf2f55d", kill_on_drop: false }`
[INFO] [stdout] 60d1b802ca32cf80732ba038f9abe0f3077f31b3bde36418ad2b6794fcf2f55d
