[INFO] cloning repository https://github.com/itpofy2024o/yew-local-shit-talker
[INFO] running `Command { std: "git" "-c" "credential.helper=" "-c" "credential.helper=/workspace/cargo-home/bin/git-credential-null" "clone" "--bare" "https://github.com/itpofy2024o/yew-local-shit-talker" "/workspace/cache/git-repos/https%3A%2F%2Fgithub.com%2Fitpofy2024o%2Fyew-local-shit-talker", kill_on_drop: false }`
[INFO] [stderr] Cloning into bare repository '/workspace/cache/git-repos/https%3A%2F%2Fgithub.com%2Fitpofy2024o%2Fyew-local-shit-talker'...
[INFO] running `Command { std: "git" "rev-parse" "HEAD", kill_on_drop: false }`
[INFO] [stdout] 03ad9a742c36da779b927cfe2667044520e181f6
[INFO] testing itpofy2024o/yew-local-shit-talker against nightly-2025-01-18+rustflags=-Zrandomize-layout for randomize-layout-2
[INFO] running `Command { std: "git" "clone" "/workspace/cache/git-repos/https%3A%2F%2Fgithub.com%2Fitpofy2024o%2Fyew-local-shit-talker" "/workspace/builds/worker-3-tc2/source", kill_on_drop: false }`
[INFO] [stderr] Cloning into '/workspace/builds/worker-3-tc2/source'...
[INFO] [stderr] done.
[INFO] [stderr] Updating files:  35% (1146/3256)
Updating files:  36% (1173/3256)
Updating files:  37% (1205/3256)
Updating files:  38% (1238/3256)
Updating files:  39% (1270/3256)
Updating files:  40% (1303/3256)
Updating files:  41% (1335/3256)
Updating files:  42% (1368/3256)
Updating files:  43% (1401/3256)
Updating files:  43% (1414/3256)
Updating files:  44% (1433/3256)
Updating files:  44% (1447/3256)
Updating files:  45% (1466/3256)
Updating files:  45% (1492/3256)
Updating files:  46% (1498/3256)
Updating files:  47% (1531/3256)
Updating files:  48% (1563/3256)
Updating files:  49% (1596/3256)
Updating files:  50% (1628/3256)
Updating files:  51% (1661/3256)
Updating files:  52% (1694/3256)
Updating files:  52% (1713/3256)
Updating files:  53% (1726/3256)
Updating files:  54% (1759/3256)
Updating files:  55% (1791/3256)
Updating files:  56% (1824/3256)
Updating files:  57% (1856/3256)
Updating files:  58% (1889/3256)
Updating files:  59% (1922/3256)
Updating files:  60% (1954/3256)
Updating files:  61% (1987/3256)
Updating files:  62% (2019/3256)
Updating files:  63% (2052/3256)
Updating files:  64% (2084/3256)
Updating files:  65% (2117/3256)
Updating files:  66% (2149/3256)
Updating files:  67% (2182/3256)
Updating files:  68% (2215/3256)
Updating files:  69% (2247/3256)
Updating files:  70% (2280/3256)
Updating files:  71% (2312/3256)
Updating files:  72% (2345/3256)
Updating files:  73% (2377/3256)
Updating files:  74% (2410/3256)
Updating files:  75% (2442/3256)
Updating files:  76% (2475/3256)
Updating files:  77% (2508/3256)
Updating files:  78% (2540/3256)
Updating files:  79% (2573/3256)
Updating files:  80% (2605/3256)
Updating files:  81% (2638/3256)
Updating files:  81% (2647/3256)
Updating files:  82% (2670/3256)
Updating files:  83% (2703/3256)
Updating files:  84% (2736/3256)
Updating files:  85% (2768/3256)
Updating files:  86% (2801/3256)
Updating files:  87% (2833/3256)
Updating files:  88% (2866/3256)
Updating files:  89% (2898/3256)
Updating files:  90% (2931/3256)
Updating files:  91% (2963/3256)
Updating files:  92% (2996/3256)
Updating files:  93% (3029/3256)
Updating files:  93% (3053/3256)
Updating files:  94% (3061/3256)
Updating files:  95% (3094/3256)
Updating files:  96% (3126/3256)
Updating files:  97% (3159/3256)
Updating files:  98% (3191/3256)
Updating files:  99% (3224/3256)
Updating files: 100% (3256/3256)
Updating files: 100% (3256/3256), done.
[INFO] validating manifest of git repo https://github.com/itpofy2024o/yew-local-shit-talker on toolchain nightly-2025-01-18
[INFO] running `Command { std: CARGO_HOME="/workspace/cargo-home" RUSTUP_HOME="/workspace/rustup-home" "/workspace/cargo-home/bin/cargo" "+nightly-2025-01-18" "metadata" "--manifest-path" "Cargo.toml" "--no-deps", kill_on_drop: false }`
[INFO] started tweaking git repo https://github.com/itpofy2024o/yew-local-shit-talker
[INFO] finished tweaking git repo https://github.com/itpofy2024o/yew-local-shit-talker
[INFO] tweaked toml for git repo https://github.com/itpofy2024o/yew-local-shit-talker written to /workspace/builds/worker-3-tc2/source/Cargo.toml
[INFO] crate git repo https://github.com/itpofy2024o/yew-local-shit-talker already has a lockfile, it will not be regenerated
[INFO] running `Command { std: CARGO_HOME="/workspace/cargo-home" RUSTUP_HOME="/workspace/rustup-home" "/workspace/cargo-home/bin/cargo" "+nightly-2025-01-18" "fetch" "--manifest-path" "Cargo.toml", kill_on_drop: false }`
[INFO] running `Command { std: "docker" "create" "-v" "/var/lib/crater-agent-workspace/builds/worker-3-tc2/target:/opt/rustwide/target:rw,Z" "-v" "/var/lib/crater-agent-workspace/builds/worker-3-tc2/source:/opt/rustwide/workdir:ro,Z" "-v" "/var/lib/crater-agent-workspace/cargo-home:/opt/rustwide/cargo-home:ro,Z" "-v" "/var/lib/crater-agent-workspace/rustup-home:/opt/rustwide/rustup-home:ro,Z" "-e" "SOURCE_DIR=/opt/rustwide/workdir" "-e" "CARGO_TARGET_DIR=/opt/rustwide/target" "-e" "CARGO_HOME=/opt/rustwide/cargo-home" "-e" "RUSTUP_HOME=/opt/rustwide/rustup-home" "-w" "/opt/rustwide/workdir" "-m" "1610612736" "--user" "0:0" "--network" "none" "ghcr.io/rust-lang/crates-build-env/linux@sha256:819108c5571ea2e421544af4d832f968d213c87fbe3707a016657f43d2f853bc" "/opt/rustwide/cargo-home/bin/cargo" "+nightly-2025-01-18" "metadata" "--no-deps" "--format-version=1", kill_on_drop: false }`
[INFO] [stdout] 4108eb89712475bee649718ae5912e852abbecb81364367896273c3c63cd9a38
[INFO] running `Command { std: "docker" "start" "-a" "4108eb89712475bee649718ae5912e852abbecb81364367896273c3c63cd9a38", kill_on_drop: false }`
[INFO] running `Command { std: "docker" "inspect" "4108eb89712475bee649718ae5912e852abbecb81364367896273c3c63cd9a38", kill_on_drop: false }`
[INFO] running `Command { std: "docker" "rm" "-f" "4108eb89712475bee649718ae5912e852abbecb81364367896273c3c63cd9a38", kill_on_drop: false }`
[INFO] [stdout] 4108eb89712475bee649718ae5912e852abbecb81364367896273c3c63cd9a38
[INFO] running `Command { std: "docker" "create" "-v" "/var/lib/crater-agent-workspace/builds/worker-3-tc2/target:/opt/rustwide/target:rw,Z" "-v" "/var/lib/crater-agent-workspace/builds/worker-3-tc2/source:/opt/rustwide/workdir:ro,Z" "-v" "/var/lib/crater-agent-workspace/cargo-home:/opt/rustwide/cargo-home:ro,Z" "-v" "/var/lib/crater-agent-workspace/rustup-home:/opt/rustwide/rustup-home:ro,Z" "-e" "SOURCE_DIR=/opt/rustwide/workdir" "-e" "CARGO_TARGET_DIR=/opt/rustwide/target" "-e" "CARGO_INCREMENTAL=0" "-e" "RUST_BACKTRACE=full" "-e" "RUSTFLAGS=--cap-lints=forbid -Zrandomize-layout" "-e" "RUSTDOCFLAGS=--cap-lints=forbid" "-e" "CARGO_HOME=/opt/rustwide/cargo-home" "-e" "RUSTUP_HOME=/opt/rustwide/rustup-home" "-w" "/opt/rustwide/workdir" "-m" "1610612736" "--user" "0:0" "--network" "none" "ghcr.io/rust-lang/crates-build-env/linux@sha256:819108c5571ea2e421544af4d832f968d213c87fbe3707a016657f43d2f853bc" "/opt/rustwide/cargo-home/bin/cargo" "+nightly-2025-01-18" "build" "--frozen" "--message-format=json", kill_on_drop: false }`
[INFO] [stdout] f9f03f4579f22ee3285dc9511a862555332e40187d1b40d35681ccbedb9a3037
[INFO] running `Command { std: "docker" "start" "-a" "f9f03f4579f22ee3285dc9511a862555332e40187d1b40d35681ccbedb9a3037", kill_on_drop: false }`
[INFO] [stderr]    Compiling proc-macro2 v1.0.70
[INFO] [stderr]    Compiling unicode-ident v1.0.12
[INFO] [stderr]    Compiling once_cell v1.19.0
[INFO] [stderr]    Compiling wasm-bindgen-shared v0.2.89
[INFO] [stderr]    Compiling log v0.4.20
[INFO] [stderr]    Compiling bumpalo v3.14.0
[INFO] [stderr]    Compiling cfg-if v1.0.0
[INFO] [stderr]    Compiling wasm-bindgen v0.2.89
[INFO] [stderr]    Compiling serde v1.0.193
[INFO] [stderr]    Compiling futures-core v0.3.29
[INFO] [stderr]    Compiling futures-channel v0.3.29
[INFO] [stderr]    Compiling futures-sink v0.3.29
[INFO] [stderr]    Compiling itoa v1.0.10
[INFO] [stderr]    Compiling serde_json v1.0.108
[INFO] [stderr]    Compiling ryu v1.0.15
[INFO] [stderr]    Compiling thiserror v1.0.50
[INFO] [stderr]    Compiling pin-project-lite v0.2.13
[INFO] [stderr]    Compiling autocfg v1.1.0
[INFO] [stderr]    Compiling futures-task v0.3.29
[INFO] [stderr]    Compiling fnv v1.0.7
[INFO] [stderr]    Compiling futures-util v0.3.29
[INFO] [stderr]    Compiling equivalent v1.0.1
[INFO] [stderr]    Compiling hashbrown v0.14.3
[INFO] [stderr]    Compiling futures-io v0.3.29
[INFO] [stderr]    Compiling version_check v0.9.4
[INFO] [stderr]    Compiling memchr v2.6.4
[INFO] [stderr]    Compiling rustversion v1.0.14
[INFO] [stderr]    Compiling pin-utils v0.1.0
[INFO] [stderr]    Compiling winnow v0.5.26
[INFO] [stderr]    Compiling toml_datetime v0.6.5
[INFO] [stderr]    Compiling libc v0.2.150
[INFO] [stderr]    Compiling slab v0.4.9
[INFO] [stderr]    Compiling percent-encoding v2.3.1
[INFO] [stderr]    Compiling bytes v1.5.0
[INFO] [stderr]    Compiling syn v1.0.109
[INFO] [stderr]    Compiling prettyplease v0.2.15
[INFO] [stderr]    Compiling tokio v1.35.0
[INFO] [stderr]    Compiling strsim v0.10.0
[INFO] [stderr]    Compiling form_urlencoded v1.2.1
[INFO] [stderr]    Compiling ident_case v1.0.1
[INFO] [stderr]    Compiling tracing-core v0.1.32
[INFO] [stderr]    Compiling proc-macro-error-attr v1.0.4
[INFO] [stderr]    Compiling proc-macro-error v1.0.4
[INFO] [stderr]    Compiling boolinator v2.4.0
[INFO] [stderr]    Compiling indexmap v2.1.0
[INFO] [stderr]    Compiling async-trait v0.1.74
[INFO] [stderr]    Compiling urlencoding v2.1.3
[INFO] [stderr]    Compiling anymap v1.0.0-beta.2
[INFO] [stderr]    Compiling route-recognizer v0.3.1
[INFO] [stderr]    Compiling http v0.2.11
[INFO] [stderr]    Compiling quote v1.0.33
[INFO] [stderr]    Compiling syn v2.0.39
[INFO] [stderr]    Compiling num_cpus v1.16.0
[INFO] [stderr]    Compiling getrandom v0.2.11
[INFO] [stderr]    Compiling tokio-stream v0.1.14
[INFO] [stderr]    Compiling toml_edit v0.19.15
[INFO] [stderr]    Compiling proc-macro-crate v1.3.1
[INFO] [stderr]    Compiling wasm-bindgen-backend v0.2.89
[INFO] [stderr]    Compiling darling_core v0.20.3
[INFO] [stderr]    Compiling serde_derive v1.0.193
[INFO] [stderr]    Compiling thiserror-impl v1.0.50
[INFO] [stderr]    Compiling futures-macro v0.3.29
[INFO] [stderr]    Compiling pin-project-internal v1.1.3
[INFO] [stderr]    Compiling gloo-worker-macros v0.1.0
[INFO] [stderr]    Compiling implicit-clone-derive v0.1.1
[INFO] [stderr]    Compiling tracing-attributes v0.1.27
[INFO] [stderr]    Compiling yew-router-macro v0.18.0
[INFO] [stderr]    Compiling yew-macro v0.21.0
[INFO] [stderr]    Compiling implicit-clone v0.4.8
[INFO] [stderr]    Compiling wasm-bindgen-macro-support v0.2.89
[INFO] [stdout] error: linking with `cc` failed: exit status: 1
[INFO] [stdout]   |
[INFO] [stdout]   = note: LC_ALL="C" PATH="/opt/rustwide/rustup-home/toolchains/nightly-2025-01-18-x86_64-unknown-linux-gnu/lib/rustlib/x86_64-unknown-linux-gnu/bin:/opt/rustwide/rustup-home/toolchains/nightly-2025-01-18-x86_64-unknown-linux-gnu/lib/rustlib/x86_64-unknown-linux-gnu/bin/self-contained:/opt/rustwide/cargo-home/bin:/usr/local/sbin:/usr/local/bin:/usr/sbin:/usr/bin:/sbin:/bin" VSLANG="1033" "cc" "-Wl,--version-script=/tmp/rustceQIwk8/list" "-Wl,--no-undefined-version" "-m64" "/tmp/rustceQIwk8/symbols.o" "<16 object files omitted>" "/opt/rustwide/target/debug/deps/tracing_attributes-a912d2b2d4c1ddfe.009crfhrj9rnku3oeuuk1i337.rcgu.rmeta" "<1 object files omitted>" "-Wl,--as-needed" "-Wl,-Bstatic" "/opt/rustwide/target/debug/deps/{libsyn-ab43cd1b5dfa0fe7.rlib,libquote-be849130ad4cb8e0.rlib,libproc_macro2-cbf1591789ffe5aa.rlib,libunicode_ident-10088a16d77141c9.rlib}" "/opt/rustwide/rustup-home/toolchains/nightly-2025-01-18-x86_64-unknown-linux-gnu/lib/rustlib/x86_64-unknown-linux-gnu/lib/{libproc_macro-f70e4fb3d5b25f48.rlib,libstd-006123e2ce67e99d.rlib,libpanic_unwind-e1447e1efa6f1e57.rlib,libobject-f6963a4916fcf097.rlib,libmemchr-49a2d9af912f4524.rlib,libaddr2line-04d19aad3936869d.rlib,libgimli-483c235edb789db0.rlib,librustc_demangle-294281af50b8f748.rlib,libstd_detect-3b08295250aabc2a.rlib,libhashbrown-4472d1e05ba0dfaf.rlib,librustc_std_workspace_alloc-2ef099fac590e457.rlib,libminiz_oxide-8a51f5e848546c29.rlib,libadler2-3d3fa22b868db521.rlib,libunwind-0ffda8b08e22dbea.rlib,libcfg_if-b08f62458fdd43b9.rlib,liblibc-559675126e63b890.rlib,liballoc-fcf21c8d1c9c7b75.rlib,librustc_std_workspace_core-e0b0460135bcf21d.rlib,libcore-d4097fdcbddd3bc7.rlib,libcompiler_builtins-fea484ac1eed7881.rlib}" "-Wl,-Bdynamic" "-lgcc_s" "-lutil" "-lrt" "-lpthread" "-lm" "-ldl" "-lc" "-B/opt/rustwide/rustup-home/toolchains/nightly-2025-01-18-x86_64-unknown-linux-gnu/lib/rustlib/x86_64-unknown-linux-gnu/bin/gcc-ld" "-fuse-ld=lld" "-Wl,--eh-frame-hdr" "-Wl,-z,noexecstack" "-L" "/opt/rustwide/rustup-home/toolchains/nightly-2025-01-18-x86_64-unknown-linux-gnu/lib/rustlib/x86_64-unknown-linux-gnu/lib" "-o" "/opt/rustwide/target/debug/deps/libtracing_attributes-a912d2b2d4c1ddfe.so" "-Wl,--gc-sections" "-shared" "-Wl,-z,relro,-z,now" "-nodefaultlibs"
[INFO] [stdout]   = note: some arguments are omitted. use `--verbose` to show all linker arguments
[INFO] [stdout]   = note: PLEASE submit a bug report to https://github.com/llvm/llvm-project/issues/ and include the crash backtrace.
[INFO] [stdout]           Stack dump:
[INFO] [stdout]           0.    Program arguments: /opt/rustwide/rustup-home/toolchains/nightly-2025-01-18-x86_64-unknown-linux-gnu/lib/rustlib/x86_64-unknown-linux-gnu/bin/rust-lld -flavor gnu -plugin /usr/lib/gcc/x86_64-linux-gnu/11/liblto_plugin.so -plugin-opt=/usr/lib/gcc/x86_64-linux-gnu/11/lto-wrapper -plugin-opt=-fresolution=/tmp/cc5yKbvU.res --build-id --eh-frame-hdr -m elf_x86_64 --hash-style=gnu --as-needed -shared -z relro -o /opt/rustwide/target/debug/deps/libtracing_attributes-a912d2b2d4c1ddfe.so /usr/lib/gcc/x86_64-linux-gnu/11/../../../x86_64-linux-gnu/crti.o /usr/lib/gcc/x86_64-linux-gnu/11/crtbeginS.o -L/opt/rustwide/rustup-home/toolchains/nightly-2025-01-18-x86_64-unknown-linux-gnu/lib/rustlib/x86_64-unknown-linux-gnu/lib -L/opt/rustwide/rustup-home/toolchains/nightly-2025-01-18-x86_64-unknown-linux-gnu/lib/rustlib/x86_64-unknown-linux-gnu/bin/gcc-ld -L/usr/lib/gcc/x86_64-linux-gnu/11 -L/usr/lib/gcc/x86_64-linux-gnu/11/../../../x86_64-linux-gnu -L/usr/lib/gcc/x86_64-linux-gnu/11/../../../../lib -L/lib/x86_64-linux-gnu -L/lib/../lib -L/usr/lib/x86_64-linux-gnu -L/usr/lib/../lib -L/usr/lib/gcc/x86_64-linux-gnu/11/../../.. --version-script=/tmp/rustceQIwk8/list --no-undefined-version /tmp/rustceQIwk8/symbols.o /opt/rustwide/target/debug/deps/tracing_attributes-a912d2b2d4c1ddfe.tracing_attributes.9c904de8136bf44-cgu.00.rcgu.o /opt/rustwide/target/debug/deps/tracing_attributes-a912d2b2d4c1ddfe.tracing_attributes.9c904de8136bf44-cgu.01.rcgu.o /opt/rustwide/target/debug/deps/tracing_attributes-a912d2b2d4c1ddfe.tracing_attributes.9c904de8136bf44-cgu.02.rcgu.o /opt/rustwide/target/debug/deps/tracing_attributes-a912d2b2d4c1ddfe.tracing_attributes.9c904de8136bf44-cgu.03.rcgu.o /opt/rustwide/target/debug/deps/tracing_attributes-a912d2b2d4c1ddfe.tracing_attributes.9c904de8136bf44-cgu.04.rcgu.o /opt/rustwide/target/debug/deps/tracing_attributes-a912d2b2d4c1ddfe.tracing_attributes.9c904de8136bf44-cgu.05.rcgu.o /opt/rustwide/target/debug/deps/tracing_attributes-a912d2b2d4c1ddfe.tracing_attributes.9c904de8136bf44-cgu.06.rcgu.o /opt/rustwide/target/debug/deps/tracing_attributes-a912d2b2d4c1ddfe.tracing_attributes.9c904de8136bf44-cgu.07.rcgu.o /opt/rustwide/target/debug/deps/tracing_attributes-a912d2b2d4c1ddfe.tracing_attributes.9c904de8136bf44-cgu.08.rcgu.o /opt/rustwide/target/debug/deps/tracing_attributes-a912d2b2d4c1ddfe.tracing_attributes.9c904de8136bf44-cgu.09.rcgu.o /opt/rustwide/target/debug/deps/tracing_attributes-a912d2b2d4c1ddfe.tracing_attributes.9c904de8136bf44-cgu.10.rcgu.o /opt/rustwide/target/debug/deps/tracing_attributes-a912d2b2d4c1ddfe.tracing_attributes.9c904de8136bf44-cgu.11.rcgu.o /opt/rustwide/target/debug/deps/tracing_attributes-a912d2b2d4c1ddfe.tracing_attributes.9c904de8136bf44-cgu.12.rcgu.o /opt/rustwide/target/debug/deps/tracing_attributes-a912d2b2d4c1ddfe.tracing_attributes.9c904de8136bf44-cgu.13.rcgu.o /opt/rustwide/target/debug/deps/tracing_attributes-a912d2b2d4c1ddfe.tracing_attributes.9c904de8136bf44-cgu.14.rcgu.o /opt/rustwide/target/debug/deps/tracing_attributes-a912d2b2d4c1ddfe.tracing_attributes.9c904de8136bf44-cgu.15.rcgu.o /opt/rustwide/target/debug/deps/tracing_attributes-a912d2b2d4c1ddfe.009crfhrj9rnku3oeuuk1i337.rcgu.rmeta /opt/rustwide/target/debug/deps/tracing_attributes-a912d2b2d4c1ddfe.33nnpmb0x95nf06jvtnjeri9g.rcgu.o --as-needed -Bstatic /opt/rustwide/target/debug/deps/libsyn-ab43cd1b5dfa0fe7.rlib /opt/rustwide/target/debug/deps/libquote-be849130ad4cb8e0.rlib /opt/rustwide/target/debug/deps/libproc_macro2-cbf1591789ffe5aa.rlib /opt/rustwide/target/debug/deps/libunicode_ident-10088a16d77141c9.rlib /opt/rustwide/rustup-home/toolchains/nightly-2025-01-18-x86_64-unknown-linux-gnu/lib/rustlib/x86_64-unknown-linux-gnu/lib/libproc_macro-f70e4fb3d5b25f48.rlib /opt/rustwide/rustup-home/toolchains/nightly-2025-01-18-x86_64-unknown-linux-gnu/lib/rustlib/x86_64-unknown-linux-gnu/lib/libstd-006123e2ce67e99d.rlib /opt/rustwide/rustup-home/toolchains/nightly-2025-01-18-x86_64-unknown-linux-gnu/lib/rustlib/x86_64-unknown-linux-gnu/lib/libpanic_unwind-e1447e1efa6f1e57.rlib /opt/rustwide/rustup-home/toolchains/nightly-2025-01-18-x86_64-unknown-linux-gnu/lib/rustlib/x86_64-unknown-linux-gnu/lib/libobject-f6963a4916fcf097.rlib /opt/rustwide/rustup-home/toolchains/nightly-2025-01-18-x86_64-unknown-linux-gnu/lib/rustlib/x86_64-unknown-linux-gnu/lib/libmemchr-49a2d9af912f4524.rlib /opt/rustwide/rustup-home/toolchains/nightly-2025-01-18-x86_64-unknown-linux-gnu/lib/rustlib/x86_64-unknown-linux-gnu/lib/libaddr2line-04d19aad3936869d.rlib /opt/rustwide/rustup-home/toolchains/nightly-2025-01-18-x86_64-unknown-linux-gnu/lib/rustlib/x86_64-unknown-linux-gnu/lib/libgimli-483c235edb789db0.rlib /opt/rustwide/rustup-home/toolchains/nightly-2025-01-18-x86_64-unknown-linux-gnu/lib/rustlib/x86_64-unknown-linux-gnu/lib/librustc_demangle-294281af50b8f748.rlib /opt/rustwide/rustup-home/toolchains/nightly-2025-01-18-x86_64-unknown-linux-gnu/lib/rustlib/x86_64-unknown-linux-gnu/lib/libstd_detect-3b08295250aabc2a.rlib /opt/rustwide/rustup-home/toolchains/nightly-2025-01-18-x86_64-unknown-linux-gnu/lib/rustlib/x86_64-unknown-linux-gnu/lib/libhashbrown-4472d1e05ba0dfaf.rlib /opt/rustwide/rustup-home/toolchains/nightly-2025-01-18-x86_64-unknown-linux-gnu/lib/rustlib/x86_64-unknown-linux-gnu/lib/librustc_std_workspace_alloc-2ef099fac590e457.rlib /opt/rustwide/rustup-home/toolchains/nightly-2025-01-18-x86_64-unknown-linux-gnu/lib/rustlib/x86_64-unknown-linux-gnu/lib/libminiz_oxide-8a51f5e848546c29.rlib /opt/rustwide/rustup-home/toolchains/nightly-2025-01-18-x86_64-unknown-linux-gnu/lib/rustlib/x86_64-unknown-linux-gnu/lib/libadler2-3d3fa22b868db521.rlib /opt/rustwide/rustup-home/toolchains/nightly-2025-01-18-x86_64-unknown-linux-gnu/lib/rustlib/x86_64-unknown-linux-gnu/lib/libunwind-0ffda8b08e22dbea.rlib /opt/rustwide/rustup-home/toolchains/nightly-2025-01-18-x86_64-unknown-linux-gnu/lib/rustlib/x86_64-unknown-linux-gnu/lib/libcfg_if-b08f62458fdd43b9.rlib /opt/rustwide/rustup-home/toolchains/nightly-2025-01-18-x86_64-unknown-linux-gnu/lib/rustlib/x86_64-unknown-linux-gnu/lib/liblibc-559675126e63b890.rlib /opt/rustwide/rustup-home/toolchains/nightly-2025-01-18-x86_64-unknown-linux-gnu/lib/rustlib/x86_64-unknown-linux-gnu/lib/liballoc-fcf21c8d1c9c7b75.rlib /opt/rustwide/rustup-home/toolchains/nightly-2025-01-18-x86_64-unknown-linux-gnu/lib/rustlib/x86_64-unknown-linux-gnu/lib/librustc_std_workspace_core-e0b0460135bcf21d.rlib /opt/rustwide/rustup-home/toolchains/nightly-2025-01-18-x86_64-unknown-linux-gnu/lib/rustlib/x86_64-unknown-linux-gnu/lib/libcore-d4097fdcbddd3bc7.rlib /opt/rustwide/rustup-home/toolchains/nightly-2025-01-18-x86_64-unknown-linux-gnu/lib/rustlib/x86_64-unknown-linux-gnu/lib/libcompiler_builtins-fea484ac1eed7881.rlib -Bdynamic -lgcc_s -lutil -lrt -lpthread -lm -ldl -lc --eh-frame-hdr -z noexecstack --gc-sections -z relro -z now /usr/lib/gcc/x86_64-linux-gnu/11/crtendS.o /usr/lib/gcc/x86_64-linux-gnu/11/../../../x86_64-linux-gnu/crtn.o
[INFO] [stdout]           LLVM ERROR: IO failure on output stream: No space left on device
[INFO] [stdout]           collect2: error: ld returned 1 exit status
[INFO] [stdout]           
[INFO] [stdout] 
[INFO] [stdout] 
[INFO] [stderr] error: could not compile `tracing-attributes` (lib) due to 1 previous error
[INFO] [stderr] warning: build failed, waiting for other jobs to finish...
[INFO] [stderr] rustc-LLVM ERROR: IO failure on output stream: No space left on device
[INFO] [stdout] error: failed to write /tmp/rustcwyJs1A/lib.rmeta: No space left on device (os error 28)
[INFO] [stdout] 
[INFO] [stdout] 
[INFO] [stderr] error: could not compile `darling_core` (lib)
[INFO] [stderr] 
[INFO] [stderr] Caused by:
[INFO] [stderr]   No space left on device (os error 28)
[INFO] [stderr] 
[INFO] [stderr] Caused by:
[INFO] [stderr]   failed to parse process output: `/opt/rustwide/rustup-home/toolchains/nightly-2025-01-18-x86_64-unknown-linux-gnu/bin/rustc --crate-name darling_core --edition=2018 /opt/rustwide/cargo-home/registry/src/index.crates.io-1949cf8c6b5b557f/darling_core-0.20.3/src/lib.rs --error-format=json --json=diagnostic-rendered-ansi,artifacts,future-incompat --crate-type lib --emit=dep-info,metadata,link -C embed-bitcode=no --cfg 'feature="strsim"' --cfg 'feature="suggestions"' --check-cfg 'cfg(docsrs,test)' --check-cfg 'cfg(feature, values("diagnostics", "strsim", "suggestions"))' -C metadata=a06aab49664e57a8 -C extra-filename=-0b13958ee4545081 --out-dir /opt/rustwide/target/debug/deps -L dependency=/opt/rustwide/target/debug/deps --extern fnv=/opt/rustwide/target/debug/deps/libfnv-a0e84274df5e929e.rmeta --extern ident_case=/opt/rustwide/target/debug/deps/libident_case-2e21a02820eac655.rmeta --extern proc_macro2=/opt/rustwide/target/debug/deps/libproc_macro2-cbf1591789ffe5aa.rmeta --extern quote=/opt/rustwide/target/debug/deps/libquote-be849130ad4cb8e0.rmeta --extern strsim=/opt/rustwide/target/debug/deps/libstrsim-3ab362d60191793d.rmeta --extern syn=/opt/rustwide/target/debug/deps/libsyn-ab43cd1b5dfa0fe7.rmeta --cap-lints allow --cap-lints=forbid -Zrandomize-layout` (exit status: 101)
[INFO] [stderr] error: could not compile `wasm-bindgen-backend` (lib) due to 1 previous error
[INFO] [stdout] error: error writing dependencies to `/opt/rustwide/target/debug/deps/futures_util-cfddcd105ac0bf19.d`: No space left on device (os error 28)
[INFO] [stdout] 
[INFO] [stdout] 
[INFO] [stdout] error: failed to write to `/opt/rustwide/target/debug/deps/rmetaHiyJ6g/lib.rmeta`: No space left on device (os error 28)
[INFO] [stdout] 
[INFO] [stdout] 
[INFO] [stdout] error: couldn't create a temp dir: No space left on device (os error 28) at path "/opt/rustwide/target/debug/deps/rmetaSDGpts"
[INFO] [stdout] 
[INFO] [stdout] 
[INFO] [stderr] error: could not compile `wasm-bindgen-macro-support` (lib) due to 1 previous error
[INFO] [stderr] error: could not compile `futures-util` (lib) due to 1 previous error
[INFO] [stderr] error: could not compile `yew-macro` (lib) due to 1 previous error
[INFO] [stdout] error: linking with `cc` failed: exit status: 1
[INFO] [stdout]   |
[INFO] [stdout]   = note: LC_ALL="C" PATH="/opt/rustwide/rustup-home/toolchains/nightly-2025-01-18-x86_64-unknown-linux-gnu/lib/rustlib/x86_64-unknown-linux-gnu/bin:/opt/rustwide/rustup-home/toolchains/nightly-2025-01-18-x86_64-unknown-linux-gnu/lib/rustlib/x86_64-unknown-linux-gnu/bin/self-contained:/opt/rustwide/cargo-home/bin:/usr/local/sbin:/usr/local/bin:/usr/sbin:/usr/bin:/sbin:/bin" VSLANG="1033" "cc" "-Wl,--version-script=/tmp/rustcH8vZul/list" "-Wl,--no-undefined-version" "-m64" "/tmp/rustcH8vZul/symbols.o" "<11 object files omitted>" "/opt/rustwide/target/debug/deps/pin_project_internal-3d24c7a34ca61120.9yyrr0oeqadtj4scpfwdvfcpq.rcgu.rmeta" "<1 object files omitted>" "-Wl,--as-needed" "-Wl,-Bstatic" "/opt/rustwide/target/debug/deps/{libsyn-ab43cd1b5dfa0fe7.rlib,libquote-be849130ad4cb8e0.rlib,libproc_macro2-cbf1591789ffe5aa.rlib,libunicode_ident-10088a16d77141c9.rlib}" "/opt/rustwide/rustup-home/toolchains/nightly-2025-01-18-x86_64-unknown-linux-gnu/lib/rustlib/x86_64-unknown-linux-gnu/lib/{libproc_macro-f70e4fb3d5b25f48.rlib,libstd-006123e2ce67e99d.rlib,libpanic_unwind-e1447e1efa6f1e57.rlib,libobject-f6963a4916fcf097.rlib,libmemchr-49a2d9af912f4524.rlib,libaddr2line-04d19aad3936869d.rlib,libgimli-483c235edb789db0.rlib,librustc_demangle-294281af50b8f748.rlib,libstd_detect-3b08295250aabc2a.rlib,libhashbrown-4472d1e05ba0dfaf.rlib,librustc_std_workspace_alloc-2ef099fac590e457.rlib,libminiz_oxide-8a51f5e848546c29.rlib,libadler2-3d3fa22b868db521.rlib,libunwind-0ffda8b08e22dbea.rlib,libcfg_if-b08f62458fdd43b9.rlib,liblibc-559675126e63b890.rlib,liballoc-fcf21c8d1c9c7b75.rlib,librustc_std_workspace_core-e0b0460135bcf21d.rlib,libcore-d4097fdcbddd3bc7.rlib,libcompiler_builtins-fea484ac1eed7881.rlib}" "-Wl,-Bdynamic" "-lgcc_s" "-lutil" "-lrt" "-lpthread" "-lm" "-ldl" "-lc" "-B/opt/rustwide/rustup-home/toolchains/nightly-2025-01-18-x86_64-unknown-linux-gnu/lib/rustlib/x86_64-unknown-linux-gnu/bin/gcc-ld" "-fuse-ld=lld" "-Wl,--eh-frame-hdr" "-Wl,-z,noexecstack" "-L" "/opt/rustwide/rustup-home/toolchains/nightly-2025-01-18-x86_64-unknown-linux-gnu/lib/rustlib/x86_64-unknown-linux-gnu/lib" "-o" "/opt/rustwide/target/debug/deps/libpin_project_internal-3d24c7a34ca61120.so" "-Wl,--gc-sections" "-shared" "-Wl,-z,relro,-z,now" "-nodefaultlibs"
[INFO] [stdout]   = note: some arguments are omitted. use `--verbose` to show all linker arguments
[INFO] [stdout]   = note: PLEASE submit a bug report to https://github.com/llvm/llvm-project/issues/ and include the crash backtrace.
[INFO] [stdout]           collect2: fatal error: ld terminated with signal 7 [Bus error], core dumped
[INFO] [stdout]           compilation terminated.
[INFO] [stdout]           
[INFO] [stdout] 
[INFO] [stdout] 
[INFO] [stderr] error: could not compile `pin-project-internal` (lib) due to 1 previous error
[INFO] [stderr] rustc-LLVM ERROR: IO failure on output stream: No space left on devicerustc-LLVM ERROR: IO failure on output stream: No space left on device
[INFO] [stderr] error: could not compile `serde_derive` (lib)
[INFO] [stderr] 
[INFO] [stderr] Caused by:
[INFO] [stderr]   No space left on device (os error 28)
[INFO] [stderr] 
[INFO] [stderr] Caused by:
[INFO] [stderr]   failed to parse process output: `/opt/rustwide/rustup-home/toolchains/nightly-2025-01-18-x86_64-unknown-linux-gnu/bin/rustc --crate-name serde_derive --edition=2015 /opt/rustwide/cargo-home/registry/src/index.crates.io-1949cf8c6b5b557f/serde_derive-1.0.193/src/lib.rs --error-format=json --json=diagnostic-rendered-ansi,artifacts,future-incompat --crate-type proc-macro --emit=dep-info,link -C prefer-dynamic -C embed-bitcode=no --cfg 'feature="default"' --check-cfg 'cfg(docsrs,test)' --check-cfg 'cfg(feature, values("default", "deserialize_in_place"))' -C metadata=d7599d349a7adaeb -C extra-filename=-6397152b0f1552d1 --out-dir /opt/rustwide/target/debug/deps -L dependency=/opt/rustwide/target/debug/deps --extern proc_macro2=/opt/rustwide/target/debug/deps/libproc_macro2-cbf1591789ffe5aa.rlib --extern quote=/opt/rustwide/target/debug/deps/libquote-be849130ad4cb8e0.rlib --extern syn=/opt/rustwide/target/debug/deps/libsyn-ab43cd1b5dfa0fe7.rlib --extern proc_macro --cap-lints allow --cap-lints=forbid -Zrandomize-layout` (exit status: 101)
[INFO] running `Command { std: "docker" "inspect" "f9f03f4579f22ee3285dc9511a862555332e40187d1b40d35681ccbedb9a3037", kill_on_drop: false }`
[INFO] running `Command { std: "docker" "rm" "-f" "f9f03f4579f22ee3285dc9511a862555332e40187d1b40d35681ccbedb9a3037", kill_on_drop: false }`
[INFO] [stdout] f9f03f4579f22ee3285dc9511a862555332e40187d1b40d35681ccbedb9a3037
