[INFO] cloning repository https://github.com/hydroper/rust-oop-inheritance
[INFO] running `Command { std: "git" "-c" "credential.helper=" "-c" "credential.helper=/workspace/cargo-home/bin/git-credential-null" "clone" "--bare" "https://github.com/hydroper/rust-oop-inheritance" "/workspace/cache/git-repos/https%3A%2F%2Fgithub.com%2Fhydroper%2Frust-oop-inheritance", kill_on_drop: false }`
[INFO] [stderr] Cloning into bare repository '/workspace/cache/git-repos/https%3A%2F%2Fgithub.com%2Fhydroper%2Frust-oop-inheritance'...
[INFO] running `Command { std: "git" "rev-parse" "HEAD", kill_on_drop: false }`
[INFO] [stdout] 9918cd705ebd94efeb96bd82c8f76c3db1da8aab
[INFO] testing hydroper/rust-oop-inheritance against nightly-2025-01-18 for randomize-layout-2
[INFO] running `Command { std: "git" "clone" "/workspace/cache/git-repos/https%3A%2F%2Fgithub.com%2Fhydroper%2Frust-oop-inheritance" "/workspace/builds/worker-1-tc1/source", kill_on_drop: false }`
[INFO] [stderr] Cloning into '/workspace/builds/worker-1-tc1/source'...
[INFO] [stderr] done.
[INFO] validating manifest of git repo https://github.com/hydroper/rust-oop-inheritance on toolchain nightly-2025-01-18
[INFO] running `Command { std: CARGO_HOME="/workspace/cargo-home" RUSTUP_HOME="/workspace/rustup-home" "/workspace/cargo-home/bin/cargo" "+nightly-2025-01-18" "metadata" "--manifest-path" "Cargo.toml" "--no-deps", kill_on_drop: false }`
[INFO] started tweaking git repo https://github.com/hydroper/rust-oop-inheritance
[INFO] finished tweaking git repo https://github.com/hydroper/rust-oop-inheritance
[INFO] tweaked toml for git repo https://github.com/hydroper/rust-oop-inheritance written to /workspace/builds/worker-1-tc1/source/Cargo.toml
[INFO] crate git repo https://github.com/hydroper/rust-oop-inheritance already has a lockfile, it will not be regenerated
[INFO] running `Command { std: CARGO_HOME="/workspace/cargo-home" RUSTUP_HOME="/workspace/rustup-home" "/workspace/cargo-home/bin/cargo" "+nightly-2025-01-18" "fetch" "--manifest-path" "Cargo.toml", kill_on_drop: false }`
[INFO] running `Command { std: "docker" "create" "-v" "/var/lib/crater-agent-workspace/builds/worker-1-tc1/target:/opt/rustwide/target:rw,Z" "-v" "/var/lib/crater-agent-workspace/builds/worker-1-tc1/source:/opt/rustwide/workdir:ro,Z" "-v" "/var/lib/crater-agent-workspace/cargo-home:/opt/rustwide/cargo-home:ro,Z" "-v" "/var/lib/crater-agent-workspace/rustup-home:/opt/rustwide/rustup-home:ro,Z" "-e" "SOURCE_DIR=/opt/rustwide/workdir" "-e" "CARGO_TARGET_DIR=/opt/rustwide/target" "-e" "CARGO_HOME=/opt/rustwide/cargo-home" "-e" "RUSTUP_HOME=/opt/rustwide/rustup-home" "-w" "/opt/rustwide/workdir" "-m" "1610612736" "--user" "0:0" "--network" "none" "ghcr.io/rust-lang/crates-build-env/linux@sha256:819108c5571ea2e421544af4d832f968d213c87fbe3707a016657f43d2f853bc" "/opt/rustwide/cargo-home/bin/cargo" "+nightly-2025-01-18" "metadata" "--no-deps" "--format-version=1", kill_on_drop: false }`
[INFO] [stdout] f1564b172a602ee6064b8e1a40f268516b8030a4bb805f4eb6027aa62587b007
[INFO] running `Command { std: "docker" "start" "-a" "f1564b172a602ee6064b8e1a40f268516b8030a4bb805f4eb6027aa62587b007", kill_on_drop: false }`
[INFO] running `Command { std: "docker" "inspect" "f1564b172a602ee6064b8e1a40f268516b8030a4bb805f4eb6027aa62587b007", kill_on_drop: false }`
[INFO] running `Command { std: "docker" "rm" "-f" "f1564b172a602ee6064b8e1a40f268516b8030a4bb805f4eb6027aa62587b007", kill_on_drop: false }`
[INFO] [stdout] f1564b172a602ee6064b8e1a40f268516b8030a4bb805f4eb6027aa62587b007
[INFO] running `Command { std: "docker" "create" "-v" "/var/lib/crater-agent-workspace/builds/worker-1-tc1/target:/opt/rustwide/target:rw,Z" "-v" "/var/lib/crater-agent-workspace/builds/worker-1-tc1/source:/opt/rustwide/workdir:ro,Z" "-v" "/var/lib/crater-agent-workspace/cargo-home:/opt/rustwide/cargo-home:ro,Z" "-v" "/var/lib/crater-agent-workspace/rustup-home:/opt/rustwide/rustup-home:ro,Z" "-e" "SOURCE_DIR=/opt/rustwide/workdir" "-e" "CARGO_TARGET_DIR=/opt/rustwide/target" "-e" "CARGO_INCREMENTAL=0" "-e" "RUST_BACKTRACE=full" "-e" "RUSTFLAGS=--cap-lints=forbid" "-e" "RUSTDOCFLAGS=--cap-lints=forbid" "-e" "CARGO_HOME=/opt/rustwide/cargo-home" "-e" "RUSTUP_HOME=/opt/rustwide/rustup-home" "-w" "/opt/rustwide/workdir" "-m" "1610612736" "--user" "0:0" "--network" "none" "ghcr.io/rust-lang/crates-build-env/linux@sha256:819108c5571ea2e421544af4d832f968d213c87fbe3707a016657f43d2f853bc" "/opt/rustwide/cargo-home/bin/cargo" "+nightly-2025-01-18" "build" "--frozen" "--message-format=json", kill_on_drop: false }`
[INFO] [stdout] c10434242605e0fd0859545ae2be56dec05f993bc257df0ef17d1373816de0fe
[INFO] running `Command { std: "docker" "start" "-a" "c10434242605e0fd0859545ae2be56dec05f993bc257df0ef17d1373816de0fe", kill_on_drop: false }`
[INFO] [stderr]    Compiling proc-macro2 v1.0.69
[INFO] [stderr]    Compiling unicode-ident v1.0.12
[INFO] [stderr]    Compiling by_address v1.1.0
[INFO] [stderr]    Compiling quote v1.0.33
[INFO] [stderr]    Compiling syn v2.0.39
[INFO] [stderr]    Compiling oop_inheritance_proc v1.0.0 (/opt/rustwide/workdir/crates/oop_inheritance_proc)
[INFO] [stderr]    Compiling oop_inheritance v1.0.1 (/opt/rustwide/workdir/crates/oop_inheritance)
[INFO] [stdout] warning: methods `index_of_from` and `remove_equals` are never used
[INFO] [stdout]   --> crates/oop_inheritance/src/util/vector_extensions.rs:7:8
[INFO] [stdout]    |
[INFO] [stdout] 2  | pub(crate) trait VectorExtensions<T> {
[INFO] [stdout]    |                  ---------------- methods in this trait
[INFO] [stdout] ...
[INFO] [stdout] 7  |     fn index_of_from(&self, value: &T, start_index: usize) -> Option<usize> where T: PartialEq;
[INFO] [stdout]    |        ^^^^^^^^^^^^^
[INFO] [stdout] ...
[INFO] [stdout] 10 |     fn remove_equals(&mut self, value: &T) -> bool  where T: PartialEq;
[INFO] [stdout]    |        ^^^^^^^^^^^^^
[INFO] [stdout]    |
[INFO] [stdout]    = note: `#[warn(dead_code)]` on by default
[INFO] [stdout] 
[INFO] [stdout] 
[INFO] [stderr]     Finished `dev` profile [unoptimized + debuginfo] target(s) in 5.31s
[INFO] running `Command { std: "docker" "inspect" "c10434242605e0fd0859545ae2be56dec05f993bc257df0ef17d1373816de0fe", kill_on_drop: false }`
[INFO] running `Command { std: "docker" "rm" "-f" "c10434242605e0fd0859545ae2be56dec05f993bc257df0ef17d1373816de0fe", kill_on_drop: false }`
[INFO] [stdout] c10434242605e0fd0859545ae2be56dec05f993bc257df0ef17d1373816de0fe
[INFO] running `Command { std: "docker" "create" "-v" "/var/lib/crater-agent-workspace/builds/worker-1-tc1/target:/opt/rustwide/target:rw,Z" "-v" "/var/lib/crater-agent-workspace/builds/worker-1-tc1/source:/opt/rustwide/workdir:ro,Z" "-v" "/var/lib/crater-agent-workspace/cargo-home:/opt/rustwide/cargo-home:ro,Z" "-v" "/var/lib/crater-agent-workspace/rustup-home:/opt/rustwide/rustup-home:ro,Z" "-e" "SOURCE_DIR=/opt/rustwide/workdir" "-e" "CARGO_TARGET_DIR=/opt/rustwide/target" "-e" "CARGO_INCREMENTAL=0" "-e" "RUST_BACKTRACE=full" "-e" "RUSTFLAGS=--cap-lints=forbid" "-e" "RUSTDOCFLAGS=--cap-lints=forbid" "-e" "CARGO_HOME=/opt/rustwide/cargo-home" "-e" "RUSTUP_HOME=/opt/rustwide/rustup-home" "-w" "/opt/rustwide/workdir" "-m" "1610612736" "--user" "0:0" "--network" "none" "ghcr.io/rust-lang/crates-build-env/linux@sha256:819108c5571ea2e421544af4d832f968d213c87fbe3707a016657f43d2f853bc" "/opt/rustwide/cargo-home/bin/cargo" "+nightly-2025-01-18" "test" "--frozen" "--no-run" "--message-format=json", kill_on_drop: false }`
[INFO] [stdout] f3c675d7e94de9caac9b4efb641dc07423608ba901a0e6a9ec0ac3438028a4a4
[INFO] running `Command { std: "docker" "start" "-a" "f3c675d7e94de9caac9b4efb641dc07423608ba901a0e6a9ec0ac3438028a4a4", kill_on_drop: false }`
[INFO] [stderr]    Compiling oop_inheritance_proc v1.0.0 (/opt/rustwide/workdir/crates/oop_inheritance_proc)
[INFO] [stderr]    Compiling oop_inheritance v1.0.1 (/opt/rustwide/workdir/crates/oop_inheritance)
[INFO] [stdout] warning: methods `index_of_from` and `remove_equals` are never used
[INFO] [stdout]   --> crates/oop_inheritance/src/util/vector_extensions.rs:7:8
[INFO] [stdout]    |
[INFO] [stdout] 2  | pub(crate) trait VectorExtensions<T> {
[INFO] [stdout]    |                  ---------------- methods in this trait
[INFO] [stdout] ...
[INFO] [stdout] 7  |     fn index_of_from(&self, value: &T, start_index: usize) -> Option<usize> where T: PartialEq;
[INFO] [stdout]    |        ^^^^^^^^^^^^^
[INFO] [stdout] ...
[INFO] [stdout] 10 |     fn remove_equals(&mut self, value: &T) -> bool  where T: PartialEq;
[INFO] [stdout]    |        ^^^^^^^^^^^^^
[INFO] [stdout]    |
[INFO] [stdout]    = note: `#[warn(dead_code)]` on by default
[INFO] [stdout] 
[INFO] [stdout] 
[INFO] [stdout] warning: methods `index_of_from` and `remove_equals` are never used
[INFO] [stdout]   --> crates/oop_inheritance/src/util/vector_extensions.rs:7:8
[INFO] [stdout]    |
[INFO] [stdout] 2  | pub(crate) trait VectorExtensions<T> {
[INFO] [stdout]    |                  ---------------- methods in this trait
[INFO] [stdout] ...
[INFO] [stdout] 7  |     fn index_of_from(&self, value: &T, start_index: usize) -> Option<usize> where T: PartialEq;
[INFO] [stdout]    |        ^^^^^^^^^^^^^
[INFO] [stdout] ...
[INFO] [stdout] 10 |     fn remove_equals(&mut self, value: &T) -> bool  where T: PartialEq;
[INFO] [stdout]    |        ^^^^^^^^^^^^^
[INFO] [stdout]    |
[INFO] [stdout]    = note: `#[warn(dead_code)]` on by default
[INFO] [stdout] 
[INFO] [stdout] 
[INFO] [stderr]     Finished `test` profile [unoptimized + debuginfo] target(s) in 1.38s
[INFO] running `Command { std: "docker" "inspect" "f3c675d7e94de9caac9b4efb641dc07423608ba901a0e6a9ec0ac3438028a4a4", kill_on_drop: false }`
[INFO] running `Command { std: "docker" "rm" "-f" "f3c675d7e94de9caac9b4efb641dc07423608ba901a0e6a9ec0ac3438028a4a4", kill_on_drop: false }`
[INFO] [stdout] f3c675d7e94de9caac9b4efb641dc07423608ba901a0e6a9ec0ac3438028a4a4
[INFO] running `Command { std: "docker" "create" "-v" "/var/lib/crater-agent-workspace/builds/worker-1-tc1/target:/opt/rustwide/target:rw,Z" "-v" "/var/lib/crater-agent-workspace/builds/worker-1-tc1/source:/opt/rustwide/workdir:ro,Z" "-v" "/var/lib/crater-agent-workspace/cargo-home:/opt/rustwide/cargo-home:ro,Z" "-v" "/var/lib/crater-agent-workspace/rustup-home:/opt/rustwide/rustup-home:ro,Z" "-e" "SOURCE_DIR=/opt/rustwide/workdir" "-e" "CARGO_TARGET_DIR=/opt/rustwide/target" "-e" "CARGO_INCREMENTAL=0" "-e" "RUST_BACKTRACE=full" "-e" "RUSTFLAGS=--cap-lints=forbid" "-e" "RUSTDOCFLAGS=--cap-lints=forbid" "-e" "CARGO_HOME=/opt/rustwide/cargo-home" "-e" "RUSTUP_HOME=/opt/rustwide/rustup-home" "-w" "/opt/rustwide/workdir" "-m" "1610612736" "--user" "0:0" "--network" "none" "ghcr.io/rust-lang/crates-build-env/linux@sha256:819108c5571ea2e421544af4d832f968d213c87fbe3707a016657f43d2f853bc" "/opt/rustwide/cargo-home/bin/cargo" "+nightly-2025-01-18" "test" "--frozen", kill_on_drop: false }`
[INFO] [stdout] 011c13c47811c490b1965ef294ee29a10275d76c6ba9b94100a77222729486ad
[INFO] running `Command { std: "docker" "start" "-a" "011c13c47811c490b1965ef294ee29a10275d76c6ba9b94100a77222729486ad", kill_on_drop: false }`
[INFO] [stderr] warning: methods `index_of_from` and `remove_equals` are never used
[INFO] [stderr]   --> crates/oop_inheritance/src/util/vector_extensions.rs:7:8
[INFO] [stderr]    |
[INFO] [stderr] 2  | pub(crate) trait VectorExtensions<T> {
[INFO] [stderr]    |                  ---------------- methods in this trait
[INFO] [stderr] ...
[INFO] [stderr] 7  |     fn index_of_from(&self, value: &T, start_index: usize) -> Option<usize> where T: PartialEq;
[INFO] [stderr]    |        ^^^^^^^^^^^^^
[INFO] [stderr] ...
[INFO] [stderr] 10 |     fn remove_equals(&mut self, value: &T) -> bool  where T: PartialEq;
[INFO] [stderr]    |        ^^^^^^^^^^^^^
[INFO] [stderr]    |
[INFO] [stderr]    = note: `#[warn(dead_code)]` on by default
[INFO] [stderr] 
[INFO] [stderr] warning: `oop_inheritance` (lib) generated 1 warning
[INFO] [stderr] warning: `oop_inheritance` (lib test) generated 1 warning (1 duplicate)
[INFO] [stderr]     Finished `test` profile [unoptimized + debuginfo] target(s) in 0.02s
[INFO] [stderr]      Running unittests src/lib.rs (/opt/rustwide/target/debug/deps/oop_inheritance-5ca81e2f2eee5763)
[INFO] [stdout] 
[INFO] [stdout] running 4 tests
[INFO] [stdout] test tests::test_components ... ok
[INFO] [stdout] test tests::test_class_extends ... ok
[INFO] [stdout] test tests::test_hierarchy ... ok
[INFO] [stdout] test tests::test_class ... ok
[INFO] [stdout] 
[INFO] [stderr]      Running unittests src/lib.rs (/opt/rustwide/target/debug/deps/oop_inheritance_proc-c908700c0714482b)
[INFO] [stdout] test result: ok. 4 passed; 0 failed; 0 ignored; 0 measured; 0 filtered out; finished in 0.00s
[INFO] [stdout] 
[INFO] [stdout] 
[INFO] [stdout] running 0 tests
[INFO] [stdout] 
[INFO] [stdout] test result: ok. 0 passed; 0 failed; 0 ignored; 0 measured; 0 filtered out; finished in 0.00s
[INFO] [stdout] 
[INFO] [stderr]    Doc-tests oop_inheritance
[INFO] [stdout] 
[INFO] [stdout] running 3 tests
[INFO] [stdout] test crates/oop_inheritance/src/lib.rs - (line 26) ... ignored
[INFO] [stdout] test crates/oop_inheritance/src/lib.rs - (line 40) ... FAILED
[INFO] [stdout] test crates/oop_inheritance/src/lib.rs - (line 12) ... FAILED
[INFO] [stdout] 
[INFO] [stdout] failures:
[INFO] [stdout] 
[INFO] [stdout] ---- crates/oop_inheritance/src/lib.rs - (line 40) stdout ----
[INFO] [stdout] error[E0412]: cannot find type `Node` in this scope
[INFO] [stdout]  --> crates/oop_inheritance/src/lib.rs:41:26
[INFO] [stdout]   |
[INFO] [stdout] 3 | let last_sibling: Option<Node> = node.resolve_path("../.last");
[INFO] [stdout]   |                          ^^^^ not found in this scope
[INFO] [stdout]   |
[INFO] [stdout] help: consider importing this struct
[INFO] [stdout]   |
[INFO] [stdout] 2 + use oop_inheritance::Node;
[INFO] [stdout]   |
[INFO] [stdout] 
[INFO] [stdout] error[E0425]: cannot find value `node` in this scope
[INFO] [stdout]  --> crates/oop_inheritance/src/lib.rs:41:34
[INFO] [stdout]   |
[INFO] [stdout] 3 | let last_sibling: Option<Node> = node.resolve_path("../.last");
[INFO] [stdout]   |                                  ^^^^ not found in this scope
[INFO] [stdout] 
[INFO] [stdout] error: aborting due to 2 previous errors
[INFO] [stdout] 
[INFO] [stdout] Some errors have detailed explanations: E0412, E0425.
[INFO] [stdout] For more information about an error, try `rustc --explain E0412`.
[INFO] [stdout] Couldn't compile the test.
[INFO] [stdout] ---- crates/oop_inheritance/src/lib.rs - (line 12) stdout ----
[INFO] [stdout] error[E0308]: mismatched types
[INFO] [stdout]    --> crates/oop_inheritance/src/lib.rs:19:22
[INFO] [stdout]     |
[INFO] [stdout] 10  | something.set::<f64>(10);
[INFO] [stdout]     |           ---------- ^^ expected `f64`, found integer
[INFO] [stdout]     |           |
[INFO] [stdout]     |           arguments to this method are incorrect
[INFO] [stdout]     |
[INFO] [stdout] note: method defined here
[INFO] [stdout]    --> /opt/rustwide/workdir/crates/oop_inheritance/src/lib.rs:148:12
[INFO] [stdout]     |
[INFO] [stdout] 148 |     pub fn set<T>(&self, value: T) -> Self
[INFO] [stdout]     |            ^^^
[INFO] [stdout] help: use a float literal
[INFO] [stdout]     |
[INFO] [stdout] 10  | something.set::<f64>(10.0);
[INFO] [stdout]     |                        ++
[INFO] [stdout] 
[INFO] [stdout] error: aborting due to 1 previous error
[INFO] [stdout] 
[INFO] [stdout] For more information about this error, try `rustc --explain E0308`.
[INFO] [stdout] Couldn't compile the test.
[INFO] [stdout] 
[INFO] [stdout] failures:
[INFO] [stdout]     crates/oop_inheritance/src/lib.rs - (line 12)
[INFO] [stdout]     crates/oop_inheritance/src/lib.rs - (line 40)
[INFO] [stdout] 
[INFO] [stdout] test result: FAILED. 0 passed; 2 failed; 1 ignored; 0 measured; 0 filtered out; finished in 0.09s
[INFO] [stdout] 
[INFO] [stderr] error: doctest failed, to rerun pass `-p oop_inheritance --doc`
[INFO] running `Command { std: "docker" "inspect" "011c13c47811c490b1965ef294ee29a10275d76c6ba9b94100a77222729486ad", kill_on_drop: false }`
[INFO] running `Command { std: "docker" "rm" "-f" "011c13c47811c490b1965ef294ee29a10275d76c6ba9b94100a77222729486ad", kill_on_drop: false }`
[INFO] [stdout] 011c13c47811c490b1965ef294ee29a10275d76c6ba9b94100a77222729486ad
