[INFO] cloning repository https://github.com/hisakatha/compare-mapq-between-two-sets
[INFO] running `Command { std: "git" "-c" "credential.helper=" "-c" "credential.helper=/workspace/cargo-home/bin/git-credential-null" "clone" "--bare" "https://github.com/hisakatha/compare-mapq-between-two-sets" "/workspace/cache/git-repos/https%3A%2F%2Fgithub.com%2Fhisakatha%2Fcompare-mapq-between-two-sets", kill_on_drop: false }`
[INFO] [stderr] Cloning into bare repository '/workspace/cache/git-repos/https%3A%2F%2Fgithub.com%2Fhisakatha%2Fcompare-mapq-between-two-sets'...
[INFO] running `Command { std: "git" "rev-parse" "HEAD", kill_on_drop: false }`
[INFO] [stdout] cdc4794d949c4a170e62da4c438f5520af556f59
[INFO] testing hisakatha/compare-mapq-between-two-sets against nightly-2025-01-18+rustflags=-Zrandomize-layout for randomize-layout-2
[INFO] running `Command { std: "git" "clone" "/workspace/cache/git-repos/https%3A%2F%2Fgithub.com%2Fhisakatha%2Fcompare-mapq-between-two-sets" "/workspace/builds/worker-4-tc2/source", kill_on_drop: false }`
[INFO] [stderr] Cloning into '/workspace/builds/worker-4-tc2/source'...
[INFO] [stderr] done.
[INFO] validating manifest of git repo https://github.com/hisakatha/compare-mapq-between-two-sets on toolchain nightly-2025-01-18
[INFO] running `Command { std: CARGO_HOME="/workspace/cargo-home" RUSTUP_HOME="/workspace/rustup-home" "/workspace/cargo-home/bin/cargo" "+nightly-2025-01-18" "metadata" "--manifest-path" "Cargo.toml" "--no-deps", kill_on_drop: false }`
[INFO] started tweaking git repo https://github.com/hisakatha/compare-mapq-between-two-sets
[INFO] finished tweaking git repo https://github.com/hisakatha/compare-mapq-between-two-sets
[INFO] tweaked toml for git repo https://github.com/hisakatha/compare-mapq-between-two-sets written to /workspace/builds/worker-4-tc2/source/Cargo.toml
[INFO] crate git repo https://github.com/hisakatha/compare-mapq-between-two-sets already has a lockfile, it will not be regenerated
[INFO] running `Command { std: CARGO_HOME="/workspace/cargo-home" RUSTUP_HOME="/workspace/rustup-home" "/workspace/cargo-home/bin/cargo" "+nightly-2025-01-18" "fetch" "--manifest-path" "Cargo.toml", kill_on_drop: false }`
[INFO] [stderr]     Blocking waiting for file lock on package cache
[INFO] running `Command { std: "docker" "create" "-v" "/var/lib/crater-agent-workspace/builds/worker-4-tc2/target:/opt/rustwide/target:rw,Z" "-v" "/var/lib/crater-agent-workspace/builds/worker-4-tc2/source:/opt/rustwide/workdir:ro,Z" "-v" "/var/lib/crater-agent-workspace/cargo-home:/opt/rustwide/cargo-home:ro,Z" "-v" "/var/lib/crater-agent-workspace/rustup-home:/opt/rustwide/rustup-home:ro,Z" "-e" "SOURCE_DIR=/opt/rustwide/workdir" "-e" "CARGO_TARGET_DIR=/opt/rustwide/target" "-e" "CARGO_HOME=/opt/rustwide/cargo-home" "-e" "RUSTUP_HOME=/opt/rustwide/rustup-home" "-w" "/opt/rustwide/workdir" "-m" "1610612736" "--user" "0:0" "--network" "none" "ghcr.io/rust-lang/crates-build-env/linux@sha256:819108c5571ea2e421544af4d832f968d213c87fbe3707a016657f43d2f853bc" "/opt/rustwide/cargo-home/bin/cargo" "+nightly-2025-01-18" "metadata" "--no-deps" "--format-version=1", kill_on_drop: false }`
[INFO] [stdout] 0c5ed7c9ec5e5d3d742947e9bf48ee4df6df20d94f26860c6523657c438ee21d
[INFO] running `Command { std: "docker" "start" "-a" "0c5ed7c9ec5e5d3d742947e9bf48ee4df6df20d94f26860c6523657c438ee21d", kill_on_drop: false }`
[INFO] running `Command { std: "docker" "inspect" "0c5ed7c9ec5e5d3d742947e9bf48ee4df6df20d94f26860c6523657c438ee21d", kill_on_drop: false }`
[INFO] running `Command { std: "docker" "rm" "-f" "0c5ed7c9ec5e5d3d742947e9bf48ee4df6df20d94f26860c6523657c438ee21d", kill_on_drop: false }`
[INFO] [stdout] 0c5ed7c9ec5e5d3d742947e9bf48ee4df6df20d94f26860c6523657c438ee21d
[INFO] running `Command { std: "docker" "create" "-v" "/var/lib/crater-agent-workspace/builds/worker-4-tc2/target:/opt/rustwide/target:rw,Z" "-v" "/var/lib/crater-agent-workspace/builds/worker-4-tc2/source:/opt/rustwide/workdir:ro,Z" "-v" "/var/lib/crater-agent-workspace/cargo-home:/opt/rustwide/cargo-home:ro,Z" "-v" "/var/lib/crater-agent-workspace/rustup-home:/opt/rustwide/rustup-home:ro,Z" "-e" "SOURCE_DIR=/opt/rustwide/workdir" "-e" "CARGO_TARGET_DIR=/opt/rustwide/target" "-e" "CARGO_INCREMENTAL=0" "-e" "RUST_BACKTRACE=full" "-e" "RUSTFLAGS=--cap-lints=forbid -Zrandomize-layout" "-e" "RUSTDOCFLAGS=--cap-lints=forbid" "-e" "CARGO_HOME=/opt/rustwide/cargo-home" "-e" "RUSTUP_HOME=/opt/rustwide/rustup-home" "-w" "/opt/rustwide/workdir" "-m" "1610612736" "--user" "0:0" "--network" "none" "ghcr.io/rust-lang/crates-build-env/linux@sha256:819108c5571ea2e421544af4d832f968d213c87fbe3707a016657f43d2f853bc" "/opt/rustwide/cargo-home/bin/cargo" "+nightly-2025-01-18" "build" "--frozen" "--message-format=json", kill_on_drop: false }`
[INFO] [stdout] 2d4b01f91f49f7ab382150b4a2f711d80cc4558551c3471e15a0ff87bb0823e3
[INFO] running `Command { std: "docker" "start" "-a" "2d4b01f91f49f7ab382150b4a2f711d80cc4558551c3471e15a0ff87bb0823e3", kill_on_drop: false }`
[INFO] [stderr]    Compiling libc v0.2.73
[INFO] [stderr]    Compiling pkg-config v0.3.18
[INFO] [stderr]    Compiling proc-macro2 v1.0.19
[INFO] [stderr]    Compiling unicode-xid v0.2.1
[INFO] [stderr]    Compiling autocfg v1.0.0
[INFO] [stderr]    Compiling syn v1.0.35
[INFO] [stderr]    Compiling proc-macro2 v0.4.30
[INFO] [stderr]    Compiling memchr v2.3.3
[INFO] [stderr]    Compiling quick-error v1.2.3
[INFO] [stderr]    Compiling semver v0.1.20
[INFO] [stderr]    Compiling unicode-xid v0.1.0
[INFO] [stderr]    Compiling glob v0.3.0
[INFO] [stderr]    Compiling unicode-segmentation v1.7.1
[INFO] [stderr]    Compiling syn v0.15.44
[INFO] [stderr]    Compiling matches v0.1.8
[INFO] [stderr]    Compiling lazy_static v1.4.0
[INFO] [stderr]    Compiling fs-utils v1.1.4
[INFO] [stderr]    Compiling tinyvec v0.3.3
[INFO] [stderr]    Compiling unicode-bidi v0.3.4
[INFO] [stderr]    Compiling thread_local v1.0.1
[INFO] [stderr]    Compiling regex-syntax v0.6.18
[INFO] [stderr]    Compiling percent-encoding v2.1.0
[INFO] [stderr]    Compiling custom_derive v0.1.7
[INFO] [stderr]    Compiling rustc_version v0.1.7
[INFO] [stderr]    Compiling linear-map v1.2.0
[INFO] [stderr]    Compiling ieee754 v0.2.6
[INFO] [stderr]    Compiling unicode-normalization v0.1.13
[INFO] [stderr]    Compiling newtype_derive v0.1.6
[INFO] [stderr]    Compiling heck v0.3.2
[INFO] [stderr]    Compiling quote v1.0.7
[INFO] [stderr]    Compiling aho-corasick v0.7.13
[INFO] [stderr]    Compiling quote v0.6.13
[INFO] [stderr]    Compiling idna v0.2.0
[INFO] [stderr]    Compiling jobserver v0.1.21
[INFO] [stderr]    Compiling cc v1.0.58
[INFO] [stderr]    Compiling url v2.1.1
[INFO] [stderr]    Compiling openssl-src v111.10.2+1.1.1g
[INFO] [stderr]    Compiling regex v1.3.9
[INFO] [stderr]    Compiling openssl-sys v0.9.58
[INFO] [stderr]    Compiling libz-sys v1.1.3
[INFO] [stderr]    Compiling curl-sys v0.4.42+curl-7.76.0
[INFO] [stderr]    Compiling bzip2-sys v0.1.9+1.0.8
[INFO] [stderr]    Compiling lzma-sys v0.1.16
[INFO] [stderr]    Compiling hts-sys v1.11.1-fix1
[INFO] [stdout] error: failed to build archive at `/opt/rustwide/target/debug/deps/liburl-45c98616fd6a5e2b.rlib`: No space left on device (os error 28)
[INFO] [stdout] 
[INFO] [stdout] 
[INFO] [stdout] error: failed to write /tmp/rustcBnHU85/lib.rmeta: No space left on device (os error 28)
[INFO] [stdout] 
[INFO] [stdout] 
[INFO] [stderr] error: could not compile `url` (lib) due to 1 previous error
[INFO] [stderr] warning: build failed, waiting for other jobs to finish...
[INFO] [stderr] error: could not compile `regex-syntax` (lib) due to 1 previous error
[INFO] [stderr] rustc-LLVM ERROR: IO failure on output stream: No space left on device
[INFO] [stderr] error: could not compile `bzip2-sys` (lib)
[INFO] [stderr] 
[INFO] [stderr] Caused by:
[INFO] [stderr]   No space left on device (os error 28)
[INFO] [stderr] 
[INFO] [stderr] Caused by:
[INFO] [stderr]   failed to parse process output: `/opt/rustwide/rustup-home/toolchains/nightly-2025-01-18-x86_64-unknown-linux-gnu/bin/rustc --crate-name bzip2_sys --edition=2015 /opt/rustwide/cargo-home/registry/src/index.crates.io-1949cf8c6b5b557f/bzip2-sys-0.1.9+1.0.8/lib.rs --error-format=json --json=diagnostic-rendered-ansi,artifacts,future-incompat --crate-type lib --emit=dep-info,metadata,link -C embed-bitcode=no -C debuginfo=2 --check-cfg 'cfg(docsrs,test)' --check-cfg 'cfg(feature, values())' -C metadata=c52c80c00f30e19e -C extra-filename=-7e07c078d6b6bf8e --out-dir /opt/rustwide/target/debug/deps -L dependency=/opt/rustwide/target/debug/deps --extern libc=/opt/rustwide/target/debug/deps/liblibc-283a0b865c71f130.rmeta --cap-lints allow --cap-lints=forbid -Zrandomize-layout -L native=/opt/rustwide/target/debug/build/bzip2-sys-4e3108cc82801f9a/out/lib -l static=bz2` (exit status: 101)
[INFO] [stderr] error: failed to run custom build command for `openssl-sys v0.9.58`
[INFO] [stderr] note: To improve backtraces for build dependencies, set the CARGO_PROFILE_DEV_BUILD_OVERRIDE_DEBUG=true environment variable to enable debug information generation.
[INFO] [stderr] 
[INFO] [stderr] Caused by:
[INFO] [stderr]   process didn't exit successfully: `/opt/rustwide/target/debug/build/openssl-sys-e3f751cc3ddd7565/build-script-main` (exit status: 101)
[INFO] [stderr]   --- stdout
[INFO] [stderr]   cargo:rustc-cfg=const_fn
[INFO] [stderr]   cargo:rerun-if-env-changed=X86_64_UNKNOWN_LINUX_GNU_OPENSSL_NO_VENDOR
[INFO] [stderr]   X86_64_UNKNOWN_LINUX_GNU_OPENSSL_NO_VENDOR unset
[INFO] [stderr]   cargo:rerun-if-env-changed=OPENSSL_NO_VENDOR
[INFO] [stderr]   OPENSSL_NO_VENDOR unset
[INFO] [stderr] 
[INFO] [stderr]   --- stderr
[INFO] [stderr]   error: couldn't create a temp dir: No space left on device (os error 28) at path "/opt/rustwide/target/debug/build/openssl-sys-b5fc89cb4efde0e5/out/rmetaPmVKbB"
[INFO] [stderr] 
[INFO] [stderr]   error: aborting due to 1 previous error
[INFO] [stderr] 
[INFO] [stderr]   error: couldn't create a temp dir: No space left on device (os error 28) at path "/opt/rustwide/target/debug/build/openssl-sys-b5fc89cb4efde0e5/out/rmetaMdEmU0"
[INFO] [stderr] 
[INFO] [stderr]   error: aborting due to 1 previous error
[INFO] [stderr] 
[INFO] [stderr]   warning: autocfg could not probe for `std`
[INFO] [stderr] 
[INFO] [stderr]   thread 'main' panicked at /opt/rustwide/cargo-home/registry/src/index.crates.io-1949cf8c6b5b557f/openssl-src-111.10.2+1.1.1g/src/lib.rs:81:40:
[INFO] [stderr]   called `Result::unwrap()` on an `Err` value: Os { code: 28, kind: StorageFull, message: "No space left on device" }
[INFO] [stderr]   stack backtrace:
[INFO] [stderr]      0:     0x6044f977286a - std::backtrace_rs::backtrace::libunwind::trace::hb059275cfc8d6126
[INFO] [stderr]                                  at /rustc/6067b36314ab5eb2eb47cecc464545ba58e1ad24/library/std/src/../../backtrace/src/backtrace/libunwind.rs:116:5
[INFO] [stderr]      1:     0x6044f977286a - std::backtrace_rs::backtrace::trace_unsynchronized::h2da071e4327ce3ee
[INFO] [stderr]                                  at /rustc/6067b36314ab5eb2eb47cecc464545ba58e1ad24/library/std/src/../../backtrace/src/backtrace/mod.rs:66:5
[INFO] [stderr]      2:     0x6044f977286a - std::sys::backtrace::_print_fmt::h842a1474e6f8d23f
[INFO] [stderr]                                  at /rustc/6067b36314ab5eb2eb47cecc464545ba58e1ad24/library/std/src/sys/backtrace.rs:66:9
[INFO] [stderr]      3:     0x6044f977286a - <std::sys::backtrace::BacktraceLock::print::DisplayBacktrace as core::fmt::Display>::fmt::h71a62eb3b9696b12
[INFO] [stderr]                                  at /rustc/6067b36314ab5eb2eb47cecc464545ba58e1ad24/library/std/src/sys/backtrace.rs:39:26
[INFO] [stderr]      4:     0x6044f9798bf3 - core::fmt::rt::Argument::fmt::hdb6b616786b41dc1
[INFO] [stderr]                                  at /rustc/6067b36314ab5eb2eb47cecc464545ba58e1ad24/library/core/src/fmt/rt.rs:177:76
[INFO] [stderr]      5:     0x6044f9798bf3 - core::fmt::write::h2cc1698af7e2d686
[INFO] [stderr]                                  at /rustc/6067b36314ab5eb2eb47cecc464545ba58e1ad24/library/core/src/fmt/mod.rs:1440:21
[INFO] [stderr]      6:     0x6044f976ef53 - std::io::Write::write_fmt::h00c8700df393f328
[INFO] [stderr]                                  at /rustc/6067b36314ab5eb2eb47cecc464545ba58e1ad24/library/std/src/io/mod.rs:1887:15
[INFO] [stderr]      7:     0x6044f97726b2 - std::sys::backtrace::BacktraceLock::print::h147fe35b4ea13b08
[INFO] [stderr]                                  at /rustc/6067b36314ab5eb2eb47cecc464545ba58e1ad24/library/std/src/sys/backtrace.rs:42:9
[INFO] [stderr]      8:     0x6044f9773e3f - std::panicking::default_hook::{{closure}}::hbd44223dbdc0d208
[INFO] [stderr]                                  at /rustc/6067b36314ab5eb2eb47cecc464545ba58e1ad24/library/std/src/panicking.rs:298:22
[INFO] [stderr]      9:     0x6044f9773caa - std::panicking::default_hook::h20f81eb0576efcec
[INFO] [stderr]                                  at /rustc/6067b36314ab5eb2eb47cecc464545ba58e1ad24/library/std/src/panicking.rs:325:9
[INFO] [stderr]     10:     0x6044f9774862 - std::panicking::rust_panic_with_hook::h625eea43051b2edc
[INFO] [stderr]                                  at /rustc/6067b36314ab5eb2eb47cecc464545ba58e1ad24/library/std/src/panicking.rs:831:13
[INFO] [stderr]     11:     0x6044f97745ea - std::panicking::begin_panic_handler::{{closure}}::h4f9159cfbc3f6bd3
[INFO] [stderr]                                  at /rustc/6067b36314ab5eb2eb47cecc464545ba58e1ad24/library/std/src/panicking.rs:704:13
[INFO] [stderr]     12:     0x6044f9772d69 - std::sys::backtrace::__rust_end_short_backtrace::h0390abce48353151
[INFO] [stderr]                                  at /rustc/6067b36314ab5eb2eb47cecc464545ba58e1ad24/library/std/src/sys/backtrace.rs:168:18
[INFO] [stderr]     13:     0x6044f977427d - rust_begin_unwind
[INFO] [stderr]                                  at /rustc/6067b36314ab5eb2eb47cecc464545ba58e1ad24/library/std/src/panicking.rs:695:5
[INFO] [stderr]     14:     0x6044f97979c0 - core::panicking::panic_fmt::h9e7c637e9e5f29c9
[INFO] [stderr]                                  at /rustc/6067b36314ab5eb2eb47cecc464545ba58e1ad24/library/core/src/panicking.rs:75:14
[INFO] [stderr]     15:     0x6044f9797e06 - core::result::unwrap_failed::h7979f09313fe1849
[INFO] [stderr]                                  at /rustc/6067b36314ab5eb2eb47cecc464545ba58e1ad24/library/core/src/result.rs:1704:5
[INFO] [stderr]     16:     0x6044f9701d3d - openssl_src::Build::build::ha52a0efb483c7745
[INFO] [stderr]     17:     0x6044f96e4dfd - build_script_main::find_vendored::get_openssl::h5bd4857ee7c986ed
[INFO] [stderr]     18:     0x6044f96dc038 - build_script_main::find_openssl::h51fc79cae52d0c0e
[INFO] [stderr]     19:     0x6044f96dc221 - build_script_main::main::h45e27bcb7edf53b8
[INFO] [stderr]     20:     0x6044f96e28f3 - core::ops::function::FnOnce::call_once::he6bf161c30aa64a1
[INFO] [stderr]     21:     0x6044f96e1d56 - std::sys::backtrace::__rust_begin_short_backtrace::haa0c461c197e1162
[INFO] [stderr]     22:     0x6044f96e1939 - std::rt::lang_start::{{closure}}::hb80bb9434d08c443
[INFO] [stderr]     23:     0x6044f976a2e0 - core::ops::function::impls::<impl core::ops::function::FnOnce<A> for &F>::call_once::h1b085b6c1d2518b2
[INFO] [stderr]                                  at /rustc/6067b36314ab5eb2eb47cecc464545ba58e1ad24/library/core/src/ops/function.rs:284:13
[INFO] [stderr]     24:     0x6044f976a2e0 - std::panicking::try::do_call::h382f964a5a23b565
[INFO] [stderr]                                  at /rustc/6067b36314ab5eb2eb47cecc464545ba58e1ad24/library/std/src/panicking.rs:587:40
[INFO] [stderr]     25:     0x6044f976a2e0 - std::panicking::try::h57f991055eb622f9
[INFO] [stderr]                                  at /rustc/6067b36314ab5eb2eb47cecc464545ba58e1ad24/library/std/src/panicking.rs:550:19
[INFO] [stderr]     26:     0x6044f976a2e0 - std::panic::catch_unwind::h4d9a74ef04456343
[INFO] [stderr]                                  at /rustc/6067b36314ab5eb2eb47cecc464545ba58e1ad24/library/std/src/panic.rs:358:14
[INFO] [stderr]     27:     0x6044f976a2e0 - std::rt::lang_start_internal::{{closure}}::h2faa8ae84a93f314
[INFO] [stderr]                                  at /rustc/6067b36314ab5eb2eb47cecc464545ba58e1ad24/library/std/src/rt.rs:163:24
[INFO] [stderr]     28:     0x6044f976a2e0 - std::panicking::try::do_call::h0f8932bf638a9bf5
[INFO] [stderr]                                  at /rustc/6067b36314ab5eb2eb47cecc464545ba58e1ad24/library/std/src/panicking.rs:587:40
[INFO] [stderr]     29:     0x6044f976a2e0 - std::panicking::try::h683416ea756b175d
[INFO] [stderr]                                  at /rustc/6067b36314ab5eb2eb47cecc464545ba58e1ad24/library/std/src/panicking.rs:550:19
[INFO] [stderr]     30:     0x6044f976a2e0 - std::panic::catch_unwind::h56189fac8994979f
[INFO] [stderr]                                  at /rustc/6067b36314ab5eb2eb47cecc464545ba58e1ad24/library/std/src/panic.rs:358:14
[INFO] [stderr]     31:     0x6044f976a2e0 - std::rt::lang_start_internal::h8bbc1061691274fe
[INFO] [stderr]                                  at /rustc/6067b36314ab5eb2eb47cecc464545ba58e1ad24/library/std/src/rt.rs:159:5
[INFO] [stderr]     32:     0x6044f96e1921 - std::rt::lang_start::h34f195bec8fbfbbc
[INFO] [stderr]     33:     0x6044f96df2c5 - main
[INFO] [stderr]     34:     0x74d019c1fd90 - <unknown>
[INFO] [stderr]     35:     0x74d019c1fe40 - __libc_start_main
[INFO] [stderr]     36:     0x6044f96d6415 - _start
[INFO] [stderr]     37:                0x0 - <unknown>
[INFO] [stderr] warning: lzma-sys@0.1.16: xz-5.2/src/liblzma/common/index_hash.c:334:1: fatal error: error writing to /tmp/ccFAbaoD.s: No space left on device
[INFO] [stderr] warning: lzma-sys@0.1.16:   334 | }
[INFO] [stderr] warning: lzma-sys@0.1.16:       | ^
[INFO] [stderr] warning: lzma-sys@0.1.16: compilation terminated.
[INFO] [stderr] warning: lzma-sys@0.1.16: xz-5.2/src/liblzma/common/stream_encoder_mt.c:1143:1: fatal error: error writing to /tmp/ccsXEnAC.s: No space left on device
[INFO] [stderr] warning: lzma-sys@0.1.16:  1143 | }
[INFO] [stderr] warning: lzma-sys@0.1.16:       | ^
[INFO] [stderr] warning: lzma-sys@0.1.16: compilation terminated.
[INFO] [stderr] warning: lzma-sys@0.1.16: xz-5.2/src/liblzma/common/easy_encoder.c:24:1: fatal error: error writing to /tmp/cc3lekKf.s: No space left on device
[INFO] [stderr] warning: lzma-sys@0.1.16:    24 | }
[INFO] [stderr] warning: lzma-sys@0.1.16:       | ^
[INFO] [stderr] warning: lzma-sys@0.1.16: compilation terminated.
[INFO] [stderr] error: failed to run custom build command for `lzma-sys v0.1.16`
[INFO] [stderr] note: To improve backtraces for build dependencies, set the CARGO_PROFILE_DEV_BUILD_OVERRIDE_DEBUG=true environment variable to enable debug information generation.
[INFO] [stderr] 
[INFO] [stderr] Caused by:
[INFO] [stderr]   process didn't exit successfully: `/opt/rustwide/target/debug/build/lzma-sys-581016e852bb715b/build-script-build` (exit status: 1)
[INFO] [stderr]   --- stdout
[INFO] [stderr]   cargo:rerun-if-changed=build.rs
[INFO] [stderr]   cargo:rerun-if-env-changed=LZMA_API_STATIC
[INFO] [stderr]   cargo:include=/opt/rustwide/cargo-home/registry/src/index.crates.io-1949cf8c6b5b557f/lzma-sys-0.1.16/xz-5.2/src/liblzma/api
[INFO] [stderr]   TARGET = Some("x86_64-unknown-linux-gnu")
[INFO] [stderr]   OPT_LEVEL = Some("0")
[INFO] [stderr]   HOST = Some("x86_64-unknown-linux-gnu")
[INFO] [stderr]   CC_x86_64-unknown-linux-gnu = None
[INFO] [stderr]   CC_x86_64_unknown_linux_gnu = None
[INFO] [stderr]   HOST_CC = None
[INFO] [stderr]   CC = None
[INFO] [stderr]   CFLAGS_x86_64-unknown-linux-gnu = None
[INFO] [stderr]   CFLAGS_x86_64_unknown_linux_gnu = None
[INFO] [stderr]   HOST_CFLAGS = None
[INFO] [stderr]   CFLAGS = None
[INFO] [stderr]   CRATE_CC_NO_DEFAULTS = None
[INFO] [stderr]   DEBUG = Some("true")
[INFO] [stderr]   CARGO_CFG_TARGET_FEATURE = Some("fxsr,sse,sse2,x87")
[INFO] [stderr]   running: "cc" "-O0" "-ffunction-sections" "-fdata-sections" "-fPIC" "-g" "-fno-omit-frame-pointer" "-m64" "-I" "xz-5.2/src/liblzma/api" "-I" "xz-5.2/src/liblzma/lzma" "-I" "xz-5.2/src/liblzma/lz" "-I" "xz-5.2/src/liblzma/check" "-I" "xz-5.2/src/liblzma/simple" "-I" "xz-5.2/src/liblzma/delta" "-I" "xz-5.2/src/liblzma/common" "-I" "xz-5.2/src/liblzma/rangecoder" "-I" "xz-5.2/src/common" "-I" "/opt/rustwide/cargo-home/registry/src/index.crates.io-1949cf8c6b5b557f/lzma-sys-0.1.16" "-Wall" "-Wextra" "-std=c99" "-pthread" "-DHAVE_CONFIG_H=1" "-o" "/opt/rustwide/target/debug/build/lzma-sys-0bc984326ffa0a38/out/xz-5.2/src/liblzma/common/filter_common.o" "-c" "xz-5.2/src/liblzma/common/filter_common.c"
[INFO] [stderr]   running: "cc" "-O0" "-ffunction-sections" "-fdata-sections" "-fPIC" "-g" "-fno-omit-frame-pointer" "-m64" "-I" "xz-5.2/src/liblzma/api" "-I" "xz-5.2/src/liblzma/lzma" "-I" "xz-5.2/src/liblzma/lz" "-I" "xz-5.2/src/liblzma/check" "-I" "xz-5.2/src/liblzma/simple" "-I" "xz-5.2/src/liblzma/delta" "-I" "xz-5.2/src/liblzma/common" "-I" "xz-5.2/src/liblzma/rangecoder" "-I" "xz-5.2/src/common" "-I" "/opt/rustwide/cargo-home/registry/src/index.crates.io-1949cf8c6b5b557f/lzma-sys-0.1.16" "-Wall" "-Wextra" "-std=c99" "-pthread" "-DHAVE_CONFIG_H=1" "-o" "/opt/rustwide/target/debug/build/lzma-sys-0bc984326ffa0a38/out/xz-5.2/src/liblzma/common/filter_flags_decoder.o" "-c" "xz-5.2/src/liblzma/common/filter_flags_decoder.c"
[INFO] [stderr]   exit status: 0
[INFO] [stderr]   running: "cc" "-O0" "-ffunction-sections" "-fdata-sections" "-fPIC" "-g" "-fno-omit-frame-pointer" "-m64" "-I" "xz-5.2/src/liblzma/api" "-I" "xz-5.2/src/liblzma/lzma" "-I" "xz-5.2/src/liblzma/lz" "-I" "xz-5.2/src/liblzma/check" "-I" "xz-5.2/src/liblzma/simple" "-I" "xz-5.2/src/liblzma/delta" "-I" "xz-5.2/src/liblzma/common" "-I" "xz-5.2/src/liblzma/rangecoder" "-I" "xz-5.2/src/common" "-I" "/opt/rustwide/cargo-home/registry/src/index.crates.io-1949cf8c6b5b557f/lzma-sys-0.1.16" "-Wall" "-Wextra" "-std=c99" "-pthread" "-DHAVE_CONFIG_H=1" "-o" "/opt/rustwide/target/debug/build/lzma-sys-0bc984326ffa0a38/out/xz-5.2/src/liblzma/common/alone_decoder.o" "-c" "xz-5.2/src/liblzma/common/alone_decoder.c"
[INFO] [stderr]   exit status: 0
[INFO] [stderr]   running: "cc" "-O0" "-ffunction-sections" "-fdata-sections" "-fPIC" "-g" "-fno-omit-frame-pointer" "-m64" "-I" "xz-5.2/src/liblzma/api" "-I" "xz-5.2/src/liblzma/lzma" "-I" "xz-5.2/src/liblzma/lz" "-I" "xz-5.2/src/liblzma/check" "-I" "xz-5.2/src/liblzma/simple" "-I" "xz-5.2/src/liblzma/delta" "-I" "xz-5.2/src/liblzma/common" "-I" "xz-5.2/src/liblzma/rangecoder" "-I" "xz-5.2/src/common" "-I" "/opt/rustwide/cargo-home/registry/src/index.crates.io-1949cf8c6b5b557f/lzma-sys-0.1.16" "-Wall" "-Wextra" "-std=c99" "-pthread" "-DHAVE_CONFIG_H=1" "-o" "/opt/rustwide/target/debug/build/lzma-sys-0bc984326ffa0a38/out/xz-5.2/src/liblzma/common/stream_decoder.o" "-c" "xz-5.2/src/liblzma/common/stream_decoder.c"
[INFO] [stderr]   exit status: 0
[INFO] [stderr]   running: "cc" "-O0" "-ffunction-sections" "-fdata-sections" "-fPIC" "-g" "-fno-omit-frame-pointer" "-m64" "-I" "xz-5.2/src/liblzma/api" "-I" "xz-5.2/src/liblzma/lzma" "-I" "xz-5.2/src/liblzma/lz" "-I" "xz-5.2/src/liblzma/check" "-I" "xz-5.2/src/liblzma/simple" "-I" "xz-5.2/src/liblzma/delta" "-I" "xz-5.2/src/liblzma/common" "-I" "xz-5.2/src/liblzma/rangecoder" "-I" "xz-5.2/src/common" "-I" "/opt/rustwide/cargo-home/registry/src/index.crates.io-1949cf8c6b5b557f/lzma-sys-0.1.16" "-Wall" "-Wextra" "-std=c99" "-pthread" "-DHAVE_CONFIG_H=1" "-o" "/opt/rustwide/target/debug/build/lzma-sys-0bc984326ffa0a38/out/xz-5.2/src/liblzma/common/block_buffer_encoder.o" "-c" "xz-5.2/src/liblzma/common/block_buffer_encoder.c"
[INFO] [stderr]   running: "cc" "-O0" "-ffunction-sections" "-fdata-sections" "-fPIC" "-g" "-fno-omit-frame-pointer" "-m64" "-I" "xz-5.2/src/liblzma/api" "-I" "xz-5.2/src/liblzma/lzma" "-I" "xz-5.2/src/liblzma/lz" "-I" "xz-5.2/src/liblzma/check" "-I" "xz-5.2/src/liblzma/simple" "-I" "xz-5.2/src/liblzma/delta" "-I" "xz-5.2/src/liblzma/common" "-I" "xz-5.2/src/liblzma/rangecoder" "-I" "xz-5.2/src/common" "-I" "/opt/rustwide/cargo-home/registry/src/index.crates.io-1949cf8c6b5b557f/lzma-sys-0.1.16" "-Wall" "-Wextra" "-std=c99" "-pthread" "-DHAVE_CONFIG_H=1" "-o" "/opt/rustwide/target/debug/build/lzma-sys-0bc984326ffa0a38/out/xz-5.2/src/liblzma/common/index_encoder.o" "-c" "xz-5.2/src/liblzma/common/index_encoder.c"
[INFO] [stderr]   exit status: 0
[INFO] [stderr]   exit status: 0
[INFO] [stderr]   running: "cc" "-O0" "-ffunction-sections" "-fdata-sections" "-fPIC" "-g" "-fno-omit-frame-pointer" "-m64" "-I" "xz-5.2/src/liblzma/api" "-I" "xz-5.2/src/liblzma/lzma" "-I" "xz-5.2/src/liblzma/lz" "-I" "xz-5.2/src/liblzma/check" "-I" "xz-5.2/src/liblzma/simple" "-I" "xz-5.2/src/liblzma/delta" "-I" "xz-5.2/src/liblzma/common" "-I" "xz-5.2/src/liblzma/rangecoder" "-I" "xz-5.2/src/common" "-I" "/opt/rustwide/cargo-home/registry/src/index.crates.io-1949cf8c6b5b557f/lzma-sys-0.1.16" "-Wall" "-Wextra" "-std=c99" "-pthread" "-DHAVE_CONFIG_H=1" "-o" "/opt/rustwide/target/debug/build/lzma-sys-0bc984326ffa0a38/out/xz-5.2/src/liblzma/common/filter_flags_encoder.o" "-c" "xz-5.2/src/liblzma/common/filter_flags_encoder.c"
[INFO] [stderr]   running: "cc" "-O0" "-ffunction-sections" "-fdata-sections" "-fPIC" "-g" "-fno-omit-frame-pointer" "-m64" "-I" "xz-5.2/src/liblzma/api" "-I" "xz-5.2/src/liblzma/lzma" "-I" "xz-5.2/src/liblzma/lz" "-I" "xz-5.2/src/liblzma/check" "-I" "xz-5.2/src/liblzma/simple" "-I" "xz-5.2/src/liblzma/delta" "-I" "xz-5.2/src/liblzma/common" "-I" "xz-5.2/src/liblzma/rangecoder" "-I" "xz-5.2/src/common" "-I" "/opt/rustwide/cargo-home/registry/src/index.crates.io-1949cf8c6b5b557f/lzma-sys-0.1.16" "-Wall" "-Wextra" "-std=c99" "-pthread" "-DHAVE_CONFIG_H=1" "-o" "/opt/rustwide/target/debug/build/lzma-sys-0bc984326ffa0a38/out/xz-5.2/src/liblzma/common/stream_encoder.o" "-c" "xz-5.2/src/liblzma/common/stream_encoder.c"
[INFO] [stderr]   exit status: 0
[INFO] [stderr]   running: "cc" "-O0" "-ffunction-sections" "-fdata-sections" "-fPIC" "-g" "-fno-omit-frame-pointer" "-m64" "-I" "xz-5.2/src/liblzma/api" "-I" "xz-5.2/src/liblzma/lzma" "-I" "xz-5.2/src/liblzma/lz" "-I" "xz-5.2/src/liblzma/check" "-I" "xz-5.2/src/liblzma/simple" "-I" "xz-5.2/src/liblzma/delta" "-I" "xz-5.2/src/liblzma/common" "-I" "xz-5.2/src/liblzma/rangecoder" "-I" "xz-5.2/src/common" "-I" "/opt/rustwide/cargo-home/registry/src/index.crates.io-1949cf8c6b5b557f/lzma-sys-0.1.16" "-Wall" "-Wextra" "-std=c99" "-pthread" "-DHAVE_CONFIG_H=1" "-o" "/opt/rustwide/target/debug/build/lzma-sys-0bc984326ffa0a38/out/xz-5.2/src/liblzma/common/stream_encoder_mt.o" "-c" "xz-5.2/src/liblzma/common/stream_encoder_mt.c"
[INFO] [stderr]   running: "cc" "-O0" "-ffunction-sections" "-fdata-sections" "-fPIC" "-g" "-fno-omit-frame-pointer" "-m64" "-I" "xz-5.2/src/liblzma/api" "-I" "xz-5.2/src/liblzma/lzma" "-I" "xz-5.2/src/liblzma/lz" "-I" "xz-5.2/src/liblzma/check" "-I" "xz-5.2/src/liblzma/simple" "-I" "xz-5.2/src/liblzma/delta" "-I" "xz-5.2/src/liblzma/common" "-I" "xz-5.2/src/liblzma/rangecoder" "-I" "xz-5.2/src/common" "-I" "/opt/rustwide/cargo-home/registry/src/index.crates.io-1949cf8c6b5b557f/lzma-sys-0.1.16" "-Wall" "-Wextra" "-std=c99" "-pthread" "-DHAVE_CONFIG_H=1" "-o" "/opt/rustwide/target/debug/build/lzma-sys-0bc984326ffa0a38/out/xz-5.2/src/liblzma/common/easy_decoder_memusage.o" "-c" "xz-5.2/src/liblzma/common/easy_decoder_memusage.c"
[INFO] [stderr]   exit status: 0
[INFO] [stderr]   running: "cc" "-O0" "-ffunction-sections" "-fdata-sections" "-fPIC" "-g" "-fno-omit-frame-pointer" "-m64" "-I" "xz-5.2/src/liblzma/api" "-I" "xz-5.2/src/liblzma/lzma" "-I" "xz-5.2/src/liblzma/lz" "-I" "xz-5.2/src/liblzma/check" "-I" "xz-5.2/src/liblzma/simple" "-I" "xz-5.2/src/liblzma/delta" "-I" "xz-5.2/src/liblzma/common" "-I" "xz-5.2/src/liblzma/rangecoder" "-I" "xz-5.2/src/common" "-I" "/opt/rustwide/cargo-home/registry/src/index.crates.io-1949cf8c6b5b557f/lzma-sys-0.1.16" "-Wall" "-Wextra" "-std=c99" "-pthread" "-DHAVE_CONFIG_H=1" "-o" "/opt/rustwide/target/debug/build/lzma-sys-0bc984326ffa0a38/out/xz-5.2/src/liblzma/common/stream_buffer_encoder.o" "-c" "xz-5.2/src/liblzma/common/stream_buffer_encoder.c"
[INFO] [stderr]   exit status: 0
[INFO] [stderr]   running: "cc" "-O0" "-ffunction-sections" "-fdata-sections" "-fPIC" "-g" "-fno-omit-frame-pointer" "-m64" "-I" "xz-5.2/src/liblzma/api" "-I" "xz-5.2/src/liblzma/lzma" "-I" "xz-5.2/src/liblzma/lz" "-I" "xz-5.2/src/liblzma/check" "-I" "xz-5.2/src/liblzma/simple" "-I" "xz-5.2/src/liblzma/delta" "-I" "xz-5.2/src/liblzma/common" "-I" "xz-5.2/src/liblzma/rangecoder" "-I" "xz-5.2/src/common" "-I" "/opt/rustwide/cargo-home/registry/src/index.crates.io-1949cf8c6b5b557f/lzma-sys-0.1.16" "-Wall" "-Wextra" "-std=c99" "-pthread" "-DHAVE_CONFIG_H=1" "-o" "/opt/rustwide/target/debug/build/lzma-sys-0bc984326ffa0a38/out/xz-5.2/src/liblzma/common/easy_encoder_memusage.o" "-c" "xz-5.2/src/liblzma/common/easy_encoder_memusage.c"
[INFO] [stderr]   exit status: 0
[INFO] [stderr]   running: "cc" "-O0" "-ffunction-sections" "-fdata-sections" "-fPIC" "-g" "-fno-omit-frame-pointer" "-m64" "-I" "xz-5.2/src/liblzma/api" "-I" "xz-5.2/src/liblzma/lzma" "-I" "xz-5.2/src/liblzma/lz" "-I" "xz-5.2/src/liblzma/check" "-I" "xz-5.2/src/liblzma/simple" "-I" "xz-5.2/src/liblzma/delta" "-I" "xz-5.2/src/liblzma/common" "-I" "xz-5.2/src/liblzma/rangecoder" "-I" "xz-5.2/src/common" "-I" "/opt/rustwide/cargo-home/registry/src/index.crates.io-1949cf8c6b5b557f/lzma-sys-0.1.16" "-Wall" "-Wextra" "-std=c99" "-pthread" "-DHAVE_CONFIG_H=1" "-o" "/opt/rustwide/target/debug/build/lzma-sys-0bc984326ffa0a38/out/xz-5.2/src/liblzma/common/index_hash.o" "-c" "xz-5.2/src/liblzma/common/index_hash.c"
[INFO] [stderr]   running: "cc" "-O0" "-ffunction-sections" "-fdata-sections" "-fPIC" "-g" "-fno-omit-frame-pointer" "-m64" "-I" "xz-5.2/src/liblzma/api" "-I" "xz-5.2/src/liblzma/lzma" "-I" "xz-5.2/src/liblzma/lz" "-I" "xz-5.2/src/liblzma/check" "-I" "xz-5.2/src/liblzma/simple" "-I" "xz-5.2/src/liblzma/delta" "-I" "xz-5.2/src/liblzma/common" "-I" "xz-5.2/src/liblzma/rangecoder" "-I" "xz-5.2/src/common" "-I" "/opt/rustwide/cargo-home/registry/src/index.crates.io-1949cf8c6b5b557f/lzma-sys-0.1.16" "-Wall" "-Wextra" "-std=c99" "-pthread" "-DHAVE_CONFIG_H=1" "-o" "/opt/rustwide/target/debug/build/lzma-sys-0bc984326ffa0a38/out/xz-5.2/src/liblzma/common/easy_encoder.o" "-c" "xz-5.2/src/liblzma/common/easy_encoder.c"
[INFO] [stderr]   cargo:warning=xz-5.2/src/liblzma/common/index_hash.c:334:1: fatal error: error writing to /tmp/ccFAbaoD.s: No space left on device
[INFO] [stderr]   cargo:warning=  334 | }
[INFO] [stderr]   cargo:warning=      | ^
[INFO] [stderr]   cargo:warning=compilation terminated.
[INFO] [stderr]   exit status: 1
[INFO] [stderr]   running: "cc" "-O0" "-ffunction-sections" "-fdata-sections" "-fPIC" "-g" "-fno-omit-frame-pointer" "-m64" "-I" "xz-5.2/src/liblzma/api" "-I" "xz-5.2/src/liblzma/lzma" "-I" "xz-5.2/src/liblzma/lz" "-I" "xz-5.2/src/liblzma/check" "-I" "xz-5.2/src/liblzma/simple" "-I" "xz-5.2/src/liblzma/delta" "-I" "xz-5.2/src/liblzma/common" "-I" "xz-5.2/src/liblzma/rangecoder" "-I" "xz-5.2/src/common" "-I" "/opt/rustwide/cargo-home/registry/src/index.crates.io-1949cf8c6b5b557f/lzma-sys-0.1.16" "-Wall" "-Wextra" "-std=c99" "-pthread" "-DHAVE_CONFIG_H=1" "-o" "/opt/rustwide/target/debug/build/lzma-sys-0bc984326ffa0a38/out/xz-5.2/src/liblzma/common/alone_encoder.o" "-c" "xz-5.2/src/liblzma/common/alone_encoder.c"
[INFO] [stderr]   running: "cc" "-O0" "-ffunction-sections" "-fdata-sections" "-fPIC" "-g" "-fno-omit-frame-pointer" "-m64" "-I" "xz-5.2/src/liblzma/api" "-I" "xz-5.2/src/liblzma/lzma" "-I" "xz-5.2/src/liblzma/lz" "-I" "xz-5.2/src/liblzma/check" "-I" "xz-5.2/src/liblzma/simple" "-I" "xz-5.2/src/liblzma/delta" "-I" "xz-5.2/src/liblzma/common" "-I" "xz-5.2/src/liblzma/rangecoder" "-I" "xz-5.2/src/common" "-I" "/opt/rustwide/cargo-home/registry/src/index.crates.io-1949cf8c6b5b557f/lzma-sys-0.1.16" "-Wall" "-Wextra" "-std=c99" "-pthread" "-DHAVE_CONFIG_H=1" "-o" "/opt/rustwide/target/debug/build/lzma-sys-0bc984326ffa0a38/out/xz-5.2/src/liblzma/common/filter_buffer_decoder.o" "-c" "xz-5.2/src/liblzma/common/filter_buffer_decoder.c"
[INFO] [stderr]   running: "cc" "-O0" "-ffunction-sections" "-fdata-sections" "-fPIC" "-g" "-fno-omit-frame-pointer" "-m64" "-I" "xz-5.2/src/liblzma/api" "-I" "xz-5.2/src/liblzma/lzma" "-I" "xz-5.2/src/liblzma/lz" "-I" "xz-5.2/src/liblzma/check" "-I" "xz-5.2/src/liblzma/simple" "-I" "xz-5.2/src/liblzma/delta" "-I" "xz-5.2/src/liblzma/common" "-I" "xz-5.2/src/liblzma/rangecoder" "-I" "xz-5.2/src/common" "-I" "/opt/rustwide/cargo-home/registry/src/index.crates.io-1949cf8c6b5b557f/lzma-sys-0.1.16" "-Wall" "-Wextra" "-std=c99" "-pthread" "-DHAVE_CONFIG_H=1" "-o" "/opt/rustwide/target/debug/build/lzma-sys-0bc984326ffa0a38/out/xz-5.2/src/liblzma/common/stream_flags_encoder.o" "-c" "xz-5.2/src/liblzma/common/stream_flags_encoder.c"
[INFO] [stderr]   cargo:warning=xz-5.2/src/liblzma/common/stream_encoder_mt.c:1143:1: fatal error: error writing to /tmp/ccsXEnAC.s: No space left on device
[INFO] [stderr]   cargo:warning= 1143 | }
[INFO] [stderr]   cargo:warning=      | ^
[INFO] [stderr]   cargo:warning=compilation terminated.
[INFO] [stderr]   exit status: 1
[INFO] [stderr]   cargo:warning=xz-5.2/src/liblzma/common/easy_encoder.c:24:1: fatal error: error writing to /tmp/cc3lekKf.s: No space left on device
[INFO] [stderr]   cargo:warning=   24 | }
[INFO] [stderr]   cargo:warning=      | ^
[INFO] [stderr]   cargo:warning=compilation terminated.
[INFO] [stderr]   exit status: 1
[INFO] [stderr]   exit status: 0
[INFO] [stderr]   exit status: 0
[INFO] [stderr]   exit status: 0
[INFO] [stderr]   exit status: 0
[INFO] [stderr]   exit status: 0
[INFO] [stderr] 
[INFO] [stderr]   --- stderr
[INFO] [stderr] 
[INFO] [stderr] 
[INFO] [stderr]   error occurred: Command "cc" "-O0" "-ffunction-sections" "-fdata-sections" "-fPIC" "-g" "-fno-omit-frame-pointer" "-m64" "-I" "xz-5.2/src/liblzma/api" "-I" "xz-5.2/src/liblzma/lzma" "-I" "xz-5.2/src/liblzma/lz" "-I" "xz-5.2/src/liblzma/check" "-I" "xz-5.2/src/liblzma/simple" "-I" "xz-5.2/src/liblzma/delta" "-I" "xz-5.2/src/liblzma/common" "-I" "xz-5.2/src/liblzma/rangecoder" "-I" "xz-5.2/src/common" "-I" "/opt/rustwide/cargo-home/registry/src/index.crates.io-1949cf8c6b5b557f/lzma-sys-0.1.16" "-Wall" "-Wextra" "-std=c99" "-pthread" "-DHAVE_CONFIG_H=1" "-o" "/opt/rustwide/target/debug/build/lzma-sys-0bc984326ffa0a38/out/xz-5.2/src/liblzma/common/stream_encoder_mt.o" "-c" "xz-5.2/src/liblzma/common/stream_encoder_mt.c" with args "cc" did not execute successfully (status code exit status: 1).
[INFO] [stderr] 
[INFO] [stderr] 
[INFO] [stderr] warning: libz-sys@1.1.3: /tmp/ccGjlQlB.s: Assembler messages:
[INFO] [stderr] warning: libz-sys@1.1.3: /tmp/ccGjlQlB.s: Fatal error: can't write 48 bytes to section .rodata.inflate_copyright of /opt/rustwide/target/debug/build/libz-sys-0a806def79d611dc/out/lib/src/zlib/inftrees.o: 'No space left on device'
[INFO] [stderr] warning: libz-sys@1.1.3: /tmp/ccGjlQlB.s: Fatal error: /opt/rustwide/target/debug/build/libz-sys-0a806def79d611dc/out/lib/src/zlib/inftrees.o: No space left on device
[INFO] [stderr] warning: libz-sys@1.1.3: /tmp/ccuO6h07.s: Assembler messages:
[INFO] [stderr] warning: libz-sys@1.1.3: /tmp/ccuO6h07.s: Fatal error: can't write 7 bytes to section .rodata of /opt/rustwide/target/debug/build/libz-sys-0a806def79d611dc/out/lib/src/zlib/uncompr.o: 'No space left on device'
[INFO] [stderr] warning: libz-sys@1.1.3: /tmp/ccuO6h07.s: Fatal error: /opt/rustwide/target/debug/build/libz-sys-0a806def79d611dc/out/lib/src/zlib/uncompr.o: No space left on device
[INFO] [stderr] warning: libz-sys@1.1.3: src/zlib/inflate.c:1561:1: fatal error: error writing to /tmp/ccFnAizW.s: No space left on device
[INFO] [stderr] warning: libz-sys@1.1.3:  1561 | }
[INFO] [stderr] warning: libz-sys@1.1.3:       | ^
[INFO] [stderr] warning: libz-sys@1.1.3: compilation terminated.
[INFO] [stderr] warning: libz-sys@1.1.3: src/zlib/gzclose.c:25:1: fatal error: error writing to /tmp/ccVchrvi.s: No space left on device
[INFO] [stderr] warning: libz-sys@1.1.3:    25 | }
[INFO] [stderr] warning: libz-sys@1.1.3:       | ^
[INFO] [stderr] warning: libz-sys@1.1.3: compilation terminated.
[INFO] [stderr] warning: libz-sys@1.1.3: src/zlib/gzlib.c:618:1: fatal error: error writing to /tmp/ccAmf6Rq.s: No space left on device
[INFO] [stderr] warning: libz-sys@1.1.3:   618 | }
[INFO] [stderr] warning: libz-sys@1.1.3:       | ^
[INFO] [stderr] warning: libz-sys@1.1.3: compilation terminated.
[INFO] [stderr] warning: libz-sys@1.1.3: src/zlib/trees.c:1203:1: fatal error: error writing to /tmp/ccGpCTlL.s: No space left on device
[INFO] [stderr] warning: libz-sys@1.1.3:  1203 | }
[INFO] [stderr] warning: libz-sys@1.1.3:       | ^
[INFO] [stderr] warning: libz-sys@1.1.3: compilation terminated.
[INFO] [stderr] error: failed to run custom build command for `libz-sys v1.1.3`
[INFO] [stderr] note: To improve backtraces for build dependencies, set the CARGO_PROFILE_DEV_BUILD_OVERRIDE_DEBUG=true environment variable to enable debug information generation.
[INFO] [stderr] 
[INFO] [stderr] Caused by:
[INFO] [stderr]   process didn't exit successfully: `/opt/rustwide/target/debug/build/libz-sys-1d232ff14c773567/build-script-build` (exit status: 1)
[INFO] [stderr]   --- stdout
[INFO] [stderr]   cargo:rerun-if-env-changed=LIBZ_SYS_STATIC
[INFO] [stderr]   cargo:rerun-if-changed=build.rs
[INFO] [stderr]   TARGET = Some("x86_64-unknown-linux-gnu")
[INFO] [stderr]   OPT_LEVEL = Some("0")
[INFO] [stderr]   HOST = Some("x86_64-unknown-linux-gnu")
[INFO] [stderr]   CC_x86_64-unknown-linux-gnu = None
[INFO] [stderr]   CC_x86_64_unknown_linux_gnu = None
[INFO] [stderr]   HOST_CC = None
[INFO] [stderr]   CC = None
[INFO] [stderr]   CFLAGS_x86_64-unknown-linux-gnu = None
[INFO] [stderr]   CFLAGS_x86_64_unknown_linux_gnu = None
[INFO] [stderr]   HOST_CFLAGS = None
[INFO] [stderr]   CFLAGS = None
[INFO] [stderr]   CRATE_CC_NO_DEFAULTS = None
[INFO] [stderr]   DEBUG = Some("true")
[INFO] [stderr]   CARGO_CFG_TARGET_FEATURE = Some("fxsr,sse,sse2,x87")
[INFO] [stderr]   running: "cc" "-O0" "-ffunction-sections" "-fdata-sections" "-fPIC" "-g" "-fno-omit-frame-pointer" "-m64" "-I" "src/zlib" "-fvisibility=hidden" "-DSTDC" "-D_LARGEFILE64_SOURCE" "-D_POSIX_SOURCE" "-o" "/opt/rustwide/target/debug/build/libz-sys-0a806def79d611dc/out/lib/src/zlib/adler32.o" "-c" "src/zlib/adler32.c"
[INFO] [stderr]   exit status: 0
[INFO] [stderr]   running: "cc" "-O0" "-ffunction-sections" "-fdata-sections" "-fPIC" "-g" "-fno-omit-frame-pointer" "-m64" "-I" "src/zlib" "-fvisibility=hidden" "-DSTDC" "-D_LARGEFILE64_SOURCE" "-D_POSIX_SOURCE" "-o" "/opt/rustwide/target/debug/build/libz-sys-0a806def79d611dc/out/lib/src/zlib/compress.o" "-c" "src/zlib/compress.c"
[INFO] [stderr]   exit status: 0
[INFO] [stderr]   running: "cc" "-O0" "-ffunction-sections" "-fdata-sections" "-fPIC" "-g" "-fno-omit-frame-pointer" "-m64" "-I" "src/zlib" "-fvisibility=hidden" "-DSTDC" "-D_LARGEFILE64_SOURCE" "-D_POSIX_SOURCE" "-o" "/opt/rustwide/target/debug/build/libz-sys-0a806def79d611dc/out/lib/src/zlib/crc32.o" "-c" "src/zlib/crc32.c"
[INFO] [stderr]   running: "cc" "-O0" "-ffunction-sections" "-fdata-sections" "-fPIC" "-g" "-fno-omit-frame-pointer" "-m64" "-I" "src/zlib" "-fvisibility=hidden" "-DSTDC" "-D_LARGEFILE64_SOURCE" "-D_POSIX_SOURCE" "-o" "/opt/rustwide/target/debug/build/libz-sys-0a806def79d611dc/out/lib/src/zlib/deflate.o" "-c" "src/zlib/deflate.c"
[INFO] [stderr]   running: "cc" "-O0" "-ffunction-sections" "-fdata-sections" "-fPIC" "-g" "-fno-omit-frame-pointer" "-m64" "-I" "src/zlib" "-fvisibility=hidden" "-DSTDC" "-D_LARGEFILE64_SOURCE" "-D_POSIX_SOURCE" "-o" "/opt/rustwide/target/debug/build/libz-sys-0a806def79d611dc/out/lib/src/zlib/infback.o" "-c" "src/zlib/infback.c"
[INFO] [stderr]   running: "cc" "-O0" "-ffunction-sections" "-fdata-sections" "-fPIC" "-g" "-fno-omit-frame-pointer" "-m64" "-I" "src/zlib" "-fvisibility=hidden" "-DSTDC" "-D_LARGEFILE64_SOURCE" "-D_POSIX_SOURCE" "-o" "/opt/rustwide/target/debug/build/libz-sys-0a806def79d611dc/out/lib/src/zlib/inffast.o" "-c" "src/zlib/inffast.c"
[INFO] [stderr]   exit status: 0
[INFO] [stderr]   running: "cc" "-O0" "-ffunction-sections" "-fdata-sections" "-fPIC" "-g" "-fno-omit-frame-pointer" "-m64" "-I" "src/zlib" "-fvisibility=hidden" "-DSTDC" "-D_LARGEFILE64_SOURCE" "-D_POSIX_SOURCE" "-o" "/opt/rustwide/target/debug/build/libz-sys-0a806def79d611dc/out/lib/src/zlib/inftrees.o" "-c" "src/zlib/inftrees.c"
[INFO] [stderr]   running: "cc" "-O0" "-ffunction-sections" "-fdata-sections" "-fPIC" "-g" "-fno-omit-frame-pointer" "-m64" "-I" "src/zlib" "-fvisibility=hidden" "-DSTDC" "-D_LARGEFILE64_SOURCE" "-D_POSIX_SOURCE" "-o" "/opt/rustwide/target/debug/build/libz-sys-0a806def79d611dc/out/lib/src/zlib/inflate.o" "-c" "src/zlib/inflate.c"
[INFO] [stderr]   exit status: 0
[INFO] [stderr]   exit status: 0
[INFO] [stderr]   running: "cc" "-O0" "-ffunction-sections" "-fdata-sections" "-fPIC" "-g" "-fno-omit-frame-pointer" "-m64" "-I" "src/zlib" "-fvisibility=hidden" "-DSTDC" "-D_LARGEFILE64_SOURCE" "-D_POSIX_SOURCE" "-o" "/opt/rustwide/target/debug/build/libz-sys-0a806def79d611dc/out/lib/src/zlib/trees.o" "-c" "src/zlib/trees.c"
[INFO] [stderr]   exit status: 0
[INFO] [stderr]   running: "cc" "-O0" "-ffunction-sections" "-fdata-sections" "-fPIC" "-g" "-fno-omit-frame-pointer" "-m64" "-I" "src/zlib" "-fvisibility=hidden" "-DSTDC" "-D_LARGEFILE64_SOURCE" "-D_POSIX_SOURCE" "-o" "/opt/rustwide/target/debug/build/libz-sys-0a806def79d611dc/out/lib/src/zlib/uncompr.o" "-c" "src/zlib/uncompr.c"
[INFO] [stderr]   running: "cc" "-O0" "-ffunction-sections" "-fdata-sections" "-fPIC" "-g" "-fno-omit-frame-pointer" "-m64" "-I" "src/zlib" "-fvisibility=hidden" "-DSTDC" "-D_LARGEFILE64_SOURCE" "-D_POSIX_SOURCE" "-o" "/opt/rustwide/target/debug/build/libz-sys-0a806def79d611dc/out/lib/src/zlib/zutil.o" "-c" "src/zlib/zutil.c"
[INFO] [stderr]   running: "cc" "-O0" "-ffunction-sections" "-fdata-sections" "-fPIC" "-g" "-fno-omit-frame-pointer" "-m64" "-I" "src/zlib" "-fvisibility=hidden" "-DSTDC" "-D_LARGEFILE64_SOURCE" "-D_POSIX_SOURCE" "-o" "/opt/rustwide/target/debug/build/libz-sys-0a806def79d611dc/out/lib/src/zlib/gzclose.o" "-c" "src/zlib/gzclose.c"
[INFO] [stderr]   cargo:warning=/tmp/ccGjlQlB.s: Assembler messages:
[INFO] [stderr]   cargo:warning=/tmp/ccGjlQlB.s: Fatal error: can't write 48 bytes to section .rodata.inflate_copyright of /opt/rustwide/target/debug/build/libz-sys-0a806def79d611dc/out/lib/src/zlib/inftrees.o: 'No space left on device'
[INFO] [stderr]   cargo:warning=/tmp/ccGjlQlB.s: Fatal error: /opt/rustwide/target/debug/build/libz-sys-0a806def79d611dc/out/lib/src/zlib/inftrees.o: No space left on device
[INFO] [stderr]   exit status: 1
[INFO] [stderr]   cargo:warning=/tmp/ccuO6h07.s: Assembler messages:
[INFO] [stderr]   cargo:warning=/tmp/ccuO6h07.s: Fatal error: can't write 7 bytes to section .rodata of /opt/rustwide/target/debug/build/libz-sys-0a806def79d611dc/out/lib/src/zlib/uncompr.o: 'No space left on device'
[INFO] [stderr]   cargo:warning=/tmp/ccuO6h07.s: Fatal error: /opt/rustwide/target/debug/build/libz-sys-0a806def79d611dc/out/lib/src/zlib/uncompr.o: No space left on device
[INFO] [stderr]   exit status: 1
[INFO] [stderr]   running: "cc" "-O0" "-ffunction-sections" "-fdata-sections" "-fPIC" "-g" "-fno-omit-frame-pointer" "-m64" "-I" "src/zlib" "-fvisibility=hidden" "-DSTDC" "-D_LARGEFILE64_SOURCE" "-D_POSIX_SOURCE" "-o" "/opt/rustwide/target/debug/build/libz-sys-0a806def79d611dc/out/lib/src/zlib/gzlib.o" "-c" "src/zlib/gzlib.c"
[INFO] [stderr]   exit status: 0
[INFO] [stderr]   cargo:warning=src/zlib/inflate.c:1561:1: fatal error: error writing to /tmp/ccFnAizW.s: No space left on device
[INFO] [stderr]   cargo:warning= 1561 | }
[INFO] [stderr]   cargo:warning=      | ^
[INFO] [stderr]   cargo:warning=compilation terminated.
[INFO] [stderr]   exit status: 1
[INFO] [stderr]   cargo:warning=src/zlib/gzclose.c:25:1: fatal error: error writing to /tmp/ccVchrvi.s: No space left on device
[INFO] [stderr]   cargo:warning=   25 | }
[INFO] [stderr]   cargo:warning=      | ^
[INFO] [stderr]   cargo:warning=compilation terminated.
[INFO] [stderr]   cargo:warning=src/zlib/gzlib.c:618:1: fatal error: error writing to /tmp/ccAmf6Rq.s: No space left on device
[INFO] [stderr]   cargo:warning=  618 | }
[INFO] [stderr]   cargo:warning=      | ^
[INFO] [stderr]   cargo:warning=compilation terminated.
[INFO] [stderr]   exit status: 1
[INFO] [stderr]   exit status: 1
[INFO] [stderr]   cargo:warning=src/zlib/trees.c:1203:1: fatal error: error writing to /tmp/ccGpCTlL.s: No space left on device
[INFO] [stderr]   cargo:warning= 1203 | }
[INFO] [stderr]   cargo:warning=      | ^
[INFO] [stderr]   cargo:warning=compilation terminated.
[INFO] [stderr]   exit status: 1
[INFO] [stderr] 
[INFO] [stderr]   --- stderr
[INFO] [stderr] 
[INFO] [stderr] 
[INFO] [stderr]   error occurred: Command "cc" "-O0" "-ffunction-sections" "-fdata-sections" "-fPIC" "-g" "-fno-omit-frame-pointer" "-m64" "-I" "src/zlib" "-fvisibility=hidden" "-DSTDC" "-D_LARGEFILE64_SOURCE" "-D_POSIX_SOURCE" "-o" "/opt/rustwide/target/debug/build/libz-sys-0a806def79d611dc/out/lib/src/zlib/inflate.o" "-c" "src/zlib/inflate.c" with args "cc" did not execute successfully (status code exit status: 1).
[INFO] [stderr] 
[INFO] [stderr] 
[INFO] [stdout] error: failed to write to `/opt/rustwide/target/debug/deps/rmetaVaAXqk/lib.rmeta`: No space left on device (os error 28)
[INFO] [stdout] 
[INFO] [stdout] 
[INFO] [stderr] error: could not compile `syn` (lib) due to 1 previous error
[INFO] [stdout] error: failed to write to `/opt/rustwide/target/debug/deps/rmetawD42pk/lib.rmeta`: No space left on device (os error 28)
[INFO] [stdout] 
[INFO] [stdout] 
[INFO] [stderr] error: could not compile `syn` (lib) due to 1 previous error
[INFO] running `Command { std: "docker" "inspect" "2d4b01f91f49f7ab382150b4a2f711d80cc4558551c3471e15a0ff87bb0823e3", kill_on_drop: false }`
[INFO] running `Command { std: "docker" "rm" "-f" "2d4b01f91f49f7ab382150b4a2f711d80cc4558551c3471e15a0ff87bb0823e3", kill_on_drop: false }`
[INFO] [stdout] 2d4b01f91f49f7ab382150b4a2f711d80cc4558551c3471e15a0ff87bb0823e3
