[INFO] cloning repository https://github.com/guillaumeLamanda/aoc-2024
[INFO] running `Command { std: "git" "-c" "credential.helper=" "-c" "credential.helper=/workspace/cargo-home/bin/git-credential-null" "clone" "--bare" "https://github.com/guillaumeLamanda/aoc-2024" "/workspace/cache/git-repos/https%3A%2F%2Fgithub.com%2FguillaumeLamanda%2Faoc-2024", kill_on_drop: false }`
[INFO] [stderr] Cloning into bare repository '/workspace/cache/git-repos/https%3A%2F%2Fgithub.com%2FguillaumeLamanda%2Faoc-2024'...
[INFO] running `Command { std: "git" "rev-parse" "HEAD", kill_on_drop: false }`
[INFO] [stdout] 634696e7d44aa1c8ba89bc4be1ee3b998e1bad2b
[INFO] testing guillaumeLamanda/aoc-2024 against nightly-2025-01-18+rustflags=-Zrandomize-layout for randomize-layout-2
[INFO] running `Command { std: "git" "clone" "/workspace/cache/git-repos/https%3A%2F%2Fgithub.com%2FguillaumeLamanda%2Faoc-2024" "/workspace/builds/worker-3-tc2/source", kill_on_drop: false }`
[INFO] [stderr] Cloning into '/workspace/builds/worker-3-tc2/source'...
[INFO] [stderr] done.
[INFO] validating manifest of git repo https://github.com/guillaumeLamanda/aoc-2024 on toolchain nightly-2025-01-18
[INFO] running `Command { std: CARGO_HOME="/workspace/cargo-home" RUSTUP_HOME="/workspace/rustup-home" "/workspace/cargo-home/bin/cargo" "+nightly-2025-01-18" "metadata" "--manifest-path" "Cargo.toml" "--no-deps", kill_on_drop: false }`
[INFO] removed /workspace/builds/worker-3-tc2/source/.cargo/config.toml
[INFO] started tweaking git repo https://github.com/guillaumeLamanda/aoc-2024
[INFO] finished tweaking git repo https://github.com/guillaumeLamanda/aoc-2024
[INFO] tweaked toml for git repo https://github.com/guillaumeLamanda/aoc-2024 written to /workspace/builds/worker-3-tc2/source/Cargo.toml
[INFO] crate git repo https://github.com/guillaumeLamanda/aoc-2024 already has a lockfile, it will not be regenerated
[INFO] running `Command { std: CARGO_HOME="/workspace/cargo-home" RUSTUP_HOME="/workspace/rustup-home" "/workspace/cargo-home/bin/cargo" "+nightly-2025-01-18" "fetch" "--manifest-path" "Cargo.toml", kill_on_drop: false }`
[INFO] [stderr]     Blocking waiting for file lock on package cache
[INFO] running `Command { std: "docker" "create" "-v" "/var/lib/crater-agent-workspace/builds/worker-3-tc2/target:/opt/rustwide/target:rw,Z" "-v" "/var/lib/crater-agent-workspace/builds/worker-3-tc2/source:/opt/rustwide/workdir:ro,Z" "-v" "/var/lib/crater-agent-workspace/cargo-home:/opt/rustwide/cargo-home:ro,Z" "-v" "/var/lib/crater-agent-workspace/rustup-home:/opt/rustwide/rustup-home:ro,Z" "-e" "SOURCE_DIR=/opt/rustwide/workdir" "-e" "CARGO_TARGET_DIR=/opt/rustwide/target" "-e" "CARGO_HOME=/opt/rustwide/cargo-home" "-e" "RUSTUP_HOME=/opt/rustwide/rustup-home" "-w" "/opt/rustwide/workdir" "-m" "1610612736" "--user" "0:0" "--network" "none" "ghcr.io/rust-lang/crates-build-env/linux@sha256:819108c5571ea2e421544af4d832f968d213c87fbe3707a016657f43d2f853bc" "/opt/rustwide/cargo-home/bin/cargo" "+nightly-2025-01-18" "metadata" "--no-deps" "--format-version=1", kill_on_drop: false }`
[INFO] [stdout] eafdae35cd7f279279ea095fda5ab3f836f8ae38c42d499bc302bb843cdd7315
[INFO] running `Command { std: "docker" "start" "-a" "eafdae35cd7f279279ea095fda5ab3f836f8ae38c42d499bc302bb843cdd7315", kill_on_drop: false }`
[INFO] running `Command { std: "docker" "inspect" "eafdae35cd7f279279ea095fda5ab3f836f8ae38c42d499bc302bb843cdd7315", kill_on_drop: false }`
[INFO] running `Command { std: "docker" "rm" "-f" "eafdae35cd7f279279ea095fda5ab3f836f8ae38c42d499bc302bb843cdd7315", kill_on_drop: false }`
[INFO] [stdout] eafdae35cd7f279279ea095fda5ab3f836f8ae38c42d499bc302bb843cdd7315
[INFO] running `Command { std: "docker" "create" "-v" "/var/lib/crater-agent-workspace/builds/worker-3-tc2/target:/opt/rustwide/target:rw,Z" "-v" "/var/lib/crater-agent-workspace/builds/worker-3-tc2/source:/opt/rustwide/workdir:ro,Z" "-v" "/var/lib/crater-agent-workspace/cargo-home:/opt/rustwide/cargo-home:ro,Z" "-v" "/var/lib/crater-agent-workspace/rustup-home:/opt/rustwide/rustup-home:ro,Z" "-e" "SOURCE_DIR=/opt/rustwide/workdir" "-e" "CARGO_TARGET_DIR=/opt/rustwide/target" "-e" "CARGO_INCREMENTAL=0" "-e" "RUST_BACKTRACE=full" "-e" "RUSTFLAGS=--cap-lints=forbid -Zrandomize-layout" "-e" "RUSTDOCFLAGS=--cap-lints=forbid" "-e" "CARGO_HOME=/opt/rustwide/cargo-home" "-e" "RUSTUP_HOME=/opt/rustwide/rustup-home" "-w" "/opt/rustwide/workdir" "-m" "1610612736" "--user" "0:0" "--network" "none" "ghcr.io/rust-lang/crates-build-env/linux@sha256:819108c5571ea2e421544af4d832f968d213c87fbe3707a016657f43d2f853bc" "/opt/rustwide/cargo-home/bin/cargo" "+nightly-2025-01-18" "build" "--frozen" "--message-format=json", kill_on_drop: false }`
[INFO] [stdout] b34cdf8218a4c51695760c867b1e3e2f8143d5101e66af3a084d620eb535c2ae
[INFO] running `Command { std: "docker" "start" "-a" "b34cdf8218a4c51695760c867b1e3e2f8143d5101e66af3a084d620eb535c2ae", kill_on_drop: false }`
[INFO] [stderr]    Compiling autocfg v1.1.0
[INFO] [stderr]    Compiling libm v0.2.11
[INFO] [stderr]    Compiling proc-macro2 v1.0.92
[INFO] [stderr]    Compiling unicode-ident v1.0.12
[INFO] [stderr]    Compiling libc v0.2.167
[INFO] [stderr]    Compiling crossbeam-utils v0.8.20
[INFO] [stderr]    Compiling cfg-if v1.0.0
[INFO] [stderr]    Compiling either v1.13.0
[INFO] [stderr]    Compiling smallvec v1.13.2
[INFO] [stderr]    Compiling version_check v0.9.5
[INFO] [stderr]    Compiling byteorder v1.5.0
[INFO] [stderr]    Compiling rayon-core v1.12.1
[INFO] [stderr]    Compiling once_cell v1.19.0
[INFO] [stderr]    Compiling zerocopy v0.7.35
[INFO] [stderr]    Compiling serde v1.0.193
[INFO] [stderr]    Compiling allocator-api2 v0.2.21
[INFO] [stderr]    Compiling memchr v2.6.4
[INFO] [stderr]    Compiling parking_lot_core v0.9.9
[INFO] [stderr]    Compiling heapless v0.8.0
[INFO] [stderr]    Compiling syn v1.0.109
[INFO] [stderr]    Compiling thiserror v1.0.69
[INFO] [stderr]    Compiling scopeguard v1.2.0
[INFO] [stderr]    Compiling hash32 v0.3.1
[INFO] [stderr]    Compiling stable_deref_trait v1.2.0
[INFO] [stderr]    Compiling semver v1.0.23
[INFO] [stderr]    Compiling ahash v0.8.11
[INFO] [stderr]    Compiling arrayvec v0.7.6
[INFO] [stderr]    Compiling graph_builder v0.4.0
[INFO] [stderr]    Compiling equivalent v1.0.1
[INFO] [stderr]    Compiling hashbrown v0.15.2
[INFO] [stderr]    Compiling num-traits v0.2.19
[INFO] [stderr]    Compiling lock_api v0.4.11
[INFO] [stderr]    Compiling itoa v1.0.9
[INFO] [stderr]    Compiling log v0.4.20
[INFO] [stderr]    Compiling fxhash v0.2.1
[INFO] [stderr]    Compiling itertools v0.11.0
[INFO] [stderr]    Compiling regex-syntax v0.8.5
[INFO] [stderr]    Compiling robust v1.1.0
[INFO] [stderr]    Compiling byte-slice-cast v1.2.2
[INFO] [stderr]    Compiling atomic v0.5.3
[INFO] [stderr]    Compiling linereader v0.4.0
[INFO] [stderr]    Compiling aho-corasick v1.1.3
[INFO] [stderr]    Compiling num-format v0.4.4
[INFO] [stderr]    Compiling fast-float v0.2.0
[INFO] [stderr]    Compiling i_key_sort v0.2.0
[INFO] [stderr]    Compiling i_tree v0.8.3
[INFO] [stderr]    Compiling geographiclib-rs v0.2.4
[INFO] [stderr]    Compiling crossbeam-epoch v0.9.18
[INFO] [stderr]    Compiling atomic_float v0.1.0
[INFO] [stderr]    Compiling fixedbitset v0.4.2
[INFO] [stderr]    Compiling rustc-hash v2.1.0
[INFO] [stderr]    Compiling nanorand v0.7.0
[INFO] [stderr]    Compiling float_next_after v1.0.0
[INFO] [stderr]    Compiling itertools v0.13.0
[INFO] [stderr]    Compiling tinyjson v2.5.1
[INFO] [stderr]    Compiling pico-args v0.5.0
[INFO] [stderr]    Compiling rangetools v0.1.4
[INFO] [stderr]    Compiling indexmap v2.7.0
[INFO] [stderr]    Compiling crossbeam-deque v0.8.5
[INFO] [stderr]    Compiling quote v1.0.37
[INFO] [stderr]    Compiling getrandom v0.2.15
[INFO] [stderr]    Compiling num_cpus v1.16.0
[INFO] [stderr]    Compiling page_size v0.4.2
[INFO] [stderr]    Compiling memmap2 v0.5.10
[INFO] [stderr]    Compiling syn v2.0.90
[INFO] [stderr]    Compiling parking_lot v0.12.1
[INFO] [stderr]    Compiling hashbrown v0.14.5
[INFO] [stderr]    Compiling num-integer v0.1.46
[INFO] [stderr]    Compiling num-complex v0.4.6
[INFO] [stderr]    Compiling approx v0.5.1
[INFO] [stderr]    Compiling atoi v2.0.0
[INFO] [stderr]    Compiling rstar v0.12.2
[INFO] [stderr]    Compiling integer-sqrt v0.1.5
[INFO] [stderr]    Compiling rayon v1.10.0
[INFO] [stderr]    Compiling earcutr v0.4.3
[INFO] [stderr]    Compiling num-bigint v0.4.6
[INFO] [stderr]    Compiling num-iter v0.1.45
[INFO] [stderr]    Compiling petgraph v0.6.5
[INFO] [stderr]    Compiling dashmap v5.5.3
[INFO] [stderr]    Compiling spade v2.12.1
[INFO] [stderr]    Compiling serde_derive v1.0.193
[INFO] [stderr]    Compiling thiserror-impl v1.0.69
[INFO] [stderr]    Compiling deprecate-until v0.1.1
[INFO] [stderr]    Compiling regex-automata v0.4.9
[INFO] [stderr]    Compiling num-rational v0.4.2
[INFO] [stderr]    Compiling num v0.4.3
[INFO] [stderr]    Compiling pathfinding v4.11.0
[INFO] [stderr]    Compiling geo-types v0.7.14
[INFO] [stderr]    Compiling delegate v0.8.0
[INFO] [stderr]    Compiling regex v1.11.1
[INFO] [stderr]    Compiling graph v0.3.1
[INFO] [stderr]    Compiling i_float v1.3.1
[INFO] [stderr]    Compiling i_shape v1.3.1
[INFO] [stderr]    Compiling i_overlay v1.7.4
[INFO] [stderr]    Compiling geo v0.29.2
[INFO] [stderr]    Compiling advent_of_code v0.11.0 (/opt/rustwide/workdir)
[INFO] [stderr] rustc-LLVM ERROR: IO failure on output stream: No space left on device
[INFO] [stderr] rustc-LLVM ERROR: IO failure on output stream: No space left on device
[INFO] [stderr] rustc-LLVM ERROR: IO failure on output stream: No space left on device
[INFO] [stderr] error: could not compile `advent_of_code` (bin "01")
[INFO] [stderr] 
[INFO] [stderr] Caused by:
[INFO] [stderr]   No space left on device (os error 28)
[INFO] [stderr] 
[INFO] [stderr] Caused by:
[INFO] [stderr]   failed to parse process output: `/opt/rustwide/rustup-home/toolchains/nightly-2025-01-18-x86_64-unknown-linux-gnu/bin/rustc --crate-name 01 --edition=2021 src/bin/01.rs --error-format=json --json=diagnostic-rendered-ansi,artifacts,future-incompat --crate-type bin --emit=dep-info,link -C embed-bitcode=no -C debuginfo=2 --check-cfg 'cfg(docsrs,test)' --check-cfg 'cfg(feature, values("chrono", "dhat", "dhat-heap", "test_lib", "today"))' -C metadata=148c10fe6dc00856 -C extra-filename=-cf2b4312ecc13164 --out-dir /opt/rustwide/target/debug/deps -L dependency=/opt/rustwide/target/debug/deps --extern advent_of_code=/opt/rustwide/target/debug/deps/libadvent_of_code-0b9c44ac8c91539c.rlib --extern geo=/opt/rustwide/target/debug/deps/libgeo-a4e223edff5a96df.rlib --extern graph=/opt/rustwide/target/debug/deps/libgraph-eda3c5a0155ea174.rlib --extern itertools=/opt/rustwide/target/debug/deps/libitertools-d5763cb9f0ae30a5.rlib --extern pathfinding=/opt/rustwide/target/debug/deps/libpathfinding-ba5376e66af81f6f.rlib --extern petgraph=/opt/rustwide/target/debug/deps/libpetgraph-a2ad28686ccf4e59.rlib --extern pico_args=/opt/rustwide/target/debug/deps/libpico_args-e03f17e89c08a69c.rlib --extern rangetools=/opt/rustwide/target/debug/deps/librangetools-53eca31ecf989d05.rlib --extern regex=/opt/rustwide/target/debug/deps/libregex-a08af9b40130bf2a.rlib --extern tinyjson=/opt/rustwide/target/debug/deps/libtinyjson-ad51277de42eb960.rlib --cap-lints=forbid -Zrandomize-layout` (exit status: 101)
[INFO] [stderr] warning: build failed, waiting for other jobs to finish...
[INFO] [stdout] error: linking with `cc` failed: exit status: 1
[INFO] [stdout]   |
[INFO] [stdout]   = note: LC_ALL="C" PATH="/opt/rustwide/rustup-home/toolchains/nightly-2025-01-18-x86_64-unknown-linux-gnu/lib/rustlib/x86_64-unknown-linux-gnu/bin:/opt/rustwide/rustup-home/toolchains/nightly-2025-01-18-x86_64-unknown-linux-gnu/lib/rustlib/x86_64-unknown-linux-gnu/bin/self-contained:/opt/rustwide/cargo-home/bin:/usr/local/sbin:/usr/local/bin:/usr/sbin:/usr/bin:/sbin:/bin" VSLANG="1033" "cc" "-m64" "/tmp/rustcnTfBkR/symbols.o" "<4 object files omitted>" "-Wl,--as-needed" "-Wl,-Bstatic" "/opt/rustwide/target/debug/deps/{libadvent_of_code-0b9c44ac8c91539c.rlib,libtinyjson-ad51277de42eb960.rlib}" "/opt/rustwide/rustup-home/toolchains/nightly-2025-01-18-x86_64-unknown-linux-gnu/lib/rustlib/x86_64-unknown-linux-gnu/lib/{libstd-006123e2ce67e99d.rlib,libpanic_unwind-e1447e1efa6f1e57.rlib,libobject-f6963a4916fcf097.rlib,libmemchr-49a2d9af912f4524.rlib,libaddr2line-04d19aad3936869d.rlib,libgimli-483c235edb789db0.rlib,librustc_demangle-294281af50b8f748.rlib,libstd_detect-3b08295250aabc2a.rlib,libhashbrown-4472d1e05ba0dfaf.rlib,librustc_std_workspace_alloc-2ef099fac590e457.rlib,libminiz_oxide-8a51f5e848546c29.rlib,libadler2-3d3fa22b868db521.rlib,libunwind-0ffda8b08e22dbea.rlib,libcfg_if-b08f62458fdd43b9.rlib,liblibc-559675126e63b890.rlib,liballoc-fcf21c8d1c9c7b75.rlib,librustc_std_workspace_core-e0b0460135bcf21d.rlib,libcore-d4097fdcbddd3bc7.rlib,libcompiler_builtins-fea484ac1eed7881.rlib}" "-Wl,-Bdynamic" "-lgcc_s" "-lutil" "-lrt" "-lpthread" "-lm" "-ldl" "-lc" "-B/opt/rustwide/rustup-home/toolchains/nightly-2025-01-18-x86_64-unknown-linux-gnu/lib/rustlib/x86_64-unknown-linux-gnu/bin/gcc-ld" "-fuse-ld=lld" "-Wl,--eh-frame-hdr" "-Wl,-z,noexecstack" "-L" "/opt/rustwide/rustup-home/toolchains/nightly-2025-01-18-x86_64-unknown-linux-gnu/lib/rustlib/x86_64-unknown-linux-gnu/lib" "-o" "/opt/rustwide/target/debug/deps/04-f443008164cfb69e" "-Wl,--gc-sections" "-pie" "-Wl,-z,relro,-z,now" "-nodefaultlibs"
[INFO] [stdout]   = note: some arguments are omitted. use `--verbose` to show all linker arguments
[INFO] [stdout]   = note: PLEASE submit a bug report to https://github.com/llvm/llvm-project/issues/ and include the crash backtrace.
[INFO] [stdout]           Stack dump:
[INFO] [stdout]           0.    Program arguments: /opt/rustwide/rustup-home/toolchains/nightly-2025-01-18-x86_64-unknown-linux-gnu/lib/rustlib/x86_64-unknown-linux-gnu/bin/rust-lld -flavor gnu -plugin /usr/lib/gcc/x86_64-linux-gnu/11/liblto_plugin.so -plugin-opt=/usr/lib/gcc/x86_64-linux-gnu/11/lto-wrapper -plugin-opt=-fresolution=/tmp/cc4Z3O5B.res --build-id --eh-frame-hdr -m elf_x86_64 --hash-style=gnu --as-needed -dynamic-linker /lib64/ld-linux-x86-64.so.2 -pie -z now -z relro -o /opt/rustwide/target/debug/deps/04-f443008164cfb69e /usr/lib/gcc/x86_64-linux-gnu/11/../../../x86_64-linux-gnu/Scrt1.o /usr/lib/gcc/x86_64-linux-gnu/11/../../../x86_64-linux-gnu/crti.o /usr/lib/gcc/x86_64-linux-gnu/11/crtbeginS.o -L/opt/rustwide/rustup-home/toolchains/nightly-2025-01-18-x86_64-unknown-linux-gnu/lib/rustlib/x86_64-unknown-linux-gnu/lib -L/opt/rustwide/rustup-home/toolchains/nightly-2025-01-18-x86_64-unknown-linux-gnu/lib/rustlib/x86_64-unknown-linux-gnu/bin/gcc-ld -L/usr/lib/gcc/x86_64-linux-gnu/11 -L/usr/lib/gcc/x86_64-linux-gnu/11/../../../x86_64-linux-gnu -L/usr/lib/gcc/x86_64-linux-gnu/11/../../../../lib -L/lib/x86_64-linux-gnu -L/lib/../lib -L/usr/lib/x86_64-linux-gnu -L/usr/lib/../lib -L/usr/lib/gcc/x86_64-linux-gnu/11/../../.. /tmp/rustcnTfBkR/symbols.o /opt/rustwide/target/debug/deps/04-f443008164cfb69e.04.9e2a5e6630931c2c-cgu.0.rcgu.o /opt/rustwide/target/debug/deps/04-f443008164cfb69e.04.9e2a5e6630931c2c-cgu.1.rcgu.o /opt/rustwide/target/debug/deps/04-f443008164cfb69e.04.9e2a5e6630931c2c-cgu.2.rcgu.o /opt/rustwide/target/debug/deps/04-f443008164cfb69e.6hyrw4c43b7jmvrudiu241785.rcgu.o --as-needed -Bstatic /opt/rustwide/target/debug/deps/libadvent_of_code-0b9c44ac8c91539c.rlib /opt/rustwide/target/debug/deps/libtinyjson-ad51277de42eb960.rlib /opt/rustwide/rustup-home/toolchains/nightly-2025-01-18-x86_64-unknown-linux-gnu/lib/rustlib/x86_64-unknown-linux-gnu/lib/libstd-006123e2ce67e99d.rlib /opt/rustwide/rustup-home/toolchains/nightly-2025-01-18-x86_64-unknown-linux-gnu/lib/rustlib/x86_64-unknown-linux-gnu/lib/libpanic_unwind-e1447e1efa6f1e57.rlib /opt/rustwide/rustup-home/toolchains/nightly-2025-01-18-x86_64-unknown-linux-gnu/lib/rustlib/x86_64-unknown-linux-gnu/lib/libobject-f6963a4916fcf097.rlib /opt/rustwide/rustup-home/toolchains/nightly-2025-01-18-x86_64-unknown-linux-gnu/lib/rustlib/x86_64-unknown-linux-gnu/lib/libmemchr-49a2d9af912f4524.rlib /opt/rustwide/rustup-home/toolchains/nightly-2025-01-18-x86_64-unknown-linux-gnu/lib/rustlib/x86_64-unknown-linux-gnu/lib/libaddr2line-04d19aad3936869d.rlib /opt/rustwide/rustup-home/toolchains/nightly-2025-01-18-x86_64-unknown-linux-gnu/lib/rustlib/x86_64-unknown-linux-gnu/lib/libgimli-483c235edb789db0.rlib /opt/rustwide/rustup-home/toolchains/nightly-2025-01-18-x86_64-unknown-linux-gnu/lib/rustlib/x86_64-unknown-linux-gnu/lib/librustc_demangle-294281af50b8f748.rlib /opt/rustwide/rustup-home/toolchains/nightly-2025-01-18-x86_64-unknown-linux-gnu/lib/rustlib/x86_64-unknown-linux-gnu/lib/libstd_detect-3b08295250aabc2a.rlib /opt/rustwide/rustup-home/toolchains/nightly-2025-01-18-x86_64-unknown-linux-gnu/lib/rustlib/x86_64-unknown-linux-gnu/lib/libhashbrown-4472d1e05ba0dfaf.rlib /opt/rustwide/rustup-home/toolchains/nightly-2025-01-18-x86_64-unknown-linux-gnu/lib/rustlib/x86_64-unknown-linux-gnu/lib/librustc_std_workspace_alloc-2ef099fac590e457.rlib /opt/rustwide/rustup-home/toolchains/nightly-2025-01-18-x86_64-unknown-linux-gnu/lib/rustlib/x86_64-unknown-linux-gnu/lib/libminiz_oxide-8a51f5e848546c29.rlib /opt/rustwide/rustup-home/toolchains/nightly-2025-01-18-x86_64-unknown-linux-gnu/lib/rustlib/x86_64-unknown-linux-gnu/lib/libadler2-3d3fa22b868db521.rlib /opt/rustwide/rustup-home/toolchains/nightly-2025-01-18-x86_64-unknown-linux-gnu/lib/rustlib/x86_64-unknown-linux-gnu/lib/libunwind-0ffda8b08e22dbea.rlib /opt/rustwide/rustup-home/toolchains/nightly-2025-01-18-x86_64-unknown-linux-gnu/lib/rustlib/x86_64-unknown-linux-gnu/lib/libcfg_if-b08f62458fdd43b9.rlib /opt/rustwide/rustup-home/toolchains/nightly-2025-01-18-x86_64-unknown-linux-gnu/lib/rustlib/x86_64-unknown-linux-gnu/lib/liblibc-559675126e63b890.rlib /opt/rustwide/rustup-home/toolchains/nightly-2025-01-18-x86_64-unknown-linux-gnu/lib/rustlib/x86_64-unknown-linux-gnu/lib/liballoc-fcf21c8d1c9c7b75.rlib /opt/rustwide/rustup-home/toolchains/nightly-2025-01-18-x86_64-unknown-linux-gnu/lib/rustlib/x86_64-unknown-linux-gnu/lib/librustc_std_workspace_core-e0b0460135bcf21d.rlib /opt/rustwide/rustup-home/toolchains/nightly-2025-01-18-x86_64-unknown-linux-gnu/lib/rustlib/x86_64-unknown-linux-gnu/lib/libcore-d4097fdcbddd3bc7.rlib /opt/rustwide/rustup-home/toolchains/nightly-2025-01-18-x86_64-unknown-linux-gnu/lib/rustlib/x86_64-unknown-linux-gnu/lib/libcompiler_builtins-fea484ac1eed7881.rlib -Bdynamic -lgcc_s -lutil -lrt -lpthread -lm -ldl -lc --eh-frame-hdr -z noexecstack --gc-sections -z relro -z now /usr/lib/gcc/x86_64-linux-gnu/11/crtendS.o /usr/lib/gcc/x86_64-linux-gnu/11/../../../x86_64-linux-gnu/crtn.o
[INFO] [stdout]           LLVM ERROR: IO failure on output stream: No space left on device
[INFO] [stdout]           collect2: error: ld returned 1 exit status
[INFO] [stdout]           
[INFO] [stdout] 
[INFO] [stdout] 
[INFO] [stderr] error: could not compile `advent_of_code` (bin "02")
[INFO] [stderr] 
[INFO] [stderr] Caused by:
[INFO] [stderr]   No space left on device (os error 28)
[INFO] [stderr] 
[INFO] [stderr] Caused by:
[INFO] [stderr]   failed to parse process output: `/opt/rustwide/rustup-home/toolchains/nightly-2025-01-18-x86_64-unknown-linux-gnu/bin/rustc --crate-name 02 --edition=2021 src/bin/02.rs --error-format=json --json=diagnostic-rendered-ansi,artifacts,future-incompat --crate-type bin --emit=dep-info,link -C embed-bitcode=no -C debuginfo=2 --check-cfg 'cfg(docsrs,test)' --check-cfg 'cfg(feature, values("chrono", "dhat", "dhat-heap", "test_lib", "today"))' -C metadata=6ca0d26ba84c41fd -C extra-filename=-77cb4ed62c1222da --out-dir /opt/rustwide/target/debug/deps -L dependency=/opt/rustwide/target/debug/deps --extern advent_of_code=/opt/rustwide/target/debug/deps/libadvent_of_code-0b9c44ac8c91539c.rlib --extern geo=/opt/rustwide/target/debug/deps/libgeo-a4e223edff5a96df.rlib --extern graph=/opt/rustwide/target/debug/deps/libgraph-eda3c5a0155ea174.rlib --extern itertools=/opt/rustwide/target/debug/deps/libitertools-d5763cb9f0ae30a5.rlib --extern pathfinding=/opt/rustwide/target/debug/deps/libpathfinding-ba5376e66af81f6f.rlib --extern petgraph=/opt/rustwide/target/debug/deps/libpetgraph-a2ad28686ccf4e59.rlib --extern pico_args=/opt/rustwide/target/debug/deps/libpico_args-e03f17e89c08a69c.rlib --extern rangetools=/opt/rustwide/target/debug/deps/librangetools-53eca31ecf989d05.rlib --extern regex=/opt/rustwide/target/debug/deps/libregex-a08af9b40130bf2a.rlib --extern tinyjson=/opt/rustwide/target/debug/deps/libtinyjson-ad51277de42eb960.rlib --cap-lints=forbid -Zrandomize-layout` (exit status: 101)
[INFO] [stderr] error: could not compile `advent_of_code` (bin "04") due to 1 previous error
[INFO] [stdout] error: linking with `cc` failed: exit status: 1
[INFO] [stdout]   |
[INFO] [stdout]   = note: LC_ALL="C" PATH="/opt/rustwide/rustup-home/toolchains/nightly-2025-01-18-x86_64-unknown-linux-gnu/lib/rustlib/x86_64-unknown-linux-gnu/bin:/opt/rustwide/rustup-home/toolchains/nightly-2025-01-18-x86_64-unknown-linux-gnu/lib/rustlib/x86_64-unknown-linux-gnu/bin/self-contained:/opt/rustwide/cargo-home/bin:/usr/local/sbin:/usr/local/bin:/usr/sbin:/usr/bin:/sbin:/bin" VSLANG="1033" "cc" "-m64" "/tmp/rustc9M5nUW/symbols.o" "<3 object files omitted>" "-Wl,--as-needed" "-Wl,-Bstatic" "/opt/rustwide/target/debug/deps/{libadvent_of_code-0b9c44ac8c91539c.rlib,libtinyjson-ad51277de42eb960.rlib,libregex-a08af9b40130bf2a.rlib,libregex_automata-b334a99e80302937.rlib,libaho_corasick-e7eb9f2353265037.rlib,libmemchr-251ec6009b211203.rlib,libregex_syntax-37ae10d86b9e0280.rlib}" "/opt/rustwide/rustup-home/toolchains/nightly-2025-01-18-x86_64-unknown-linux-gnu/lib/rustlib/x86_64-unknown-linux-gnu/lib/{libstd-006123e2ce67e99d.rlib,libpanic_unwind-e1447e1efa6f1e57.rlib,libobject-f6963a4916fcf097.rlib,libmemchr-49a2d9af912f4524.rlib,libaddr2line-04d19aad3936869d.rlib,libgimli-483c235edb789db0.rlib,librustc_demangle-294281af50b8f748.rlib,libstd_detect-3b08295250aabc2a.rlib,libhashbrown-4472d1e05ba0dfaf.rlib,librustc_std_workspace_alloc-2ef099fac590e457.rlib,libminiz_oxide-8a51f5e848546c29.rlib,libadler2-3d3fa22b868db521.rlib,libunwind-0ffda8b08e22dbea.rlib,libcfg_if-b08f62458fdd43b9.rlib,liblibc-559675126e63b890.rlib,liballoc-fcf21c8d1c9c7b75.rlib,librustc_std_workspace_core-e0b0460135bcf21d.rlib,libcore-d4097fdcbddd3bc7.rlib,libcompiler_builtins-fea484ac1eed7881.rlib}" "-Wl,-Bdynamic" "-lgcc_s" "-lutil" "-lrt" "-lpthread" "-lm" "-ldl" "-lc" "-B/opt/rustwide/rustup-home/toolchains/nightly-2025-01-18-x86_64-unknown-linux-gnu/lib/rustlib/x86_64-unknown-linux-gnu/bin/gcc-ld" "-fuse-ld=lld" "-Wl,--eh-frame-hdr" "-Wl,-z,noexecstack" "-L" "/opt/rustwide/rustup-home/toolchains/nightly-2025-01-18-x86_64-unknown-linux-gnu/lib/rustlib/x86_64-unknown-linux-gnu/lib" "-o" "/opt/rustwide/target/debug/deps/03-008404f70ff1ec2a" "-Wl,--gc-sections" "-pie" "-Wl,-z,relro,-z,now" "-nodefaultlibs"
[INFO] [stdout]   = note: some arguments are omitted. use `--verbose` to show all linker arguments
[INFO] [stdout]   = note: PLEASE submit a bug report to https://github.com/llvm/llvm-project/issues/ and include the crash backtrace.
[INFO] [stdout]           Stack dump:
[INFO] [stdout]           0.    Program arguments: /opt/rustwide/rustup-home/toolchains/nightly-2025-01-18-x86_64-unknown-linux-gnu/lib/rustlib/x86_64-unknown-linux-gnu/bin/rust-lld -flavor gnu -plugin /usr/lib/gcc/x86_64-linux-gnu/11/liblto_plugin.so -plugin-opt=/usr/lib/gcc/x86_64-linux-gnu/11/lto-wrapper -plugin-opt=-fresolution=/tmp/ccokipwf.res --build-id --eh-frame-hdr -m elf_x86_64 --hash-style=gnu --as-needed -dynamic-linker /lib64/ld-linux-x86-64.so.2 -pie -z now -z relro -o /opt/rustwide/target/debug/deps/03-008404f70ff1ec2a /usr/lib/gcc/x86_64-linux-gnu/11/../../../x86_64-linux-gnu/Scrt1.o /usr/lib/gcc/x86_64-linux-gnu/11/../../../x86_64-linux-gnu/crti.o /usr/lib/gcc/x86_64-linux-gnu/11/crtbeginS.o -L/opt/rustwide/rustup-home/toolchains/nightly-2025-01-18-x86_64-unknown-linux-gnu/lib/rustlib/x86_64-unknown-linux-gnu/lib -L/opt/rustwide/rustup-home/toolchains/nightly-2025-01-18-x86_64-unknown-linux-gnu/lib/rustlib/x86_64-unknown-linux-gnu/bin/gcc-ld -L/usr/lib/gcc/x86_64-linux-gnu/11 -L/usr/lib/gcc/x86_64-linux-gnu/11/../../../x86_64-linux-gnu -L/usr/lib/gcc/x86_64-linux-gnu/11/../../../../lib -L/lib/x86_64-linux-gnu -L/lib/../lib -L/usr/lib/x86_64-linux-gnu -L/usr/lib/../lib -L/usr/lib/gcc/x86_64-linux-gnu/11/../../.. /tmp/rustc9M5nUW/symbols.o /opt/rustwide/target/debug/deps/03-008404f70ff1ec2a.03.2c2b87af888000b-cgu.0.rcgu.o /opt/rustwide/target/debug/deps/03-008404f70ff1ec2a.03.2c2b87af888000b-cgu.1.rcgu.o /opt/rustwide/target/debug/deps/03-008404f70ff1ec2a.7u5ng7l3d56h7d9g1oufpe6xl.rcgu.o --as-needed -Bstatic /opt/rustwide/target/debug/deps/libadvent_of_code-0b9c44ac8c91539c.rlib /opt/rustwide/target/debug/deps/libtinyjson-ad51277de42eb960.rlib /opt/rustwide/target/debug/deps/libregex-a08af9b40130bf2a.rlib /opt/rustwide/target/debug/deps/libregex_automata-b334a99e80302937.rlib /opt/rustwide/target/debug/deps/libaho_corasick-e7eb9f2353265037.rlib /opt/rustwide/target/debug/deps/libmemchr-251ec6009b211203.rlib /opt/rustwide/target/debug/deps/libregex_syntax-37ae10d86b9e0280.rlib /opt/rustwide/rustup-home/toolchains/nightly-2025-01-18-x86_64-unknown-linux-gnu/lib/rustlib/x86_64-unknown-linux-gnu/lib/libstd-006123e2ce67e99d.rlib /opt/rustwide/rustup-home/toolchains/nightly-2025-01-18-x86_64-unknown-linux-gnu/lib/rustlib/x86_64-unknown-linux-gnu/lib/libpanic_unwind-e1447e1efa6f1e57.rlib /opt/rustwide/rustup-home/toolchains/nightly-2025-01-18-x86_64-unknown-linux-gnu/lib/rustlib/x86_64-unknown-linux-gnu/lib/libobject-f6963a4916fcf097.rlib /opt/rustwide/rustup-home/toolchains/nightly-2025-01-18-x86_64-unknown-linux-gnu/lib/rustlib/x86_64-unknown-linux-gnu/lib/libmemchr-49a2d9af912f4524.rlib /opt/rustwide/rustup-home/toolchains/nightly-2025-01-18-x86_64-unknown-linux-gnu/lib/rustlib/x86_64-unknown-linux-gnu/lib/libaddr2line-04d19aad3936869d.rlib /opt/rustwide/rustup-home/toolchains/nightly-2025-01-18-x86_64-unknown-linux-gnu/lib/rustlib/x86_64-unknown-linux-gnu/lib/libgimli-483c235edb789db0.rlib /opt/rustwide/rustup-home/toolchains/nightly-2025-01-18-x86_64-unknown-linux-gnu/lib/rustlib/x86_64-unknown-linux-gnu/lib/librustc_demangle-294281af50b8f748.rlib /opt/rustwide/rustup-home/toolchains/nightly-2025-01-18-x86_64-unknown-linux-gnu/lib/rustlib/x86_64-unknown-linux-gnu/lib/libstd_detect-3b08295250aabc2a.rlib /opt/rustwide/rustup-home/toolchains/nightly-2025-01-18-x86_64-unknown-linux-gnu/lib/rustlib/x86_64-unknown-linux-gnu/lib/libhashbrown-4472d1e05ba0dfaf.rlib /opt/rustwide/rustup-home/toolchains/nightly-2025-01-18-x86_64-unknown-linux-gnu/lib/rustlib/x86_64-unknown-linux-gnu/lib/librustc_std_workspace_alloc-2ef099fac590e457.rlib /opt/rustwide/rustup-home/toolchains/nightly-2025-01-18-x86_64-unknown-linux-gnu/lib/rustlib/x86_64-unknown-linux-gnu/lib/libminiz_oxide-8a51f5e848546c29.rlib /opt/rustwide/rustup-home/toolchains/nightly-2025-01-18-x86_64-unknown-linux-gnu/lib/rustlib/x86_64-unknown-linux-gnu/lib/libadler2-3d3fa22b868db521.rlib /opt/rustwide/rustup-home/toolchains/nightly-2025-01-18-x86_64-unknown-linux-gnu/lib/rustlib/x86_64-unknown-linux-gnu/lib/libunwind-0ffda8b08e22dbea.rlib /opt/rustwide/rustup-home/toolchains/nightly-2025-01-18-x86_64-unknown-linux-gnu/lib/rustlib/x86_64-unknown-linux-gnu/lib/libcfg_if-b08f62458fdd43b9.rlib /opt/rustwide/rustup-home/toolchains/nightly-2025-01-18-x86_64-unknown-linux-gnu/lib/rustlib/x86_64-unknown-linux-gnu/lib/liblibc-559675126e63b890.rlib /opt/rustwide/rustup-home/toolchains/nightly-2025-01-18-x86_64-unknown-linux-gnu/lib/rustlib/x86_64-unknown-linux-gnu/lib/liballoc-fcf21c8d1c9c7b75.rlib /opt/rustwide/rustup-home/toolchains/nightly-2025-01-18-x86_64-unknown-linux-gnu/lib/rustlib/x86_64-unknown-linux-gnu/lib/librustc_std_workspace_core-e0b0460135bcf21d.rlib /opt/rustwide/rustup-home/toolchains/nightly-2025-01-18-x86_64-unknown-linux-gnu/lib/rustlib/x86_64-unknown-linux-gnu/lib/libcore-d4097fdcbddd3bc7.rlib /opt/rustwide/rustup-home/toolchains/nightly-2025-01-18-x86_64-unknown-linux-gnu/lib/rustlib/x86_64-unknown-linux-gnu/lib/libcompiler_builtins-fea484ac1eed7881.rlib -Bdynamic -lgcc_s -lutil -lrt -lpthread -lm -ldl -lc --eh-frame-hdr -z noexecstack --gc-sections -z relro -z now /usr/lib/gcc/x86_64-linux-gnu/11/crtendS.o /usr/lib/gcc/x86_64-linux-gnu/11/../../../x86_64-linux-gnu/crtn.o
[INFO] [stdout]           LLVM ERROR: IO failure on output stream: No space left on device
[INFO] [stdout]           collect2: error: ld returned 1 exit status
[INFO] [stdout]           
[INFO] [stdout] 
[INFO] [stdout] 
[INFO] [stderr] error: could not compile `advent_of_code` (bin "07")
[INFO] [stderr] 
[INFO] [stderr] Caused by:
[INFO] [stderr]   No space left on device (os error 28)
[INFO] [stderr] 
[INFO] [stderr] Caused by:
[INFO] [stderr]   failed to parse process output: `/opt/rustwide/rustup-home/toolchains/nightly-2025-01-18-x86_64-unknown-linux-gnu/bin/rustc --crate-name 07 --edition=2021 src/bin/07.rs --error-format=json --json=diagnostic-rendered-ansi,artifacts,future-incompat --crate-type bin --emit=dep-info,link -C embed-bitcode=no -C debuginfo=2 --check-cfg 'cfg(docsrs,test)' --check-cfg 'cfg(feature, values("chrono", "dhat", "dhat-heap", "test_lib", "today"))' -C metadata=71a1f56e68fa151b -C extra-filename=-f0aca4805371cb99 --out-dir /opt/rustwide/target/debug/deps -L dependency=/opt/rustwide/target/debug/deps --extern advent_of_code=/opt/rustwide/target/debug/deps/libadvent_of_code-0b9c44ac8c91539c.rlib --extern geo=/opt/rustwide/target/debug/deps/libgeo-a4e223edff5a96df.rlib --extern graph=/opt/rustwide/target/debug/deps/libgraph-eda3c5a0155ea174.rlib --extern itertools=/opt/rustwide/target/debug/deps/libitertools-d5763cb9f0ae30a5.rlib --extern pathfinding=/opt/rustwide/target/debug/deps/libpathfinding-ba5376e66af81f6f.rlib --extern petgraph=/opt/rustwide/target/debug/deps/libpetgraph-a2ad28686ccf4e59.rlib --extern pico_args=/opt/rustwide/target/debug/deps/libpico_args-e03f17e89c08a69c.rlib --extern rangetools=/opt/rustwide/target/debug/deps/librangetools-53eca31ecf989d05.rlib --extern regex=/opt/rustwide/target/debug/deps/libregex-a08af9b40130bf2a.rlib --extern tinyjson=/opt/rustwide/target/debug/deps/libtinyjson-ad51277de42eb960.rlib --cap-lints=forbid -Zrandomize-layout` (exit status: 101)
[INFO] [stderr] error: could not compile `advent_of_code` (bin "03") due to 1 previous error
[INFO] [stdout] error: linking with `cc` failed: exit status: 1
[INFO] [stdout]   |
[INFO] [stdout]   = note: LC_ALL="C" PATH="/opt/rustwide/rustup-home/toolchains/nightly-2025-01-18-x86_64-unknown-linux-gnu/lib/rustlib/x86_64-unknown-linux-gnu/bin:/opt/rustwide/rustup-home/toolchains/nightly-2025-01-18-x86_64-unknown-linux-gnu/lib/rustlib/x86_64-unknown-linux-gnu/bin/self-contained:/opt/rustwide/cargo-home/bin:/usr/local/sbin:/usr/local/bin:/usr/sbin:/usr/bin:/sbin:/bin" VSLANG="1033" "cc" "-m64" "/tmp/rustcBUTCVL/symbols.o" "<7 object files omitted>" "-Wl,--as-needed" "-Wl,-Bstatic" "/opt/rustwide/target/debug/deps/{libadvent_of_code-0b9c44ac8c91539c.rlib,libtinyjson-ad51277de42eb960.rlib,libpathfinding-ba5376e66af81f6f.rlib,libinteger_sqrt-2a24ff5c3035ce7b.rlib,libthiserror-ee93ea9524534f4e.rlib,librustc_hash-da6ebc350a2d09d3.rlib,libindexmap-463bb3755008779f.rlib,libequivalent-36fe78148bbac4ca.rlib,libhashbrown-49191a6fa1fcaf35.rlib,libitertools-d5763cb9f0ae30a5.rlib,libgeo-a4e223edff5a96df.rlib,libfloat_next_after-c9de5e932a1ac9dd.rlib,libearcutr-23c0539ff7e46914.rlib,libitertools-02ac8604ec188c65.rlib,libspade-f69dd7d19be65b0b.rlib,libhashbrown-e9c7bca8e32e7c42.rlib,libahash-192110533a1a4fa5.rlib,libgetrandom-ff0066e20a7afbce.rlib,liblibc-8e34fb35caf6938e.rlib,libonce_cell-44b3727b7ea843b2.rlib,libcfg_if-8f0231822091c729.rlib,libzerocopy-836e7e1b464d2035.rlib,liballocator_api2-b4da0353382159ac.rlib,libgeographiclib_rs-56a8c0a237a2db49.rlib,liblibm-a386bd21ee403ae3.rlib,libi_overlay-e5d31ceaf4e87fe6.rlib,libi_key_sort-4ff7f131945d31c4.rlib,libi_shape-45027199f80474b5.rlib,libi_tree-1b1f7449479f1dcb.rlib,libi_float-f59c6dffe32acf4d.rlib,libserde-2781d5a14029e5f0.rlib,librobust-f2309daa0a64a707.rlib,libgeo_types-edf39fee86c8e6ed.rlib,librstar-53da6548ae80f238.rlib,libheapless-de4b225e0e855c38.rlib,libhash32-911e172456183743.rlib,libbyteorder-8614b87242077c82.rlib,libsmallvec-eac8be0f7215ab5a.rlib,librayon-92575ec6811d7d5b.rlib,librayon_core-6c25b10acfa35938.rlib,libcrossbeam_deque-02cacee7a0179104.rlib,libcrossbeam_epoch-91989cb2feb8394f.rlib,libcrossbeam_utils-a7b638103b5f7428.rlib,libeither-d5b0480b68084373.rlib,libapprox-f735fdd7a4b820f4.rlib,libnum_traits-5110182f7dbb4f43.rlib,liblog-a656f11c0b426409.rlib}" "/opt/rustwide/rustup-home/toolchains/nightly-2025-01-18-x86_64-unknown-linux-gnu/lib/rustlib/x86_64-unknown-linux-gnu/lib/{libstd-006123e2ce67e99d.rlib,libpanic_unwind-e1447e1efa6f1e57.rlib,libobject-f6963a4916fcf097.rlib,libmemchr-49a2d9af912f4524.rlib,libaddr2line-04d19aad3936869d.rlib,libgimli-483c235edb789db0.rlib,librustc_demangle-294281af50b8f748.rlib,libstd_detect-3b08295250aabc2a.rlib,libhashbrown-4472d1e05ba0dfaf.rlib,librustc_std_workspace_alloc-2ef099fac590e457.rlib,libminiz_oxide-8a51f5e848546c29.rlib,libadler2-3d3fa22b868db521.rlib,libunwind-0ffda8b08e22dbea.rlib,libcfg_if-b08f62458fdd43b9.rlib,liblibc-559675126e63b890.rlib,liballoc-fcf21c8d1c9c7b75.rlib,librustc_std_workspace_core-e0b0460135bcf21d.rlib,libcore-d4097fdcbddd3bc7.rlib,libcompiler_builtins-fea484ac1eed7881.rlib}" "-Wl,-Bdynamic" "-lgcc_s" "-lutil" "-lrt" "-lpthread" "-lm" "-ldl" "-lc" "-B/opt/rustwide/rustup-home/toolchains/nightly-2025-01-18-x86_64-unknown-linux-gnu/lib/rustlib/x86_64-unknown-linux-gnu/bin/gcc-ld" "-fuse-ld=lld" "-Wl,--eh-frame-hdr" "-Wl,-z,noexecstack" "-L" "/opt/rustwide/rustup-home/toolchains/nightly-2025-01-18-x86_64-unknown-linux-gnu/lib/rustlib/x86_64-unknown-linux-gnu/lib" "-o" "/opt/rustwide/target/debug/deps/08-f4e364d3ee7d86ac" "-Wl,--gc-sections" "-pie" "-Wl,-z,relro,-z,now" "-nodefaultlibs"
[INFO] [stdout]   = note: some arguments are omitted. use `--verbose` to show all linker arguments
[INFO] [stdout]   = note: PLEASE submit a bug report to https://github.com/llvm/llvm-project/issues/ and include the crash backtrace.
[INFO] [stdout]           Stack dump:
[INFO] [stdout]           0.    Program arguments: /opt/rustwide/rustup-home/toolchains/nightly-2025-01-18-x86_64-unknown-linux-gnu/lib/rustlib/x86_64-unknown-linux-gnu/bin/rust-lld -flavor gnu -plugin /usr/lib/gcc/x86_64-linux-gnu/11/liblto_plugin.so -plugin-opt=/usr/lib/gcc/x86_64-linux-gnu/11/lto-wrapper -plugin-opt=-fresolution=/tmp/ccsWpd9k.res --build-id --eh-frame-hdr -m elf_x86_64 --hash-style=gnu --as-needed -dynamic-linker /lib64/ld-linux-x86-64.so.2 -pie -z now -z relro -o /opt/rustwide/target/debug/deps/08-f4e364d3ee7d86ac /usr/lib/gcc/x86_64-linux-gnu/11/../../../x86_64-linux-gnu/Scrt1.o /usr/lib/gcc/x86_64-linux-gnu/11/../../../x86_64-linux-gnu/crti.o /usr/lib/gcc/x86_64-linux-gnu/11/crtbeginS.o -L/opt/rustwide/rustup-home/toolchains/nightly-2025-01-18-x86_64-unknown-linux-gnu/lib/rustlib/x86_64-unknown-linux-gnu/lib -L/opt/rustwide/rustup-home/toolchains/nightly-2025-01-18-x86_64-unknown-linux-gnu/lib/rustlib/x86_64-unknown-linux-gnu/bin/gcc-ld -L/usr/lib/gcc/x86_64-linux-gnu/11 -L/usr/lib/gcc/x86_64-linux-gnu/11/../../../x86_64-linux-gnu -L/usr/lib/gcc/x86_64-linux-gnu/11/../../../../lib -L/lib/x86_64-linux-gnu -L/lib/../lib -L/usr/lib/x86_64-linux-gnu -L/usr/lib/../lib -L/usr/lib/gcc/x86_64-linux-gnu/11/../../.. /tmp/rustcBUTCVL/symbols.o /opt/rustwide/target/debug/deps/08-f4e364d3ee7d86ac.08.73436206111ddc02-cgu.0.rcgu.o /opt/rustwide/target/debug/deps/08-f4e364d3ee7d86ac.08.73436206111ddc02-cgu.1.rcgu.o /opt/rustwide/target/debug/deps/08-f4e364d3ee7d86ac.08.73436206111ddc02-cgu.2.rcgu.o /opt/rustwide/target/debug/deps/08-f4e364d3ee7d86ac.08.73436206111ddc02-cgu.3.rcgu.o /opt/rustwide/target/debug/deps/08-f4e364d3ee7d86ac.08.73436206111ddc02-cgu.4.rcgu.o /opt/rustwide/target/debug/deps/08-f4e364d3ee7d86ac.08.73436206111ddc02-cgu.5.rcgu.o /opt/rustwide/target/debug/deps/08-f4e364d3ee7d86ac.aud3r4va6vzsvuyrw1k0ap06q.rcgu.o --as-needed -Bstatic /opt/rustwide/target/debug/deps/libadvent_of_code-0b9c44ac8c91539c.rlib /opt/rustwide/target/debug/deps/libtinyjson-ad51277de42eb960.rlib /opt/rustwide/target/debug/deps/libpathfinding-ba5376e66af81f6f.rlib /opt/rustwide/target/debug/deps/libinteger_sqrt-2a24ff5c3035ce7b.rlib /opt/rustwide/target/debug/deps/libthiserror-ee93ea9524534f4e.rlib /opt/rustwide/target/debug/deps/librustc_hash-da6ebc350a2d09d3.rlib /opt/rustwide/target/debug/deps/libindexmap-463bb3755008779f.rlib /opt/rustwide/target/debug/deps/libequivalent-36fe78148bbac4ca.rlib /opt/rustwide/target/debug/deps/libhashbrown-49191a6fa1fcaf35.rlib /opt/rustwide/target/debug/deps/libitertools-d5763cb9f0ae30a5.rlib /opt/rustwide/target/debug/deps/libgeo-a4e223edff5a96df.rlib /opt/rustwide/target/debug/deps/libfloat_next_after-c9de5e932a1ac9dd.rlib /opt/rustwide/target/debug/deps/libearcutr-23c0539ff7e46914.rlib /opt/rustwide/target/debug/deps/libitertools-02ac8604ec188c65.rlib /opt/rustwide/target/debug/deps/libspade-f69dd7d19be65b0b.rlib /opt/rustwide/target/debug/deps/libhashbrown-e9c7bca8e32e7c42.rlib /opt/rustwide/target/debug/deps/libahash-192110533a1a4fa5.rlib /opt/rustwide/target/debug/deps/libgetrandom-ff0066e20a7afbce.rlib /opt/rustwide/target/debug/deps/liblibc-8e34fb35caf6938e.rlib /opt/rustwide/target/debug/deps/libonce_cell-44b3727b7ea843b2.rlib /opt/rustwide/target/debug/deps/libcfg_if-8f0231822091c729.rlib /opt/rustwide/target/debug/deps/libzerocopy-836e7e1b464d2035.rlib /opt/rustwide/target/debug/deps/liballocator_api2-b4da0353382159ac.rlib /opt/rustwide/target/debug/deps/libgeographiclib_rs-56a8c0a237a2db49.rlib /opt/rustwide/target/debug/deps/liblibm-a386bd21ee403ae3.rlib /opt/rustwide/target/debug/deps/libi_overlay-e5d31ceaf4e87fe6.rlib /opt/rustwide/target/debug/deps/libi_key_sort-4ff7f131945d31c4.rlib /opt/rustwide/target/debug/deps/libi_shape-45027199f80474b5.rlib /opt/rustwide/target/debug/deps/libi_tree-1b1f7449479f1dcb.rlib /opt/rustwide/target/debug/deps/libi_float-f59c6dffe32acf4d.rlib /opt/rustwide/target/debug/deps/libserde-2781d5a14029e5f0.rlib /opt/rustwide/target/debug/deps/librobust-f2309daa0a64a707.rlib /opt/rustwide/target/debug/deps/libgeo_types-edf39fee86c8e6ed.rlib /opt/rustwide/target/debug/deps/librstar-53da6548ae80f238.rlib /opt/rustwide/target/debug/deps/libheapless-de4b225e0e855c38.rlib /opt/rustwide/target/debug/deps/libhash32-911e172456183743.rlib /opt/rustwide/target/debug/deps/libbyteorder-8614b87242077c82.rlib /opt/rustwide/target/debug/deps/libsmallvec-eac8be0f7215ab5a.rlib /opt/rustwide/target/debug/deps/librayon-92575ec6811d7d5b.rlib /opt/rustwide/target/debug/deps/librayon_core-6c25b10acfa35938.rlib /opt/rustwide/target/debug/deps/libcrossbeam_deque-02cacee7a0179104.rlib /opt/rustwide/target/debug/deps/libcrossbeam_epoch-91989cb2feb8394f.rlib /opt/rustwide/target/debug/deps/libcrossbeam_utils-a7b638103b5f7428.rlib /opt/rustwide/target/debug/deps/libeither-d5b0480b68084373.rlib /opt/rustwide/target/debug/deps/libapprox-f735fdd7a4b820f4.rlib /opt/rustwide/target/debug/deps/libnum_traits-5110182f7dbb4f43.rlib /opt/rustwide/target/debug/deps/liblog-a656f11c0b426409.rlib /opt/rustwide/rustup-home/toolchains/nightly-2025-01-18-x86_64-unknown-linux-gnu/lib/rustlib/x86_64-unknown-linux-gnu/lib/libstd-006123e2ce67e99d.rlib /opt/rustwide/rustup-home/toolchains/nightly-2025-01-18-x86_64-unknown-linux-gnu/lib/rustlib/x86_64-unknown-linux-gnu/lib/libpanic_unwind-e1447e1efa6f1e57.rlib /opt/rustwide/rustup-home/toolchains/nightly-2025-01-18-x86_64-unknown-linux-gnu/lib/rustlib/x86_64-unknown-linux-gnu/lib/libobject-f6963a4916fcf097.rlib /opt/rustwide/rustup-home/toolchains/nightly-2025-01-18-x86_64-unknown-linux-gnu/lib/rustlib/x86_64-unknown-linux-gnu/lib/libmemchr-49a2d9af912f4524.rlib /opt/rustwide/rustup-home/toolchains/nightly-2025-01-18-x86_64-unknown-linux-gnu/lib/rustlib/x86_64-unknown-linux-gnu/lib/libaddr2line-04d19aad3936869d.rlib /opt/rustwide/rustup-home/toolchains/nightly-2025-01-18-x86_64-unknown-linux-gnu/lib/rustlib/x86_64-unknown-linux-gnu/lib/libgimli-483c235edb789db0.rlib /opt/rustwide/rustup-home/toolchains/nightly-2025-01-18-x86_64-unknown-linux-gnu/lib/rustlib/x86_64-unknown-linux-gnu/lib/librustc_demangle-294281af50b8f748.rlib /opt/rustwide/rustup-home/toolchains/nightly-2025-01-18-x86_64-unknown-linux-gnu/lib/rustlib/x86_64-unknown-linux-gnu/lib/libstd_detect-3b08295250aabc2a.rlib /opt/rustwide/rustup-home/toolchains/nightly-2025-01-18-x86_64-unknown-linux-gnu/lib/rustlib/x86_64-unknown-linux-gnu/lib/libhashbrown-4472d1e05ba0dfaf.rlib /opt/rustwide/rustup-home/toolchains/nightly-2025-01-18-x86_64-unknown-linux-gnu/lib/rustlib/x86_64-unknown-linux-gnu/lib/librustc_std_workspace_alloc-2ef099fac590e457.rlib /opt/rustwide/rustup-home/toolchains/nightly-2025-01-18-x86_64-unknown-linux-gnu/lib/rustlib/x86_64-unknown-linux-gnu/lib/libminiz_oxide-8a51f5e848546c29.rlib /opt/rustwide/rustup-home/toolchains/nightly-2025-01-18-x86_64-unknown-linux-gnu/lib/rustlib/x86_64-unknown-linux-gnu/lib/libadler2-3d3fa22b868db521.rlib /opt/rustwide/rustup-home/toolchains/nightly-2025-01-18-x86_64-unknown-linux-gnu/lib/rustlib/x86_64-unknown-linux-gnu/lib/libunwind-0ffda8b08e22dbea.rlib /opt/rustwide/rustup-home/toolchains/nightly-2025-01-18-x86_64-unknown-linux-gnu/lib/rustlib/x86_64-unknown-linux-gnu/lib/libcfg_if-b08f62458fdd43b9.rlib /opt/rustwide/rustup-home/toolchains/nightly-2025-01-18-x86_64-unknown-linux-gnu/lib/rustlib/x86_64-unknown-linux-gnu/lib/liblibc-559675126e63b890.rlib /opt/rustwide/rustup-home/toolchains/nightly-2025-01-18-x86_64-unknown-linux-gnu/lib/rustlib/x86_64-unknown-linux-gnu/lib/liballoc-fcf21c8d1c9c7b75.rlib /opt/rustwide/rustup-home/toolchains/nightly-2025-01-18-x86_64-unknown-linux-gnu/lib/rustlib/x86_64-unknown-linux-gnu/lib/librustc_std_workspace_core-e0b0460135bcf21d.rlib /opt/rustwide/rustup-home/toolchains/nightly-2025-01-18-x86_64-unknown-linux-gnu/lib/rustlib/x86_64-unknown-linux-gnu/lib/libcore-d4097fdcbddd3bc7.rlib /opt/rustwide/rustup-home/toolchains/nightly-2025-01-18-x86_64-unknown-linux-gnu/lib/rustlib/x86_64-unknown-linux-gnu/lib/libcompiler_builtins-fea484ac1eed7881.rlib -Bdynamic -lgcc_s -lutil -lrt -lpthread -lm -ldl -lc --eh-frame-hdr -z noexecstack --gc-sections -z relro -z now /usr/lib/gcc/x86_64-linux-gnu/11/crtendS.o /usr/lib/gcc/x86_64-linux-gnu/11/../../../x86_64-linux-gnu/crtn.o
[INFO] [stdout]           LLVM ERROR: IO failure on output stream: No space left on device
[INFO] [stdout]           collect2: error: ld returned 1 exit status
[INFO] [stdout]           
[INFO] [stdout] 
[INFO] [stdout] 
[INFO] [stderr] error: could not compile `advent_of_code` (bin "08") due to 1 previous error
[INFO] [stderr] rustc-LLVM ERROR: IO failure on output stream: No space left on device
[INFO] [stderr] error: could not compile `advent_of_code` (bin "06")
[INFO] [stderr] 
[INFO] [stderr] Caused by:
[INFO] [stderr]   No space left on device (os error 28)
[INFO] [stderr] 
[INFO] [stderr] Caused by:
[INFO] [stderr]   failed to parse process output: `/opt/rustwide/rustup-home/toolchains/nightly-2025-01-18-x86_64-unknown-linux-gnu/bin/rustc --crate-name 06 --edition=2021 src/bin/06.rs --error-format=json --json=diagnostic-rendered-ansi,artifacts,future-incompat --crate-type bin --emit=dep-info,link -C embed-bitcode=no -C debuginfo=2 --check-cfg 'cfg(docsrs,test)' --check-cfg 'cfg(feature, values("chrono", "dhat", "dhat-heap", "test_lib", "today"))' -C metadata=a3daedb5300286b6 -C extra-filename=-1036ef17f3f5c9fa --out-dir /opt/rustwide/target/debug/deps -L dependency=/opt/rustwide/target/debug/deps --extern advent_of_code=/opt/rustwide/target/debug/deps/libadvent_of_code-0b9c44ac8c91539c.rlib --extern geo=/opt/rustwide/target/debug/deps/libgeo-a4e223edff5a96df.rlib --extern graph=/opt/rustwide/target/debug/deps/libgraph-eda3c5a0155ea174.rlib --extern itertools=/opt/rustwide/target/debug/deps/libitertools-d5763cb9f0ae30a5.rlib --extern pathfinding=/opt/rustwide/target/debug/deps/libpathfinding-ba5376e66af81f6f.rlib --extern petgraph=/opt/rustwide/target/debug/deps/libpetgraph-a2ad28686ccf4e59.rlib --extern pico_args=/opt/rustwide/target/debug/deps/libpico_args-e03f17e89c08a69c.rlib --extern rangetools=/opt/rustwide/target/debug/deps/librangetools-53eca31ecf989d05.rlib --extern regex=/opt/rustwide/target/debug/deps/libregex-a08af9b40130bf2a.rlib --extern tinyjson=/opt/rustwide/target/debug/deps/libtinyjson-ad51277de42eb960.rlib --cap-lints=forbid -Zrandomize-layout` (exit status: 101)
[INFO] running `Command { std: "docker" "inspect" "b34cdf8218a4c51695760c867b1e3e2f8143d5101e66af3a084d620eb535c2ae", kill_on_drop: false }`
[INFO] running `Command { std: "docker" "rm" "-f" "b34cdf8218a4c51695760c867b1e3e2f8143d5101e66af3a084d620eb535c2ae", kill_on_drop: false }`
[INFO] [stdout] b34cdf8218a4c51695760c867b1e3e2f8143d5101e66af3a084d620eb535c2ae
