[INFO] cloning repository https://github.com/google/evcxr
[INFO] running `Command { std: "git" "-c" "credential.helper=" "-c" "credential.helper=/workspace/cargo-home/bin/git-credential-null" "clone" "--bare" "https://github.com/google/evcxr" "/workspace/cache/git-repos/https%3A%2F%2Fgithub.com%2Fgoogle%2Fevcxr", kill_on_drop: false }`
[INFO] [stderr] Cloning into bare repository '/workspace/cache/git-repos/https%3A%2F%2Fgithub.com%2Fgoogle%2Fevcxr'...
[INFO] running `Command { std: "git" "rev-parse" "HEAD", kill_on_drop: false }`
[INFO] [stdout] f025ab6cf9dd7573622f8ab2678c7ac89d218317
[INFO] testing google/evcxr against nightly-2025-01-18 for randomize-layout-2
[INFO] running `Command { std: "git" "clone" "/workspace/cache/git-repos/https%3A%2F%2Fgithub.com%2Fgoogle%2Fevcxr" "/workspace/builds/worker-0-tc1/source", kill_on_drop: false }`
[INFO] [stderr] Cloning into '/workspace/builds/worker-0-tc1/source'...
[INFO] [stderr] done.
[INFO] validating manifest of git repo https://github.com/google/evcxr on toolchain nightly-2025-01-18
[INFO] running `Command { std: CARGO_HOME="/workspace/cargo-home" RUSTUP_HOME="/workspace/rustup-home" "/workspace/cargo-home/bin/cargo" "+nightly-2025-01-18" "metadata" "--manifest-path" "Cargo.toml" "--no-deps", kill_on_drop: false }`
[INFO] started tweaking git repo https://github.com/google/evcxr
[INFO] finished tweaking git repo https://github.com/google/evcxr
[INFO] tweaked toml for git repo https://github.com/google/evcxr written to /workspace/builds/worker-0-tc1/source/Cargo.toml
[INFO] crate git repo https://github.com/google/evcxr already has a lockfile, it will not be regenerated
[INFO] running `Command { std: CARGO_HOME="/workspace/cargo-home" RUSTUP_HOME="/workspace/rustup-home" "/workspace/cargo-home/bin/cargo" "+nightly-2025-01-18" "fetch" "--manifest-path" "Cargo.toml", kill_on_drop: false }`
[INFO] [stderr] warning: /workspace/builds/worker-0-tc1/source/evcxr_runtime/Cargo.toml: no edition set: defaulting to the 2015 edition while the latest is 2024
[INFO] [stderr]     Updating crates.io index
[INFO] [stderr]  Downloading crates ...
[INFO] [stderr]   Downloaded always-assert v0.2.0
[INFO] [stderr]   Downloaded chalk-derive v0.98.0
[INFO] [stderr]   Downloaded chalk-solve v0.98.0
[INFO] [stderr]   Downloaded mimalloc v0.1.43
[INFO] [stderr]   Downloaded libmimalloc-sys v0.1.39
[INFO] [stderr]   Downloaded zeromq v0.4.1
[INFO] [stderr]   Downloaded ra-ap-rustc_pattern_analysis v0.63.0
[INFO] [stderr]   Downloaded ra_ap_cfg v0.0.233
[INFO] [stderr]   Downloaded ra_ap_vfs-notify v0.0.233
[INFO] [stderr]   Downloaded ra_ap_limit v0.0.233
[INFO] [stderr]   Downloaded ra_ap_tt v0.0.233
[INFO] [stderr]   Downloaded ra_ap_intern v0.0.233
[INFO] [stderr]   Downloaded ra_ap_stdx v0.0.233
[INFO] [stderr]   Downloaded ra_ap_salsa-macros v0.0.233
[INFO] [stderr]   Downloaded ra_ap_span v0.0.233
[INFO] [stderr]   Downloaded ra_ap_toolchain v0.0.233
[INFO] [stderr]   Downloaded sig v1.0.0
[INFO] [stderr]   Downloaded ra_ap_profile v0.0.233
[INFO] [stderr]   Downloaded ra_ap_paths v0.0.233
[INFO] [stderr]   Downloaded ra_ap_text_edit v0.0.233
[INFO] [stderr]   Downloaded ra_ap_vfs v0.0.233
[INFO] [stderr]   Downloaded ra-ap-rustc_abi v0.63.0
[INFO] [stderr]   Downloaded ra_ap_syntax-bridge v0.0.233
[INFO] [stderr]   Downloaded ra_ap_mbe v0.0.233
[INFO] [stderr]   Downloaded ra_ap_base_db v0.0.233
[INFO] [stderr]   Downloaded ra-ap-rustc_index_macros v0.63.0
[INFO] [stderr]   Downloaded ra-ap-rustc_index v0.63.0
[INFO] [stderr]   Downloaded ra-ap-rustc_parse_format v0.63.0
[INFO] [stderr]   Downloaded rustc_apfloat v0.2.1+llvm-462a31f5a5ab
[INFO] [stderr]   Downloaded ra-ap-rustc_lexer v0.63.0
[INFO] [stderr]   Downloaded ra_ap_ide_ssr v0.0.233
[INFO] [stderr]   Downloaded ra_ap_salsa v0.0.233
[INFO] [stderr]   Downloaded ra_ap_ide_diagnostics v0.0.233
[INFO] [stderr]   Downloaded ra_ap_hir_expand v0.0.233
[INFO] [stderr]   Downloaded ra_ap_hir v0.0.233
[INFO] [stderr]   Downloaded ra_ap_syntax v0.0.233
[INFO] [stderr]   Downloaded ra_ap_ide_completion v0.0.233
[INFO] [stderr]   Downloaded ra_ap_project_model v0.0.233
[INFO] [stderr]   Downloaded ra_ap_parser v0.0.233
[INFO] [stderr]   Downloaded ra_ap_ide_db v0.0.233
[INFO] [stderr]   Downloaded chalk-recursive v0.98.0
[INFO] [stderr]   Downloaded ariadne v0.4.1
[INFO] [stderr]   Downloaded evcxr_input v1.0.0
[INFO] [stderr]   Downloaded chalk-ir v0.98.0
[INFO] [stderr]   Downloaded ra_ap_ide_assists v0.0.233
[INFO] [stderr]   Downloaded ra_ap_hir_ty v0.0.233
[INFO] [stderr]   Downloaded ra_ap_ide v0.0.233
[INFO] [stderr]   Downloaded ra_ap_hir_def v0.0.233
[INFO] running `Command { std: "docker" "create" "-v" "/var/lib/crater-agent-workspace/builds/worker-0-tc1/target:/opt/rustwide/target:rw,Z" "-v" "/var/lib/crater-agent-workspace/builds/worker-0-tc1/source:/opt/rustwide/workdir:ro,Z" "-v" "/var/lib/crater-agent-workspace/cargo-home:/opt/rustwide/cargo-home:ro,Z" "-v" "/var/lib/crater-agent-workspace/rustup-home:/opt/rustwide/rustup-home:ro,Z" "-e" "SOURCE_DIR=/opt/rustwide/workdir" "-e" "CARGO_TARGET_DIR=/opt/rustwide/target" "-e" "CARGO_HOME=/opt/rustwide/cargo-home" "-e" "RUSTUP_HOME=/opt/rustwide/rustup-home" "-w" "/opt/rustwide/workdir" "-m" "1610612736" "--user" "0:0" "--network" "none" "ghcr.io/rust-lang/crates-build-env/linux@sha256:819108c5571ea2e421544af4d832f968d213c87fbe3707a016657f43d2f853bc" "/opt/rustwide/cargo-home/bin/cargo" "+nightly-2025-01-18" "metadata" "--no-deps" "--format-version=1", kill_on_drop: false }`
[INFO] [stdout] 296e4ba5ec0061534d18221da4ae5d0e1ad4305f8f99cc4178f2bb58ed8c6178
[INFO] running `Command { std: "docker" "start" "-a" "296e4ba5ec0061534d18221da4ae5d0e1ad4305f8f99cc4178f2bb58ed8c6178", kill_on_drop: false }`
[INFO] running `Command { std: "docker" "inspect" "296e4ba5ec0061534d18221da4ae5d0e1ad4305f8f99cc4178f2bb58ed8c6178", kill_on_drop: false }`
[INFO] running `Command { std: "docker" "rm" "-f" "296e4ba5ec0061534d18221da4ae5d0e1ad4305f8f99cc4178f2bb58ed8c6178", kill_on_drop: false }`
[INFO] [stdout] 296e4ba5ec0061534d18221da4ae5d0e1ad4305f8f99cc4178f2bb58ed8c6178
[INFO] running `Command { std: "docker" "create" "-v" "/var/lib/crater-agent-workspace/builds/worker-0-tc1/target:/opt/rustwide/target:rw,Z" "-v" "/var/lib/crater-agent-workspace/builds/worker-0-tc1/source:/opt/rustwide/workdir:ro,Z" "-v" "/var/lib/crater-agent-workspace/cargo-home:/opt/rustwide/cargo-home:ro,Z" "-v" "/var/lib/crater-agent-workspace/rustup-home:/opt/rustwide/rustup-home:ro,Z" "-e" "SOURCE_DIR=/opt/rustwide/workdir" "-e" "CARGO_TARGET_DIR=/opt/rustwide/target" "-e" "CARGO_INCREMENTAL=0" "-e" "RUST_BACKTRACE=full" "-e" "RUSTFLAGS=--cap-lints=forbid" "-e" "RUSTDOCFLAGS=--cap-lints=forbid" "-e" "CARGO_HOME=/opt/rustwide/cargo-home" "-e" "RUSTUP_HOME=/opt/rustwide/rustup-home" "-w" "/opt/rustwide/workdir" "-m" "1610612736" "--user" "0:0" "--network" "none" "ghcr.io/rust-lang/crates-build-env/linux@sha256:819108c5571ea2e421544af4d832f968d213c87fbe3707a016657f43d2f853bc" "/opt/rustwide/cargo-home/bin/cargo" "+nightly-2025-01-18" "build" "--frozen" "--message-format=json", kill_on_drop: false }`
[INFO] [stdout] 975edab73602486239797b71f7f956ba175b21a34c679344843beae53583967b
[INFO] running `Command { std: "docker" "start" "-a" "975edab73602486239797b71f7f956ba175b21a34c679344843beae53583967b", kill_on_drop: false }`
[INFO] [stderr] warning: /opt/rustwide/workdir/evcxr_runtime/Cargo.toml: no edition set: defaulting to the 2015 edition while the latest is 2024
[INFO] [stderr]    Compiling proc-macro2 v1.0.87
[INFO] [stderr]    Compiling unicode-ident v1.0.13
[INFO] [stderr]    Compiling libc v0.2.159
[INFO] [stderr]    Compiling cfg-if v1.0.0
[INFO] [stderr]    Compiling autocfg v1.4.0
[INFO] [stderr]    Compiling serde v1.0.210
[INFO] [stderr]    Compiling pin-project-lite v0.2.14
[INFO] [stderr]    Compiling once_cell v1.20.2
[INFO] [stderr]    Compiling smallvec v1.13.2
[INFO] [stderr]    Compiling crossbeam-utils v0.8.20
[INFO] [stderr]    Compiling either v1.13.0
[INFO] [stderr]    Compiling parking_lot_core v0.9.10
[INFO] [stderr]    Compiling rustc-hash v1.1.0
[INFO] [stderr]    Compiling hashbrown v0.15.0
[INFO] [stderr]    Compiling scopeguard v1.2.0
[INFO] [stderr]    Compiling equivalent v1.0.1
[INFO] [stderr]    Compiling bitflags v2.6.0
[INFO] [stderr]    Compiling camino v1.1.9
[INFO] [stderr]    Compiling hashbrown v0.14.5
[INFO] [stderr]    Compiling text-size v1.1.1
[INFO] [stderr]    Compiling jod-thread v0.1.2
[INFO] [stderr]    Compiling tracing-core v0.1.32
[INFO] [stderr]    Compiling stable_deref_trait v1.2.0
[INFO] [stderr]    Compiling unicode-xid v0.2.6
[INFO] [stderr]    Compiling itertools v0.12.1
[INFO] [stderr]    Compiling unicode-properties v0.1.3
[INFO] [stderr]    Compiling arrayvec v0.7.6
[INFO] [stderr]    Compiling fst v0.4.7
[INFO] [stderr]    Compiling ra-ap-rustc_lexer v0.63.0
[INFO] [stderr]    Compiling nohash-hasher v0.2.0
[INFO] [stderr]    Compiling ra_ap_limit v0.0.233
[INFO] [stderr]    Compiling countme v3.0.1
[INFO] [stderr]    Compiling bitflags v1.3.2
[INFO] [stderr]    Compiling heck v0.4.1
[INFO] [stderr]    Compiling drop_bomb v0.1.5
[INFO] [stderr]    Compiling memchr v2.7.4
[INFO] [stderr]    Compiling sptr v0.3.2
[INFO] [stderr]    Compiling smol_str v0.2.2
[INFO] [stderr]    Compiling log v0.4.22
[INFO] [stderr]    Compiling cov-mark v2.0.0
[INFO] [stderr]    Compiling lock_api v0.4.12
[INFO] [stderr]    Compiling memoffset v0.9.1
[INFO] [stderr]    Compiling indexmap v2.6.0
[INFO] [stderr]    Compiling quote v1.0.37
[INFO] [stderr]    Compiling oorandom v11.1.4
[INFO] [stderr]    Compiling la-arena v0.3.1
[INFO] [stderr]    Compiling semver v1.0.23
[INFO] [stderr]    Compiling version_check v0.9.5
[INFO] [stderr]    Compiling lz4_flex v0.11.3
[INFO] [stderr]    Compiling syn v2.0.79
[INFO] [stderr]    Compiling rustc_apfloat v0.2.1+llvm-462a31f5a5ab
[INFO] [stderr]    Compiling fixedbitset v0.4.2
[INFO] [stderr]    Compiling ena v0.14.3
[INFO] [stderr]    Compiling rayon-core v1.12.1
[INFO] [stderr]    Compiling typed-arena v2.0.2
[INFO] [stderr]    Compiling scoped-tls v1.0.1
[INFO] [stderr]    Compiling simd-adler32 v0.3.7
[INFO] [stderr]    Compiling line-index v0.1.1
[INFO] [stderr]    Compiling crossbeam-channel v0.5.13
[INFO] [stderr]    Compiling crossbeam-epoch v0.9.18
[INFO] [stderr]    Compiling adler2 v2.0.0
[INFO] [stderr]    Compiling serde_json v1.0.128
[INFO] [stderr]    Compiling petgraph v0.6.5
[INFO] [stderr]    Compiling crossbeam-deque v0.8.5
[INFO] [stderr]    Compiling rustix v0.38.37
[INFO] [stderr]    Compiling miniz_oxide v0.8.0
[INFO] [stderr]    Compiling rowan v0.15.15
[INFO] [stderr]    Compiling ra_ap_text_edit v0.0.233
[INFO] [stderr]    Compiling perf-event-open-sys v1.0.1
[INFO] [stderr]    Compiling parking_lot v0.12.3
[INFO] [stderr]    Compiling dashmap v5.5.3
[INFO] [stderr]    Compiling unicase v2.7.0
[INFO] [stderr]    Compiling home v0.5.9
[INFO] [stderr]    Compiling linux-raw-sys v0.4.14
[INFO] [stderr]    Compiling perf-event v0.4.7
[INFO] [stderr]    Compiling ryu v1.0.18
[INFO] [stderr]    Compiling itoa v1.0.11
[INFO] [stderr]    Compiling tinyvec_macros v0.1.1
[INFO] [stderr]    Compiling thiserror v1.0.64
[INFO] [stderr]    Compiling tinyvec v1.8.0
[INFO] [stderr]    Compiling rayon v1.10.0
[INFO] [stderr]    Compiling ra_ap_profile v0.0.233
[INFO] [stderr]    Compiling pulldown-cmark v0.9.6
[INFO] [stderr]    Compiling inotify-sys v0.1.5
[INFO] [stderr]    Compiling same-file v1.0.6
[INFO] [stderr]    Compiling typenum v1.17.0
[INFO] [stderr]    Compiling unicode-bidi v0.3.17
[INFO] [stderr]    Compiling regex-syntax v0.8.5
[INFO] [stderr]    Compiling percent-encoding v2.3.1
[INFO] [stderr]    Compiling anyhow v1.0.89
[INFO] [stderr]    Compiling form_urlencoded v1.2.1
[INFO] [stderr]    Compiling walkdir v2.5.0
[INFO] [stderr]    Compiling inotify v0.9.6
[INFO] [stderr]    Compiling filetime v0.2.25
[INFO] [stderr]    Compiling mio v0.8.11
[INFO] [stderr]    Compiling unicode-normalization v0.1.24
[INFO] [stderr]    Compiling generic-array v0.14.7
[INFO] [stderr]    Compiling winnow v0.6.20
[INFO] [stderr]    Compiling option-ext v0.2.0
[INFO] [stderr]    Compiling byteorder v1.5.0
[INFO] [stderr]    Compiling shlex v1.3.0
[INFO] [stderr]    Compiling unicode-width v0.1.14
[INFO] [stderr]    Compiling gimli v0.31.1
[INFO] [stderr]    Compiling idna v0.5.0
[INFO] [stderr]    Compiling cc v1.1.28
[INFO] [stderr]    Compiling dirs-sys v0.4.1
[INFO] [stderr]    Compiling pulldown-cmark-to-cmark v10.0.4
[INFO] [stderr]    Compiling notify v6.1.1
[INFO] [stderr]    Compiling regex-automata v0.4.8
[INFO] [stderr]    Compiling url v2.5.2
[INFO] [stderr]    Compiling which v6.0.3
[INFO] [stderr]    Compiling object v0.36.5
[INFO] [stderr]    Compiling num-traits v0.2.19
[INFO] [stderr]    Compiling fastrand v2.1.1
[INFO] [stderr]    Compiling dot v0.1.4
[INFO] [stderr]    Compiling evcxr v0.18.0 (/opt/rustwide/workdir/evcxr)
[INFO] [stderr]    Compiling utf8parse v0.2.2
[INFO] [stderr]    Compiling yansi v1.0.1
[INFO] [stderr]    Compiling rustc-demangle v0.1.24
[INFO] [stderr]    Compiling unicode-segmentation v1.12.0
[INFO] [stderr]    Compiling synstructure v0.13.1
[INFO] [stderr]    Compiling ariadne v0.4.1
[INFO] [stderr]    Compiling tempfile v3.13.0
[INFO] [stderr]    Compiling libmimalloc-sys v0.1.39
[INFO] [stderr]    Compiling dirs v5.0.1
[INFO] [stderr]    Compiling getrandom v0.2.15
[INFO] [stderr]    Compiling sig v1.0.0
[INFO] [stderr]    Compiling slab v0.4.9
[INFO] [stderr]    Compiling libloading v0.8.5
[INFO] [stderr]    Compiling futures-core v0.3.31
[INFO] [stderr]    Compiling futures-sink v0.3.31
[INFO] [stderr]    Compiling json v0.12.4
[INFO] [stderr]    Compiling cfg_aliases v0.2.1
[INFO] [stderr]    Compiling cfg_aliases v0.1.1
[INFO] [stderr]    Compiling evcxr_input v1.0.0
[INFO] [stderr]    Compiling nix v0.28.0
[INFO] [stderr]    Compiling nix v0.29.0
[INFO] [stderr]    Compiling regex v1.11.0
[INFO] [stderr]    Compiling anstyle-parse v0.2.5
[INFO] [stderr]    Compiling futures-io v0.3.31
[INFO] [stderr]    Compiling bytes v1.7.2
[INFO] [stderr]    Compiling colorchoice v1.0.2
[INFO] [stderr]    Compiling is_terminal_polyfill v1.70.1
[INFO] [stderr]    Compiling anstyle v1.0.8
[INFO] [stderr]    Compiling anstyle-query v1.1.1
[INFO] [stderr]    Compiling crypto-common v0.1.6
[INFO] [stderr]    Compiling block-buffer v0.10.4
[INFO] [stderr]    Compiling serde_derive v1.0.210
[INFO] [stderr]    Compiling tracing-attributes v0.1.27
[INFO] [stderr]    Compiling ra_ap_salsa-macros v0.0.233
[INFO] [stderr]    Compiling ra-ap-rustc_index_macros v0.63.0
[INFO] [stderr]    Compiling chalk-derive v0.98.0
[INFO] [stderr]    Compiling thiserror-impl v1.0.64
[INFO] [stderr]    Compiling zerocopy-derive v0.7.35
[INFO] [stderr]    Compiling ra-ap-rustc_index v0.63.0
[INFO] [stderr]    Compiling chalk-ir v0.98.0
[INFO] [stderr]    Compiling ra-ap-rustc_parse_format v0.63.0
[INFO] [stderr]    Compiling addr2line v0.24.2
[INFO] [stderr]    Compiling zerocopy v0.7.35
[INFO] [stderr]    Compiling anstream v0.6.15
[INFO] [stderr]    Compiling tokio-macros v2.4.0
[INFO] [stderr]    Compiling tracing v0.1.40
[INFO] [stderr]    Compiling futures-macro v0.3.31
[INFO] [stderr]    Compiling ppv-lite86 v0.2.20
[INFO] [stderr]    Compiling rand_core v0.6.4
[INFO] [stderr]    Compiling always-assert v0.2.0
[INFO] [stderr]    Compiling ra_ap_parser v0.0.233
[INFO] [stderr]    Compiling ra_ap_stdx v0.0.233
[INFO] [stderr]    Compiling ra-ap-rustc_abi v0.63.0
[INFO] [stderr]    Compiling ra-ap-rustc_pattern_analysis v0.63.0
[INFO] [stderr]    Compiling mio v1.0.2
[INFO] [stderr]    Compiling signal-hook-registry v1.4.2
[INFO] [stderr]    Compiling socket2 v0.5.7
[INFO] [stderr]    Compiling nibble_vec v0.1.0
[INFO] [stderr]    Compiling crc32fast v1.4.2
[INFO] [stderr]    Compiling futures-task v0.3.31
[INFO] [stderr]    Compiling subtle v2.6.1
[INFO] [stderr]    Compiling endian-type v0.1.2
[INFO] [stderr]    Compiling clap_lex v0.7.2
[INFO] [stderr]    Compiling lazy_static v1.5.0
[INFO] [stderr]    Compiling strsim v0.11.1
[INFO] [stderr]    Compiling heck v0.5.0
[INFO] [stderr]    Compiling pin-utils v0.1.0
[INFO] [stderr]    Compiling futures-util v0.3.31
[INFO] [stderr]    Compiling clap_derive v4.5.18
[INFO] [stderr]    Compiling chalk-solve v0.98.0
[INFO] [stderr]    Compiling tokio v1.40.0
[INFO] [stderr]    Compiling clap_builder v4.5.20
[INFO] [stderr]    Compiling digest v0.10.7
[INFO] [stderr]    Compiling colored v2.1.0
[INFO] [stderr]    Compiling backtrace v0.3.74
[INFO] [stderr]    Compiling radix_trie v0.2.1
[INFO] [stderr]    Compiling flate2 v1.0.34
[INFO] [stderr]    Compiling rand_chacha v0.3.1
[INFO] [stderr]    Compiling mimalloc v0.1.43
[INFO] [stderr]    Compiling fd-lock v4.0.2
[INFO] [stderr]    Compiling fdeflate v0.3.5
[INFO] [stderr]    Compiling rand v0.8.5
[INFO] [stderr]    Compiling png v0.17.14
[INFO] [stderr]    Compiling async-trait v0.1.83
[INFO] [stderr]    Compiling ctrlc v3.4.5
[INFO] [stderr]    Compiling futures-channel v0.3.31
[INFO] [stderr]    Compiling uuid v1.10.0
[INFO] [stderr]    Compiling crossbeam-queue v0.3.11
[INFO] [stderr]    Compiling color_quant v1.1.0
[INFO] [stderr]    Compiling yansi v0.5.1
[INFO] [stderr]    Compiling iana-time-zone v0.1.61
[INFO] [stderr]    Compiling cpufeatures v0.2.14
[INFO] [stderr]    Compiling bytemuck v1.18.0
[INFO] [stderr]    Compiling base64 v0.13.1
[INFO] [stderr]    Compiling sha2 v0.10.8
[INFO] [stderr]    Compiling rustyline v14.0.0
[INFO] [stderr]    Compiling chrono v0.4.38
[INFO] [stderr]    Compiling image v0.24.9
[INFO] [stderr]    Compiling evcxr_runtime v1.1.0 (/opt/rustwide/workdir/evcxr_runtime)
[INFO] [stderr]    Compiling asynchronous-codec v0.7.0
[INFO] [stderr]    Compiling hmac v0.12.1
[INFO] [stderr]    Compiling hex v0.4.3
[INFO] [stderr]    Compiling chalk-recursive v0.98.0
[INFO] [stderr]    Compiling clap v4.5.20
[INFO] [stderr]    Compiling triomphe v0.1.14
[INFO] [stderr]    Compiling ra_ap_intern v0.0.233
[INFO] [stderr]    Compiling ra_ap_salsa v0.0.233
[INFO] [stderr]    Compiling ra_ap_paths v0.0.233
[INFO] [stderr]    Compiling ra_ap_syntax v0.0.233
[INFO] [stderr]    Compiling ra_ap_vfs v0.0.233
[INFO] [stderr]    Compiling ra_ap_toolchain v0.0.233
[INFO] [stderr]    Compiling cargo-platform v0.1.8
[INFO] [stderr]    Compiling serde_spanned v0.6.8
[INFO] [stderr]    Compiling toml_datetime v0.6.8
[INFO] [stderr]    Compiling evcxr_image v1.1.0 (/opt/rustwide/workdir/runtimes/evcxr_image)
[INFO] [stderr]    Compiling cargo_metadata v0.18.1
[INFO] [stderr]    Compiling toml_edit v0.22.22
[INFO] [stderr]    Compiling ra_ap_vfs-notify v0.0.233
[INFO] [stderr]    Compiling ra_ap_tt v0.0.233
[INFO] [stderr]    Compiling tokio-util v0.7.12
[INFO] [stderr]    Compiling ra_ap_cfg v0.0.233
[INFO] [stderr]    Compiling toml v0.8.19
[INFO] [stderr]    Compiling zeromq v0.4.1
[INFO] [stderr]    Compiling ra_ap_span v0.0.233
[INFO] [stderr]    Compiling ra_ap_syntax-bridge v0.0.233
[INFO] [stderr]    Compiling ra_ap_base_db v0.0.233
[INFO] [stderr]    Compiling ra_ap_mbe v0.0.233
[INFO] [stderr]    Compiling ra_ap_project_model v0.0.233
[INFO] [stderr]    Compiling ra_ap_hir_expand v0.0.233
[INFO] [stderr]    Compiling ra_ap_hir_def v0.0.233
[INFO] [stderr]    Compiling ra_ap_hir_ty v0.0.233
[INFO] [stderr]    Compiling ra_ap_hir v0.0.233
[INFO] [stderr]    Compiling ra_ap_ide_db v0.0.233
[INFO] [stderr]    Compiling ra_ap_ide_assists v0.0.233
[INFO] [stderr]    Compiling ra_ap_ide_completion v0.0.233
[INFO] [stderr]    Compiling ra_ap_ide_diagnostics v0.0.233
[INFO] [stderr]    Compiling ra_ap_ide_ssr v0.0.233
[INFO] [stderr]    Compiling ra_ap_ide v0.0.233
[INFO] [stderr]    Compiling evcxr_repl v0.18.0 (/opt/rustwide/workdir/evcxr_repl)
[INFO] [stderr]    Compiling evcxr_jupyter v0.18.0 (/opt/rustwide/workdir/evcxr_jupyter)
[INFO] [stderr]    Compiling print_performance_info v0.1.0 (/opt/rustwide/workdir/print_performance_info)
[INFO] [stderr]     Finished `dev` profile [optimized] target(s) in 5m 32s
[INFO] running `Command { std: "docker" "inspect" "975edab73602486239797b71f7f956ba175b21a34c679344843beae53583967b", kill_on_drop: false }`
[INFO] running `Command { std: "docker" "rm" "-f" "975edab73602486239797b71f7f956ba175b21a34c679344843beae53583967b", kill_on_drop: false }`
[INFO] [stdout] 975edab73602486239797b71f7f956ba175b21a34c679344843beae53583967b
[INFO] running `Command { std: "docker" "create" "-v" "/var/lib/crater-agent-workspace/builds/worker-0-tc1/target:/opt/rustwide/target:rw,Z" "-v" "/var/lib/crater-agent-workspace/builds/worker-0-tc1/source:/opt/rustwide/workdir:ro,Z" "-v" "/var/lib/crater-agent-workspace/cargo-home:/opt/rustwide/cargo-home:ro,Z" "-v" "/var/lib/crater-agent-workspace/rustup-home:/opt/rustwide/rustup-home:ro,Z" "-e" "SOURCE_DIR=/opt/rustwide/workdir" "-e" "CARGO_TARGET_DIR=/opt/rustwide/target" "-e" "CARGO_INCREMENTAL=0" "-e" "RUST_BACKTRACE=full" "-e" "RUSTFLAGS=--cap-lints=forbid" "-e" "RUSTDOCFLAGS=--cap-lints=forbid" "-e" "CARGO_HOME=/opt/rustwide/cargo-home" "-e" "RUSTUP_HOME=/opt/rustwide/rustup-home" "-w" "/opt/rustwide/workdir" "-m" "1610612736" "--user" "0:0" "--network" "none" "ghcr.io/rust-lang/crates-build-env/linux@sha256:819108c5571ea2e421544af4d832f968d213c87fbe3707a016657f43d2f853bc" "/opt/rustwide/cargo-home/bin/cargo" "+nightly-2025-01-18" "test" "--frozen" "--no-run" "--message-format=json", kill_on_drop: false }`
[INFO] [stdout] 5802c7ccc541a29ca4168423211529a2f17b54fc717fa6cf08c8bd5eb6ccca81
[INFO] running `Command { std: "docker" "start" "-a" "5802c7ccc541a29ca4168423211529a2f17b54fc717fa6cf08c8bd5eb6ccca81", kill_on_drop: false }`
[INFO] [stderr] warning: /opt/rustwide/workdir/evcxr_runtime/Cargo.toml: no edition set: defaulting to the 2015 edition while the latest is 2024
[INFO] [stderr]    Compiling evcxr v0.18.0 (/opt/rustwide/workdir/evcxr)
[INFO] [stderr]    Compiling evcxr_runtime v1.1.0 (/opt/rustwide/workdir/evcxr_runtime)
[INFO] [stderr]    Compiling evcxr_repl v0.18.0 (/opt/rustwide/workdir/evcxr_repl)
[INFO] [stderr]    Compiling print_performance_info v0.1.0 (/opt/rustwide/workdir/print_performance_info)
[INFO] [stderr]    Compiling evcxr_jupyter v0.18.0 (/opt/rustwide/workdir/evcxr_jupyter)
[INFO] [stderr]    Compiling evcxr_image v1.1.0 (/opt/rustwide/workdir/runtimes/evcxr_image)
[INFO] [stderr]     Finished `test` profile [optimized] target(s) in 17.22s
[INFO] running `Command { std: "docker" "inspect" "5802c7ccc541a29ca4168423211529a2f17b54fc717fa6cf08c8bd5eb6ccca81", kill_on_drop: false }`
[INFO] running `Command { std: "docker" "rm" "-f" "5802c7ccc541a29ca4168423211529a2f17b54fc717fa6cf08c8bd5eb6ccca81", kill_on_drop: false }`
[INFO] [stdout] 5802c7ccc541a29ca4168423211529a2f17b54fc717fa6cf08c8bd5eb6ccca81
[INFO] running `Command { std: "docker" "create" "-v" "/var/lib/crater-agent-workspace/builds/worker-0-tc1/target:/opt/rustwide/target:rw,Z" "-v" "/var/lib/crater-agent-workspace/builds/worker-0-tc1/source:/opt/rustwide/workdir:ro,Z" "-v" "/var/lib/crater-agent-workspace/cargo-home:/opt/rustwide/cargo-home:ro,Z" "-v" "/var/lib/crater-agent-workspace/rustup-home:/opt/rustwide/rustup-home:ro,Z" "-e" "SOURCE_DIR=/opt/rustwide/workdir" "-e" "CARGO_TARGET_DIR=/opt/rustwide/target" "-e" "CARGO_INCREMENTAL=0" "-e" "RUST_BACKTRACE=full" "-e" "RUSTFLAGS=--cap-lints=forbid" "-e" "RUSTDOCFLAGS=--cap-lints=forbid" "-e" "CARGO_HOME=/opt/rustwide/cargo-home" "-e" "RUSTUP_HOME=/opt/rustwide/rustup-home" "-w" "/opt/rustwide/workdir" "-m" "1610612736" "--user" "0:0" "--network" "none" "ghcr.io/rust-lang/crates-build-env/linux@sha256:819108c5571ea2e421544af4d832f968d213c87fbe3707a016657f43d2f853bc" "/opt/rustwide/cargo-home/bin/cargo" "+nightly-2025-01-18" "test" "--frozen", kill_on_drop: false }`
[INFO] [stdout] 97eb61aefbafcca07e46ec9306e90f539bc090e3f831476064087e4f71a9c0ff
[INFO] running `Command { std: "docker" "start" "-a" "97eb61aefbafcca07e46ec9306e90f539bc090e3f831476064087e4f71a9c0ff", kill_on_drop: false }`
[INFO] [stderr] warning: /opt/rustwide/workdir/evcxr_runtime/Cargo.toml: no edition set: defaulting to the 2015 edition while the latest is 2024
[INFO] [stderr]     Finished `test` profile [optimized] target(s) in 0.37s
[INFO] [stderr]      Running unittests src/lib.rs (/opt/rustwide/target/debug/deps/evcxr-007afbfb2df6e6fe)
[INFO] [stdout] 
[INFO] [stdout] running 25 tests
[INFO] [stdout] test cargo_metadata::tests::test_library_names_from_metadata ... ok
[INFO] [stdout] test crate_config::tests::test_escape_toml_string ... ok
[INFO] [stdout] test crate_config::tests::make_paths_absolute ... ok
[INFO] [stdout] test rust_analyzer::test::test_is_type_valid ... ok
[INFO] [stdout] test eval_context::tests::test_replace_reserved_words_in_type ... ok
[INFO] [stdout] test module::cache::tests::test_rustc_command_line ... ok
[INFO] [stdout] test statement_splitter::test::crate_attributes ... ok
[INFO] [stdout] test statement_splitter::test::expression ... ok
[INFO] [stdout] test statement_splitter::test::multiple_lines ... ok
[INFO] [stdout] test module::cache::tests::test_hash ... ok
[INFO] [stdout] test statement_splitter::test::partial_code ... ok
[INFO] [stdout] test statement_splitter::test::single_line ... ok
[INFO] [stdout] test statement_splitter::test::macro_call ... ok
[INFO] [stdout] test code_block::test::basic_usage ... ok
[INFO] [stdout] test statement_splitter::test::single_line_use_and_expr ... ok
[INFO] [stdout] test statement_splitter::test::else_statements ... ok
[INFO] [stdout] test statement_splitter::test::statement_ends_with_brace ... ok
[INFO] [stdout] test statement_splitter::test::trailing_comment ... ok
[INFO] [stdout] test use_trees::tests::test_complex_tree ... ok
[INFO] [stdout] test use_trees::tests::test_glob ... ok
[INFO] [stdout] test use_trees::tests::test_underscore ... ok
[INFO] [stdout] test eval_context::tests::test_attributes ... ok
[INFO] [stdout] test cargo_metadata::tests::valid_dependency ... ok
[INFO] [stdout] test cargo_metadata::tests::invalid_feature ... ok
[INFO] [stdout] test rust_analyzer::test::get_variable_types ... ok
[INFO] [stdout] 
[INFO] [stdout] test result: ok. 25 passed; 0 failed; 0 ignored; 0 measured; 0 filtered out; finished in 0.63s
[INFO] [stdout] 
[INFO] [stderr]      Running unittests src/bin/testing_runtime.rs (/opt/rustwide/target/debug/deps/testing_runtime-e048269af618e4cc)
[INFO] [stdout] 
[INFO] [stderr]      Running tests/integration_tests.rs (/opt/rustwide/target/debug/deps/integration_tests-8139482879d81bcb)
[INFO] [stdout] running 0 tests
[INFO] [stdout] 
[INFO] [stdout] test result: ok. 0 passed; 0 failed; 0 ignored; 0 measured; 0 filtered out; finished in 0.00s
[INFO] [stdout] 
[INFO] [stdout] 
[INFO] [stdout] running 41 tests
[INFO] [stdout] test function_panics_without_variable_preserving ... FAILED
[INFO] [stdout] test check_for_doc ... ok
[INFO] [stdout] test function_panics_with_variable_preserving ... FAILED
[INFO] [stdout] test crate_name_with_hyphens ... ok
[INFO] [stdout] test crate_show_deps ... ok
[INFO] [stdout] test crate_deps ... ok
[INFO] [stdout] test abort_and_restart ... ok
[INFO] [stdout] test const_generics_with_explicit_type ... ok
[INFO] [stdout] test continue_execution_after_bad_use_statement ... ok
[INFO] [stdout] test define_then_call_function ... ok
[INFO] [stdout] test error_from_macro_expansion ... ok
[INFO] [stdout] test define_then_call_macro ... ok
[INFO] [stdout] test code_completion ... FAILED
[INFO] [stdout] test display_type ... ok
[INFO] [stdout] test check_for_errors ... ok
[INFO] [stdout] test format ... ok
[INFO] [stdout] test int_array ... ok
[INFO] [stdout] test invalid_code ... ok
[INFO] [stdout] test missing_semicolon_on_let_stmt ... ok
[INFO] [stdout] test moved_value ... FAILED
[INFO] [stdout] test partially_inferred_variable_type ... FAILED
[INFO] [stdout] test statement_and_expression ... FAILED
[INFO] [stdout] test non_concrete_types ... ok
[INFO] [stdout] test reserved_words ... ok
[INFO] [stdout] test multiple_identical_use_statements ... ok
[INFO] [stdout] test unnamable_type_closure ... ok
[INFO] [stderr]    Compiling crate1 v0.0.1 (/tmp/.tmpZFT50U)   Compiling crate2 v0.0.1 (/tmp/.tmp51PDeW)   Compiling crate1 v0.0.1 (/tmp/.tmpdnP7UW)   Compiling crate2 v0.0.1 (/tmp/.tmps6s14P)No such file or directory (os error 2)
[INFO] [stdout] test non_semi_statements ... ok
[INFO] [stdout] test single_statement ... ok
[INFO] [stdout] test unnamable_type_impl_trait ... ok
[INFO] [stdout] test question_mark_operator ... FAILED
[INFO] [stdout] test tls_implementing_drop ... ok
[INFO] [stderr] The type of the variable f2 was redefined, so was lost.
[INFO] [stderr] The type of the variable f1 was redefined, so was lost.
[INFO] [stdout] test print_then_assign_variable ... ok
[INFO] [stdout] test partial_destructuring ... ok
[INFO] [stdout] test variable_assignment_compile_fail_then_use_statement ... ok
[INFO] [stdout] test repeated_use_statements ... ok
[INFO] [stdout] test rc_refcell_etc ... ok
[INFO] [stdout] test shorten_type_name ... ok
[INFO] [stdout] test printing ... ok
[INFO] [stdout] test redefine_type_with_existing_var ... ok
[INFO] [stdout] test struct_type_inference ... ok
[INFO] [stdout] test save_and_restore_variables ... FAILED
[INFO] [stdout] 
[INFO] [stdout] failures:
[INFO] [stdout] 
[INFO] [stdout] ---- function_panics_without_variable_preserving stdout ----
[INFO] [stdout] ======== last src ========
[INFO] [stdout] #![allow(unused_imports, unused_mut, dead_code)]
[INFO] [stdout] 
[INFO] [stdout]             struct EvcxrUserCodeError {}
[INFO] [stdout]             impl<T: std::fmt::Display> From<T> for EvcxrUserCodeError {
[INFO] [stdout]                 fn from(error: T) -> Self {
[INFO] [stdout]                     eprintln!("{}", error);
[INFO] [stdout]                     
[INFO] [stdout]                     EvcxrUserCodeError {}
[INFO] [stdout]                 }
[INFO] [stdout]             }
[INFO] [stdout]         
[INFO] [stdout] fn evcxr_variable_store<T: 'static>(_: T) {}
[INFO] [stdout] #[allow(unused_variables)]
[INFO] [stdout] async fn evcxr_analysis_wrapper(
[INFO] [stdout] ) -> Result<(), EvcxrUserCodeError> {
[INFO] [stdout]         let a = vec![1, 2, 3];
[INFO] [stdout]         
[INFO] [stdout] let b = 42;
[INFO] [stdout]     
[INFO] [stdout] evcxr_variable_store(a);
[INFO] [stdout] evcxr_variable_store(b);
[INFO] [stdout] Ok(())
[INFO] [stdout] }
[INFO] [stdout] ==========================
[INFO] [stdout] Couldn't automatically determine type of variable `a`.
[INFO] [stdout] Please give it an explicit type.
[INFO] [stdout] 
[INFO] [stdout] thread 'function_panics_without_variable_preserving' panicked at evcxr/tests/integration_tests.rs:301:5:
[INFO] [stdout] Unexpected compilation error. See above for details
[INFO] [stdout] stack backtrace:
[INFO] [stdout]    0:     0x60508748e89a - <std::sys::backtrace::BacktraceLock::print::DisplayBacktrace as core::fmt::Display>::fmt::h71a62eb3b9696b12
[INFO] [stdout]    1:     0x6050874bcb33 - core::fmt::write::h2cc1698af7e2d686
[INFO] [stdout]    2:     0x60508748a803 - std::io::Write::write_fmt::hab1b4cd059a79022
[INFO] [stdout]    3:     0x60508748e6e2 - std::sys::backtrace::BacktraceLock::print::h147fe35b4ea13b08
[INFO] [stdout]    4:     0x60508748fd8f - std::panicking::default_hook::{{closure}}::hbd44223dbdc0d208
[INFO] [stdout]    5:     0x60508748fba8 - std::panicking::default_hook::h20f81eb0576efcec
[INFO] [stdout]    6:     0x6050866aab03 - test::test_main::{{closure}}::hc0a4963c59427c24
[INFO] [stdout]    7:     0x605087490883 - std::panicking::rust_panic_with_hook::h625eea43051b2edc
[INFO] [stdout]    8:     0x605087490506 - std::panicking::begin_panic_handler::{{closure}}::h4f9159cfbc3f6bd3
[INFO] [stdout]    9:     0x60508748ed99 - std::sys::backtrace::__rust_end_short_backtrace::h0390abce48353151
[INFO] [stdout]   10:     0x6050874901cd - rust_begin_unwind
[INFO] [stdout]   11:     0x6050874b9cb0 - core::panicking::panic_fmt::h9e7c637e9e5f29c9
[INFO] [stdout]   12:     0x60508665b57f - integration_tests::eval_and_unwrap::h29f33c74c6279ecc
[INFO] [stdout]   13:     0x60508664fe34 - core::ops::function::FnOnce::call_once::h621cb184f5f3a58e
[INFO] [stdout]   14:     0x6050866b025b - test::__rust_begin_short_backtrace::h4e84902998457a5d
[INFO] [stdout]   15:     0x6050866af193 - test::run_test::{{closure}}::hfb2007f8649c30bb
[INFO] [stdout]   16:     0x605086672275 - std::sys::backtrace::__rust_begin_short_backtrace::hd2d2d2fb8e8c6aac
[INFO] [stdout]   17:     0x605086675b5a - core::ops::function::FnOnce::call_once{{vtable.shim}}::h048ce291ad4f62bf
[INFO] [stdout]   18:     0x6050874968bb - std::sys::pal::unix::thread::Thread::new::thread_start::h2d970728ae887adc
[INFO] [stdout]   19:     0x79f06d802ac3 - <unknown>
[INFO] [stdout]   20:     0x79f06d893a04 - clone
[INFO] [stdout]   21:                0x0 - <unknown>
[INFO] [stdout] 
[INFO] [stdout] ---- function_panics_with_variable_preserving stdout ----
[INFO] [stdout] ======== last src ========
[INFO] [stdout] #![allow(unused_imports, unused_mut, dead_code)]
[INFO] [stdout] 
[INFO] [stdout]             struct EvcxrUserCodeError {}
[INFO] [stdout]             impl<T: std::fmt::Display> From<T> for EvcxrUserCodeError {
[INFO] [stdout]                 fn from(error: T) -> Self {
[INFO] [stdout]                     eprintln!("{}", error);
[INFO] [stdout]                     
[INFO] [stdout]                     EvcxrUserCodeError {}
[INFO] [stdout]                 }
[INFO] [stdout]             }
[INFO] [stdout]         
[INFO] [stdout] fn evcxr_variable_store<T: 'static>(_: T) {}
[INFO] [stdout] #[allow(unused_variables)]
[INFO] [stdout] async fn evcxr_analysis_wrapper(
[INFO] [stdout] ) -> Result<(), EvcxrUserCodeError> {
[INFO] [stdout]         let a = vec![1, 2, 3];
[INFO] [stdout]         
[INFO] [stdout] let b = 42;
[INFO] [stdout]     
[INFO] [stdout] evcxr_variable_store(a);
[INFO] [stdout] evcxr_variable_store(b);
[INFO] [stdout] Ok(())
[INFO] [stdout] }
[INFO] [stdout] ==========================
[INFO] [stdout] Couldn't automatically determine type of variable `a`.
[INFO] [stdout] Please give it an explicit type.
[INFO] [stdout] 
[INFO] [stdout] thread 'function_panics_with_variable_preserving' panicked at evcxr/tests/integration_tests.rs:279:5:
[INFO] [stdout] Unexpected compilation error. See above for details
[INFO] [stdout] stack backtrace:
[INFO] [stdout]    0:     0x60508748e89a - <std::sys::backtrace::BacktraceLock::print::DisplayBacktrace as core::fmt::Display>::fmt::h71a62eb3b9696b12
[INFO] [stdout]    1:     0x6050874bcb33 - core::fmt::write::h2cc1698af7e2d686
[INFO] [stdout]    2:     0x60508748a803 - std::io::Write::write_fmt::hab1b4cd059a79022
[INFO] [stdout]    3:     0x60508748e6e2 - std::sys::backtrace::BacktraceLock::print::h147fe35b4ea13b08
[INFO] [stdout]    4:     0x60508748fd8f - std::panicking::default_hook::{{closure}}::hbd44223dbdc0d208
[INFO] [stdout]    5:     0x60508748fba8 - std::panicking::default_hook::h20f81eb0576efcec
[INFO] [stdout]    6:     0x6050866aab03 - test::test_main::{{closure}}::hc0a4963c59427c24
[INFO] [stdout]    7:     0x605087490883 - std::panicking::rust_panic_with_hook::h625eea43051b2edc
[INFO] [stdout]    8:     0x605087490506 - std::panicking::begin_panic_handler::{{closure}}::h4f9159cfbc3f6bd3
[INFO] [stdout]    9:     0x60508748ed99 - std::sys::backtrace::__rust_end_short_backtrace::h0390abce48353151
[INFO] [stdout]   10:     0x6050874901cd - rust_begin_unwind
[INFO] [stdout]   11:     0x6050874b9cb0 - core::panicking::panic_fmt::h9e7c637e9e5f29c9
[INFO] [stdout]   12:     0x60508665b57f - integration_tests::eval_and_unwrap::h29f33c74c6279ecc
[INFO] [stdout]   13:     0x605086650c1d - core::ops::function::FnOnce::call_once::h6fec538bfe2230a7
[INFO] [stdout]   14:     0x6050866b025b - test::__rust_begin_short_backtrace::h4e84902998457a5d
[INFO] [stdout]   15:     0x6050866af193 - test::run_test::{{closure}}::hfb2007f8649c30bb
[INFO] [stdout]   16:     0x605086672275 - std::sys::backtrace::__rust_begin_short_backtrace::hd2d2d2fb8e8c6aac
[INFO] [stdout]   17:     0x605086675b5a - core::ops::function::FnOnce::call_once{{vtable.shim}}::h048ce291ad4f62bf
[INFO] [stdout]   18:     0x6050874968bb - std::sys::pal::unix::thread::Thread::new::thread_start::h2d970728ae887adc
[INFO] [stdout]   19:     0x79f06d802ac3 - <unknown>
[INFO] [stdout]   20:     0x79f06d893a04 - clone
[INFO] [stdout]   21:                0x0 - <unknown>
[INFO] [stdout] 
[INFO] [stdout] ---- code_completion stdout ----
[INFO] [stdout] 
[INFO] [stdout] thread 'code_completion' panicked at evcxr/tests/integration_tests.rs:907:6:
[INFO] [stdout] called `Result::unwrap()` on an `Err` value: Message("Couldn't automatically determine type of variable `var2`.\nPlease give it an explicit type.")
[INFO] [stdout] stack backtrace:
[INFO] [stdout]    0:     0x60508748e89a - <std::sys::backtrace::BacktraceLock::print::DisplayBacktrace as core::fmt::Display>::fmt::h71a62eb3b9696b12
[INFO] [stdout]    1:     0x6050874bcb33 - core::fmt::write::h2cc1698af7e2d686
[INFO] [stdout]    2:     0x60508748a803 - std::io::Write::write_fmt::hab1b4cd059a79022
[INFO] [stdout]    3:     0x60508748e6e2 - std::sys::backtrace::BacktraceLock::print::h147fe35b4ea13b08
[INFO] [stdout]    4:     0x60508748fd8f - std::panicking::default_hook::{{closure}}::hbd44223dbdc0d208
[INFO] [stdout]    5:     0x60508748fba8 - std::panicking::default_hook::h20f81eb0576efcec
[INFO] [stdout]    6:     0x6050866aab03 - test::test_main::{{closure}}::hc0a4963c59427c24
[INFO] [stdout]    7:     0x605087490883 - std::panicking::rust_panic_with_hook::h625eea43051b2edc
[INFO] [stdout]    8:     0x60508749053a - std::panicking::begin_panic_handler::{{closure}}::h4f9159cfbc3f6bd3
[INFO] [stdout]    9:     0x60508748ed99 - std::sys::backtrace::__rust_end_short_backtrace::h0390abce48353151
[INFO] [stdout]   10:     0x6050874901cd - rust_begin_unwind
[INFO] [stdout]   11:     0x6050874b9cb0 - core::panicking::panic_fmt::h9e7c637e9e5f29c9
[INFO] [stdout]   12:     0x6050874ba186 - core::result::unwrap_failed::h7979f09313fe1849
[INFO] [stdout]   13:     0x605086657bc0 - core::ops::function::FnOnce::call_once::hffbabaa9ffe54a7b
[INFO] [stdout]   14:     0x6050866b025b - test::__rust_begin_short_backtrace::h4e84902998457a5d
[INFO] [stdout]   15:     0x6050866af193 - test::run_test::{{closure}}::hfb2007f8649c30bb
[INFO] [stdout]   16:     0x605086672275 - std::sys::backtrace::__rust_begin_short_backtrace::hd2d2d2fb8e8c6aac
[INFO] [stdout]   17:     0x605086675b5a - core::ops::function::FnOnce::call_once{{vtable.shim}}::h048ce291ad4f62bf
[INFO] [stdout]   18:     0x6050874968bb - std::sys::pal::unix::thread::Thread::new::thread_start::h2d970728ae887adc
[INFO] [stdout]   19:     0x79f06d802ac3 - <unknown>
[INFO] [stdout]   20:     0x79f06d893a04 - clone
[INFO] [stdout]   21:                0x0 - <unknown>
[INFO] [stdout] 
[INFO] [stdout] ---- moved_value stdout ----
[INFO] [stdout] ======== last src ========
[INFO] [stdout] #![allow(unused_imports, unused_mut, dead_code)]
[INFO] [stdout] 
[INFO] [stdout]             struct EvcxrUserCodeError {}
[INFO] [stdout]             impl<T: std::fmt::Display> From<T> for EvcxrUserCodeError {
[INFO] [stdout]                 fn from(error: T) -> Self {
[INFO] [stdout]                     eprintln!("{}", error);
[INFO] [stdout]                     
[INFO] [stdout]                     EvcxrUserCodeError {}
[INFO] [stdout]                 }
[INFO] [stdout]             }
[INFO] [stdout]         
[INFO] [stdout] fn evcxr_variable_store<T: 'static>(_: T) {}
[INFO] [stdout] #[allow(unused_variables)]
[INFO] [stdout] async fn evcxr_analysis_wrapper(
[INFO] [stdout] ) -> Result<(), EvcxrUserCodeError> {
[INFO] [stdout] let a = Some("foo".to_owned());
[INFO] [stdout] evcxr_variable_store(a);
[INFO] [stdout] Ok(())
[INFO] [stdout] }
[INFO] [stdout] ==========================
[INFO] [stdout] Couldn't automatically determine type of variable `a`.
[INFO] [stdout] Please give it an explicit type.
[INFO] [stdout] 
[INFO] [stdout] thread 'moved_value' panicked at evcxr/tests/integration_tests.rs:352:5:
[INFO] [stdout] Unexpected compilation error. See above for details
[INFO] [stdout] stack backtrace:
[INFO] [stdout]    0:     0x60508748e89a - <std::sys::backtrace::BacktraceLock::print::DisplayBacktrace as core::fmt::Display>::fmt::h71a62eb3b9696b12
[INFO] [stdout]    1:     0x6050874bcb33 - core::fmt::write::h2cc1698af7e2d686
[INFO] [stdout]    2:     0x60508748a803 - std::io::Write::write_fmt::hab1b4cd059a79022
[INFO] [stdout]    3:     0x60508748e6e2 - std::sys::backtrace::BacktraceLock::print::h147fe35b4ea13b08
[INFO] [stdout]    4:     0x60508748fd8f - std::panicking::default_hook::{{closure}}::hbd44223dbdc0d208
[INFO] [stdout]    5:     0x60508748fba8 - std::panicking::default_hook::h20f81eb0576efcec
[INFO] [stdout]    6:     0x6050866aab03 - test::test_main::{{closure}}::hc0a4963c59427c24
[INFO] [stdout]    7:     0x605087490883 - std::panicking::rust_panic_with_hook::h625eea43051b2edc
[INFO] [stdout]    8:     0x605087490506 - std::panicking::begin_panic_handler::{{closure}}::h4f9159cfbc3f6bd3
[INFO] [stdout]    9:     0x60508748ed99 - std::sys::backtrace::__rust_end_short_backtrace::h0390abce48353151
[INFO] [stdout]   10:     0x6050874901cd - rust_begin_unwind
[INFO] [stdout]   11:     0x6050874b9cb0 - core::panicking::panic_fmt::h9e7c637e9e5f29c9
[INFO] [stdout]   12:     0x60508665b57f - integration_tests::eval_and_unwrap::h29f33c74c6279ecc
[INFO] [stdout]   13:     0x60508664ed8a - core::ops::function::FnOnce::call_once::h2b180b29bc9c008e
[INFO] [stdout]   14:     0x6050866b025b - test::__rust_begin_short_backtrace::h4e84902998457a5d
[INFO] [stdout]   15:     0x6050866af193 - test::run_test::{{closure}}::hfb2007f8649c30bb
[INFO] [stdout]   16:     0x605086672275 - std::sys::backtrace::__rust_begin_short_backtrace::hd2d2d2fb8e8c6aac
[INFO] [stdout]   17:     0x605086675b5a - core::ops::function::FnOnce::call_once{{vtable.shim}}::h048ce291ad4f62bf
[INFO] [stdout]   18:     0x6050874968bb - std::sys::pal::unix::thread::Thread::new::thread_start::h2d970728ae887adc
[INFO] [stdout]   19:     0x79f06d802ac3 - <unknown>
[INFO] [stdout]   20:     0x79f06d893a04 - clone
[INFO] [stdout]   21:                0x0 - <unknown>
[INFO] [stdout] 
[INFO] [stdout] ---- partially_inferred_variable_type stdout ----
[INFO] [stdout] ======== last src ========
[INFO] [stdout] #![allow(unused_imports, unused_mut, dead_code)]
[INFO] [stdout] 
[INFO] [stdout]             struct EvcxrUserCodeError {}
[INFO] [stdout]             impl<T: std::fmt::Display> From<T> for EvcxrUserCodeError {
[INFO] [stdout]                 fn from(error: T) -> Self {
[INFO] [stdout]                     eprintln!("{}", error);
[INFO] [stdout]                     
[INFO] [stdout]                     EvcxrUserCodeError {}
[INFO] [stdout]                 }
[INFO] [stdout]             }
[INFO] [stdout]         
[INFO] [stdout] fn evcxr_variable_store<T: 'static>(_: T) {}
[INFO] [stdout] #[allow(unused_variables)]
[INFO] [stdout] async fn evcxr_analysis_wrapper(
[INFO] [stdout] ) -> Result<(), EvcxrUserCodeError> {
[INFO] [stdout] let v : Vec<_> = (1..10).collect();
[INFO] [stdout] evcxr_variable_store(v);
[INFO] [stdout] Ok(())
[INFO] [stdout] }
[INFO] [stdout] ==========================
[INFO] [stdout] Couldn't automatically determine type of variable `v`.
[INFO] [stdout] Please give it an explicit type.
[INFO] [stdout] 
[INFO] [stdout] thread 'partially_inferred_variable_type' panicked at evcxr/tests/integration_tests.rs:737:5:
[INFO] [stdout] Unexpected compilation error. See above for details
[INFO] [stdout] stack backtrace:
[INFO] [stdout]    0:     0x60508748e89a - <std::sys::backtrace::BacktraceLock::print::DisplayBacktrace as core::fmt::Display>::fmt::h71a62eb3b9696b12
[INFO] [stdout]    1:     0x6050874bcb33 - core::fmt::write::h2cc1698af7e2d686
[INFO] [stdout]    2:     0x60508748a803 - std::io::Write::write_fmt::hab1b4cd059a79022
[INFO] [stdout]    3:     0x60508748e6e2 - std::sys::backtrace::BacktraceLock::print::h147fe35b4ea13b08
[INFO] [stdout]    4:     0x60508748fd8f - std::panicking::default_hook::{{closure}}::hbd44223dbdc0d208
[INFO] [stdout]    5:     0x60508748fba8 - std::panicking::default_hook::h20f81eb0576efcec
[INFO] [stdout]    6:     0x6050866aab03 - test::test_main::{{closure}}::hc0a4963c59427c24
[INFO] [stdout]    7:     0x605087490883 - std::panicking::rust_panic_with_hook::h625eea43051b2edc
[INFO] [stdout]    8:     0x605087490506 - std::panicking::begin_panic_handler::{{closure}}::h4f9159cfbc3f6bd3
[INFO] [stdout]    9:     0x60508748ed99 - std::sys::backtrace::__rust_end_short_backtrace::h0390abce48353151
[INFO] [stdout]   10:     0x6050874901cd - rust_begin_unwind
[INFO] [stdout]   11:     0x6050874b9cb0 - core::panicking::panic_fmt::h9e7c637e9e5f29c9
[INFO] [stdout]   12:     0x60508665b57f - integration_tests::eval_and_unwrap::h29f33c74c6279ecc
[INFO] [stdout]   13:     0x6050866546a2 - core::ops::function::FnOnce::call_once::hdd4c82de4a9bdef5
[INFO] [stdout]   14:     0x6050866b025b - test::__rust_begin_short_backtrace::h4e84902998457a5d
[INFO] [stdout]   15:     0x6050866af193 - test::run_test::{{closure}}::hfb2007f8649c30bb
[INFO] [stdout]   16:     0x605086672275 - std::sys::backtrace::__rust_begin_short_backtrace::hd2d2d2fb8e8c6aac
[INFO] [stdout]   17:     0x605086675b5a - core::ops::function::FnOnce::call_once{{vtable.shim}}::h048ce291ad4f62bf
[INFO] [stdout]   18:     0x6050874968bb - std::sys::pal::unix::thread::Thread::new::thread_start::h2d970728ae887adc
[INFO] [stdout]   19:     0x79f06d802ac3 - <unknown>
[INFO] [stdout]   20:     0x79f06d893a04 - clone
[INFO] [stdout]   21:                0x0 - <unknown>
[INFO] [stdout] 
[INFO] [stdout] ---- statement_and_expression stdout ----
[INFO] [stdout] ======== last src ========
[INFO] [stdout] #![allow(unused_imports, unused_mut, dead_code)]
[INFO] [stdout] 
[INFO] [stdout]             struct EvcxrUserCodeError {}
[INFO] [stdout]             impl<T: std::fmt::Display> From<T> for EvcxrUserCodeError {
[INFO] [stdout]                 fn from(error: T) -> Self {
[INFO] [stdout]                     eprintln!("{}", error);
[INFO] [stdout]                     
[INFO] [stdout]                     EvcxrUserCodeError {}
[INFO] [stdout]                 }
[INFO] [stdout]             }
[INFO] [stdout]         
[INFO] [stdout] fn evcxr_variable_store<T: 'static>(_: T) {}
[INFO] [stdout] #[allow(unused_variables)]
[INFO] [stdout] async fn evcxr_analysis_wrapper(
[INFO] [stdout] ) -> Result<(), EvcxrUserCodeError> {
[INFO] [stdout] let a = "foo".to_owned() + "bar"; 
[INFO] [stdout] fn evcxr_send_text_plain(text: &str)
[INFO] [stdout] {
[INFO] [stdout]     use std::io::Write; use std::io::{ self }; fn try_send_text(text: &str) ->
[INFO] [stdout]     io::Result<()>
[INFO] [stdout]     {
[INFO] [stdout]         let stdout = io::stdout(); let mut output = stdout.lock();
[INFO] [stdout]         output.write_all(b"EVCXR_BEGIN_CONTENT text/plain\n")?;
[INFO] [stdout]         output.write_all(text.as_bytes())?;
[INFO] [stdout]         output.write_all(b"\nEVCXR_END_CONTENT\n")?; Ok(())
[INFO] [stdout]     } if let Err(error) = try_send_text(text)
[INFO] [stdout]     {
[INFO] [stdout]         eprintln!("Failed to send content to parent: {:?}", error);
[INFO] [stdout]         std::process::exit(1);
[INFO] [stdout]     }
[INFO] [stdout] }
[INFO] [stdout] evcxr_send_text_plain(&format!("{:?}",&(
[INFO] [stdout] a
[INFO] [stdout] )));
[INFO] [stdout] evcxr_variable_store(a);
[INFO] [stdout] Ok(())
[INFO] [stdout] }
[INFO] [stdout] ==========================
[INFO] [stdout] Couldn't automatically determine type of variable `a`.
[INFO] [stdout] Please give it an explicit type.
[INFO] [stdout] 
[INFO] [stdout] thread 'statement_and_expression' panicked at evcxr/tests/integration_tests.rs:546:9:
[INFO] [stdout] Unexpected compilation error. See above for details
[INFO] [stdout] stack backtrace:
[INFO] [stdout]    0:     0x60508748e89a - <std::sys::backtrace::BacktraceLock::print::DisplayBacktrace as core::fmt::Display>::fmt::h71a62eb3b9696b12
[INFO] [stdout]    1:     0x6050874bcb33 - core::fmt::write::h2cc1698af7e2d686
[INFO] [stdout]    2:     0x60508748a803 - std::io::Write::write_fmt::hab1b4cd059a79022
[INFO] [stdout]    3:     0x60508748e6e2 - std::sys::backtrace::BacktraceLock::print::h147fe35b4ea13b08
[INFO] [stdout]    4:     0x60508748fd8f - std::panicking::default_hook::{{closure}}::hbd44223dbdc0d208
[INFO] [stdout]    5:     0x60508748fba8 - std::panicking::default_hook::h20f81eb0576efcec
[INFO] [stdout]    6:     0x6050866aab03 - test::test_main::{{closure}}::hc0a4963c59427c24
[INFO] [stdout]    7:     0x605087490883 - std::panicking::rust_panic_with_hook::h625eea43051b2edc
[INFO] [stdout]    8:     0x605087490506 - std::panicking::begin_panic_handler::{{closure}}::h4f9159cfbc3f6bd3
[INFO] [stdout]    9:     0x60508748ed99 - std::sys::backtrace::__rust_end_short_backtrace::h0390abce48353151
[INFO] [stdout]   10:     0x6050874901cd - rust_begin_unwind
[INFO] [stdout]   11:     0x6050874b9cb0 - core::panicking::panic_fmt::h9e7c637e9e5f29c9
[INFO] [stdout]   12:     0x60508665b57f - integration_tests::eval_and_unwrap::h29f33c74c6279ecc
[INFO] [stdout]   13:     0x60508665259b - core::ops::function::FnOnce::call_once::ha901cbe5ac865f96
[INFO] [stdout]   14:     0x6050866b025b - test::__rust_begin_short_backtrace::h4e84902998457a5d
[INFO] [stdout]   15:     0x6050866af193 - test::run_test::{{closure}}::hfb2007f8649c30bb
[INFO] [stdout]   16:     0x605086672275 - std::sys::backtrace::__rust_begin_short_backtrace::hd2d2d2fb8e8c6aac
[INFO] [stdout]   17:     0x605086675b5a - core::ops::function::FnOnce::call_once{{vtable.shim}}::h048ce291ad4f62bf
[INFO] [stdout]   18:     0x6050874968bb - std::sys::pal::unix::thread::Thread::new::thread_start::h2d970728ae887adc
[INFO] [stdout]   19:     0x79f06d802ac3 - <unknown>
[INFO] [stdout]   20:     0x79f06d893a04 - clone
[INFO] [stdout]   21:                0x0 - <unknown>
[INFO] [stdout] 
[INFO] [stdout] ---- question_mark_operator stdout ----
[INFO] [stdout] ======== last src ========
[INFO] [stdout] #![allow(unused_imports, unused_mut, dead_code)]
[INFO] [stdout] 
[INFO] [stdout]             struct EvcxrUserCodeError {}
[INFO] [stdout]             impl<T: std::fmt::Debug> From<T> for EvcxrUserCodeError {
[INFO] [stdout]                 fn from(error: T) -> Self {
[INFO] [stdout]                     eprintln!("{:?}", error);
[INFO] [stdout]                     
[INFO] [stdout]                     EvcxrUserCodeError {}
[INFO] [stdout]                 }
[INFO] [stdout]             }
[INFO] [stdout]         
[INFO] [stdout] fn evcxr_variable_store<T: 'static>(_: T) {}
[INFO] [stdout] #[allow(unused_variables)]
[INFO] [stdout] async fn evcxr_analysis_wrapper(
[INFO] [stdout] ) -> Result<(), EvcxrUserCodeError> {
[INFO] [stdout] let owned = "owned".to_string(); 
[INFO] [stdout] let copy = 40; 
[INFO] [stdout] let mut owned_mut =
[INFO] [stdout] "owned_mut".to_string(); 
[INFO] [stdout] let mut copy_mut = 41;
[INFO] [stdout] evcxr_variable_store(copy);
[INFO] [stdout] evcxr_variable_store(owned_mut);
[INFO] [stdout] evcxr_variable_store(owned);
[INFO] [stdout] evcxr_variable_store(copy_mut);
[INFO] [stdout] Ok(())
[INFO] [stdout] }
[INFO] [stdout] ==========================
[INFO] [stdout] Couldn't automatically determine type of variable `owned_mut`.
[INFO] [stdout] Please give it an explicit type.
[INFO] [stdout] 
[INFO] [stdout] thread 'question_mark_operator' panicked at evcxr/tests/integration_tests.rs:808:5:
[INFO] [stdout] Unexpected compilation error. See above for details
[INFO] [stdout] stack backtrace:
[INFO] [stdout]    0:     0x60508748e89a - <std::sys::backtrace::BacktraceLock::print::DisplayBacktrace as core::fmt::Display>::fmt::h71a62eb3b9696b12
[INFO] [stdout]    1:     0x6050874bcb33 - core::fmt::write::h2cc1698af7e2d686
[INFO] [stdout]    2:     0x60508748a803 - std::io::Write::write_fmt::hab1b4cd059a79022
[INFO] [stdout]    3:     0x60508748e6e2 - std::sys::backtrace::BacktraceLock::print::h147fe35b4ea13b08
[INFO] [stdout]    4:     0x60508748fd8f - std::panicking::default_hook::{{closure}}::hbd44223dbdc0d208
[INFO] [stdout]    5:     0x60508748fba8 - std::panicking::default_hook::h20f81eb0576efcec
[INFO] [stdout]    6:     0x6050866aab03 - test::test_main::{{closure}}::hc0a4963c59427c24
[INFO] [stdout]    7:     0x605087490883 - std::panicking::rust_panic_with_hook::h625eea43051b2edc
[INFO] [stdout]    8:     0x605087490506 - std::panicking::begin_panic_handler::{{closure}}::h4f9159cfbc3f6bd3
[INFO] [stdout]    9:     0x60508748ed99 - std::sys::backtrace::__rust_end_short_backtrace::h0390abce48353151
[INFO] [stdout]   10:     0x6050874901cd - rust_begin_unwind
[INFO] [stdout]   11:     0x6050874b9cb0 - core::panicking::panic_fmt::h9e7c637e9e5f29c9
[INFO] [stdout]   12:     0x60508665b57f - integration_tests::eval_and_unwrap::h29f33c74c6279ecc
[INFO] [stdout]   13:     0x60508664ce28 - core::ops::function::FnOnce::call_once::h0622dcf12888f377
[INFO] [stdout]   14:     0x6050866b025b - test::__rust_begin_short_backtrace::h4e84902998457a5d
[INFO] [stdout]   15:     0x6050866af193 - test::run_test::{{closure}}::hfb2007f8649c30bb
[INFO] [stdout]   16:     0x605086672275 - std::sys::backtrace::__rust_begin_short_backtrace::hd2d2d2fb8e8c6aac
[INFO] [stdout]   17:     0x605086675b5a - core::ops::function::FnOnce::call_once{{vtable.shim}}::h048ce291ad4f62bf
[INFO] [stdout]   18:     0x6050874968bb - std::sys::pal::unix::thread::Thread::new::thread_start::h2d970728ae887adc
[INFO] [stdout]   19:     0x79f06d802ac3 - <unknown>
[INFO] [stdout]   20:     0x79f06d893a04 - clone
[INFO] [stdout]   21:                0x0 - <unknown>
[INFO] [stdout] 
[INFO] [stdout] ---- save_and_restore_variables stdout ----
[INFO] [stdout] ======== last src ========
[INFO] [stdout] #![allow(unused_imports, unused_mut, dead_code)]
[INFO] [stdout] fn create_baz() -> Result<Option<foo::bar::Baz>, i32> {
[INFO] [stdout]             Ok(Some(foo::bar::Baz {}))
[INFO] [stdout]         }
[INFO] [stdout]     
[INFO] [stdout]         pub mod foo {
[INFO] [stdout]             pub mod bar {
[INFO] [stdout]                 pub struct Baz {}
[INFO] [stdout]                 impl Baz {
[INFO] [stdout]                     pub fn r42(&self) -> i32 {42}
[INFO] [stdout]                 }
[INFO] [stdout]             }
[INFO] [stdout]         }
[INFO] [stdout]         
[INFO] [stdout] 
[INFO] [stdout]             struct EvcxrUserCodeError {}
[INFO] [stdout]             impl<T: std::fmt::Display> From<T> for EvcxrUserCodeError {
[INFO] [stdout]                 fn from(error: T) -> Self {
[INFO] [stdout]                     eprintln!("{}", error);
[INFO] [stdout]                     
[INFO] [stdout]                     EvcxrUserCodeError {}
[INFO] [stdout]                 }
[INFO] [stdout]             }
[INFO] [stdout]         
[INFO] [stdout] fn evcxr_variable_store<T: 'static>(_: T) {}
[INFO] [stdout] #[allow(unused_variables)]
[INFO] [stdout] async fn evcxr_analysis_wrapper(
[INFO] [stdout] mut a: i32,
[INFO] [stdout] b: i32,
[INFO] [stdout] ) -> Result<(), EvcxrUserCodeError> {
[INFO] [stdout] let v1 = create_baz()?;
[INFO] [stdout] evcxr_variable_store(a);
[INFO] [stdout] evcxr_variable_store(v1);
[INFO] [stdout] evcxr_variable_store(b);
[INFO] [stdout] Ok(())
[INFO] [stdout] }
[INFO] [stdout] ==========================
[INFO] [stdout] Couldn't automatically determine type of variable `v1`.
[INFO] [stdout] Please give it an explicit type.
[INFO] [stdout] 
[INFO] [stdout] thread 'save_and_restore_variables' panicked at evcxr/tests/integration_tests.rs:194:5:
[INFO] [stdout] Unexpected compilation error. See above for details
[INFO] [stdout] stack backtrace:
[INFO] [stdout]    0:     0x60508748e89a - <std::sys::backtrace::BacktraceLock::print::DisplayBacktrace as core::fmt::Display>::fmt::h71a62eb3b9696b12
[INFO] [stdout]    1:     0x6050874bcb33 - core::fmt::write::h2cc1698af7e2d686
[INFO] [stdout]    2:     0x60508748a803 - std::io::Write::write_fmt::hab1b4cd059a79022
[INFO] [stdout]    3:     0x60508748e6e2 - std::sys::backtrace::BacktraceLock::print::h147fe35b4ea13b08
[INFO] [stdout]    4:     0x60508748fd8f - std::panicking::default_hook::{{closure}}::hbd44223dbdc0d208
[INFO] [stdout]    5:     0x60508748fba8 - std::panicking::default_hook::h20f81eb0576efcec
[INFO] [stdout]    6:     0x6050866aab03 - test::test_main::{{closure}}::hc0a4963c59427c24
[INFO] [stdout]    7:     0x605087490883 - std::panicking::rust_panic_with_hook::h625eea43051b2edc
[INFO] [stdout]    8:     0x605087490506 - std::panicking::begin_panic_handler::{{closure}}::h4f9159cfbc3f6bd3
[INFO] [stdout]    9:     0x60508748ed99 - std::sys::backtrace::__rust_end_short_backtrace::h0390abce48353151
[INFO] [stdout]   10:     0x6050874901cd - rust_begin_unwind
[INFO] [stdout]   11:     0x6050874b9cb0 - core::panicking::panic_fmt::h9e7c637e9e5f29c9
[INFO] [stdout]   12:     0x60508665b57f - integration_tests::eval_and_unwrap::h29f33c74c6279ecc
[INFO] [stdout]   13:     0x605086654185 - core::ops::function::FnOnce::call_once::hd909992210bae11b
[INFO] [stdout]   14:     0x6050866b025b - test::__rust_begin_short_backtrace::h4e84902998457a5d
[INFO] [stdout]   15:     0x6050866af193 - test::run_test::{{closure}}::hfb2007f8649c30bb
[INFO] [stdout]   16:     0x605086672275 - std::sys::backtrace::__rust_begin_short_backtrace::hd2d2d2fb8e8c6aac
[INFO] [stdout]   17:     0x605086675b5a - core::ops::function::FnOnce::call_once{{vtable.shim}}::h048ce291ad4f62bf
[INFO] [stdout]   18:     0x6050874968bb - std::sys::pal::unix::thread::Thread::new::thread_start::h2d970728ae887adc
[INFO] [stdout]   19:     0x79f06d802ac3 - <unknown>
[INFO] [stdout]   20:     0x79f06d893a04 - clone
[INFO] [stdout]   21:                0x0 - <unknown>
[INFO] [stdout] 
[INFO] [stdout] 
[INFO] [stdout] failures:
[INFO] [stdout]     code_completion
[INFO] [stdout]     function_panics_with_variable_preserving
[INFO] [stdout]     function_panics_without_variable_preserving
[INFO] [stdout]     moved_value
[INFO] [stdout]     partially_inferred_variable_type
[INFO] [stdout]     question_mark_operator
[INFO] [stdout]     save_and_restore_variables
[INFO] [stdout]     statement_and_expression
[INFO] [stdout] 
[INFO] [stdout] test result: FAILED. 33 passed; 8 failed; 0 ignored; 0 measured; 0 filtered out; finished in 50.50s
[INFO] [stdout] 
[INFO] [stderr] error: test failed, to rerun pass `-p evcxr --test integration_tests`
[INFO] running `Command { std: "docker" "inspect" "97eb61aefbafcca07e46ec9306e90f539bc090e3f831476064087e4f71a9c0ff", kill_on_drop: false }`
[INFO] running `Command { std: "docker" "rm" "-f" "97eb61aefbafcca07e46ec9306e90f539bc090e3f831476064087e4f71a9c0ff", kill_on_drop: false }`
[INFO] [stdout] 97eb61aefbafcca07e46ec9306e90f539bc090e3f831476064087e4f71a9c0ff
