[INFO] cloning repository https://github.com/enaut/pslink
[INFO] running `Command { std: "git" "-c" "credential.helper=" "-c" "credential.helper=/workspace/cargo-home/bin/git-credential-null" "clone" "--bare" "https://github.com/enaut/pslink" "/workspace/cache/git-repos/https%3A%2F%2Fgithub.com%2Fenaut%2Fpslink", kill_on_drop: false }`
[INFO] [stderr] Cloning into bare repository '/workspace/cache/git-repos/https%3A%2F%2Fgithub.com%2Fenaut%2Fpslink'...
[INFO] running `Command { std: "git" "rev-parse" "HEAD", kill_on_drop: false }`
[INFO] [stdout] 2b5ab824d84d4cb4427ed3071ac68b075f3c43d8
[INFO] testing enaut/pslink against nightly-2025-01-18 for randomize-layout-2
[INFO] running `Command { std: "git" "clone" "/workspace/cache/git-repos/https%3A%2F%2Fgithub.com%2Fenaut%2Fpslink" "/workspace/builds/worker-1-tc1/source", kill_on_drop: false }`
[INFO] [stderr] Cloning into '/workspace/builds/worker-1-tc1/source'...
[INFO] [stderr] done.
[INFO] validating manifest of git repo https://github.com/enaut/pslink on toolchain nightly-2025-01-18
[INFO] running `Command { std: CARGO_HOME="/workspace/cargo-home" RUSTUP_HOME="/workspace/rustup-home" "/workspace/cargo-home/bin/cargo" "+nightly-2025-01-18" "metadata" "--manifest-path" "Cargo.toml" "--no-deps", kill_on_drop: false }`
[INFO] started tweaking git repo https://github.com/enaut/pslink
[INFO] finished tweaking git repo https://github.com/enaut/pslink
[INFO] tweaked toml for git repo https://github.com/enaut/pslink written to /workspace/builds/worker-1-tc1/source/Cargo.toml
[INFO] running `Command { std: CARGO_HOME="/workspace/cargo-home" RUSTUP_HOME="/workspace/rustup-home" "/workspace/cargo-home/bin/cargo" "+nightly-2025-01-18" "generate-lockfile" "--manifest-path" "Cargo.toml", kill_on_drop: false }`
[INFO] [stderr]     Updating crates.io index
[INFO] [stderr]     Updating git repository `https://github.com/Dampfwalze/stdweb.git`
[INFO] [stderr]      Locking 535 packages to latest compatible versions
[INFO] [stderr]       Adding actix-identity v0.7.1 (available: v0.8.0)
[INFO] [stderr]       Adding actix-session v0.9.0 (available: v0.10.1)
[INFO] [stderr]       Adding fluent-templates v0.10.1 (available: v0.13.0)
[INFO] [stderr]       Adding js-sys v0.3.70 (available: v0.3.77)
[INFO] [stderr]       Adding opentelemetry v0.25.0 (available: v0.27.1)
[INFO] [stderr]       Adding opentelemetry-otlp v0.25.0 (available: v0.27.0)
[INFO] [stderr]       Adding opentelemetry-semantic-conventions v0.25.0 (available: v0.27.0)
[INFO] [stderr]       Adding opentelemetry_sdk v0.25.0 (available: v0.27.1)
[INFO] [stderr]       Adding thiserror v1.0.69 (available: v2.0.11)
[INFO] [stderr]       Adding tokio v1.38.1 (available: v1.43.0)
[INFO] [stderr]       Adding tokio-macros v2.3.0 (available: v2.5.0)
[INFO] [stderr]       Adding tracing-opentelemetry v0.26.0 (available: v0.28.0)
[INFO] [stderr]       Adding wasm-bindgen v0.2.93 (available: v0.2.100)
[INFO] [stderr]       Adding wasm-bindgen-backend v0.2.93 (available: v0.2.100)
[INFO] [stderr]       Adding wasm-bindgen-futures v0.4.43 (available: v0.4.50)
[INFO] [stderr]       Adding wasm-bindgen-macro v0.2.93 (available: v0.2.100)
[INFO] [stderr]       Adding wasm-bindgen-macro-support v0.2.93 (available: v0.2.100)
[INFO] [stderr]       Adding wasm-bindgen-shared v0.2.93 (available: v0.2.100)
[INFO] [stderr]       Adding web-sys v0.3.70 (available: v0.3.77)
[INFO] running `Command { std: CARGO_HOME="/workspace/cargo-home" RUSTUP_HOME="/workspace/rustup-home" "/workspace/cargo-home/bin/cargo" "+nightly-2025-01-18" "fetch" "--manifest-path" "Cargo.toml", kill_on_drop: false }`
[INFO] [stderr]     Blocking waiting for file lock on package cache
[INFO] [stderr]  Downloading crates ...
[INFO] [stderr]   Downloaded path-slash v0.1.5
[INFO] [stderr]   Downloaded seed v0.10.0
[INFO] [stderr]   Downloaded fluent-template-macros v0.10.1
[INFO] [stderr]   Downloaded actix-web-static-files v4.0.1
[INFO] [stderr]   Downloaded actix-identity v0.7.1
[INFO] [stderr]   Downloaded actix-session v0.9.0
[INFO] [stderr]   Downloaded opentelemetry v0.23.0
[INFO] [stderr]   Downloaded opentelemetry-semantic-conventions v0.15.0
[INFO] [stderr]   Downloaded opentelemetry v0.25.0
[INFO] [stderr]   Downloaded opentelemetry_sdk v0.23.0
[INFO] [stderr]   Downloaded opentelemetry-jaeger v0.22.0
[INFO] [stderr]   Downloaded opentelemetry_sdk v0.25.0
[INFO] [stderr]   Downloaded opentelemetry-proto v0.25.0
[INFO] [stderr]   Downloaded tracing-opentelemetry v0.26.0
[INFO] [stderr]   Downloaded opentelemetry-semantic-conventions v0.25.0
[INFO] [stderr]   Downloaded opentelemetry-otlp v0.25.0
[INFO] [stderr]   Downloaded cookie_store v0.21.1
[INFO] [stderr]   Downloaded fluent-langneg v0.14.1
[INFO] [stderr]   Downloaded fluent-templates v0.10.1
[INFO] [stderr]   Downloaded reqwest_cookie_store v0.8.0
[INFO] [stderr]   Downloaded path-matchers v1.0.2
[INFO] [stderr]   Downloaded change-detection v1.2.0
[INFO] [stderr]   Downloaded enclose v1.2.0
[INFO] [stderr]   Downloaded static-files v0.2.4
[INFO] [stderr]   Downloaded test_bin v0.4.0
[INFO] running `Command { std: "docker" "create" "-v" "/var/lib/crater-agent-workspace/builds/worker-1-tc1/target:/opt/rustwide/target:rw,Z" "-v" "/var/lib/crater-agent-workspace/builds/worker-1-tc1/source:/opt/rustwide/workdir:ro,Z" "-v" "/var/lib/crater-agent-workspace/cargo-home:/opt/rustwide/cargo-home:ro,Z" "-v" "/var/lib/crater-agent-workspace/rustup-home:/opt/rustwide/rustup-home:ro,Z" "-e" "SOURCE_DIR=/opt/rustwide/workdir" "-e" "CARGO_TARGET_DIR=/opt/rustwide/target" "-e" "CARGO_HOME=/opt/rustwide/cargo-home" "-e" "RUSTUP_HOME=/opt/rustwide/rustup-home" "-w" "/opt/rustwide/workdir" "-m" "1610612736" "--user" "0:0" "--network" "none" "ghcr.io/rust-lang/crates-build-env/linux@sha256:819108c5571ea2e421544af4d832f968d213c87fbe3707a016657f43d2f853bc" "/opt/rustwide/cargo-home/bin/cargo" "+nightly-2025-01-18" "metadata" "--no-deps" "--format-version=1", kill_on_drop: false }`
[INFO] [stdout] 17fbfa4b162a2a00b8d11875551999c851bcf7abfa6297c99789e1bc87793a68
[INFO] running `Command { std: "docker" "start" "-a" "17fbfa4b162a2a00b8d11875551999c851bcf7abfa6297c99789e1bc87793a68", kill_on_drop: false }`
[INFO] running `Command { std: "docker" "inspect" "17fbfa4b162a2a00b8d11875551999c851bcf7abfa6297c99789e1bc87793a68", kill_on_drop: false }`
[INFO] running `Command { std: "docker" "rm" "-f" "17fbfa4b162a2a00b8d11875551999c851bcf7abfa6297c99789e1bc87793a68", kill_on_drop: false }`
[INFO] [stdout] 17fbfa4b162a2a00b8d11875551999c851bcf7abfa6297c99789e1bc87793a68
[INFO] running `Command { std: "docker" "create" "-v" "/var/lib/crater-agent-workspace/builds/worker-1-tc1/target:/opt/rustwide/target:rw,Z" "-v" "/var/lib/crater-agent-workspace/builds/worker-1-tc1/source:/opt/rustwide/workdir:ro,Z" "-v" "/var/lib/crater-agent-workspace/cargo-home:/opt/rustwide/cargo-home:ro,Z" "-v" "/var/lib/crater-agent-workspace/rustup-home:/opt/rustwide/rustup-home:ro,Z" "-e" "SOURCE_DIR=/opt/rustwide/workdir" "-e" "CARGO_TARGET_DIR=/opt/rustwide/target" "-e" "CARGO_INCREMENTAL=0" "-e" "RUST_BACKTRACE=full" "-e" "RUSTFLAGS=--cap-lints=forbid" "-e" "RUSTDOCFLAGS=--cap-lints=forbid" "-e" "CARGO_HOME=/opt/rustwide/cargo-home" "-e" "RUSTUP_HOME=/opt/rustwide/rustup-home" "-w" "/opt/rustwide/workdir" "-m" "1610612736" "--user" "0:0" "--network" "none" "ghcr.io/rust-lang/crates-build-env/linux@sha256:819108c5571ea2e421544af4d832f968d213c87fbe3707a016657f43d2f853bc" "/opt/rustwide/cargo-home/bin/cargo" "+nightly-2025-01-18" "build" "--frozen" "--message-format=json", kill_on_drop: false }`
[INFO] [stdout] 910ee2ca70ed396ad6f12fc8394f2273edb19b6b80c517bfc0cb332107957f30
[INFO] running `Command { std: "docker" "start" "-a" "910ee2ca70ed396ad6f12fc8394f2273edb19b6b80c517bfc0cb332107957f30", kill_on_drop: false }`
[INFO] [stderr]    Compiling proc-macro2 v1.0.93
[INFO] [stderr]    Compiling unicode-ident v1.0.14
[INFO] [stderr]    Compiling libc v0.2.169
[INFO] [stderr]    Compiling autocfg v1.4.0
[INFO] [stderr]    Compiling once_cell v1.20.2
[INFO] [stderr]    Compiling log v0.4.25
[INFO] [stderr]    Compiling memchr v2.7.4
[INFO] [stderr]    Compiling futures-core v0.3.31
[INFO] [stderr]    Compiling pin-project-lite v0.2.16
[INFO] [stderr]    Compiling smallvec v1.13.2
[INFO] [stderr]    Compiling serde v1.0.217
[INFO] [stderr]    Compiling futures-sink v0.3.31
[INFO] [stderr]    Compiling itoa v1.0.14
[INFO] [stderr]    Compiling bytes v1.9.0
[INFO] [stderr]    Compiling scopeguard v1.2.0
[INFO] [stderr]    Compiling version_check v0.9.5
[INFO] [stderr]    Compiling futures-channel v0.3.31
[INFO] [stderr]    Compiling lock_api v0.4.12
[INFO] [stderr]    Compiling slab v0.4.9
[INFO] [stderr]    Compiling parking_lot_core v0.9.10
[INFO] [stderr]    Compiling stable_deref_trait v1.2.0
[INFO] [stderr]    Compiling shlex v1.3.0
[INFO] [stderr]    Compiling futures-task v0.3.31
[INFO] [stderr]    Compiling futures-io v0.3.31
[INFO] [stderr]    Compiling tracing-core v0.1.33
[INFO] [stderr]    Compiling quote v1.0.38
[INFO] [stderr]    Compiling typenum v1.17.0
[INFO] [stderr]    Compiling generic-array v0.14.7
[INFO] [stderr]    Compiling pkg-config v0.3.31
[INFO] [stderr]    Compiling subtle v2.6.1
[INFO] [stderr]    Compiling serde_json v1.0.137
[INFO] [stderr]    Compiling ryu v1.0.18
[INFO] [stderr]    Compiling syn v2.0.96
[INFO] [stderr]    Compiling percent-encoding v2.3.1
[INFO] [stderr]    Compiling allocator-api2 v0.2.21
[INFO] [stderr]    Compiling equivalent v1.0.1
[INFO] [stderr]    Compiling foldhash v0.1.4
[INFO] [stderr]    Compiling byteorder v1.5.0
[INFO] [stderr]    Compiling getrandom v0.2.15
[INFO] [stderr]    Compiling jobserver v0.1.32
[INFO] [stderr]    Compiling rand_core v0.6.4
[INFO] [stderr]    Compiling signal-hook-registry v1.4.2
[INFO] [stderr]    Compiling mio v0.8.11
[INFO] [stderr]    Compiling socket2 v0.5.8
[INFO] [stderr]    Compiling parking_lot v0.12.3
[INFO] [stderr]    Compiling cc v1.2.10
[INFO] [stderr]    Compiling hashbrown v0.15.2
[INFO] [stderr]    Compiling litemap v0.7.4
[INFO] [stderr]    Compiling writeable v0.5.5
[INFO] [stderr]    Compiling num-traits v0.2.19
[INFO] [stderr]    Compiling crossbeam-utils v0.8.21
[INFO] [stderr]    Compiling icu_locid_transform_data v1.5.0
[INFO] [stderr]    Compiling wasm-bindgen-shared v0.2.93
[INFO] [stderr]    Compiling mime v0.3.17
[INFO] [stderr]    Compiling cpufeatures v0.2.16
[INFO] [stderr]    Compiling icu_properties_data v1.5.0
[INFO] [stderr]    Compiling indexmap v2.7.1
[INFO] [stderr]    Compiling utf16_iter v1.0.5
[INFO] [stderr]    Compiling utf8_iter v1.0.4
[INFO] [stderr]    Compiling bumpalo v3.16.0
[INFO] [stderr]    Compiling httparse v1.9.5
[INFO] [stderr]    Compiling icu_normalizer_data v1.5.0
[INFO] [stderr]    Compiling bitflags v2.8.0
[INFO] [stderr]    Compiling write16 v1.0.0
[INFO] [stderr]    Compiling thiserror v1.0.69
[INFO] [stderr]    Compiling aho-corasick v1.1.3
[INFO] [stderr]    Compiling regex-syntax v0.8.5
[INFO] [stderr]    Compiling crypto-common v0.1.6
[INFO] [stderr]    Compiling block-buffer v0.10.4
[INFO] [stderr]    Compiling digest v0.10.7
[INFO] [stderr]    Compiling httpdate v1.0.3
[INFO] [stderr]    Compiling simd-adler32 v0.3.7
[INFO] [stderr]    Compiling wasm-bindgen v0.2.93
[INFO] [stderr]    Compiling form_urlencoded v1.2.1
[INFO] [stderr]    Compiling vcpkg v0.2.15
[INFO] [stderr]    Compiling paste v1.0.15
[INFO] [stderr]    Compiling http v1.2.0
[INFO] [stderr]    Compiling adler2 v2.0.0
[INFO] [stderr]    Compiling miniz_oxide v0.8.3
[INFO] [stderr]    Compiling powerfmt v0.2.0
[INFO] [stderr]    Compiling num-conv v0.1.0
[INFO] [stderr]    Compiling time-core v0.1.2
[INFO] [stderr]    Compiling deranged v0.3.11
[INFO] [stderr]    Compiling crc32fast v1.4.2
[INFO] [stderr]    Compiling time-macros v0.2.19
[INFO] [stderr]    Compiling anyhow v1.0.95
[INFO] [stderr]    Compiling flate2 v1.0.35
[INFO] [stderr]    Compiling zstd-sys v2.0.13+zstd.1.5.6
[INFO] [stderr]    Compiling sha2 v0.10.8
[INFO] [stderr]    Compiling spin v0.9.8
[INFO] [stderr]    Compiling base64 v0.22.1
[INFO] [stderr]    Compiling glob v0.3.2
[INFO] [stderr]    Compiling http-body v1.0.1
[INFO] [stderr]    Compiling regex-automata v0.4.9
[INFO] [stderr]    Compiling inout v0.1.3
[INFO] [stderr]    Compiling crossbeam-epoch v0.9.18
[INFO] [stderr]    Compiling tower-service v0.3.3
[INFO] [stderr]    Compiling proc-macro-hack v0.5.20+deprecated
[INFO] [stderr]    Compiling cipher v0.4.4
[INFO] [stderr]    Compiling time v0.3.37
[INFO] [stderr]    Compiling crossbeam-deque v0.8.6
[INFO] [stderr]    Compiling universal-hash v0.5.1
[INFO] [stderr]    Compiling http v0.2.12
[INFO] [stderr]    Compiling ahash v0.8.11
[INFO] [stderr]    Compiling synstructure v0.13.1
[INFO] [stderr]    Compiling wasm-bindgen-backend v0.2.93
[INFO] [stderr]    Compiling local-waker v0.1.4
[INFO] [stderr]    Compiling zstd-safe v7.2.1
[INFO] [stderr]    Compiling unicase v2.8.1
[INFO] [stderr]    Compiling opaque-debug v0.3.1
[INFO] [stderr]    Compiling alloc-no-stdlib v2.0.4
[INFO] [stderr]    Compiling polyval v0.6.2
[INFO] [stderr]    Compiling alloc-stdlib v0.2.2
[INFO] [stderr]    Compiling mime_guess v2.0.5
[INFO] [stderr]    Compiling bytestring v1.4.0
[INFO] [stderr]    Compiling encoding_rs v0.8.35
[INFO] [stderr]    Compiling try-lock v0.2.5
[INFO] [stderr]    Compiling atomic-waker v1.1.2
[INFO] [stderr]    Compiling want v0.3.1
[INFO] [stderr]    Compiling wasm-bindgen-macro-support v0.2.93
[INFO] [stderr]    Compiling serde_derive v1.0.217
[INFO] [stderr]    Compiling zerofrom-derive v0.1.5
[INFO] [stderr]    Compiling yoke-derive v0.7.5
[INFO] [stderr]    Compiling zerovec-derive v0.10.3
[INFO] [stderr]    Compiling futures-macro v0.3.31
[INFO] [stderr]    Compiling displaydoc v0.2.5
[INFO] [stderr]    Compiling tokio-macros v2.3.0
[INFO] [stderr]    Compiling zerofrom v0.1.5
[INFO] [stderr]    Compiling yoke v0.7.5
[INFO] [stderr]    Compiling tracing-attributes v0.1.28
[INFO] [stderr]    Compiling futures-util v0.3.31
[INFO] [stderr]    Compiling zerocopy-derive v0.7.35
[INFO] [stderr]    Compiling tokio v1.38.1
[INFO] [stderr]    Compiling zerovec v0.10.4
[INFO] [stderr]    Compiling icu_provider_macros v1.5.0
[INFO] [stderr]    Compiling thiserror-impl v1.0.69
[INFO] [stderr]    Compiling zerocopy v0.7.35
[INFO] [stderr]    Compiling tinystr v0.7.6
[INFO] [stderr]    Compiling icu_locid v1.5.0
[INFO] [stderr]    Compiling tracing v0.1.41
[INFO] [stderr]    Compiling ppv-lite86 v0.2.20
[INFO] [stderr]    Compiling icu_provider v1.5.0
[INFO] [stderr]    Compiling icu_collections v1.5.0
[INFO] [stderr]    Compiling rand_chacha v0.3.1
[INFO] [stderr]    Compiling icu_locid_transform v1.5.0
[INFO] [stderr]    Compiling rand v0.8.5
[INFO] [stderr]    Compiling wasm-bindgen-macro v0.2.93
[INFO] [stderr]    Compiling regex v1.11.1
[INFO] [stderr]    Compiling futures-executor v0.3.31
[INFO] [stderr]    Compiling icu_properties v1.5.1
[INFO] [stderr]    Compiling unic-langid-impl v0.9.5
[INFO] [stderr]    Compiling actix-macros v0.2.4
[INFO] [stderr]    Compiling js-sys v0.3.70
[INFO] [stderr]    Compiling unic-langid-macros-impl v0.9.5
[INFO] [stderr]    Compiling ghash v0.5.1
[INFO] [stderr]    Compiling brotli-decompressor v4.0.1
[INFO] [stderr]    Compiling actix-utils v3.0.1
[INFO] [stderr]    Compiling ctr v0.9.2
[INFO] [stderr]    Compiling aes v0.8.4
[INFO] [stderr]    Compiling openssl-sys v0.9.104
[INFO] [stderr]    Compiling actix-service v2.0.2
[INFO] [stderr]    Compiling tokio-util v0.7.13
[INFO] [stderr]    Compiling icu_normalizer v1.5.0
[INFO] [stderr]    Compiling either v1.13.0
[INFO] [stderr]    Compiling serde_urlencoded v0.7.1
[INFO] [stderr]    Compiling tokio-stream v0.1.17
[INFO] [stderr]    Compiling idna_adapter v1.2.0
[INFO] [stderr]    Compiling idna v1.0.3
[INFO] [stderr]    Compiling h2 v0.4.7
[INFO] [stderr]    Compiling url v2.5.4
[INFO] [stderr]    Compiling actix-rt v2.10.0
[INFO] [stderr]    Compiling hmac v0.12.1
[INFO] [stderr]    Compiling aead v0.5.2
[INFO] [stderr]    Compiling cookie v0.16.2
[INFO] [stderr]    Compiling rayon-core v1.12.1
[INFO] [stderr]    Compiling regex-lite v0.1.6
[INFO] [stderr]    Compiling rustversion v1.0.19
[INFO] [stderr]    Compiling derive_more v0.99.18
[INFO] [stderr]    Compiling aes-gcm v0.10.3
[INFO] [stderr]    Compiling hkdf v0.12.4
[INFO] [stderr]    Compiling actix-codec v0.5.2
[INFO] [stderr]    Compiling h2 v0.3.26
[INFO] [stderr]    Compiling actix-router v0.5.3
[INFO] [stderr]    Compiling brotli v6.0.0
[INFO] [stderr]    Compiling unic-langid-macros v0.9.5
[INFO] [stderr]    Compiling async-trait v0.1.85
[INFO] [stderr]    Compiling local-channel v0.1.5
[INFO] [stderr]    Compiling path-matchers v1.0.2
[INFO] [stderr]    Compiling ring v0.17.8
[INFO] [stderr]    Compiling sha1 v0.10.6
[INFO] [stderr]    Compiling mio v1.0.3
[INFO] [stderr]    Compiling path-slash v0.1.5
[INFO] [stderr]    Compiling tower-layer v0.3.3
[INFO] [stderr]    Compiling base64 v0.20.0
[INFO] [stderr]    Compiling zstd v0.13.2
[INFO] [stderr]    Compiling language-tags v0.3.2
[INFO] [stderr]    Compiling actix-server v2.5.0
[INFO] [stderr]    Compiling change-detection v1.2.0
[INFO] [stderr]    Compiling actix-web-codegen v4.3.0
[INFO] [stderr]    Compiling hyper v1.5.2
[INFO] [stderr]    Compiling unic-langid v0.9.5
[INFO] [stderr]    Compiling http-body-util v0.1.2
[INFO] [stderr]    Compiling pin-project-internal v1.1.8
[INFO] [stderr]    Compiling num-integer v0.1.46
[INFO] [stderr]    Compiling actix-http v3.9.0
[INFO] [stderr]    Compiling hyper-util v0.1.10
[INFO] [stderr]    Compiling indexmap v1.9.3
[INFO] [stderr]    Compiling sync_wrapper v1.0.2
[INFO] [stderr]    Compiling impl-more v0.1.9
[INFO] [stderr]    Compiling rustls-pki-types v1.10.1
[INFO] [stderr]    Compiling iana-time-zone v0.1.61
[INFO] [stderr]    Compiling chrono v0.4.39
[INFO] [stderr]    Compiling pin-project v1.1.8
[INFO] [stderr]    Compiling num-bigint v0.4.6
[INFO] [stderr]    Compiling static-files v0.2.4
[INFO] [stderr]    Compiling minimal-lexical v0.2.1
[INFO] [stderr]    Compiling aligned-vec v0.5.0
[INFO] [stderr]    Compiling openssl v0.10.68
[INFO] [stderr]    Compiling hashbrown v0.12.3
[INFO] [stderr]    Compiling built v0.7.5
[INFO] [stderr]    Compiling foreign-types-shared v0.1.1
[INFO] [stderr]    Compiling arrayvec v0.7.6
[INFO] [stderr]    Compiling thiserror v2.0.11
[INFO] [stderr]    Compiling untrusted v0.9.0
[INFO] [stderr]    Compiling rav1e v0.7.1
[INFO] [stderr]    Compiling foreign-types v0.3.2
[INFO] [stderr]    Compiling v_frame v0.3.8
[INFO] [stderr]    Compiling num-rational v0.4.2
[INFO] [stderr]    Compiling nom v7.1.3
[INFO] [stderr]    Compiling tower v0.5.2
[INFO] [stderr]    Compiling rayon v1.10.0
[INFO] [stderr]    Compiling web-sys v0.3.70
[INFO] [stderr]    Compiling actix-web v4.9.0
[INFO] [stderr]    Compiling openssl-macros v0.1.1
[INFO] [stderr]    Compiling profiling-procmacros v1.0.16
[INFO] [stderr]    Compiling thiserror-impl v2.0.11
[INFO] [stderr]    Compiling flume v0.11.1
[INFO] [stderr]    Compiling libsqlite3-sys v0.30.1
[INFO] [stderr]    Compiling concurrent-queue v2.5.0
[INFO] [stderr]    Compiling crc-catalog v2.4.0
[INFO] [stderr]    Compiling lazy_static v1.5.0
[INFO] [stderr]    Compiling heck v0.5.0
[INFO] [stderr]    Compiling parking v2.2.1
[INFO] [stderr]    Compiling rustls v0.23.21
[INFO] [stderr]    Compiling native-tls v0.2.12
[INFO] [stderr]    Compiling rustix v0.38.43
[INFO] [stderr]    Compiling rustc-hash v1.1.0
[INFO] [stderr]    Compiling type-map v0.5.0
[INFO] [stderr]    Compiling maybe-rayon v0.1.1
[INFO] [stderr]    Compiling event-listener v5.4.0
[INFO] [stderr]    Compiling crc v3.2.1
[INFO] [stderr]    Compiling profiling v1.0.16
[INFO] [stderr]    Compiling av1-grain v0.2.3
[INFO] [stderr]    Compiling rustls-webpki v0.102.8
[INFO] [stderr]    Compiling itertools v0.12.1
[INFO] [stderr]    Compiling itertools v0.13.0
[INFO] [stderr]    Compiling arg_enum_proc_macro v0.3.4
[INFO] [stderr]    Compiling num-derive v0.4.2
[INFO] [stderr]    Compiling crossbeam-queue v0.3.12
[INFO] [stderr]    Compiling hashlink v0.10.0
[INFO] [stderr]    Compiling futures-intrusive v0.5.0
[INFO] [stderr]    Compiling simd_helpers v0.1.0
[INFO] [stderr]    Compiling cookie v0.18.1
[INFO] [stderr]    Compiling zeroize v1.8.1
[INFO] [stderr]    Compiling self_cell v1.1.0
[INFO] [stderr]    Compiling openssl-probe v0.1.5
[INFO] [stderr]    Compiling bitstream-io v2.6.0
[INFO] [stderr]    Compiling imgref v1.11.0
[INFO] [stderr]    Compiling weezl v0.1.8
[INFO] [stderr]    Compiling linux-raw-sys v0.4.15
[INFO] [stderr]    Compiling quick-error v2.0.1
[INFO] [stderr]    Compiling regex-syntax v0.6.29
[INFO] [stderr]    Compiling noop_proc_macro v0.3.0
[INFO] [stderr]    Compiling new_debug_unreachable v1.0.6
[INFO] [stderr]    Compiling loop9 v0.1.5
[INFO] [stderr]    Compiling prost-derive v0.13.4
[INFO] [stderr]    Compiling self_cell v0.10.3
[INFO] [stderr]    Compiling sqlx-core v0.8.3
[INFO] [stderr]    Compiling actix-web-static-files v4.0.1
[INFO] [stderr]    Compiling regex-automata v0.1.10
[INFO] [stderr]    Compiling intl-memoizer v0.5.2
[INFO] [stderr]    Compiling avif-serialize v0.8.2
[INFO] [stderr]    Compiling axum-core v0.4.5
[INFO] [stderr]    Compiling intl_pluralrules v7.0.2
[INFO] [stderr]    Compiling fluent-langneg v0.13.0
[INFO] [stderr]    Compiling opentelemetry v0.25.0
[INFO] [stderr]    Compiling fluent-syntax v0.11.1
[INFO] [stderr]    Compiling async-stream-impl v0.3.6
[INFO] [stderr]    Compiling zune-inflate v0.2.54
[INFO] [stderr]    Compiling fdeflate v0.3.7
[INFO] [stderr]    Compiling atoi v2.0.0
[INFO] [stderr]    Compiling bstr v1.11.3
[INFO] [stderr]    Compiling half v2.4.1
[INFO] [stderr]    Compiling byteorder-lite v0.1.0
[INFO] [stderr]    Compiling bit_field v0.10.2
[INFO] [stderr]    Compiling overload v0.1.1
[INFO] [stderr]    Compiling rgb v0.8.50
[INFO] [stderr]    Compiling color_quant v1.1.0
[INFO] [stderr]    Compiling zune-core v0.4.12
[INFO] [stderr]    Compiling lebe v0.5.2
[INFO] [stderr]    Compiling jpeg-decoder v0.3.1
[INFO] [stderr]    Compiling syn v1.0.109
[INFO] [stderr]    Compiling matchit v0.7.3
[INFO] [stderr]    Compiling fastrand v2.3.0
[INFO] [stderr]    Compiling bytemuck v1.21.0
[INFO] [stderr]    Compiling semver-parser v0.7.0
[INFO] [stderr]    Compiling same-file v1.0.6
[INFO] [stderr]    Compiling litrs v0.4.1
[INFO] [stderr]    Compiling psl-types v2.0.11
[INFO] [stderr]    Compiling utf8parse v0.2.2
[INFO] [stderr]    Compiling publicsuffix v2.3.0
[INFO] [stderr]    Compiling qoi v0.4.1
[INFO] [stderr]    Compiling anstyle-parse v0.2.6
[INFO] [stderr]    Compiling semver v0.9.0
[INFO] [stderr]    Compiling tiff v0.9.1
[INFO] [stderr]    Compiling walkdir v2.5.0
[INFO] [stderr]    Compiling png v0.17.16
[INFO] [stderr]    Compiling document-features v0.2.10
[INFO] [stderr]    Compiling axum v0.7.9
[INFO] [stderr]    Compiling ravif v0.11.11
[INFO] [stderr]    Compiling tempfile v3.15.0
[INFO] [stderr]    Compiling exr v1.73.0
[INFO] [stderr]    Compiling gif v0.13.1
[INFO] [stderr]    Compiling zune-jpeg v0.4.14
[INFO] [stderr]    Compiling globset v0.4.15
[INFO] [stderr]    Compiling nu-ansi-term v0.46.0
[INFO] [stderr]    Compiling image-webp v0.2.1
[INFO] [stderr]    Compiling sqlx-sqlite v0.8.3
[INFO] [stderr]    Compiling tokio-rustls v0.26.1
[INFO] [stderr]    Compiling async-stream v0.3.6
[INFO] [stderr]    Compiling opentelemetry_sdk v0.25.0
[INFO] [stderr]    Compiling fluent-bundle v0.15.3
[INFO] [stderr]    Compiling matchers v0.1.0
[INFO] [stderr]    Compiling prost v0.13.4
[INFO] [stderr]    Compiling tokio-native-tls v0.3.1
[INFO] [stderr]    Compiling sharded-slab v0.1.7
[INFO] [stderr]    Compiling tower v0.4.13
[INFO] [stderr]    Compiling hyper-timeout v0.5.2
[INFO] [stderr]    Compiling webpki-roots v0.26.7
[INFO] [stderr]    Compiling enum-map-derive v0.17.0
[INFO] [stderr]    Compiling uuid v1.12.0
[INFO] [stderr]    Compiling num_cpus v1.16.0
[INFO] [stderr]    Compiling tracing-log v0.2.0
[INFO] [stderr]    Compiling thread_local v1.1.8
[INFO] [stderr]    Compiling anstyle-query v1.1.2
[INFO] [stderr]    Compiling anstyle v1.0.10
[INFO] [stderr]    Compiling v_htmlescape v0.15.8
[INFO] [stderr]    Compiling dotenvy v0.15.7
[INFO] [stderr]    Compiling is_terminal_polyfill v1.70.1
[INFO] [stderr]    Compiling hex v0.4.3
[INFO] [stderr]    Compiling colorchoice v1.0.3
[INFO] [stderr]    Compiling anstream v0.6.18
[INFO] [stderr]    Compiling tonic v0.12.3
[INFO] [stderr]    Compiling tracing-subscriber v0.3.19
[INFO] [stderr]    Compiling sqlx-macros-core v0.8.3
[INFO] [stderr]    Compiling threadpool v1.8.1
[INFO] [stderr]    Compiling enum-map v2.7.3
[INFO] [stderr]    Compiling hyper-rustls v0.27.5
[INFO] [stderr]    Compiling image v0.25.5
[INFO] [stderr]    Compiling hyper-tls v0.6.0
[INFO] [stderr]    Compiling cookie_store v0.21.1
[INFO] [stderr]    Compiling ignore v0.4.23
[INFO] [stderr]    Compiling rustc_version v0.2.3
[INFO] [stderr]    Compiling strum_macros v0.26.4
[INFO] [stderr]    Compiling rustls-pemfile v2.2.0
[INFO] [stderr]    Compiling opentelemetry v0.23.0
[INFO] [stderr]    Compiling ordered-float v2.10.1
[INFO] [stderr]    Compiling ordered-float v4.6.0
[INFO] [stderr]    Compiling base64ct v1.6.0
[INFO] [stderr]    Compiling sha1_smol v1.0.1
[INFO] [stderr]    Compiling integer-encoding v3.0.4
[INFO] [stderr]    Compiling clap_lex v0.7.4
[INFO] [stderr]    Compiling strsim v0.11.1
[INFO] [stderr]    Compiling stdweb-internal-runtime v0.1.5 (https://github.com/Dampfwalze/stdweb.git?branch=fix-dyn#a0086b4b)
[INFO] [stderr]    Compiling strum v0.26.3
[INFO] [stderr]    Compiling ipnet v2.11.0
[INFO] [stderr]    Compiling qrcode v0.14.1
[INFO] [stderr]    Compiling shared v0.4.8 (/opt/rustwide/workdir/shared)
[INFO] [stderr]    Compiling clap_builder v4.5.26
[INFO] [stderr]    Compiling reqwest v0.12.12
[INFO] [stderr]    Compiling thrift v0.17.0
[INFO] [stderr]    Compiling sha1 v0.6.1
[INFO] [stderr]    Compiling fluent-template-macros v0.10.1
[INFO] [stderr]    Compiling password-hash v0.5.0
[INFO] [stderr]    Compiling opentelemetry_sdk v0.23.0
[INFO] [stderr]    Compiling sqlx-macros v0.8.3
[INFO] [stderr]    Compiling stdweb v0.4.20 (https://github.com/Dampfwalze/stdweb.git?branch=fix-dyn#a0086b4b)
[INFO] [stderr]    Compiling opentelemetry-proto v0.25.0
[INFO] [stderr]    Compiling pslink v0.4.8 (/opt/rustwide/workdir/pslink)
[INFO] [stderr]    Compiling gloo-events v0.1.2
[INFO] [stderr]    Compiling gloo-utils v0.2.0
[INFO] [stderr]    Compiling actix-session v0.9.0
[INFO] [stderr]    Compiling wasm-bindgen-futures v0.4.43
[INFO] [stderr]    Compiling blake2 v0.10.6
[INFO] [stderr]    Compiling rtoolbox v0.0.2
[INFO] [stderr]    Compiling gethostname v0.2.3
[INFO] [stderr]    Compiling tracing-log v0.1.4
[INFO] [stderr]    Compiling opentelemetry-semantic-conventions v0.15.0
[INFO] [stderr]    Compiling mutually_exclusive_features v0.1.0
[INFO] [stderr]    Compiling http-range v0.1.5
[INFO] [stderr]    Compiling base-x v0.2.11
[INFO] [stderr]    Compiling actix-files v0.6.6
[INFO] [stderr]    Compiling stdweb-internal-macros v0.2.9 (https://github.com/Dampfwalze/stdweb.git?branch=fix-dyn#a0086b4b)
[INFO] [stderr]    Compiling opentelemetry-otlp v0.25.0
[INFO] [stderr]    Compiling tracing-bunyan-formatter v0.3.10
[INFO] [stderr]    Compiling tracing-actix-web v0.7.15
[INFO] [stderr]    Compiling actix-identity v0.7.1
[INFO] [stderr]    Compiling opentelemetry-jaeger v0.22.0
[INFO] [stderr]    Compiling clap v4.5.26
[INFO] [stderr]    Compiling argon2 v0.5.3
[INFO] [stderr]    Compiling rpassword v7.3.1
[INFO] [stderr]    Compiling reqwest_cookie_store v0.8.0
[INFO] [stderr]    Compiling stdweb-derive v0.5.3 (https://github.com/Dampfwalze/stdweb.git?branch=fix-dyn#a0086b4b)
[INFO] [stderr]    Compiling sqlx v0.8.3
[INFO] [stderr]    Compiling gloo-file v0.2.3
[INFO] [stderr]    Compiling fluent-templates v0.10.1
[INFO] [stderr]    Compiling tracing-opentelemetry v0.26.0
[INFO] [stderr]    Compiling gloo-utils v0.1.7
[INFO] [stderr]    Compiling gloo-timers v0.2.6
[INFO] [stderr]    Compiling serde-wasm-bindgen v0.5.0
[INFO] [stderr]    Compiling futures v0.3.31
[INFO] [stderr]    Compiling fluent-langneg v0.14.1
[INFO] [stderr]    Compiling opentelemetry-semantic-conventions v0.25.0
[INFO] [stderr]    Compiling dotenv v0.15.0
[INFO] [stderr]    Compiling enclose v1.2.0
[INFO] [stderr]    Compiling discard v1.0.4
[INFO] [stderr]    Compiling gloo-net v0.6.0
[INFO] [stderr]    Compiling seed v0.10.0
[INFO] [stderr]    Compiling gloo-console v0.3.0
[INFO] [stderr]    Compiling fluent v0.16.1
[INFO] [stdout] warning: associated function `render_error` is never used
[INFO] [stdout]   --> pslink/src/lib.rs:49:8
[INFO] [stdout]    |
[INFO] [stdout] 48 | impl ServerError {
[INFO] [stdout]    | ---------------- associated function in this implementation
[INFO] [stdout] 49 |     fn render_error(title: &str, content: &str) -> String {
[INFO] [stdout]    |        ^^^^^^^^^^^^
[INFO] [stdout]    |
[INFO] [stdout]    = note: `#[warn(dead_code)]` on by default
[INFO] [stdout] 
[INFO] [stdout] 
[INFO] [stderr]    Compiling app v0.4.8 (/opt/rustwide/workdir/app)
[INFO] [stdout] warning: unexpected `cfg` condition name: `wasm_bindgen_unstable_test_coverage`
[INFO] [stdout]    --> app/src/lib.rs:405:1
[INFO] [stdout]     |
[INFO] [stdout] 405 | #[wasm_bindgen(start)]
[INFO] [stdout]     | ^^^^^^^^^^^^^^^^^^^^^^
[INFO] [stdout]     |
[INFO] [stdout]     = help: expected names are: `clippy`, `debug_assertions`, `doc`, `docsrs`, `doctest`, `feature`, `fmt_debug`, `miri`, `overflow_checks`, `panic`, `proc_macro`, `relocation_model`, `rustfmt`, `sanitize`, `sanitizer_cfi_generalize_pointers`, `sanitizer_cfi_normalize_integers`, `target_abi`, `target_arch`, `target_endian`, `target_env`, `target_family`, `target_feature`, `target_has_atomic`, `target_has_atomic_equal_alignment`, `target_has_atomic_load_store`, `target_os`, `target_pointer_width`, `target_thread_local`, `target_vendor`, `test`, `ub_checks`, `unix`, and `windows`
[INFO] [stdout]     = note: using a cfg inside a attribute macro will use the cfgs from the destination crate and not the ones from the defining crate
[INFO] [stdout]     = help: try referring to `wasm_bindgen` crate for guidance on how handle this unexpected cfg
[INFO] [stdout]     = help: the attribute macro `wasm_bindgen` may come from an old version of the `wasm_bindgen_macro` crate, try updating your dependency with `cargo update -p wasm_bindgen_macro`
[INFO] [stdout]     = note: see <https://doc.rust-lang.org/nightly/rustc/check-cfg/cargo-specifics.html> for more information about checking conditional configuration
[INFO] [stdout]     = note: `#[warn(unexpected_cfgs)]` on by default
[INFO] [stdout]     = note: this warning originates in the attribute macro `wasm_bindgen` (in Nightly builds, run with -Z macro-backtrace for more info)
[INFO] [stdout] 
[INFO] [stdout] 
[INFO] [stdout] warning: field `index` is never read
[INFO] [stdout]   --> app/src/lib.rs:46:5
[INFO] [stdout]    |
[INFO] [stdout] 45 | struct Model {
[INFO] [stdout]    |        ----- field in this struct
[INFO] [stdout] 46 |     index: usize,
[INFO] [stdout]    |     ^^^^^
[INFO] [stdout]    |
[INFO] [stdout]    = note: `Model` has a derived impl for the trait `Debug`, but this is intentionally ignored during dead code analysis
[INFO] [stdout]    = note: `#[warn(dead_code)]` on by default
[INFO] [stdout] 
[INFO] [stdout] 
[INFO] [stdout] warning: field `host` is never read
[INFO] [stdout]   --> app/src/lib.rs:76:5
[INFO] [stdout]    |
[INFO] [stdout] 75 | struct Location {
[INFO] [stdout]    |        -------- field in this struct
[INFO] [stdout] 76 |     host: String,
[INFO] [stdout]    |     ^^^^
[INFO] [stdout]    |
[INFO] [stdout]    = note: `Location` has a derived impl for the trait `Debug`, but this is intentionally ignored during dead code analysis
[INFO] [stdout] 
[INFO] [stdout] 
[INFO] [stdout] warning: field `observer_entries` is never read
[INFO] [stdout]   --> app/src/pages/list_links.rs:71:5
[INFO] [stdout]    |
[INFO] [stdout] 59 | pub struct Model {
[INFO] [stdout]    |            ----- field in this struct
[INFO] [stdout] ...
[INFO] [stdout] 71 |     observer_entries: Option<Vec<IntersectionObserverEntry>>,
[INFO] [stdout]    |     ^^^^^^^^^^^^^^^^
[INFO] [stdout]    |
[INFO] [stdout]    = note: `Model` has a derived impl for the trait `Debug`, but this is intentionally ignored during dead code analysis
[INFO] [stdout] 
[INFO] [stdout] 
[INFO] [stderr]     Finished `dev` profile [unoptimized + debuginfo] target(s) in 6m 47s
[INFO] [stderr] warning: the following packages contain code that will be rejected by a future version of Rust: stdweb v0.4.20 (https://github.com/Dampfwalze/stdweb.git?branch=fix-dyn#a0086b4b)
[INFO] [stderr] note: to see what the problems were, use the option `--future-incompat-report`, or run `cargo report future-incompatibilities --id 1`
[INFO] running `Command { std: "docker" "inspect" "910ee2ca70ed396ad6f12fc8394f2273edb19b6b80c517bfc0cb332107957f30", kill_on_drop: false }`
[INFO] running `Command { std: "docker" "rm" "-f" "910ee2ca70ed396ad6f12fc8394f2273edb19b6b80c517bfc0cb332107957f30", kill_on_drop: false }`
[INFO] [stdout] 910ee2ca70ed396ad6f12fc8394f2273edb19b6b80c517bfc0cb332107957f30
[INFO] running `Command { std: "docker" "create" "-v" "/var/lib/crater-agent-workspace/builds/worker-1-tc1/target:/opt/rustwide/target:rw,Z" "-v" "/var/lib/crater-agent-workspace/builds/worker-1-tc1/source:/opt/rustwide/workdir:ro,Z" "-v" "/var/lib/crater-agent-workspace/cargo-home:/opt/rustwide/cargo-home:ro,Z" "-v" "/var/lib/crater-agent-workspace/rustup-home:/opt/rustwide/rustup-home:ro,Z" "-e" "SOURCE_DIR=/opt/rustwide/workdir" "-e" "CARGO_TARGET_DIR=/opt/rustwide/target" "-e" "CARGO_INCREMENTAL=0" "-e" "RUST_BACKTRACE=full" "-e" "RUSTFLAGS=--cap-lints=forbid" "-e" "RUSTDOCFLAGS=--cap-lints=forbid" "-e" "CARGO_HOME=/opt/rustwide/cargo-home" "-e" "RUSTUP_HOME=/opt/rustwide/rustup-home" "-w" "/opt/rustwide/workdir" "-m" "1610612736" "--user" "0:0" "--network" "none" "ghcr.io/rust-lang/crates-build-env/linux@sha256:819108c5571ea2e421544af4d832f968d213c87fbe3707a016657f43d2f853bc" "/opt/rustwide/cargo-home/bin/cargo" "+nightly-2025-01-18" "test" "--frozen" "--no-run" "--message-format=json", kill_on_drop: false }`
[INFO] [stdout] cc7f38f00065637590bfb2e5ca75314ab74512b8489c9be8f592e2ad7af24319
[INFO] running `Command { std: "docker" "start" "-a" "cc7f38f00065637590bfb2e5ca75314ab74512b8489c9be8f592e2ad7af24319", kill_on_drop: false }`
[INFO] [stderr]    Compiling rand v0.4.6
[INFO] [stderr]    Compiling remove_dir_all v0.5.3
[INFO] [stdout] warning: associated function `render_error` is never used
[INFO] [stdout]   --> pslink/src/lib.rs:49:8
[INFO] [stdout]    |
[INFO] [stdout] 48 | impl ServerError {
[INFO] [stdout]    | ---------------- associated function in this implementation
[INFO] [stdout] 49 |     fn render_error(title: &str, content: &str) -> String {
[INFO] [stdout]    |        ^^^^^^^^^^^^
[INFO] [stdout]    |
[INFO] [stdout]    = note: `#[warn(dead_code)]` on by default
[INFO] [stdout] 
[INFO] [stdout] 
[INFO] [stderr]    Compiling test_bin v0.4.0
[INFO] [stdout] warning: unexpected `cfg` condition name: `wasm_bindgen_unstable_test_coverage`
[INFO] [stdout]    --> app/src/lib.rs:405:1
[INFO] [stdout]     |
[INFO] [stdout] 405 | #[wasm_bindgen(start)]
[INFO] [stdout]     | ^^^^^^^^^^^^^^^^^^^^^^
[INFO] [stdout]     |
[INFO] [stdout]     = help: expected names are: `clippy`, `debug_assertions`, `doc`, `docsrs`, `doctest`, `feature`, `fmt_debug`, `miri`, `overflow_checks`, `panic`, `proc_macro`, `relocation_model`, `rustfmt`, `sanitize`, `sanitizer_cfi_generalize_pointers`, `sanitizer_cfi_normalize_integers`, `target_abi`, `target_arch`, `target_endian`, `target_env`, `target_family`, `target_feature`, `target_has_atomic`, `target_has_atomic_equal_alignment`, `target_has_atomic_load_store`, `target_os`, `target_pointer_width`, `target_thread_local`, `target_vendor`, `test`, `ub_checks`, `unix`, and `windows`
[INFO] [stdout]     = note: using a cfg inside a attribute macro will use the cfgs from the destination crate and not the ones from the defining crate
[INFO] [stdout]     = help: try referring to `wasm_bindgen` crate for guidance on how handle this unexpected cfg
[INFO] [stdout]     = help: the attribute macro `wasm_bindgen` may come from an old version of the `wasm_bindgen_macro` crate, try updating your dependency with `cargo update -p wasm_bindgen_macro`
[INFO] [stdout]     = note: see <https://doc.rust-lang.org/nightly/rustc/check-cfg/cargo-specifics.html> for more information about checking conditional configuration
[INFO] [stdout]     = note: `#[warn(unexpected_cfgs)]` on by default
[INFO] [stdout]     = note: this warning originates in the attribute macro `wasm_bindgen` (in Nightly builds, run with -Z macro-backtrace for more info)
[INFO] [stdout] 
[INFO] [stdout] 
[INFO] [stdout] warning: field `index` is never read
[INFO] [stdout]   --> app/src/lib.rs:46:5
[INFO] [stdout]    |
[INFO] [stdout] 45 | struct Model {
[INFO] [stdout]    |        ----- field in this struct
[INFO] [stdout] 46 |     index: usize,
[INFO] [stdout]    |     ^^^^^
[INFO] [stdout]    |
[INFO] [stdout]    = note: `Model` has a derived impl for the trait `Debug`, but this is intentionally ignored during dead code analysis
[INFO] [stdout]    = note: `#[warn(dead_code)]` on by default
[INFO] [stdout] 
[INFO] [stdout] 
[INFO] [stdout] warning: field `host` is never read
[INFO] [stdout]   --> app/src/lib.rs:76:5
[INFO] [stdout]    |
[INFO] [stdout] 75 | struct Location {
[INFO] [stdout]    |        -------- field in this struct
[INFO] [stdout] 76 |     host: String,
[INFO] [stdout]    |     ^^^^
[INFO] [stdout]    |
[INFO] [stdout]    = note: `Location` has a derived impl for the trait `Debug`, but this is intentionally ignored during dead code analysis
[INFO] [stdout] 
[INFO] [stdout] 
[INFO] [stdout] warning: field `observer_entries` is never read
[INFO] [stdout]   --> app/src/pages/list_links.rs:71:5
[INFO] [stdout]    |
[INFO] [stdout] 59 | pub struct Model {
[INFO] [stdout]    |            ----- field in this struct
[INFO] [stdout] ...
[INFO] [stdout] 71 |     observer_entries: Option<Vec<IntersectionObserverEntry>>,
[INFO] [stdout]    |     ^^^^^^^^^^^^^^^^
[INFO] [stdout]    |
[INFO] [stdout]    = note: `Model` has a derived impl for the trait `Debug`, but this is intentionally ignored during dead code analysis
[INFO] [stdout] 
[INFO] [stdout] 
[INFO] [stderr]    Compiling app v0.4.8 (/opt/rustwide/workdir/app)
[INFO] [stderr]    Compiling shared v0.4.8 (/opt/rustwide/workdir/shared)
[INFO] [stderr]    Compiling tempdir v0.3.7
[INFO] [stderr]    Compiling pslink v0.4.8 (/opt/rustwide/workdir/pslink)
[INFO] [stdout] warning: unexpected `cfg` condition name: `wasm_bindgen_unstable_test_coverage`
[INFO] [stdout]    --> app/src/lib.rs:405:1
[INFO] [stdout]     |
[INFO] [stdout] 405 | #[wasm_bindgen(start)]
[INFO] [stdout]     | ^^^^^^^^^^^^^^^^^^^^^^
[INFO] [stdout]     |
[INFO] [stdout]     = help: expected names are: `clippy`, `debug_assertions`, `doc`, `docsrs`, `doctest`, `feature`, `fmt_debug`, `miri`, `overflow_checks`, `panic`, `proc_macro`, `relocation_model`, `rustfmt`, `sanitize`, `sanitizer_cfi_generalize_pointers`, `sanitizer_cfi_normalize_integers`, `target_abi`, `target_arch`, `target_endian`, `target_env`, `target_family`, `target_feature`, `target_has_atomic`, `target_has_atomic_equal_alignment`, `target_has_atomic_load_store`, `target_os`, `target_pointer_width`, `target_thread_local`, `target_vendor`, `test`, `ub_checks`, `unix`, and `windows`
[INFO] [stdout]     = note: using a cfg inside a attribute macro will use the cfgs from the destination crate and not the ones from the defining crate
[INFO] [stdout]     = help: try referring to `wasm_bindgen` crate for guidance on how handle this unexpected cfg
[INFO] [stdout]     = help: the attribute macro `wasm_bindgen` may come from an old version of the `wasm_bindgen_macro` crate, try updating your dependency with `cargo update -p wasm_bindgen_macro`
[INFO] [stdout]     = note: see <https://doc.rust-lang.org/nightly/rustc/check-cfg/cargo-specifics.html> for more information about checking conditional configuration
[INFO] [stdout]     = note: `#[warn(unexpected_cfgs)]` on by default
[INFO] [stdout]     = note: this warning originates in the attribute macro `wasm_bindgen` (in Nightly builds, run with -Z macro-backtrace for more info)
[INFO] [stdout] 
[INFO] [stdout] 
[INFO] [stdout] warning: field `index` is never read
[INFO] [stdout]   --> app/src/lib.rs:46:5
[INFO] [stdout]    |
[INFO] [stdout] 45 | struct Model {
[INFO] [stdout]    |        ----- field in this struct
[INFO] [stdout] 46 |     index: usize,
[INFO] [stdout]    |     ^^^^^
[INFO] [stdout]    |
[INFO] [stdout]    = note: `Model` has a derived impl for the trait `Debug`, but this is intentionally ignored during dead code analysis
[INFO] [stdout]    = note: `#[warn(dead_code)]` on by default
[INFO] [stdout] 
[INFO] [stdout] 
[INFO] [stdout] warning: field `host` is never read
[INFO] [stdout]   --> app/src/lib.rs:76:5
[INFO] [stdout]    |
[INFO] [stdout] 75 | struct Location {
[INFO] [stdout]    |        -------- field in this struct
[INFO] [stdout] 76 |     host: String,
[INFO] [stdout]    |     ^^^^
[INFO] [stdout]    |
[INFO] [stdout]    = note: `Location` has a derived impl for the trait `Debug`, but this is intentionally ignored during dead code analysis
[INFO] [stdout] 
[INFO] [stdout] 
[INFO] [stdout] warning: field `observer_entries` is never read
[INFO] [stdout]   --> app/src/pages/list_links.rs:71:5
[INFO] [stdout]    |
[INFO] [stdout] 59 | pub struct Model {
[INFO] [stdout]    |            ----- field in this struct
[INFO] [stdout] ...
[INFO] [stdout] 71 |     observer_entries: Option<Vec<IntersectionObserverEntry>>,
[INFO] [stdout]    |     ^^^^^^^^^^^^^^^^
[INFO] [stdout]    |
[INFO] [stdout]    = note: `Model` has a derived impl for the trait `Debug`, but this is intentionally ignored during dead code analysis
[INFO] [stdout] 
[INFO] [stdout] 
[INFO] [stdout] warning: associated function `render_error` is never used
[INFO] [stdout]   --> pslink/src/lib.rs:49:8
[INFO] [stdout]    |
[INFO] [stdout] 48 | impl ServerError {
[INFO] [stdout]    | ---------------- associated function in this implementation
[INFO] [stdout] 49 |     fn render_error(title: &str, content: &str) -> String {
[INFO] [stdout]    |        ^^^^^^^^^^^^
[INFO] [stdout]    |
[INFO] [stdout]    = note: `#[warn(dead_code)]` on by default
[INFO] [stdout] 
[INFO] [stdout] 
[INFO] [stderr]     Finished `test` profile [unoptimized + debuginfo] target(s) in 21.98s
[INFO] [stderr] warning: the following packages contain code that will be rejected by a future version of Rust: stdweb v0.4.20 (https://github.com/Dampfwalze/stdweb.git?branch=fix-dyn#a0086b4b)
[INFO] [stderr] note: to see what the problems were, use the option `--future-incompat-report`, or run `cargo report future-incompatibilities --id 1`
[INFO] running `Command { std: "docker" "inspect" "cc7f38f00065637590bfb2e5ca75314ab74512b8489c9be8f592e2ad7af24319", kill_on_drop: false }`
[INFO] running `Command { std: "docker" "rm" "-f" "cc7f38f00065637590bfb2e5ca75314ab74512b8489c9be8f592e2ad7af24319", kill_on_drop: false }`
[INFO] [stdout] cc7f38f00065637590bfb2e5ca75314ab74512b8489c9be8f592e2ad7af24319
[INFO] running `Command { std: "docker" "create" "-v" "/var/lib/crater-agent-workspace/builds/worker-1-tc1/target:/opt/rustwide/target:rw,Z" "-v" "/var/lib/crater-agent-workspace/builds/worker-1-tc1/source:/opt/rustwide/workdir:ro,Z" "-v" "/var/lib/crater-agent-workspace/cargo-home:/opt/rustwide/cargo-home:ro,Z" "-v" "/var/lib/crater-agent-workspace/rustup-home:/opt/rustwide/rustup-home:ro,Z" "-e" "SOURCE_DIR=/opt/rustwide/workdir" "-e" "CARGO_TARGET_DIR=/opt/rustwide/target" "-e" "CARGO_INCREMENTAL=0" "-e" "RUST_BACKTRACE=full" "-e" "RUSTFLAGS=--cap-lints=forbid" "-e" "RUSTDOCFLAGS=--cap-lints=forbid" "-e" "CARGO_HOME=/opt/rustwide/cargo-home" "-e" "RUSTUP_HOME=/opt/rustwide/rustup-home" "-w" "/opt/rustwide/workdir" "-m" "1610612736" "--user" "0:0" "--network" "none" "ghcr.io/rust-lang/crates-build-env/linux@sha256:819108c5571ea2e421544af4d832f968d213c87fbe3707a016657f43d2f853bc" "/opt/rustwide/cargo-home/bin/cargo" "+nightly-2025-01-18" "test" "--frozen", kill_on_drop: false }`
[INFO] [stdout] ad96463520cab680f3e287bad94fdf994a0b75e4d60657384fc880a6ef5fe5ff
[INFO] running `Command { std: "docker" "start" "-a" "ad96463520cab680f3e287bad94fdf994a0b75e4d60657384fc880a6ef5fe5ff", kill_on_drop: false }`
[INFO] [stderr] warning: associated function `render_error` is never used
[INFO] [stderr]   --> pslink/src/lib.rs:49:8
[INFO] [stderr]    |
[INFO] [stderr] 48 | impl ServerError {
[INFO] [stderr]    | ---------------- associated function in this implementation
[INFO] [stderr] 49 |     fn render_error(title: &str, content: &str) -> String {
[INFO] [stderr]    |        ^^^^^^^^^^^^
[INFO] [stderr]    |
[INFO] [stderr]    = note: `#[warn(dead_code)]` on by default
[INFO] [stderr] 
[INFO] [stderr] warning: `pslink` (lib) generated 1 warning
[INFO] [stderr] warning: `pslink` (lib test) generated 1 warning (1 duplicate)
[INFO] [stderr] warning: unexpected `cfg` condition name: `wasm_bindgen_unstable_test_coverage`
[INFO] [stderr]    --> app/src/lib.rs:405:1
[INFO] [stderr]     |
[INFO] [stderr] 405 | #[wasm_bindgen(start)]
[INFO] [stderr]     | ^^^^^^^^^^^^^^^^^^^^^^
[INFO] [stderr]     |
[INFO] [stderr]     = help: expected names are: `clippy`, `debug_assertions`, `doc`, `docsrs`, `doctest`, `feature`, `fmt_debug`, `miri`, `overflow_checks`, `panic`, `proc_macro`, `relocation_model`, `rustfmt`, `sanitize`, `sanitizer_cfi_generalize_pointers`, `sanitizer_cfi_normalize_integers`, `target_abi`, `target_arch`, `target_endian`, `target_env`, `target_family`, `target_feature`, `target_has_atomic`, `target_has_atomic_equal_alignment`, `target_has_atomic_load_store`, `target_os`, `target_pointer_width`, `target_thread_local`, `target_vendor`, `test`, `ub_checks`, `unix`, and `windows`
[INFO] [stderr]     = note: using a cfg inside a attribute macro will use the cfgs from the destination crate and not the ones from the defining crate
[INFO] [stderr]     = help: try referring to `wasm_bindgen` crate for guidance on how handle this unexpected cfg
[INFO] [stderr]     = help: the attribute macro `wasm_bindgen` may come from an old version of the `wasm_bindgen_macro` crate, try updating your dependency with `cargo update -p wasm_bindgen_macro`
[INFO] [stderr]     = note: see <https://doc.rust-lang.org/nightly/rustc/check-cfg/cargo-specifics.html> for more information about checking conditional configuration
[INFO] [stderr]     = note: `#[warn(unexpected_cfgs)]` on by default
[INFO] [stderr]     = note: this warning originates in the attribute macro `wasm_bindgen` (in Nightly builds, run with -Z macro-backtrace for more info)
[INFO] [stderr] 
[INFO] [stderr] warning: field `index` is never read
[INFO] [stderr]   --> app/src/lib.rs:46:5
[INFO] [stderr]    |
[INFO] [stderr] 45 | struct Model {
[INFO] [stderr]    |        ----- field in this struct
[INFO] [stderr] 46 |     index: usize,
[INFO] [stderr]    |     ^^^^^
[INFO] [stderr]    |
[INFO] [stderr]    = note: `Model` has a derived impl for the trait `Debug`, but this is intentionally ignored during dead code analysis
[INFO] [stderr]    = note: `#[warn(dead_code)]` on by default
[INFO] [stderr] 
[INFO] [stderr] warning: field `host` is never read
[INFO] [stderr]   --> app/src/lib.rs:76:5
[INFO] [stderr]    |
[INFO] [stderr] 75 | struct Location {
[INFO] [stderr]    |        -------- field in this struct
[INFO] [stderr] 76 |     host: String,
[INFO] [stderr]    |     ^^^^
[INFO] [stderr]    |
[INFO] [stderr]    = note: `Location` has a derived impl for the trait `Debug`, but this is intentionally ignored during dead code analysis
[INFO] [stderr] 
[INFO] [stderr] warning: field `observer_entries` is never read
[INFO] [stderr]   --> app/src/pages/list_links.rs:71:5
[INFO] [stderr]    |
[INFO] [stderr] 59 | pub struct Model {
[INFO] [stderr]    |            ----- field in this struct
[INFO] [stderr] ...
[INFO] [stderr] 71 |     observer_entries: Option<Vec<IntersectionObserverEntry>>,
[INFO] [stderr]    |     ^^^^^^^^^^^^^^^^
[INFO] [stderr]    |
[INFO] [stderr]    = note: `Model` has a derived impl for the trait `Debug`, but this is intentionally ignored during dead code analysis
[INFO] [stderr] 
[INFO] [stderr] warning: `app` (lib) generated 4 warnings
[INFO] [stderr] warning: `app` (lib test) generated 4 warnings (4 duplicates)
[INFO] [stderr]     Finished `test` profile [unoptimized + debuginfo] target(s) in 1.20s
[INFO] [stderr] warning: the following packages contain code that will be rejected by a future version of Rust: stdweb v0.4.20 (https://github.com/Dampfwalze/stdweb.git?branch=fix-dyn#a0086b4b)
[INFO] [stderr] note: to see what the problems were, use the option `--future-incompat-report`, or run `cargo report future-incompatibilities --id 1`
[INFO] [stdout] 
[INFO] [stderr]      Running unittests src/lib.rs (/opt/rustwide/target/debug/deps/app-5dd9271faa3cb002)
[INFO] [stdout] running 0 tests
[INFO] [stderr]      Running unittests src/lib.rs (/opt/rustwide/target/debug/deps/pslink-9c9d1dfb6de1cb36)
[INFO] [stdout] 
[INFO] [stdout] test result: ok. 0 passed; 0 failed; 0 ignored; 0 measured; 0 filtered out; finished in 0.00s
[INFO] [stdout] 
[INFO] [stdout] 
[INFO] [stderr]      Running unittests src/bin/pslink/main.rs (/opt/rustwide/target/debug/deps/pslink-88bc4e488a5006d9)
[INFO] [stdout] running 0 tests
[INFO] [stderr]      Running tests/integration-tests.rs (/opt/rustwide/target/debug/deps/integration_tests-73ed165cc2282d69)
[INFO] [stdout] 
[INFO] [stdout] test result: ok. 0 passed; 0 failed; 0 ignored; 0 measured; 0 filtered out; finished in 0.00s
[INFO] [stdout] 
[INFO] [stdout] 
[INFO] [stdout] running 0 tests
[INFO] [stdout] 
[INFO] [stdout] test result: ok. 0 passed; 0 failed; 0 ignored; 0 measured; 0 filtered out; finished in 0.00s
[INFO] [stdout] 
[INFO] [stdout] 
[INFO] [stdout] running 4 tests
[INFO] [stdout] test test_generate_env ... ok
[INFO] [stdout] test test_help_of_command_for_breaking_changes ... FAILED
[INFO] [stdout] test test_migrate_database ... ok
[INFO] [stdout] test test_web_paths ... ok
[INFO] [stdout] 
[INFO] [stdout] failures:
[INFO] [stdout] 
[INFO] [stdout] ---- test_help_of_command_for_breaking_changes stdout ----
[INFO] [stdout] 
[INFO] [stdout] thread 'test_help_of_command_for_breaking_changes' panicked at pslink/tests/integration-tests.rs:8:5:
[INFO] [stdout] assertion failed: String::from_utf8_lossy(&output.stdout).contains("Usage")
[INFO] [stdout] stack backtrace:
[INFO] [stdout]    0:     0x5df86dd1340a - std::backtrace_rs::backtrace::libunwind::trace::hb059275cfc8d6126
[INFO] [stdout]                                at /rustc/6067b36314ab5eb2eb47cecc464545ba58e1ad24/library/std/src/../../backtrace/src/backtrace/libunwind.rs:116:5
[INFO] [stdout]    1:     0x5df86dd1340a - std::backtrace_rs::backtrace::trace_unsynchronized::h2da071e4327ce3ee
[INFO] [stdout]                                at /rustc/6067b36314ab5eb2eb47cecc464545ba58e1ad24/library/std/src/../../backtrace/src/backtrace/mod.rs:66:5
[INFO] [stdout]    2:     0x5df86dd1340a - std::sys::backtrace::_print_fmt::h842a1474e6f8d23f
[INFO] [stdout]                                at /rustc/6067b36314ab5eb2eb47cecc464545ba58e1ad24/library/std/src/sys/backtrace.rs:66:9
[INFO] [stdout]    3:     0x5df86dd1340a - <std::sys::backtrace::BacktraceLock::print::DisplayBacktrace as core::fmt::Display>::fmt::h71a62eb3b9696b12
[INFO] [stdout]                                at /rustc/6067b36314ab5eb2eb47cecc464545ba58e1ad24/library/std/src/sys/backtrace.rs:39:26
[INFO] [stdout]    4:     0x5df86dd42303 - core::fmt::rt::Argument::fmt::hdb6b616786b41dc1
[INFO] [stdout]                                at /rustc/6067b36314ab5eb2eb47cecc464545ba58e1ad24/library/core/src/fmt/rt.rs:177:76
[INFO] [stdout]    5:     0x5df86dd42303 - core::fmt::write::h2cc1698af7e2d686
[INFO] [stdout]                                at /rustc/6067b36314ab5eb2eb47cecc464545ba58e1ad24/library/core/src/fmt/mod.rs:1440:21
[INFO] [stdout]    6:     0x5df86dd0e793 - std::io::Write::write_fmt::hab1b4cd059a79022
[INFO] [stdout]                                at /rustc/6067b36314ab5eb2eb47cecc464545ba58e1ad24/library/std/src/io/mod.rs:1887:15
[INFO] [stdout]    7:     0x5df86dd13252 - std::sys::backtrace::BacktraceLock::print::h147fe35b4ea13b08
[INFO] [stdout]                                at /rustc/6067b36314ab5eb2eb47cecc464545ba58e1ad24/library/std/src/sys/backtrace.rs:42:9
[INFO] [stdout]    8:     0x5df86dd1482f - std::panicking::default_hook::{{closure}}::hbd44223dbdc0d208
[INFO] [stdout]                                at /rustc/6067b36314ab5eb2eb47cecc464545ba58e1ad24/library/std/src/panicking.rs:298:22
[INFO] [stdout]    9:     0x5df86dd14648 - std::panicking::default_hook::h20f81eb0576efcec
[INFO] [stdout]                                at /rustc/6067b36314ab5eb2eb47cecc464545ba58e1ad24/library/std/src/panicking.rs:322:9
[INFO] [stdout]   10:     0x5df86dc8f1f3 - <alloc::boxed::Box<F,A> as core::ops::function::Fn<Args>>::call::hdb53814c496a4d34
[INFO] [stdout]                                at /rustc/6067b36314ab5eb2eb47cecc464545ba58e1ad24/library/alloc/src/boxed.rs:2027:9
[INFO] [stdout]   11:     0x5df86dc8f1f3 - test::test_main::{{closure}}::hc0a4963c59427c24
[INFO] [stdout]                                at /rustc/6067b36314ab5eb2eb47cecc464545ba58e1ad24/library/test/src/lib.rs:134:21
[INFO] [stdout]   12:     0x5df86dd15323 - <alloc::boxed::Box<F,A> as core::ops::function::Fn<Args>>::call::h591b2225413a77e9
[INFO] [stdout]                                at /rustc/6067b36314ab5eb2eb47cecc464545ba58e1ad24/library/alloc/src/boxed.rs:2027:9
[INFO] [stdout]   13:     0x5df86dd15323 - std::panicking::rust_panic_with_hook::h625eea43051b2edc
[INFO] [stdout]                                at /rustc/6067b36314ab5eb2eb47cecc464545ba58e1ad24/library/std/src/panicking.rs:839:13
[INFO] [stdout]   14:     0x5df86dd14fa6 - std::panicking::begin_panic_handler::{{closure}}::h4f9159cfbc3f6bd3
[INFO] [stdout]                                at /rustc/6067b36314ab5eb2eb47cecc464545ba58e1ad24/library/std/src/panicking.rs:697:13
[INFO] [stdout]   15:     0x5df86dd13909 - std::sys::backtrace::__rust_end_short_backtrace::h0390abce48353151
[INFO] [stdout]                                at /rustc/6067b36314ab5eb2eb47cecc464545ba58e1ad24/library/std/src/sys/backtrace.rs:168:18
[INFO] [stdout]   16:     0x5df86dd14c6d - rust_begin_unwind
[INFO] [stdout]                                at /rustc/6067b36314ab5eb2eb47cecc464545ba58e1ad24/library/std/src/panicking.rs:695:5
[INFO] [stdout]   17:     0x5df86dd3f150 - core::panicking::panic_fmt::h9e7c637e9e5f29c9
[INFO] [stdout]                                at /rustc/6067b36314ab5eb2eb47cecc464545ba58e1ad24/library/core/src/panicking.rs:75:14
[INFO] [stdout]   18:     0x5df86dd3f1dc - core::panicking::panic::haa3255ea20181a33
[INFO] [stdout]                                at /rustc/6067b36314ab5eb2eb47cecc464545ba58e1ad24/library/core/src/panicking.rs:145:5
[INFO] [stdout]   19:     0x5df86c4ac586 - integration_tests::test_help_of_command_for_breaking_changes::hf1374caf7a2e7dde
[INFO] [stdout]                                at /opt/rustwide/workdir/pslink/tests/integration-tests.rs:8:5
[INFO] [stdout]   20:     0x5df86c4ac3a7 - integration_tests::test_help_of_command_for_breaking_changes::{{closure}}::h61ea8125fa483ef6
[INFO] [stdout]                                at /opt/rustwide/workdir/pslink/tests/integration-tests.rs:4:47
[INFO] [stdout]   21:     0x5df86c2acca6 - core::ops::function::FnOnce::call_once::h4aa421f4b40cd2fb
[INFO] [stdout]                                at /rustc/6067b36314ab5eb2eb47cecc464545ba58e1ad24/library/core/src/ops/function.rs:250:5
[INFO] [stdout]   22:     0x5df86dc9494b - core::ops::function::FnOnce::call_once::he27718dfdd183f43
[INFO] [stdout]                                at /rustc/6067b36314ab5eb2eb47cecc464545ba58e1ad24/library/core/src/ops/function.rs:250:5
[INFO] [stdout]   23:     0x5df86dc9494b - test::__rust_begin_short_backtrace::h4e84902998457a5d
[INFO] [stdout]                                at /rustc/6067b36314ab5eb2eb47cecc464545ba58e1ad24/library/test/src/lib.rs:632:18
[INFO] [stdout]   24:     0x5df86dc93883 - test::run_test_in_process::{{closure}}::h7176fd18fc1feca0
[INFO] [stdout]                                at /rustc/6067b36314ab5eb2eb47cecc464545ba58e1ad24/library/test/src/lib.rs:655:60
[INFO] [stdout]   25:     0x5df86dc93883 - <core::panic::unwind_safe::AssertUnwindSafe<F> as core::ops::function::FnOnce<()>>::call_once::hf79cff2a624d8cf7
[INFO] [stdout]                                at /rustc/6067b36314ab5eb2eb47cecc464545ba58e1ad24/library/core/src/panic/unwind_safe.rs:272:9
[INFO] [stdout]   26:     0x5df86dc93883 - std::panicking::try::do_call::h3da0561d9ab99c25
[INFO] [stdout]                                at /rustc/6067b36314ab5eb2eb47cecc464545ba58e1ad24/library/std/src/panicking.rs:587:40
[INFO] [stdout]   27:     0x5df86dc93883 - std::panicking::try::h41c9fa508bc61df6
[INFO] [stdout]                                at /rustc/6067b36314ab5eb2eb47cecc464545ba58e1ad24/library/std/src/panicking.rs:550:19
[INFO] [stdout]   28:     0x5df86dc93883 - std::panic::catch_unwind::h6b3ff07bb5afad93
[INFO] [stdout]                                at /rustc/6067b36314ab5eb2eb47cecc464545ba58e1ad24/library/std/src/panic.rs:358:14
[INFO] [stdout]   29:     0x5df86dc93883 - test::run_test_in_process::hc7253dd11b39b9f4
[INFO] [stdout]                                at /rustc/6067b36314ab5eb2eb47cecc464545ba58e1ad24/library/test/src/lib.rs:655:27
[INFO] [stdout]   30:     0x5df86dc93883 - test::run_test::{{closure}}::hfb2007f8649c30bb
[INFO] [stdout]                                at /rustc/6067b36314ab5eb2eb47cecc464545ba58e1ad24/library/test/src/lib.rs:576:43
[INFO] [stdout]   31:     0x5df86dc56965 - test::run_test::{{closure}}::h56a17aa7a282a9f4
[INFO] [stdout]                                at /rustc/6067b36314ab5eb2eb47cecc464545ba58e1ad24/library/test/src/lib.rs:606:41
[INFO] [stdout]   32:     0x5df86dc56965 - std::sys::backtrace::__rust_begin_short_backtrace::hd2d2d2fb8e8c6aac
[INFO] [stdout]                                at /rustc/6067b36314ab5eb2eb47cecc464545ba58e1ad24/library/std/src/sys/backtrace.rs:152:18
[INFO] [stdout]   33:     0x5df86dc5a24a - std::thread::Builder::spawn_unchecked_::{{closure}}::{{closure}}::h4faa3f9db6133423
[INFO] [stdout]                                at /rustc/6067b36314ab5eb2eb47cecc464545ba58e1ad24/library/std/src/thread/mod.rs:559:17
[INFO] [stdout]   34:     0x5df86dc5a24a - <core::panic::unwind_safe::AssertUnwindSafe<F> as core::ops::function::FnOnce<()>>::call_once::hf2e855a36a4ea846
[INFO] [stdout]                                at /rustc/6067b36314ab5eb2eb47cecc464545ba58e1ad24/library/core/src/panic/unwind_safe.rs:272:9
[INFO] [stdout]   35:     0x5df86dc5a24a - std::panicking::try::do_call::h2f73af3616c35465
[INFO] [stdout]                                at /rustc/6067b36314ab5eb2eb47cecc464545ba58e1ad24/library/std/src/panicking.rs:587:40
[INFO] [stdout]   36:     0x5df86dc5a24a - std::panicking::try::hd1660ce9efadef5a
[INFO] [stdout]                                at /rustc/6067b36314ab5eb2eb47cecc464545ba58e1ad24/library/std/src/panicking.rs:550:19
[INFO] [stdout]   37:     0x5df86dc5a24a - std::panic::catch_unwind::h5ee8d7823b8ca744
[INFO] [stdout]                                at /rustc/6067b36314ab5eb2eb47cecc464545ba58e1ad24/library/std/src/panic.rs:358:14
[INFO] [stdout]   38:     0x5df86dc5a24a - std::thread::Builder::spawn_unchecked_::{{closure}}::h53c3a1894dce8407
[INFO] [stdout]                                at /rustc/6067b36314ab5eb2eb47cecc464545ba58e1ad24/library/std/src/thread/mod.rs:557:30
[INFO] [stdout]   39:     0x5df86dc5a24a - core::ops::function::FnOnce::call_once{{vtable.shim}}::h048ce291ad4f62bf
[INFO] [stdout]                                at /rustc/6067b36314ab5eb2eb47cecc464545ba58e1ad24/library/core/src/ops/function.rs:250:5
[INFO] [stdout]   40:     0x5df86dd1a7fb - <alloc::boxed::Box<F,A> as core::ops::function::FnOnce<Args>>::call_once::ha52bedf99a3b4981
[INFO] [stdout]                                at /rustc/6067b36314ab5eb2eb47cecc464545ba58e1ad24/library/alloc/src/boxed.rs:2013:9
[INFO] [stdout]   41:     0x5df86dd1a7fb - <alloc::boxed::Box<F,A> as core::ops::function::FnOnce<Args>>::call_once::h567748934d80ccf8
[INFO] [stdout]                                at /rustc/6067b36314ab5eb2eb47cecc464545ba58e1ad24/library/alloc/src/boxed.rs:2013:9
[INFO] [stdout]   42:     0x5df86dd1a7fb - std::sys::pal::unix::thread::Thread::new::thread_start::h2d970728ae887adc
[INFO] [stdout]                                at /rustc/6067b36314ab5eb2eb47cecc464545ba58e1ad24/library/std/src/sys/pal/unix/thread.rs:106:17
[INFO] [stdout]   43:     0x7e205dfcdac3 - <unknown>
[INFO] [stdout]   44:     0x7e205e05ea04 - clone
[INFO] [stdout]   45:                0x0 - <unknown>
[INFO] [stdout] 
[INFO] [stdout] 
[INFO] [stdout] failures:
[INFO] [stdout]     test_help_of_command_for_breaking_changes
[INFO] [stdout] 
[INFO] [stdout] test result: FAILED. 3 passed; 1 failed; 0 ignored; 0 measured; 0 filtered out; finished in 4.41s
[INFO] [stdout] 
[INFO] [stderr] error: test failed, to rerun pass `-p pslink --test integration-tests`
[INFO] running `Command { std: "docker" "inspect" "ad96463520cab680f3e287bad94fdf994a0b75e4d60657384fc880a6ef5fe5ff", kill_on_drop: false }`
[INFO] running `Command { std: "docker" "rm" "-f" "ad96463520cab680f3e287bad94fdf994a0b75e4d60657384fc880a6ef5fe5ff", kill_on_drop: false }`
[INFO] [stdout] ad96463520cab680f3e287bad94fdf994a0b75e4d60657384fc880a6ef5fe5ff
