[INFO] cloning repository https://github.com/bnjmn21/bevy_testing
[INFO] running `Command { std: "git" "-c" "credential.helper=" "-c" "credential.helper=/workspace/cargo-home/bin/git-credential-null" "clone" "--bare" "https://github.com/bnjmn21/bevy_testing" "/workspace/cache/git-repos/https%3A%2F%2Fgithub.com%2Fbnjmn21%2Fbevy_testing", kill_on_drop: false }`
[INFO] [stderr] Cloning into bare repository '/workspace/cache/git-repos/https%3A%2F%2Fgithub.com%2Fbnjmn21%2Fbevy_testing'...
[INFO] running `Command { std: "git" "rev-parse" "HEAD", kill_on_drop: false }`
[INFO] [stdout] f7df7cccc27f3e1f233835907be102344fa517a0
[INFO] testing bnjmn21/bevy_testing against nightly-2025-01-18+rustflags=-Zrandomize-layout for randomize-layout-2
[INFO] running `Command { std: "git" "clone" "/workspace/cache/git-repos/https%3A%2F%2Fgithub.com%2Fbnjmn21%2Fbevy_testing" "/workspace/builds/worker-5-tc2/source", kill_on_drop: false }`
[INFO] [stderr] Cloning into '/workspace/builds/worker-5-tc2/source'...
[INFO] [stderr] done.
[INFO] validating manifest of git repo https://github.com/bnjmn21/bevy_testing on toolchain nightly-2025-01-18
[INFO] running `Command { std: CARGO_HOME="/workspace/cargo-home" RUSTUP_HOME="/workspace/rustup-home" "/workspace/cargo-home/bin/cargo" "+nightly-2025-01-18" "metadata" "--manifest-path" "Cargo.toml" "--no-deps", kill_on_drop: false }`
[INFO] started tweaking git repo https://github.com/bnjmn21/bevy_testing
[INFO] finished tweaking git repo https://github.com/bnjmn21/bevy_testing
[INFO] tweaked toml for git repo https://github.com/bnjmn21/bevy_testing written to /workspace/builds/worker-5-tc2/source/Cargo.toml
[INFO] crate git repo https://github.com/bnjmn21/bevy_testing already has a lockfile, it will not be regenerated
[INFO] running `Command { std: CARGO_HOME="/workspace/cargo-home" RUSTUP_HOME="/workspace/rustup-home" "/workspace/cargo-home/bin/cargo" "+nightly-2025-01-18" "fetch" "--manifest-path" "Cargo.toml", kill_on_drop: false }`
[INFO] running `Command { std: "docker" "create" "-v" "/var/lib/crater-agent-workspace/builds/worker-5-tc2/target:/opt/rustwide/target:rw,Z" "-v" "/var/lib/crater-agent-workspace/builds/worker-5-tc2/source:/opt/rustwide/workdir:ro,Z" "-v" "/var/lib/crater-agent-workspace/cargo-home:/opt/rustwide/cargo-home:ro,Z" "-v" "/var/lib/crater-agent-workspace/rustup-home:/opt/rustwide/rustup-home:ro,Z" "-e" "SOURCE_DIR=/opt/rustwide/workdir" "-e" "CARGO_TARGET_DIR=/opt/rustwide/target" "-e" "CARGO_HOME=/opt/rustwide/cargo-home" "-e" "RUSTUP_HOME=/opt/rustwide/rustup-home" "-w" "/opt/rustwide/workdir" "-m" "1610612736" "--user" "0:0" "--network" "none" "ghcr.io/rust-lang/crates-build-env/linux@sha256:819108c5571ea2e421544af4d832f968d213c87fbe3707a016657f43d2f853bc" "/opt/rustwide/cargo-home/bin/cargo" "+nightly-2025-01-18" "metadata" "--no-deps" "--format-version=1", kill_on_drop: false }`
[INFO] [stdout] 9ce13f2e15526a6b3c6d793696f65624fb81c08d12f418a1568666b81cd62ad9
[INFO] running `Command { std: "docker" "start" "-a" "9ce13f2e15526a6b3c6d793696f65624fb81c08d12f418a1568666b81cd62ad9", kill_on_drop: false }`
[INFO] running `Command { std: "docker" "inspect" "9ce13f2e15526a6b3c6d793696f65624fb81c08d12f418a1568666b81cd62ad9", kill_on_drop: false }`
[INFO] running `Command { std: "docker" "rm" "-f" "9ce13f2e15526a6b3c6d793696f65624fb81c08d12f418a1568666b81cd62ad9", kill_on_drop: false }`
[INFO] [stdout] 9ce13f2e15526a6b3c6d793696f65624fb81c08d12f418a1568666b81cd62ad9
[INFO] running `Command { std: "docker" "create" "-v" "/var/lib/crater-agent-workspace/builds/worker-5-tc2/target:/opt/rustwide/target:rw,Z" "-v" "/var/lib/crater-agent-workspace/builds/worker-5-tc2/source:/opt/rustwide/workdir:ro,Z" "-v" "/var/lib/crater-agent-workspace/cargo-home:/opt/rustwide/cargo-home:ro,Z" "-v" "/var/lib/crater-agent-workspace/rustup-home:/opt/rustwide/rustup-home:ro,Z" "-e" "SOURCE_DIR=/opt/rustwide/workdir" "-e" "CARGO_TARGET_DIR=/opt/rustwide/target" "-e" "CARGO_INCREMENTAL=0" "-e" "RUST_BACKTRACE=full" "-e" "RUSTFLAGS=--cap-lints=forbid -Zrandomize-layout" "-e" "RUSTDOCFLAGS=--cap-lints=forbid" "-e" "CARGO_HOME=/opt/rustwide/cargo-home" "-e" "RUSTUP_HOME=/opt/rustwide/rustup-home" "-w" "/opt/rustwide/workdir" "-m" "1610612736" "--user" "0:0" "--network" "none" "ghcr.io/rust-lang/crates-build-env/linux@sha256:819108c5571ea2e421544af4d832f968d213c87fbe3707a016657f43d2f853bc" "/opt/rustwide/cargo-home/bin/cargo" "+nightly-2025-01-18" "build" "--frozen" "--message-format=json", kill_on_drop: false }`
[INFO] [stdout] be21c315080f5e78af684537d9ee8e4cc65958bba4b0015d5603c7db1550fcd4
[INFO] running `Command { std: "docker" "start" "-a" "be21c315080f5e78af684537d9ee8e4cc65958bba4b0015d5603c7db1550fcd4", kill_on_drop: false }`
[INFO] [stderr]    Compiling unicode-ident v1.0.12
[INFO] [stderr]    Compiling libc v0.2.155
[INFO] [stderr]    Compiling serde v1.0.208
[INFO] [stderr]    Compiling tracing v0.1.40
[INFO] [stderr]    Compiling bytemuck v1.16.3
[INFO] [stderr]    Compiling fastrand v2.1.0
[INFO] [stderr]    Compiling typeid v1.0.0
[INFO] [stderr]    Compiling smallvec v1.13.2
[INFO] [stderr]    Compiling futures-core v0.3.30
[INFO] [stderr]    Compiling bitflags v2.6.0
[INFO] [stderr]    Compiling regex-syntax v0.8.4
[INFO] [stderr]    Compiling uuid v1.10.0
[INFO] [stderr]    Compiling regex-automata v0.1.10
[INFO] [stderr]    Compiling tracing-log v0.2.0
[INFO] [stderr]    Compiling raw-window-handle v0.6.2
[INFO] [stderr]    Compiling colored v2.1.0
[INFO] [stderr]    Compiling proc-macro2 v1.0.86
[INFO] [stderr]    Compiling futures-lite v2.3.0
[INFO] [stderr]    Compiling quote v1.0.36
[INFO] [stderr]    Compiling getrandom v0.2.15
[INFO] [stderr]    Compiling syn v2.0.74
[INFO] [stderr]    Compiling ahash v0.8.11
[INFO] [stderr]    Compiling matchers v0.1.0
[INFO] [stderr]    Compiling async-executor v1.13.0
[INFO] [stderr]    Compiling bevy_tasks v0.14.1
[INFO] [stderr]    Compiling regex-automata v0.4.7
[INFO] [stderr]    Compiling serde_spanned v0.6.7
[INFO] [stderr]    Compiling toml_datetime v0.6.8
[INFO] [stderr]    Compiling toml_edit v0.22.20
[INFO] [stderr]    Compiling regex v1.10.6
[INFO] [stderr]    Compiling serde_derive v1.0.208
[INFO] [stderr]    Compiling thiserror-impl v1.0.63
[INFO] [stderr]    Compiling bevy_utils_proc_macros v0.14.1
[INFO] [stderr]    Compiling sealed v0.5.0
[INFO] [stderr]    Compiling tracing-subscriber v0.3.18
[INFO] [stderr]    Compiling thiserror v1.0.63
[INFO] [stderr]    Compiling bevy_macro_utils v0.14.1
[INFO] [stderr]    Compiling bevy_reflect_derive v0.14.1
[INFO] [stderr]    Compiling bevy_ecs_macros v0.14.1
[INFO] [stderr]    Compiling bevy_derive v0.14.1
[INFO] [stderr]    Compiling hashbrown v0.14.5
[INFO] [stderr]    Compiling glam v0.27.0
[INFO] [stderr]    Compiling erased-serde v0.4.5
[INFO] [stderr]    Compiling bevy_utils v0.14.1
[INFO] [stderr]    Compiling indexmap v2.4.0
[INFO] [stderr]    Compiling petgraph v0.6.5
[INFO] [stderr]    Compiling bevy_reflect v0.14.1
[INFO] [stderr]    Compiling bevy_ecs v0.14.1
[INFO] [stderr]    Compiling bevy_math v0.14.1
[INFO] [stderr]    Compiling bevy_app v0.14.1
[INFO] [stderr]    Compiling bevy_core v0.14.1
[INFO] [stderr]    Compiling bevy_a11y v0.14.1
[INFO] [stderr]    Compiling bevy_time v0.14.1
[INFO] [stderr]    Compiling bevy_input v0.14.1
[INFO] [stderr]    Compiling bevy_log v0.14.1
[INFO] [stderr]    Compiling bevy_window v0.14.1
[INFO] [stderr]    Compiling bevy_hierarchy v0.14.1
[INFO] [stderr]    Compiling bevy_diagnostic v0.14.1
[INFO] [stderr]    Compiling bevy_transform v0.14.1
[INFO] [stderr]    Compiling bevy_internal v0.14.1
[INFO] [stderr]    Compiling bevy v0.14.1
[INFO] [stderr]    Compiling bevy_testing v0.1.2 (/opt/rustwide/workdir)
[INFO] [stderr]     Finished `dev` profile [unoptimized + debuginfo] target(s) in 43.37s
[INFO] running `Command { std: "docker" "inspect" "be21c315080f5e78af684537d9ee8e4cc65958bba4b0015d5603c7db1550fcd4", kill_on_drop: false }`
[INFO] running `Command { std: "docker" "rm" "-f" "be21c315080f5e78af684537d9ee8e4cc65958bba4b0015d5603c7db1550fcd4", kill_on_drop: false }`
[INFO] [stdout] be21c315080f5e78af684537d9ee8e4cc65958bba4b0015d5603c7db1550fcd4
[INFO] running `Command { std: "docker" "create" "-v" "/var/lib/crater-agent-workspace/builds/worker-5-tc2/target:/opt/rustwide/target:rw,Z" "-v" "/var/lib/crater-agent-workspace/builds/worker-5-tc2/source:/opt/rustwide/workdir:ro,Z" "-v" "/var/lib/crater-agent-workspace/cargo-home:/opt/rustwide/cargo-home:ro,Z" "-v" "/var/lib/crater-agent-workspace/rustup-home:/opt/rustwide/rustup-home:ro,Z" "-e" "SOURCE_DIR=/opt/rustwide/workdir" "-e" "CARGO_TARGET_DIR=/opt/rustwide/target" "-e" "CARGO_INCREMENTAL=0" "-e" "RUST_BACKTRACE=full" "-e" "RUSTFLAGS=--cap-lints=forbid -Zrandomize-layout" "-e" "RUSTDOCFLAGS=--cap-lints=forbid" "-e" "CARGO_HOME=/opt/rustwide/cargo-home" "-e" "RUSTUP_HOME=/opt/rustwide/rustup-home" "-w" "/opt/rustwide/workdir" "-m" "1610612736" "--user" "0:0" "--network" "none" "ghcr.io/rust-lang/crates-build-env/linux@sha256:819108c5571ea2e421544af4d832f968d213c87fbe3707a016657f43d2f853bc" "/opt/rustwide/cargo-home/bin/cargo" "+nightly-2025-01-18" "test" "--frozen" "--no-run" "--message-format=json", kill_on_drop: false }`
[INFO] [stdout] 521fb232f9d9286e88603cf77c74028fa9edd12f4a50a3ca0671b82d707f1e4f
[INFO] running `Command { std: "docker" "start" "-a" "521fb232f9d9286e88603cf77c74028fa9edd12f4a50a3ca0671b82d707f1e4f", kill_on_drop: false }`
[INFO] [stderr]    Compiling bevy_testing v0.1.2 (/opt/rustwide/workdir)
[INFO] [stderr]     Finished `test` profile [unoptimized + debuginfo] target(s) in 0.92s
[INFO] running `Command { std: "docker" "inspect" "521fb232f9d9286e88603cf77c74028fa9edd12f4a50a3ca0671b82d707f1e4f", kill_on_drop: false }`
[INFO] running `Command { std: "docker" "rm" "-f" "521fb232f9d9286e88603cf77c74028fa9edd12f4a50a3ca0671b82d707f1e4f", kill_on_drop: false }`
[INFO] [stdout] 521fb232f9d9286e88603cf77c74028fa9edd12f4a50a3ca0671b82d707f1e4f
[INFO] running `Command { std: "docker" "create" "-v" "/var/lib/crater-agent-workspace/builds/worker-5-tc2/target:/opt/rustwide/target:rw,Z" "-v" "/var/lib/crater-agent-workspace/builds/worker-5-tc2/source:/opt/rustwide/workdir:ro,Z" "-v" "/var/lib/crater-agent-workspace/cargo-home:/opt/rustwide/cargo-home:ro,Z" "-v" "/var/lib/crater-agent-workspace/rustup-home:/opt/rustwide/rustup-home:ro,Z" "-e" "SOURCE_DIR=/opt/rustwide/workdir" "-e" "CARGO_TARGET_DIR=/opt/rustwide/target" "-e" "CARGO_INCREMENTAL=0" "-e" "RUST_BACKTRACE=full" "-e" "RUSTFLAGS=--cap-lints=forbid -Zrandomize-layout" "-e" "RUSTDOCFLAGS=--cap-lints=forbid" "-e" "CARGO_HOME=/opt/rustwide/cargo-home" "-e" "RUSTUP_HOME=/opt/rustwide/rustup-home" "-w" "/opt/rustwide/workdir" "-m" "1610612736" "--user" "0:0" "--network" "none" "ghcr.io/rust-lang/crates-build-env/linux@sha256:819108c5571ea2e421544af4d832f968d213c87fbe3707a016657f43d2f853bc" "/opt/rustwide/cargo-home/bin/cargo" "+nightly-2025-01-18" "test" "--frozen", kill_on_drop: false }`
[INFO] [stdout] 12604a9c4bdca8748dd2fbc44a8702560c2e340fdf92988e73efdb663ce747bc
[INFO] running `Command { std: "docker" "start" "-a" "12604a9c4bdca8748dd2fbc44a8702560c2e340fdf92988e73efdb663ce747bc", kill_on_drop: false }`
[INFO] [stderr]     Finished `test` profile [unoptimized + debuginfo] target(s) in 0.15s
[INFO] [stderr]      Running unittests src/lib.rs (/opt/rustwide/target/debug/deps/bevy_testing-5c8d96491d0e4ca5)
[INFO] [stdout] 
[INFO] [stdout] running 0 tests
[INFO] [stdout] 
[INFO] [stdout] test result: ok. 0 passed; 0 failed; 0 ignored; 0 measured; 0 filtered out; finished in 0.00s
[INFO] [stdout] 
[INFO] [stderr]    Doc-tests bevy_testing
[INFO] [stdout] 
[INFO] [stdout] running 23 tests
[INFO] [stdout] test src/lib.rs - TestApp::get_component (line 344) ... ok
[INFO] [stdout] test src/lib.rs - TestApp::spawn_empty (line 101) ... FAILED
[INFO] [stdout] test src/lib.rs - TestApp::entity_mut (line 243) ... FAILED
[INFO] [stdout] test src/lib.rs - TestApp::get_entity (line 271) ... FAILED
[INFO] [stdout] test src/lib.rs - (line 8) ... FAILED
[INFO] [stdout] test src/lib.rs - TestApp::get_entity_mut (line 294) ... FAILED
[INFO] [stdout] test src/lib.rs - TestApp::component (line 320) ... ok
[INFO] [stdout] test src/lib.rs - TestApp::entity (line 220) ... FAILED
[INFO] [stdout] test src/lib.rs - TestApp::spawn_batch (line 193) ... ok
[INFO] [stdout] test src/lib.rs - TestApp::update_n_times (line 470) ... FAILED
[INFO] [stdout] test src/lib.rs - TestApp::spawn (line 129) ... ok
[INFO] [stdout] test src/lib.rs - TestApp::query_filtered (line 400) ... ok
[INFO] [stdout] test src/query.rs - query::AssertQuery (line 12) ... ok
[INFO] [stdout] test src/query.rs - query::AssertQuery<'w,D>::all (line 319) ... ok
[INFO] [stdout] test src/query.rs - query::AssertQuery<'w,D>::length (line 423) ... ok
[INFO] [stdout] test src/query.rs - query::AssertQuery<'w,D>::any (line 371) ... ok
[INFO] [stdout] test src/lib.rs - TestApp::update_once (line 431) ... ok
[INFO] [stdout] test src/query.rs - query::AssertQuery<'w,D>::matches (line 77) ... ok
[INFO] [stdout] test src/query.rs - query::AssertQuery<'w,D>::not (line 47) ... ok
[INFO] [stdout] test src/query.rs - query::AssertQuery<'w,D>::has (line 161) ... ok
[INFO] [stdout] test src/query.rs - query::AssertQuery<'w,D>::has_any (line 260) ... ok
[INFO] [stdout] test src/lib.rs - TestApp::query (line 370) ... ok
[INFO] [stdout] test src/query.rs - query::AssertQuery<'w,D>::has_all (line 209) ... ok
[INFO] [stdout] 
[INFO] [stdout] failures:
[INFO] [stdout] 
[INFO] [stdout] ---- src/lib.rs - TestApp::spawn_empty (line 101) stdout ----
[INFO] [stdout] error: linking with `cc` failed: exit status: 1
[INFO] [stdout]   |
[INFO] [stdout]   = note: LC_ALL="C" PATH="/opt/rustwide/rustup-home/toolchains/nightly-2025-01-18-x86_64-unknown-linux-gnu/lib/rustlib/x86_64-unknown-linux-gnu/bin:/opt/rustwide/rustup-home/toolchains/nightly-2025-01-18-x86_64-unknown-linux-gnu/lib/rustlib/x86_64-unknown-linux-gnu/bin/self-contained:/opt/rustwide/cargo-home/bin:/usr/local/sbin:/usr/local/bin:/usr/sbin:/usr/bin:/sbin:/bin" VSLANG="1033" "cc" "-m64" "/tmp/rustc7WhTR5/symbols.o" "<2 object files omitted>" "-Wl,--as-needed" "-Wl,-Bstatic" "/opt/rustwide/target/debug/deps/{libbevy_testing-21faa0c92e8afaab.rlib,libcolored-34ad02f0a059112a.rlib,libbevy-e5e2f6a7f42e9541.rlib,libbevy_internal-d08616d3ff5a1983.rlib,libbevy_window-fed4849248cc8448.rlib,libraw_window_handle-6d71aa32f762a4ba.rlib,libbevy_transform-bdce65e4eded1cd7.rlib,libbevy_log-b6a3cb587e568fd0.rlib,libtracing_subscriber-35e8b66d8ca3c277.rlib,libnu_ansi_term-b131cab8bb6c9b49.rlib,liboverload-bdf4876d9a8e99d7.rlib,libsharded_slab-709bc67164c7f77f.rlib,liblazy_static-39176b38f763143b.rlib,libmatchers-cd5e21fc3a0c9efb.rlib,libregex_automata-cd60af1e1980d2db.rlib,libregex_syntax-beb2cc35ff2f4833.rlib,libregex-5e0b74369c99e94b.rlib,libregex_automata-380e022f436fea34.rlib,libregex_syntax-4d6d0ea0835fe8ff.rlib,libtracing_log-d6961e4d41f57ce2.rlib,liblog-c1a33bfc4aca687a.rlib,libbevy_input-b0d74fd070f596d4.rlib,libbevy_math-1e79f31a7ed63465.rlib,libbevy_hierarchy-ab2efea4280074de.rlib,libbevy_diagnostic-f56bd6fa3f9d94d9.rlib,libbevy_time-1dd46bd13d47ce53.rlib,libcrossbeam_channel-3db19e7ac944fa22.rlib,libconst_fnv1a_hash-8bc05052f51123bd.rlib,libbevy_core-96cdd3ed6a2f7b75.rlib,libbevy_a11y-f9995de112db98c6.rlib,libaccesskit-be12ae638392bd36.rlib,libbevy_app-707574acb6c6f3ea.rlib,libbevy_ecs-2c559a92e095a621.rlib,libbitflags-359eb19936cce529.rlib,libnonmax-68b6aa9eab21333f.rlib,libpetgraph-8d055d3c9eb6eac6.rlib,libindexmap-4dc7895da28d216a.rlib,libequivalent-36fe78148bbac4ca.rlib,libfixedbitset-33ec228435df9f46.rlib,libbevy_tasks-3d518cc4be6bd7b0.rlib,libasync_executor-120bd8b129e3972d.rlib,libslab-b909ec27eda9bf11.rlib,libconcurrent_queue-e25e174d8849abec.rlib,libcrossbeam_utils-580bdff59556df9c.rlib,libasync_task-e224ac7154999a66.rlib,libfutures_lite-4585949506f3028d.rlib,libfutures_io-3b6e2d5c8a55e5bf.rlib,libfutures_core-66e0ff3bfa2898e8.rlib,libparking-3fb02d9c4798eba1.rlib,libfastrand-488460f202e7422d.rlib,libfixedbitset-5725754dedf94390.rlib,libbevy_reflect-e9de72c9b1b86343.rlib,libsmol_str-3bacb2a958e284b7.rlib,liberased_serde-a7307d8da5cb3138.rlib,libtypeid-bb27b213424e5273.rlib,libsmallvec-4b9af0f38f32044d.rlib,libglam-f32149fabd7349f0.rlib,librand-dec08bc246e32ec3.rlib,librand_core-b8baa75c1c85fb3d.rlib,libbytemuck-cd66fd93c8fbec44.rlib,libdowncast_rs-9faac49c85009a24.rlib,libthiserror-756447edecb42c19.rlib,libbevy_utils-c273be3543d86243.rlib,libweb_time-1ee34dbd193202c2.rlib,libtracing-20e8aadc9c20c6ee.rlib,libpin_project_lite-d6f08e5f3a31541a.rlib,libtracing_core-22a2248d669e6cef.rlib,libhashbrown-1a4e75028960de56.rlib,libserde-5c45dde4813da8b2.rlib,liballocator_api2-35c52043ff87f481.rlib,libahash-edc42f7f428259b8.rlib,libgetrandom-291431dd16cbb27e.rlib,liblibc-ec9b9766e8cf5751.rlib,libzerocopy-836e7e1b464d2035.rlib,libthread_local-78a3a9825f3981ce.rlib,libcfg_if-8f0231822091c729.rlib,libonce_cell-44b3727b7ea843b2.rlib,libbevy_ptr-da21f60eb7be7ca1.rlib}" "/opt/rustwide/rustup-home/toolchains/nightly-2025-01-18-x86_64-unknown-linux-gnu/lib/rustlib/x86_64-unknown-linux-gnu/lib/{libstd-006123e2ce67e99d.rlib,libpanic_unwind-e1447e1efa6f1e57.rlib,libobject-f6963a4916fcf097.rlib,libmemchr-49a2d9af912f4524.rlib,libaddr2line-04d19aad3936869d.rlib,libgimli-483c235edb789db0.rlib,librustc_demangle-294281af50b8f748.rlib,libstd_detect-3b08295250aabc2a.rlib,libhashbrown-4472d1e05ba0dfaf.rlib,librustc_std_workspace_alloc-2ef099fac590e457.rlib,libminiz_oxide-8a51f5e848546c29.rlib,libadler2-3d3fa22b868db521.rlib,libunwind-0ffda8b08e22dbea.rlib,libcfg_if-b08f62458fdd43b9.rlib,liblibc-559675126e63b890.rlib,liballoc-fcf21c8d1c9c7b75.rlib,librustc_std_workspace_core-e0b0460135bcf21d.rlib,libcore-d4097fdcbddd3bc7.rlib,libcompiler_builtins-fea484ac1eed7881.rlib}" "-Wl,-Bdynamic" "-lc" "-lm" "-lrt" "-lpthread" "-lgcc_s" "-lutil" "-lrt" "-lpthread" "-lm" "-ldl" "-lc" "-B/opt/rustwide/rustup-home/toolchains/nightly-2025-01-18-x86_64-unknown-linux-gnu/lib/rustlib/x86_64-unknown-linux-gnu/bin/gcc-ld" "-fuse-ld=lld" "-Wl,--eh-frame-hdr" "-Wl,-z,noexecstack" "-L" "/opt/rustwide/rustup-home/toolchains/nightly-2025-01-18-x86_64-unknown-linux-gnu/lib/rustlib/x86_64-unknown-linux-gnu/lib" "-o" "/tmp/rustdoctestZNEzEO/rust_out" "-Wl,--gc-sections" "-pie" "-Wl,-z,relro,-z,now" "-nodefaultlibs"
[INFO] [stdout]   = note: some arguments are omitted. use `--verbose` to show all linker arguments
[INFO] [stdout]   = note: collect2: fatal error: ld terminated with signal 9 [Killed]
[INFO] [stdout]           compilation terminated.
[INFO] [stdout]           
[INFO] [stdout] 
[INFO] [stdout] error: aborting due to 1 previous error
[INFO] [stdout] 
[INFO] [stdout] Couldn't compile the test.
[INFO] [stdout] ---- src/lib.rs - TestApp::entity_mut (line 243) stdout ----
[INFO] [stdout] error: linking with `cc` failed: exit status: 1
[INFO] [stdout]   |
[INFO] [stdout]   = note: LC_ALL="C" PATH="/opt/rustwide/rustup-home/toolchains/nightly-2025-01-18-x86_64-unknown-linux-gnu/lib/rustlib/x86_64-unknown-linux-gnu/bin:/opt/rustwide/rustup-home/toolchains/nightly-2025-01-18-x86_64-unknown-linux-gnu/lib/rustlib/x86_64-unknown-linux-gnu/bin/self-contained:/opt/rustwide/cargo-home/bin:/usr/local/sbin:/usr/local/bin:/usr/sbin:/usr/bin:/sbin:/bin" VSLANG="1033" "cc" "-m64" "/tmp/rustcE3szoL/symbols.o" "<2 object files omitted>" "-Wl,--as-needed" "-Wl,-Bstatic" "/opt/rustwide/target/debug/deps/{libbevy_testing-21faa0c92e8afaab.rlib,libcolored-34ad02f0a059112a.rlib,libbevy-e5e2f6a7f42e9541.rlib,libbevy_internal-d08616d3ff5a1983.rlib,libbevy_window-fed4849248cc8448.rlib,libraw_window_handle-6d71aa32f762a4ba.rlib,libbevy_transform-bdce65e4eded1cd7.rlib,libbevy_log-b6a3cb587e568fd0.rlib,libtracing_subscriber-35e8b66d8ca3c277.rlib,libnu_ansi_term-b131cab8bb6c9b49.rlib,liboverload-bdf4876d9a8e99d7.rlib,libsharded_slab-709bc67164c7f77f.rlib,liblazy_static-39176b38f763143b.rlib,libmatchers-cd5e21fc3a0c9efb.rlib,libregex_automata-cd60af1e1980d2db.rlib,libregex_syntax-beb2cc35ff2f4833.rlib,libregex-5e0b74369c99e94b.rlib,libregex_automata-380e022f436fea34.rlib,libregex_syntax-4d6d0ea0835fe8ff.rlib,libtracing_log-d6961e4d41f57ce2.rlib,liblog-c1a33bfc4aca687a.rlib,libbevy_input-b0d74fd070f596d4.rlib,libbevy_math-1e79f31a7ed63465.rlib,libbevy_hierarchy-ab2efea4280074de.rlib,libbevy_diagnostic-f56bd6fa3f9d94d9.rlib,libbevy_time-1dd46bd13d47ce53.rlib,libcrossbeam_channel-3db19e7ac944fa22.rlib,libconst_fnv1a_hash-8bc05052f51123bd.rlib,libbevy_core-96cdd3ed6a2f7b75.rlib,libbevy_a11y-f9995de112db98c6.rlib,libaccesskit-be12ae638392bd36.rlib,libbevy_app-707574acb6c6f3ea.rlib,libbevy_ecs-2c559a92e095a621.rlib,libbitflags-359eb19936cce529.rlib,libnonmax-68b6aa9eab21333f.rlib,libpetgraph-8d055d3c9eb6eac6.rlib,libindexmap-4dc7895da28d216a.rlib,libequivalent-36fe78148bbac4ca.rlib,libfixedbitset-33ec228435df9f46.rlib,libbevy_tasks-3d518cc4be6bd7b0.rlib,libasync_executor-120bd8b129e3972d.rlib,libslab-b909ec27eda9bf11.rlib,libconcurrent_queue-e25e174d8849abec.rlib,libcrossbeam_utils-580bdff59556df9c.rlib,libasync_task-e224ac7154999a66.rlib,libfutures_lite-4585949506f3028d.rlib,libfutures_io-3b6e2d5c8a55e5bf.rlib,libfutures_core-66e0ff3bfa2898e8.rlib,libparking-3fb02d9c4798eba1.rlib,libfastrand-488460f202e7422d.rlib,libfixedbitset-5725754dedf94390.rlib,libbevy_reflect-e9de72c9b1b86343.rlib,libsmol_str-3bacb2a958e284b7.rlib,liberased_serde-a7307d8da5cb3138.rlib,libtypeid-bb27b213424e5273.rlib,libsmallvec-4b9af0f38f32044d.rlib,libglam-f32149fabd7349f0.rlib,librand-dec08bc246e32ec3.rlib,librand_core-b8baa75c1c85fb3d.rlib,libbytemuck-cd66fd93c8fbec44.rlib,libdowncast_rs-9faac49c85009a24.rlib,libthiserror-756447edecb42c19.rlib,libbevy_utils-c273be3543d86243.rlib,libweb_time-1ee34dbd193202c2.rlib,libtracing-20e8aadc9c20c6ee.rlib,libpin_project_lite-d6f08e5f3a31541a.rlib,libtracing_core-22a2248d669e6cef.rlib,libhashbrown-1a4e75028960de56.rlib,libserde-5c45dde4813da8b2.rlib,liballocator_api2-35c52043ff87f481.rlib,libahash-edc42f7f428259b8.rlib,libgetrandom-291431dd16cbb27e.rlib,liblibc-ec9b9766e8cf5751.rlib,libzerocopy-836e7e1b464d2035.rlib,libthread_local-78a3a9825f3981ce.rlib,libcfg_if-8f0231822091c729.rlib,libonce_cell-44b3727b7ea843b2.rlib,libbevy_ptr-da21f60eb7be7ca1.rlib}" "/opt/rustwide/rustup-home/toolchains/nightly-2025-01-18-x86_64-unknown-linux-gnu/lib/rustlib/x86_64-unknown-linux-gnu/lib/{libstd-006123e2ce67e99d.rlib,libpanic_unwind-e1447e1efa6f1e57.rlib,libobject-f6963a4916fcf097.rlib,libmemchr-49a2d9af912f4524.rlib,libaddr2line-04d19aad3936869d.rlib,libgimli-483c235edb789db0.rlib,librustc_demangle-294281af50b8f748.rlib,libstd_detect-3b08295250aabc2a.rlib,libhashbrown-4472d1e05ba0dfaf.rlib,librustc_std_workspace_alloc-2ef099fac590e457.rlib,libminiz_oxide-8a51f5e848546c29.rlib,libadler2-3d3fa22b868db521.rlib,libunwind-0ffda8b08e22dbea.rlib,libcfg_if-b08f62458fdd43b9.rlib,liblibc-559675126e63b890.rlib,liballoc-fcf21c8d1c9c7b75.rlib,librustc_std_workspace_core-e0b0460135bcf21d.rlib,libcore-d4097fdcbddd3bc7.rlib,libcompiler_builtins-fea484ac1eed7881.rlib}" "-Wl,-Bdynamic" "-lc" "-lm" "-lrt" "-lpthread" "-lgcc_s" "-lutil" "-lrt" "-lpthread" "-lm" "-ldl" "-lc" "-B/opt/rustwide/rustup-home/toolchains/nightly-2025-01-18-x86_64-unknown-linux-gnu/lib/rustlib/x86_64-unknown-linux-gnu/bin/gcc-ld" "-fuse-ld=lld" "-Wl,--eh-frame-hdr" "-Wl,-z,noexecstack" "-L" "/opt/rustwide/rustup-home/toolchains/nightly-2025-01-18-x86_64-unknown-linux-gnu/lib/rustlib/x86_64-unknown-linux-gnu/lib" "-o" "/tmp/rustdoctestJHyUyD/rust_out" "-Wl,--gc-sections" "-pie" "-Wl,-z,relro,-z,now" "-nodefaultlibs"
[INFO] [stdout]   = note: some arguments are omitted. use `--verbose` to show all linker arguments
[INFO] [stdout]   = note: collect2: fatal error: ld terminated with signal 9 [Killed]
[INFO] [stdout]           compilation terminated.
[INFO] [stdout]           
[INFO] [stdout] 
[INFO] [stdout] error: aborting due to 1 previous error
[INFO] [stdout] 
[INFO] [stdout] Couldn't compile the test.
[INFO] [stdout] ---- src/lib.rs - TestApp::get_entity (line 271) stdout ----
[INFO] [stdout] error: linking with `cc` failed: exit status: 1
[INFO] [stdout]   |
[INFO] [stdout]   = note: LC_ALL="C" PATH="/opt/rustwide/rustup-home/toolchains/nightly-2025-01-18-x86_64-unknown-linux-gnu/lib/rustlib/x86_64-unknown-linux-gnu/bin:/opt/rustwide/rustup-home/toolchains/nightly-2025-01-18-x86_64-unknown-linux-gnu/lib/rustlib/x86_64-unknown-linux-gnu/bin/self-contained:/opt/rustwide/cargo-home/bin:/usr/local/sbin:/usr/local/bin:/usr/sbin:/usr/bin:/sbin:/bin" VSLANG="1033" "cc" "-m64" "/tmp/rustcv7zfOg/symbols.o" "<2 object files omitted>" "-Wl,--as-needed" "-Wl,-Bstatic" "/opt/rustwide/target/debug/deps/{libbevy_testing-21faa0c92e8afaab.rlib,libcolored-34ad02f0a059112a.rlib,libbevy-e5e2f6a7f42e9541.rlib,libbevy_internal-d08616d3ff5a1983.rlib,libbevy_window-fed4849248cc8448.rlib,libraw_window_handle-6d71aa32f762a4ba.rlib,libbevy_transform-bdce65e4eded1cd7.rlib,libbevy_log-b6a3cb587e568fd0.rlib,libtracing_subscriber-35e8b66d8ca3c277.rlib,libnu_ansi_term-b131cab8bb6c9b49.rlib,liboverload-bdf4876d9a8e99d7.rlib,libsharded_slab-709bc67164c7f77f.rlib,liblazy_static-39176b38f763143b.rlib,libmatchers-cd5e21fc3a0c9efb.rlib,libregex_automata-cd60af1e1980d2db.rlib,libregex_syntax-beb2cc35ff2f4833.rlib,libregex-5e0b74369c99e94b.rlib,libregex_automata-380e022f436fea34.rlib,libregex_syntax-4d6d0ea0835fe8ff.rlib,libtracing_log-d6961e4d41f57ce2.rlib,liblog-c1a33bfc4aca687a.rlib,libbevy_input-b0d74fd070f596d4.rlib,libbevy_math-1e79f31a7ed63465.rlib,libbevy_hierarchy-ab2efea4280074de.rlib,libbevy_diagnostic-f56bd6fa3f9d94d9.rlib,libbevy_time-1dd46bd13d47ce53.rlib,libcrossbeam_channel-3db19e7ac944fa22.rlib,libconst_fnv1a_hash-8bc05052f51123bd.rlib,libbevy_core-96cdd3ed6a2f7b75.rlib,libbevy_a11y-f9995de112db98c6.rlib,libaccesskit-be12ae638392bd36.rlib,libbevy_app-707574acb6c6f3ea.rlib,libbevy_ecs-2c559a92e095a621.rlib,libbitflags-359eb19936cce529.rlib,libnonmax-68b6aa9eab21333f.rlib,libpetgraph-8d055d3c9eb6eac6.rlib,libindexmap-4dc7895da28d216a.rlib,libequivalent-36fe78148bbac4ca.rlib,libfixedbitset-33ec228435df9f46.rlib,libbevy_tasks-3d518cc4be6bd7b0.rlib,libasync_executor-120bd8b129e3972d.rlib,libslab-b909ec27eda9bf11.rlib,libconcurrent_queue-e25e174d8849abec.rlib,libcrossbeam_utils-580bdff59556df9c.rlib,libasync_task-e224ac7154999a66.rlib,libfutures_lite-4585949506f3028d.rlib,libfutures_io-3b6e2d5c8a55e5bf.rlib,libfutures_core-66e0ff3bfa2898e8.rlib,libparking-3fb02d9c4798eba1.rlib,libfastrand-488460f202e7422d.rlib,libfixedbitset-5725754dedf94390.rlib,libbevy_reflect-e9de72c9b1b86343.rlib,libsmol_str-3bacb2a958e284b7.rlib,liberased_serde-a7307d8da5cb3138.rlib,libtypeid-bb27b213424e5273.rlib,libsmallvec-4b9af0f38f32044d.rlib,libglam-f32149fabd7349f0.rlib,librand-dec08bc246e32ec3.rlib,librand_core-b8baa75c1c85fb3d.rlib,libbytemuck-cd66fd93c8fbec44.rlib,libdowncast_rs-9faac49c85009a24.rlib,libthiserror-756447edecb42c19.rlib,libbevy_utils-c273be3543d86243.rlib,libweb_time-1ee34dbd193202c2.rlib,libtracing-20e8aadc9c20c6ee.rlib,libpin_project_lite-d6f08e5f3a31541a.rlib,libtracing_core-22a2248d669e6cef.rlib,libhashbrown-1a4e75028960de56.rlib,libserde-5c45dde4813da8b2.rlib,liballocator_api2-35c52043ff87f481.rlib,libahash-edc42f7f428259b8.rlib,libgetrandom-291431dd16cbb27e.rlib,liblibc-ec9b9766e8cf5751.rlib,libzerocopy-836e7e1b464d2035.rlib,libthread_local-78a3a9825f3981ce.rlib,libcfg_if-8f0231822091c729.rlib,libonce_cell-44b3727b7ea843b2.rlib,libbevy_ptr-da21f60eb7be7ca1.rlib}" "/opt/rustwide/rustup-home/toolchains/nightly-2025-01-18-x86_64-unknown-linux-gnu/lib/rustlib/x86_64-unknown-linux-gnu/lib/{libstd-006123e2ce67e99d.rlib,libpanic_unwind-e1447e1efa6f1e57.rlib,libobject-f6963a4916fcf097.rlib,libmemchr-49a2d9af912f4524.rlib,libaddr2line-04d19aad3936869d.rlib,libgimli-483c235edb789db0.rlib,librustc_demangle-294281af50b8f748.rlib,libstd_detect-3b08295250aabc2a.rlib,libhashbrown-4472d1e05ba0dfaf.rlib,librustc_std_workspace_alloc-2ef099fac590e457.rlib,libminiz_oxide-8a51f5e848546c29.rlib,libadler2-3d3fa22b868db521.rlib,libunwind-0ffda8b08e22dbea.rlib,libcfg_if-b08f62458fdd43b9.rlib,liblibc-559675126e63b890.rlib,liballoc-fcf21c8d1c9c7b75.rlib,librustc_std_workspace_core-e0b0460135bcf21d.rlib,libcore-d4097fdcbddd3bc7.rlib,libcompiler_builtins-fea484ac1eed7881.rlib}" "-Wl,-Bdynamic" "-lc" "-lm" "-lrt" "-lpthread" "-lgcc_s" "-lutil" "-lrt" "-lpthread" "-lm" "-ldl" "-lc" "-B/opt/rustwide/rustup-home/toolchains/nightly-2025-01-18-x86_64-unknown-linux-gnu/lib/rustlib/x86_64-unknown-linux-gnu/bin/gcc-ld" "-fuse-ld=lld" "-Wl,--eh-frame-hdr" "-Wl,-z,noexecstack" "-L" "/opt/rustwide/rustup-home/toolchains/nightly-2025-01-18-x86_64-unknown-linux-gnu/lib/rustlib/x86_64-unknown-linux-gnu/lib" "-o" "/tmp/rustdoctestyqsy94/rust_out" "-Wl,--gc-sections" "-pie" "-Wl,-z,relro,-z,now" "-nodefaultlibs"
[INFO] [stdout]   = note: some arguments are omitted. use `--verbose` to show all linker arguments
[INFO] [stdout]   = note: collect2: fatal error: ld terminated with signal 9 [Killed]
[INFO] [stdout]           compilation terminated.
[INFO] [stdout]           
[INFO] [stdout] 
[INFO] [stdout] error: aborting due to 1 previous error
[INFO] [stdout] 
[INFO] [stdout] Couldn't compile the test.
[INFO] [stdout] ---- src/lib.rs - (line 8) stdout ----
[INFO] [stdout] error: linking with `cc` failed: exit status: 1
[INFO] [stdout]   |
[INFO] [stdout]   = note: LC_ALL="C" PATH="/opt/rustwide/rustup-home/toolchains/nightly-2025-01-18-x86_64-unknown-linux-gnu/lib/rustlib/x86_64-unknown-linux-gnu/bin:/opt/rustwide/rustup-home/toolchains/nightly-2025-01-18-x86_64-unknown-linux-gnu/lib/rustlib/x86_64-unknown-linux-gnu/bin/self-contained:/opt/rustwide/cargo-home/bin:/usr/local/sbin:/usr/local/bin:/usr/sbin:/usr/bin:/sbin:/bin" VSLANG="1033" "cc" "-m64" "/tmp/rustc20uYD7/symbols.o" "<2 object files omitted>" "-Wl,--as-needed" "-Wl,-Bstatic" "/opt/rustwide/target/debug/deps/{libbevy_testing-21faa0c92e8afaab.rlib,libcolored-34ad02f0a059112a.rlib,libbevy-e5e2f6a7f42e9541.rlib,libbevy_internal-d08616d3ff5a1983.rlib,libbevy_window-fed4849248cc8448.rlib,libraw_window_handle-6d71aa32f762a4ba.rlib,libbevy_transform-bdce65e4eded1cd7.rlib,libbevy_log-b6a3cb587e568fd0.rlib,libtracing_subscriber-35e8b66d8ca3c277.rlib,libnu_ansi_term-b131cab8bb6c9b49.rlib,liboverload-bdf4876d9a8e99d7.rlib,libsharded_slab-709bc67164c7f77f.rlib,liblazy_static-39176b38f763143b.rlib,libmatchers-cd5e21fc3a0c9efb.rlib,libregex_automata-cd60af1e1980d2db.rlib,libregex_syntax-beb2cc35ff2f4833.rlib,libregex-5e0b74369c99e94b.rlib,libregex_automata-380e022f436fea34.rlib,libregex_syntax-4d6d0ea0835fe8ff.rlib,libtracing_log-d6961e4d41f57ce2.rlib,liblog-c1a33bfc4aca687a.rlib,libbevy_input-b0d74fd070f596d4.rlib,libbevy_math-1e79f31a7ed63465.rlib,libbevy_hierarchy-ab2efea4280074de.rlib,libbevy_diagnostic-f56bd6fa3f9d94d9.rlib,libbevy_time-1dd46bd13d47ce53.rlib,libcrossbeam_channel-3db19e7ac944fa22.rlib,libconst_fnv1a_hash-8bc05052f51123bd.rlib,libbevy_core-96cdd3ed6a2f7b75.rlib,libbevy_a11y-f9995de112db98c6.rlib,libaccesskit-be12ae638392bd36.rlib,libbevy_app-707574acb6c6f3ea.rlib,libbevy_ecs-2c559a92e095a621.rlib,libbitflags-359eb19936cce529.rlib,libnonmax-68b6aa9eab21333f.rlib,libpetgraph-8d055d3c9eb6eac6.rlib,libindexmap-4dc7895da28d216a.rlib,libequivalent-36fe78148bbac4ca.rlib,libfixedbitset-33ec228435df9f46.rlib,libbevy_tasks-3d518cc4be6bd7b0.rlib,libasync_executor-120bd8b129e3972d.rlib,libslab-b909ec27eda9bf11.rlib,libconcurrent_queue-e25e174d8849abec.rlib,libcrossbeam_utils-580bdff59556df9c.rlib,libasync_task-e224ac7154999a66.rlib,libfutures_lite-4585949506f3028d.rlib,libfutures_io-3b6e2d5c8a55e5bf.rlib,libfutures_core-66e0ff3bfa2898e8.rlib,libparking-3fb02d9c4798eba1.rlib,libfastrand-488460f202e7422d.rlib,libfixedbitset-5725754dedf94390.rlib,libbevy_reflect-e9de72c9b1b86343.rlib,libsmol_str-3bacb2a958e284b7.rlib,liberased_serde-a7307d8da5cb3138.rlib,libtypeid-bb27b213424e5273.rlib,libsmallvec-4b9af0f38f32044d.rlib,libglam-f32149fabd7349f0.rlib,librand-dec08bc246e32ec3.rlib,librand_core-b8baa75c1c85fb3d.rlib,libbytemuck-cd66fd93c8fbec44.rlib,libdowncast_rs-9faac49c85009a24.rlib,libthiserror-756447edecb42c19.rlib,libbevy_utils-c273be3543d86243.rlib,libweb_time-1ee34dbd193202c2.rlib,libtracing-20e8aadc9c20c6ee.rlib,libpin_project_lite-d6f08e5f3a31541a.rlib,libtracing_core-22a2248d669e6cef.rlib,libhashbrown-1a4e75028960de56.rlib,libserde-5c45dde4813da8b2.rlib,liballocator_api2-35c52043ff87f481.rlib,libahash-edc42f7f428259b8.rlib,libgetrandom-291431dd16cbb27e.rlib,liblibc-ec9b9766e8cf5751.rlib,libzerocopy-836e7e1b464d2035.rlib,libthread_local-78a3a9825f3981ce.rlib,libcfg_if-8f0231822091c729.rlib,libonce_cell-44b3727b7ea843b2.rlib,libbevy_ptr-da21f60eb7be7ca1.rlib}" "/opt/rustwide/rustup-home/toolchains/nightly-2025-01-18-x86_64-unknown-linux-gnu/lib/rustlib/x86_64-unknown-linux-gnu/lib/{libstd-006123e2ce67e99d.rlib,libpanic_unwind-e1447e1efa6f1e57.rlib,libobject-f6963a4916fcf097.rlib,libmemchr-49a2d9af912f4524.rlib,libaddr2line-04d19aad3936869d.rlib,libgimli-483c235edb789db0.rlib,librustc_demangle-294281af50b8f748.rlib,libstd_detect-3b08295250aabc2a.rlib,libhashbrown-4472d1e05ba0dfaf.rlib,librustc_std_workspace_alloc-2ef099fac590e457.rlib,libminiz_oxide-8a51f5e848546c29.rlib,libadler2-3d3fa22b868db521.rlib,libunwind-0ffda8b08e22dbea.rlib,libcfg_if-b08f62458fdd43b9.rlib,liblibc-559675126e63b890.rlib,liballoc-fcf21c8d1c9c7b75.rlib,librustc_std_workspace_core-e0b0460135bcf21d.rlib,libcore-d4097fdcbddd3bc7.rlib,libcompiler_builtins-fea484ac1eed7881.rlib}" "-Wl,-Bdynamic" "-lc" "-lm" "-lrt" "-lpthread" "-lgcc_s" "-lutil" "-lrt" "-lpthread" "-lm" "-ldl" "-lc" "-B/opt/rustwide/rustup-home/toolchains/nightly-2025-01-18-x86_64-unknown-linux-gnu/lib/rustlib/x86_64-unknown-linux-gnu/bin/gcc-ld" "-fuse-ld=lld" "-Wl,--eh-frame-hdr" "-Wl,-z,noexecstack" "-L" "/opt/rustwide/rustup-home/toolchains/nightly-2025-01-18-x86_64-unknown-linux-gnu/lib/rustlib/x86_64-unknown-linux-gnu/lib" "-o" "/tmp/rustdoctestnLgvpC/rust_out" "-Wl,--gc-sections" "-pie" "-Wl,-z,relro,-z,now" "-nodefaultlibs"
[INFO] [stdout]   = note: some arguments are omitted. use `--verbose` to show all linker arguments
[INFO] [stdout]   = note: collect2: fatal error: ld terminated with signal 9 [Killed]
[INFO] [stdout]           compilation terminated.
[INFO] [stdout]           
[INFO] [stdout] 
[INFO] [stdout] error: aborting due to 1 previous error
[INFO] [stdout] 
[INFO] [stdout] Couldn't compile the test.
[INFO] [stdout] ---- src/lib.rs - TestApp::get_entity_mut (line 294) stdout ----
[INFO] [stdout] error: linking with `cc` failed: exit status: 1
[INFO] [stdout]   |
[INFO] [stdout]   = note: LC_ALL="C" PATH="/opt/rustwide/rustup-home/toolchains/nightly-2025-01-18-x86_64-unknown-linux-gnu/lib/rustlib/x86_64-unknown-linux-gnu/bin:/opt/rustwide/rustup-home/toolchains/nightly-2025-01-18-x86_64-unknown-linux-gnu/lib/rustlib/x86_64-unknown-linux-gnu/bin/self-contained:/opt/rustwide/cargo-home/bin:/usr/local/sbin:/usr/local/bin:/usr/sbin:/usr/bin:/sbin:/bin" VSLANG="1033" "cc" "-m64" "/tmp/rustcRVAMn7/symbols.o" "<2 object files omitted>" "-Wl,--as-needed" "-Wl,-Bstatic" "/opt/rustwide/target/debug/deps/{libbevy_testing-21faa0c92e8afaab.rlib,libcolored-34ad02f0a059112a.rlib,libbevy-e5e2f6a7f42e9541.rlib,libbevy_internal-d08616d3ff5a1983.rlib,libbevy_window-fed4849248cc8448.rlib,libraw_window_handle-6d71aa32f762a4ba.rlib,libbevy_transform-bdce65e4eded1cd7.rlib,libbevy_log-b6a3cb587e568fd0.rlib,libtracing_subscriber-35e8b66d8ca3c277.rlib,libnu_ansi_term-b131cab8bb6c9b49.rlib,liboverload-bdf4876d9a8e99d7.rlib,libsharded_slab-709bc67164c7f77f.rlib,liblazy_static-39176b38f763143b.rlib,libmatchers-cd5e21fc3a0c9efb.rlib,libregex_automata-cd60af1e1980d2db.rlib,libregex_syntax-beb2cc35ff2f4833.rlib,libregex-5e0b74369c99e94b.rlib,libregex_automata-380e022f436fea34.rlib,libregex_syntax-4d6d0ea0835fe8ff.rlib,libtracing_log-d6961e4d41f57ce2.rlib,liblog-c1a33bfc4aca687a.rlib,libbevy_input-b0d74fd070f596d4.rlib,libbevy_math-1e79f31a7ed63465.rlib,libbevy_hierarchy-ab2efea4280074de.rlib,libbevy_diagnostic-f56bd6fa3f9d94d9.rlib,libbevy_time-1dd46bd13d47ce53.rlib,libcrossbeam_channel-3db19e7ac944fa22.rlib,libconst_fnv1a_hash-8bc05052f51123bd.rlib,libbevy_core-96cdd3ed6a2f7b75.rlib,libbevy_a11y-f9995de112db98c6.rlib,libaccesskit-be12ae638392bd36.rlib,libbevy_app-707574acb6c6f3ea.rlib,libbevy_ecs-2c559a92e095a621.rlib,libbitflags-359eb19936cce529.rlib,libnonmax-68b6aa9eab21333f.rlib,libpetgraph-8d055d3c9eb6eac6.rlib,libindexmap-4dc7895da28d216a.rlib,libequivalent-36fe78148bbac4ca.rlib,libfixedbitset-33ec228435df9f46.rlib,libbevy_tasks-3d518cc4be6bd7b0.rlib,libasync_executor-120bd8b129e3972d.rlib,libslab-b909ec27eda9bf11.rlib,libconcurrent_queue-e25e174d8849abec.rlib,libcrossbeam_utils-580bdff59556df9c.rlib,libasync_task-e224ac7154999a66.rlib,libfutures_lite-4585949506f3028d.rlib,libfutures_io-3b6e2d5c8a55e5bf.rlib,libfutures_core-66e0ff3bfa2898e8.rlib,libparking-3fb02d9c4798eba1.rlib,libfastrand-488460f202e7422d.rlib,libfixedbitset-5725754dedf94390.rlib,libbevy_reflect-e9de72c9b1b86343.rlib,libsmol_str-3bacb2a958e284b7.rlib,liberased_serde-a7307d8da5cb3138.rlib,libtypeid-bb27b213424e5273.rlib,libsmallvec-4b9af0f38f32044d.rlib,libglam-f32149fabd7349f0.rlib,librand-dec08bc246e32ec3.rlib,librand_core-b8baa75c1c85fb3d.rlib,libbytemuck-cd66fd93c8fbec44.rlib,libdowncast_rs-9faac49c85009a24.rlib,libthiserror-756447edecb42c19.rlib,libbevy_utils-c273be3543d86243.rlib,libweb_time-1ee34dbd193202c2.rlib,libtracing-20e8aadc9c20c6ee.rlib,libpin_project_lite-d6f08e5f3a31541a.rlib,libtracing_core-22a2248d669e6cef.rlib,libhashbrown-1a4e75028960de56.rlib,libserde-5c45dde4813da8b2.rlib,liballocator_api2-35c52043ff87f481.rlib,libahash-edc42f7f428259b8.rlib,libgetrandom-291431dd16cbb27e.rlib,liblibc-ec9b9766e8cf5751.rlib,libzerocopy-836e7e1b464d2035.rlib,libthread_local-78a3a9825f3981ce.rlib,libcfg_if-8f0231822091c729.rlib,libonce_cell-44b3727b7ea843b2.rlib,libbevy_ptr-da21f60eb7be7ca1.rlib}" "/opt/rustwide/rustup-home/toolchains/nightly-2025-01-18-x86_64-unknown-linux-gnu/lib/rustlib/x86_64-unknown-linux-gnu/lib/{libstd-006123e2ce67e99d.rlib,libpanic_unwind-e1447e1efa6f1e57.rlib,libobject-f6963a4916fcf097.rlib,libmemchr-49a2d9af912f4524.rlib,libaddr2line-04d19aad3936869d.rlib,libgimli-483c235edb789db0.rlib,librustc_demangle-294281af50b8f748.rlib,libstd_detect-3b08295250aabc2a.rlib,libhashbrown-4472d1e05ba0dfaf.rlib,librustc_std_workspace_alloc-2ef099fac590e457.rlib,libminiz_oxide-8a51f5e848546c29.rlib,libadler2-3d3fa22b868db521.rlib,libunwind-0ffda8b08e22dbea.rlib,libcfg_if-b08f62458fdd43b9.rlib,liblibc-559675126e63b890.rlib,liballoc-fcf21c8d1c9c7b75.rlib,librustc_std_workspace_core-e0b0460135bcf21d.rlib,libcore-d4097fdcbddd3bc7.rlib,libcompiler_builtins-fea484ac1eed7881.rlib}" "-Wl,-Bdynamic" "-lc" "-lm" "-lrt" "-lpthread" "-lgcc_s" "-lutil" "-lrt" "-lpthread" "-lm" "-ldl" "-lc" "-B/opt/rustwide/rustup-home/toolchains/nightly-2025-01-18-x86_64-unknown-linux-gnu/lib/rustlib/x86_64-unknown-linux-gnu/bin/gcc-ld" "-fuse-ld=lld" "-Wl,--eh-frame-hdr" "-Wl,-z,noexecstack" "-L" "/opt/rustwide/rustup-home/toolchains/nightly-2025-01-18-x86_64-unknown-linux-gnu/lib/rustlib/x86_64-unknown-linux-gnu/lib" "-o" "/tmp/rustdoctestEYr0ae/rust_out" "-Wl,--gc-sections" "-pie" "-Wl,-z,relro,-z,now" "-nodefaultlibs"
[INFO] [stdout]   = note: some arguments are omitted. use `--verbose` to show all linker arguments
[INFO] [stdout]   = note: collect2: fatal error: ld terminated with signal 9 [Killed]
[INFO] [stdout]           compilation terminated.
[INFO] [stdout]           
[INFO] [stdout] 
[INFO] [stdout] error: aborting due to 1 previous error
[INFO] [stdout] 
[INFO] [stdout] Couldn't compile the test.
[INFO] [stdout] ---- src/lib.rs - TestApp::entity (line 220) stdout ----
[INFO] [stdout] error: linking with `cc` failed: exit status: 1
[INFO] [stdout]   |
[INFO] [stdout]   = note: LC_ALL="C" PATH="/opt/rustwide/rustup-home/toolchains/nightly-2025-01-18-x86_64-unknown-linux-gnu/lib/rustlib/x86_64-unknown-linux-gnu/bin:/opt/rustwide/rustup-home/toolchains/nightly-2025-01-18-x86_64-unknown-linux-gnu/lib/rustlib/x86_64-unknown-linux-gnu/bin/self-contained:/opt/rustwide/cargo-home/bin:/usr/local/sbin:/usr/local/bin:/usr/sbin:/usr/bin:/sbin:/bin" VSLANG="1033" "cc" "-m64" "/tmp/rustcbpyDDg/symbols.o" "<2 object files omitted>" "-Wl,--as-needed" "-Wl,-Bstatic" "/opt/rustwide/target/debug/deps/{libbevy_testing-21faa0c92e8afaab.rlib,libcolored-34ad02f0a059112a.rlib,libbevy-e5e2f6a7f42e9541.rlib,libbevy_internal-d08616d3ff5a1983.rlib,libbevy_window-fed4849248cc8448.rlib,libraw_window_handle-6d71aa32f762a4ba.rlib,libbevy_transform-bdce65e4eded1cd7.rlib,libbevy_log-b6a3cb587e568fd0.rlib,libtracing_subscriber-35e8b66d8ca3c277.rlib,libnu_ansi_term-b131cab8bb6c9b49.rlib,liboverload-bdf4876d9a8e99d7.rlib,libsharded_slab-709bc67164c7f77f.rlib,liblazy_static-39176b38f763143b.rlib,libmatchers-cd5e21fc3a0c9efb.rlib,libregex_automata-cd60af1e1980d2db.rlib,libregex_syntax-beb2cc35ff2f4833.rlib,libregex-5e0b74369c99e94b.rlib,libregex_automata-380e022f436fea34.rlib,libregex_syntax-4d6d0ea0835fe8ff.rlib,libtracing_log-d6961e4d41f57ce2.rlib,liblog-c1a33bfc4aca687a.rlib,libbevy_input-b0d74fd070f596d4.rlib,libbevy_math-1e79f31a7ed63465.rlib,libbevy_hierarchy-ab2efea4280074de.rlib,libbevy_diagnostic-f56bd6fa3f9d94d9.rlib,libbevy_time-1dd46bd13d47ce53.rlib,libcrossbeam_channel-3db19e7ac944fa22.rlib,libconst_fnv1a_hash-8bc05052f51123bd.rlib,libbevy_core-96cdd3ed6a2f7b75.rlib,libbevy_a11y-f9995de112db98c6.rlib,libaccesskit-be12ae638392bd36.rlib,libbevy_app-707574acb6c6f3ea.rlib,libbevy_ecs-2c559a92e095a621.rlib,libbitflags-359eb19936cce529.rlib,libnonmax-68b6aa9eab21333f.rlib,libpetgraph-8d055d3c9eb6eac6.rlib,libindexmap-4dc7895da28d216a.rlib,libequivalent-36fe78148bbac4ca.rlib,libfixedbitset-33ec228435df9f46.rlib,libbevy_tasks-3d518cc4be6bd7b0.rlib,libasync_executor-120bd8b129e3972d.rlib,libslab-b909ec27eda9bf11.rlib,libconcurrent_queue-e25e174d8849abec.rlib,libcrossbeam_utils-580bdff59556df9c.rlib,libasync_task-e224ac7154999a66.rlib,libfutures_lite-4585949506f3028d.rlib,libfutures_io-3b6e2d5c8a55e5bf.rlib,libfutures_core-66e0ff3bfa2898e8.rlib,libparking-3fb02d9c4798eba1.rlib,libfastrand-488460f202e7422d.rlib,libfixedbitset-5725754dedf94390.rlib,libbevy_reflect-e9de72c9b1b86343.rlib,libsmol_str-3bacb2a958e284b7.rlib,liberased_serde-a7307d8da5cb3138.rlib,libtypeid-bb27b213424e5273.rlib,libsmallvec-4b9af0f38f32044d.rlib,libglam-f32149fabd7349f0.rlib,librand-dec08bc246e32ec3.rlib,librand_core-b8baa75c1c85fb3d.rlib,libbytemuck-cd66fd93c8fbec44.rlib,libdowncast_rs-9faac49c85009a24.rlib,libthiserror-756447edecb42c19.rlib,libbevy_utils-c273be3543d86243.rlib,libweb_time-1ee34dbd193202c2.rlib,libtracing-20e8aadc9c20c6ee.rlib,libpin_project_lite-d6f08e5f3a31541a.rlib,libtracing_core-22a2248d669e6cef.rlib,libhashbrown-1a4e75028960de56.rlib,libserde-5c45dde4813da8b2.rlib,liballocator_api2-35c52043ff87f481.rlib,libahash-edc42f7f428259b8.rlib,libgetrandom-291431dd16cbb27e.rlib,liblibc-ec9b9766e8cf5751.rlib,libzerocopy-836e7e1b464d2035.rlib,libthread_local-78a3a9825f3981ce.rlib,libcfg_if-8f0231822091c729.rlib,libonce_cell-44b3727b7ea843b2.rlib,libbevy_ptr-da21f60eb7be7ca1.rlib}" "/opt/rustwide/rustup-home/toolchains/nightly-2025-01-18-x86_64-unknown-linux-gnu/lib/rustlib/x86_64-unknown-linux-gnu/lib/{libstd-006123e2ce67e99d.rlib,libpanic_unwind-e1447e1efa6f1e57.rlib,libobject-f6963a4916fcf097.rlib,libmemchr-49a2d9af912f4524.rlib,libaddr2line-04d19aad3936869d.rlib,libgimli-483c235edb789db0.rlib,librustc_demangle-294281af50b8f748.rlib,libstd_detect-3b08295250aabc2a.rlib,libhashbrown-4472d1e05ba0dfaf.rlib,librustc_std_workspace_alloc-2ef099fac590e457.rlib,libminiz_oxide-8a51f5e848546c29.rlib,libadler2-3d3fa22b868db521.rlib,libunwind-0ffda8b08e22dbea.rlib,libcfg_if-b08f62458fdd43b9.rlib,liblibc-559675126e63b890.rlib,liballoc-fcf21c8d1c9c7b75.rlib,librustc_std_workspace_core-e0b0460135bcf21d.rlib,libcore-d4097fdcbddd3bc7.rlib,libcompiler_builtins-fea484ac1eed7881.rlib}" "-Wl,-Bdynamic" "-lc" "-lm" "-lrt" "-lpthread" "-lgcc_s" "-lutil" "-lrt" "-lpthread" "-lm" "-ldl" "-lc" "-B/opt/rustwide/rustup-home/toolchains/nightly-2025-01-18-x86_64-unknown-linux-gnu/lib/rustlib/x86_64-unknown-linux-gnu/bin/gcc-ld" "-fuse-ld=lld" "-Wl,--eh-frame-hdr" "-Wl,-z,noexecstack" "-L" "/opt/rustwide/rustup-home/toolchains/nightly-2025-01-18-x86_64-unknown-linux-gnu/lib/rustlib/x86_64-unknown-linux-gnu/lib" "-o" "/tmp/rustdoctestoJx5tV/rust_out" "-Wl,--gc-sections" "-pie" "-Wl,-z,relro,-z,now" "-nodefaultlibs"
[INFO] [stdout]   = note: some arguments are omitted. use `--verbose` to show all linker arguments
[INFO] [stdout]   = note: collect2: fatal error: ld terminated with signal 9 [Killed]
[INFO] [stdout]           compilation terminated.
[INFO] [stdout]           
[INFO] [stdout] 
[INFO] [stdout] error: aborting due to 1 previous error
[INFO] [stdout] 
[INFO] [stdout] Couldn't compile the test.
[INFO] [stdout] ---- src/lib.rs - TestApp::update_n_times (line 470) stdout ----
[INFO] [stdout] error: linking with `cc` failed: exit status: 1
[INFO] [stdout]   |
[INFO] [stdout]   = note: LC_ALL="C" PATH="/opt/rustwide/rustup-home/toolchains/nightly-2025-01-18-x86_64-unknown-linux-gnu/lib/rustlib/x86_64-unknown-linux-gnu/bin:/opt/rustwide/rustup-home/toolchains/nightly-2025-01-18-x86_64-unknown-linux-gnu/lib/rustlib/x86_64-unknown-linux-gnu/bin/self-contained:/opt/rustwide/cargo-home/bin:/usr/local/sbin:/usr/local/bin:/usr/sbin:/usr/bin:/sbin:/bin" VSLANG="1033" "cc" "-m64" "/tmp/rustcXauL6L/symbols.o" "<2 object files omitted>" "-Wl,--as-needed" "-Wl,-Bstatic" "/opt/rustwide/target/debug/deps/{libbevy_testing-21faa0c92e8afaab.rlib,libcolored-34ad02f0a059112a.rlib,libbevy-e5e2f6a7f42e9541.rlib,libbevy_internal-d08616d3ff5a1983.rlib,libbevy_window-fed4849248cc8448.rlib,libraw_window_handle-6d71aa32f762a4ba.rlib,libbevy_transform-bdce65e4eded1cd7.rlib,libbevy_log-b6a3cb587e568fd0.rlib,libtracing_subscriber-35e8b66d8ca3c277.rlib,libnu_ansi_term-b131cab8bb6c9b49.rlib,liboverload-bdf4876d9a8e99d7.rlib,libsharded_slab-709bc67164c7f77f.rlib,liblazy_static-39176b38f763143b.rlib,libmatchers-cd5e21fc3a0c9efb.rlib,libregex_automata-cd60af1e1980d2db.rlib,libregex_syntax-beb2cc35ff2f4833.rlib,libregex-5e0b74369c99e94b.rlib,libregex_automata-380e022f436fea34.rlib,libregex_syntax-4d6d0ea0835fe8ff.rlib,libtracing_log-d6961e4d41f57ce2.rlib,liblog-c1a33bfc4aca687a.rlib,libbevy_input-b0d74fd070f596d4.rlib,libbevy_math-1e79f31a7ed63465.rlib,libbevy_hierarchy-ab2efea4280074de.rlib,libbevy_diagnostic-f56bd6fa3f9d94d9.rlib,libbevy_time-1dd46bd13d47ce53.rlib,libcrossbeam_channel-3db19e7ac944fa22.rlib,libconst_fnv1a_hash-8bc05052f51123bd.rlib,libbevy_core-96cdd3ed6a2f7b75.rlib,libbevy_a11y-f9995de112db98c6.rlib,libaccesskit-be12ae638392bd36.rlib,libbevy_app-707574acb6c6f3ea.rlib,libbevy_ecs-2c559a92e095a621.rlib,libbitflags-359eb19936cce529.rlib,libnonmax-68b6aa9eab21333f.rlib,libpetgraph-8d055d3c9eb6eac6.rlib,libindexmap-4dc7895da28d216a.rlib,libequivalent-36fe78148bbac4ca.rlib,libfixedbitset-33ec228435df9f46.rlib,libbevy_tasks-3d518cc4be6bd7b0.rlib,libasync_executor-120bd8b129e3972d.rlib,libslab-b909ec27eda9bf11.rlib,libconcurrent_queue-e25e174d8849abec.rlib,libcrossbeam_utils-580bdff59556df9c.rlib,libasync_task-e224ac7154999a66.rlib,libfutures_lite-4585949506f3028d.rlib,libfutures_io-3b6e2d5c8a55e5bf.rlib,libfutures_core-66e0ff3bfa2898e8.rlib,libparking-3fb02d9c4798eba1.rlib,libfastrand-488460f202e7422d.rlib,libfixedbitset-5725754dedf94390.rlib,libbevy_reflect-e9de72c9b1b86343.rlib,libsmol_str-3bacb2a958e284b7.rlib,liberased_serde-a7307d8da5cb3138.rlib,libtypeid-bb27b213424e5273.rlib,libsmallvec-4b9af0f38f32044d.rlib,libglam-f32149fabd7349f0.rlib,librand-dec08bc246e32ec3.rlib,librand_core-b8baa75c1c85fb3d.rlib,libbytemuck-cd66fd93c8fbec44.rlib,libdowncast_rs-9faac49c85009a24.rlib,libthiserror-756447edecb42c19.rlib,libbevy_utils-c273be3543d86243.rlib,libweb_time-1ee34dbd193202c2.rlib,libtracing-20e8aadc9c20c6ee.rlib,libpin_project_lite-d6f08e5f3a31541a.rlib,libtracing_core-22a2248d669e6cef.rlib,libhashbrown-1a4e75028960de56.rlib,libserde-5c45dde4813da8b2.rlib,liballocator_api2-35c52043ff87f481.rlib,libahash-edc42f7f428259b8.rlib,libgetrandom-291431dd16cbb27e.rlib,liblibc-ec9b9766e8cf5751.rlib,libzerocopy-836e7e1b464d2035.rlib,libthread_local-78a3a9825f3981ce.rlib,libcfg_if-8f0231822091c729.rlib,libonce_cell-44b3727b7ea843b2.rlib,libbevy_ptr-da21f60eb7be7ca1.rlib}" "/opt/rustwide/rustup-home/toolchains/nightly-2025-01-18-x86_64-unknown-linux-gnu/lib/rustlib/x86_64-unknown-linux-gnu/lib/{libstd-006123e2ce67e99d.rlib,libpanic_unwind-e1447e1efa6f1e57.rlib,libobject-f6963a4916fcf097.rlib,libmemchr-49a2d9af912f4524.rlib,libaddr2line-04d19aad3936869d.rlib,libgimli-483c235edb789db0.rlib,librustc_demangle-294281af50b8f748.rlib,libstd_detect-3b08295250aabc2a.rlib,libhashbrown-4472d1e05ba0dfaf.rlib,librustc_std_workspace_alloc-2ef099fac590e457.rlib,libminiz_oxide-8a51f5e848546c29.rlib,libadler2-3d3fa22b868db521.rlib,libunwind-0ffda8b08e22dbea.rlib,libcfg_if-b08f62458fdd43b9.rlib,liblibc-559675126e63b890.rlib,liballoc-fcf21c8d1c9c7b75.rlib,librustc_std_workspace_core-e0b0460135bcf21d.rlib,libcore-d4097fdcbddd3bc7.rlib,libcompiler_builtins-fea484ac1eed7881.rlib}" "-Wl,-Bdynamic" "-lc" "-lm" "-lrt" "-lpthread" "-lgcc_s" "-lutil" "-lrt" "-lpthread" "-lm" "-ldl" "-lc" "-B/opt/rustwide/rustup-home/toolchains/nightly-2025-01-18-x86_64-unknown-linux-gnu/lib/rustlib/x86_64-unknown-linux-gnu/bin/gcc-ld" "-fuse-ld=lld" "-Wl,--eh-frame-hdr" "-Wl,-z,noexecstack" "-L" "/opt/rustwide/rustup-home/toolchains/nightly-2025-01-18-x86_64-unknown-linux-gnu/lib/rustlib/x86_64-unknown-linux-gnu/lib" "-o" "/tmp/rustdoctest3nayFI/rust_out" "-Wl,--gc-sections" "-pie" "-Wl,-z,relro,-z,now" "-nodefaultlibs"
[INFO] [stdout]   = note: some arguments are omitted. use `--verbose` to show all linker arguments
[INFO] [stdout]   = note: collect2: fatal error: ld terminated with signal 9 [Killed]
[INFO] [stdout]           compilation terminated.
[INFO] [stdout]           
[INFO] [stdout] 
[INFO] [stdout] error: aborting due to 1 previous error
[INFO] [stdout] 
[INFO] [stdout] Couldn't compile the test.
[INFO] [stdout] 
[INFO] [stdout] failures:
[INFO] [stdout]     src/lib.rs - (line 8)
[INFO] [stdout]     src/lib.rs - TestApp::entity (line 220)
[INFO] [stdout]     src/lib.rs - TestApp::entity_mut (line 243)
[INFO] [stdout]     src/lib.rs - TestApp::get_entity (line 271)
[INFO] [stdout]     src/lib.rs - TestApp::get_entity_mut (line 294)
[INFO] [stdout]     src/lib.rs - TestApp::spawn_empty (line 101)
[INFO] [stdout]     src/lib.rs - TestApp::update_n_times (line 470)
[INFO] [stdout] 
[INFO] [stdout] test result: FAILED. 16 passed; 7 failed; 0 ignored; 0 measured; 0 filtered out; finished in 23.42s
[INFO] [stdout] 
[INFO] [stderr] error: doctest failed, to rerun pass `--doc`
[INFO] running `Command { std: "docker" "inspect" "12604a9c4bdca8748dd2fbc44a8702560c2e340fdf92988e73efdb663ce747bc", kill_on_drop: false }`
[INFO] running `Command { std: "docker" "rm" "-f" "12604a9c4bdca8748dd2fbc44a8702560c2e340fdf92988e73efdb663ce747bc", kill_on_drop: false }`
[INFO] [stdout] 12604a9c4bdca8748dd2fbc44a8702560c2e340fdf92988e73efdb663ce747bc
