[INFO] cloning repository https://github.com/Notgnoshi/herostratus
[INFO] running `Command { std: "git" "-c" "credential.helper=" "-c" "credential.helper=/workspace/cargo-home/bin/git-credential-null" "clone" "--bare" "https://github.com/Notgnoshi/herostratus" "/workspace/cache/git-repos/https%3A%2F%2Fgithub.com%2FNotgnoshi%2Fherostratus", kill_on_drop: false }`
[INFO] [stderr] Cloning into bare repository '/workspace/cache/git-repos/https%3A%2F%2Fgithub.com%2FNotgnoshi%2Fherostratus'...
[INFO] running `Command { std: "git" "rev-parse" "HEAD", kill_on_drop: false }`
[INFO] [stdout] 1605c05b62265d61940c4499f214edc677833391
[INFO] testing Notgnoshi/herostratus against nightly-2025-01-18 for randomize-layout-2
[INFO] running `Command { std: "git" "clone" "/workspace/cache/git-repos/https%3A%2F%2Fgithub.com%2FNotgnoshi%2Fherostratus" "/workspace/builds/worker-2-tc1/source", kill_on_drop: false }`
[INFO] [stderr] Cloning into '/workspace/builds/worker-2-tc1/source'...
[INFO] [stderr] done.
[INFO] validating manifest of git repo https://github.com/Notgnoshi/herostratus on toolchain nightly-2025-01-18
[INFO] running `Command { std: CARGO_HOME="/workspace/cargo-home" RUSTUP_HOME="/workspace/rustup-home" "/workspace/cargo-home/bin/cargo" "+nightly-2025-01-18" "metadata" "--manifest-path" "Cargo.toml" "--no-deps", kill_on_drop: false }`
[INFO] started tweaking git repo https://github.com/Notgnoshi/herostratus
[INFO] finished tweaking git repo https://github.com/Notgnoshi/herostratus
[INFO] tweaked toml for git repo https://github.com/Notgnoshi/herostratus written to /workspace/builds/worker-2-tc1/source/Cargo.toml
[INFO] crate git repo https://github.com/Notgnoshi/herostratus already has a lockfile, it will not be regenerated
[INFO] running `Command { std: CARGO_HOME="/workspace/cargo-home" RUSTUP_HOME="/workspace/rustup-home" "/workspace/cargo-home/bin/cargo" "+nightly-2025-01-18" "fetch" "--manifest-path" "Cargo.toml", kill_on_drop: false }`
[INFO] [stderr]     Updating crates.io index
[INFO] [stderr]  Downloading crates ...
[INFO] [stderr]   Downloaded log v0.4.24
[INFO] [stderr]   Downloaded sval_json v2.13.2
[INFO] [stderr]   Downloaded sval v2.13.2
[INFO] [stderr]   Downloaded value-bag-serde1 v1.10.0
[INFO] [stderr]   Downloaded value-bag-sval2 v1.10.0
[INFO] [stderr]   Downloaded sval_buffer v2.13.2
[INFO] [stderr]   Downloaded sval_ref v2.13.2
[INFO] [stderr]   Downloaded gix-hashtable v0.6.0
[INFO] [stderr]   Downloaded sval_nested v2.13.2
[INFO] [stderr]   Downloaded gix-url v0.28.2
[INFO] [stderr]   Downloaded gix-ignore v0.12.1
[INFO] [stderr]   Downloaded ctor v0.2.9
[INFO] [stderr]   Downloaded gix-mailmap v0.25.1
[INFO] [stderr]   Downloaded gix-status v0.14.0
[INFO] [stderr]   Downloaded gix-protocol v0.46.1
[INFO] [stderr]   Downloaded gix-odb v0.64.0
[INFO] [stderr]   Downloaded gix-merge v0.0.0
[INFO] [stderr]   Downloaded cc v1.2.8
[INFO] [stderr]   Downloaded gix-pack v0.54.0
[INFO] [stderr]   Downloaded prodash v29.0.0
[INFO] [stderr]   Downloaded imara-diff v0.1.7
[INFO] [stderr]   Downloaded gix-dir v0.9.0
[INFO] [stderr]   Downloaded gix-ref v0.48.0
[INFO] [stderr]   Downloaded gix-config v0.41.0
[INFO] [stderr]   Downloaded gix-transport v0.43.1
[INFO] [stderr]   Downloaded gix-diff v0.47.0
[INFO] [stderr]   Downloaded gix v0.67.0
[INFO] [stderr]   Downloaded gix-revision v0.30.0
[INFO] [stderr]   Downloaded gix-index v0.36.0
[INFO] [stderr]   Downloaded gix-revwalk v0.16.0
[INFO] [stderr]   Downloaded sval_fmt v2.13.2
[INFO] [stderr]   Downloaded gix-config-value v0.14.10
[INFO] [stderr]   Downloaded gix-refspec v0.26.0
[INFO] [stderr]   Downloaded bstr v1.11.3
[INFO] [stderr]   Downloaded gix-lock v15.0.1
[INFO] [stderr]   Downloaded gix-glob v0.17.1
[INFO] [stderr]   Downloaded kstring v2.0.2
[INFO] [stderr]   Downloaded gix-filter v0.14.0
[INFO] [stderr]   Downloaded gix-commitgraph v0.25.1
[INFO] [stderr]   Downloaded human_format v1.1.0
[INFO] [stderr]   Downloaded gix-features v0.39.1
[INFO] [stderr]   Downloaded gix-hash v0.15.1
[INFO] [stderr]   Downloaded gix-utils v0.1.13
[INFO] [stderr]   Downloaded gix-validate v0.9.2
[INFO] [stderr]   Downloaded gix-object v0.45.0
[INFO] [stderr]   Downloaded gix-traverse v0.42.0
[INFO] [stderr]   Downloaded gix-worktree-stream v0.16.0
[INFO] [stderr]   Downloaded inventory v0.3.17
[INFO] [stderr]   Downloaded sval_dynamic v2.13.2
[INFO] [stderr]   Downloaded gix-archive v0.16.0
[INFO] [stderr]   Downloaded jiff v0.1.21
[INFO] [stderr]   Downloaded gix-negotiate v0.16.0
[INFO] [stderr]   Downloaded gix-prompt v0.8.9
[INFO] [stderr]   Downloaded gix-credentials v0.25.1
[INFO] [stderr]   Downloaded gix-packetline v0.18.2
[INFO] [stderr]   Downloaded maybe-async v0.2.10
[INFO] [stderr]   Downloaded gix-discover v0.36.0
[INFO] [stderr]   Downloaded gix-sec v0.10.10
[INFO] [stderr]   Downloaded gix-pathspec v0.8.1
[INFO] [stderr]   Downloaded libz-sys v1.1.21
[INFO] [stderr]   Downloaded gix-submodule v0.15.0
[INFO] [stderr]   Downloaded gix-bitmap v0.2.13
[INFO] [stderr]   Downloaded gix-tempfile v15.0.0
[INFO] [stderr]   Downloaded gix-worktree v0.37.0
[INFO] [stderr]   Downloaded gix-worktree-state v0.14.0
[INFO] [stderr]   Downloaded gix-attributes v0.23.1
[INFO] [stderr]   Downloaded gix-command v0.3.11
[INFO] [stderr]   Downloaded gix-packetline-blocking v0.18.1
[INFO] [stderr]   Downloaded gix-fs v0.12.1
[INFO] [stderr]   Downloaded gix-path v0.10.13
[INFO] [stderr]   Downloaded gix-chunk v0.4.10
[INFO] [stderr]   Downloaded gix-actor v0.33.1
[INFO] [stderr]   Downloaded gix-date v0.9.3
[INFO] [stderr]   Downloaded io-close v0.3.7
[INFO] [stderr]   Downloaded gix-quote v0.4.14
[INFO] [stderr]   Downloaded gix-trace v0.1.11
[INFO] [stderr]   Downloaded float-cmp v0.10.0
[INFO] [stderr]   Downloaded sval_serde v2.13.2
[INFO] running `Command { std: "docker" "create" "-v" "/var/lib/crater-agent-workspace/builds/worker-2-tc1/target:/opt/rustwide/target:rw,Z" "-v" "/var/lib/crater-agent-workspace/builds/worker-2-tc1/source:/opt/rustwide/workdir:ro,Z" "-v" "/var/lib/crater-agent-workspace/cargo-home:/opt/rustwide/cargo-home:ro,Z" "-v" "/var/lib/crater-agent-workspace/rustup-home:/opt/rustwide/rustup-home:ro,Z" "-e" "SOURCE_DIR=/opt/rustwide/workdir" "-e" "CARGO_TARGET_DIR=/opt/rustwide/target" "-e" "CARGO_HOME=/opt/rustwide/cargo-home" "-e" "RUSTUP_HOME=/opt/rustwide/rustup-home" "-w" "/opt/rustwide/workdir" "-m" "1610612736" "--user" "0:0" "--network" "none" "ghcr.io/rust-lang/crates-build-env/linux@sha256:819108c5571ea2e421544af4d832f968d213c87fbe3707a016657f43d2f853bc" "/opt/rustwide/cargo-home/bin/cargo" "+nightly-2025-01-18" "metadata" "--no-deps" "--format-version=1", kill_on_drop: false }`
[INFO] [stdout] 514660a65ae0f866828d1ef3ed0f5cccb3d6a9ff4a01a745bbf4b8a7f7a7b48c
[INFO] running `Command { std: "docker" "start" "-a" "514660a65ae0f866828d1ef3ed0f5cccb3d6a9ff4a01a745bbf4b8a7f7a7b48c", kill_on_drop: false }`
[INFO] running `Command { std: "docker" "inspect" "514660a65ae0f866828d1ef3ed0f5cccb3d6a9ff4a01a745bbf4b8a7f7a7b48c", kill_on_drop: false }`
[INFO] running `Command { std: "docker" "rm" "-f" "514660a65ae0f866828d1ef3ed0f5cccb3d6a9ff4a01a745bbf4b8a7f7a7b48c", kill_on_drop: false }`
[INFO] [stdout] 514660a65ae0f866828d1ef3ed0f5cccb3d6a9ff4a01a745bbf4b8a7f7a7b48c
[INFO] running `Command { std: "docker" "create" "-v" "/var/lib/crater-agent-workspace/builds/worker-2-tc1/target:/opt/rustwide/target:rw,Z" "-v" "/var/lib/crater-agent-workspace/builds/worker-2-tc1/source:/opt/rustwide/workdir:ro,Z" "-v" "/var/lib/crater-agent-workspace/cargo-home:/opt/rustwide/cargo-home:ro,Z" "-v" "/var/lib/crater-agent-workspace/rustup-home:/opt/rustwide/rustup-home:ro,Z" "-e" "SOURCE_DIR=/opt/rustwide/workdir" "-e" "CARGO_TARGET_DIR=/opt/rustwide/target" "-e" "CARGO_INCREMENTAL=0" "-e" "RUST_BACKTRACE=full" "-e" "RUSTFLAGS=--cap-lints=forbid" "-e" "RUSTDOCFLAGS=--cap-lints=forbid" "-e" "CARGO_HOME=/opt/rustwide/cargo-home" "-e" "RUSTUP_HOME=/opt/rustwide/rustup-home" "-w" "/opt/rustwide/workdir" "-m" "1610612736" "--user" "0:0" "--network" "none" "ghcr.io/rust-lang/crates-build-env/linux@sha256:819108c5571ea2e421544af4d832f968d213c87fbe3707a016657f43d2f853bc" "/opt/rustwide/cargo-home/bin/cargo" "+nightly-2025-01-18" "build" "--frozen" "--message-format=json", kill_on_drop: false }`
[INFO] [stdout] f61364287c49d8fd162e158521f4cc2c502c56e417363eedfdfe82aa2743e5af
[INFO] running `Command { std: "docker" "start" "-a" "f61364287c49d8fd162e158521f4cc2c502c56e417363eedfdfe82aa2743e5af", kill_on_drop: false }`
[INFO] [stderr]    Compiling proc-macro2 v1.0.93
[INFO] [stderr]    Compiling unicode-ident v1.0.14
[INFO] [stderr]    Compiling libc v0.2.169
[INFO] [stderr]    Compiling once_cell v1.20.2
[INFO] [stderr]    Compiling cfg-if v1.0.0
[INFO] [stderr]    Compiling regex-syntax v0.8.5
[INFO] [stderr]    Compiling memchr v2.7.4
[INFO] [stderr]    Compiling thiserror v2.0.11
[INFO] [stderr]    Compiling smallvec v1.13.2
[INFO] [stderr]    Compiling serde v1.0.217
[INFO] [stderr]    Compiling tracing-core v0.1.33
[INFO] [stderr]    Compiling autocfg v1.4.0
[INFO] [stderr]    Compiling log v0.4.24
[INFO] [stderr]    Compiling parking_lot_core v0.9.10
[INFO] [stderr]    Compiling scopeguard v1.2.0
[INFO] [stderr]    Compiling tinyvec_macros v0.1.1
[INFO] [stderr]    Compiling tinyvec v1.8.1
[INFO] [stderr]    Compiling fastrand v2.3.0
[INFO] [stderr]    Compiling quote v1.0.38
[INFO] [stderr]    Compiling lock_api v0.4.12
[INFO] [stderr]    Compiling syn v2.0.96
[INFO] [stderr]    Compiling gix-trace v0.1.11
[INFO] [stderr]    Compiling crossbeam-utils v0.8.21
[INFO] [stderr]    Compiling adler2 v2.0.0
[INFO] [stderr]    Compiling crc32fast v1.4.2
[INFO] [stderr]    Compiling miniz_oxide v0.8.2
[INFO] [stderr]    Compiling bytesize v1.3.0
[INFO] [stderr]    Compiling same-file v1.0.6
[INFO] [stderr]    Compiling human_format v1.1.0
[INFO] [stderr]    Compiling walkdir v2.5.0
[INFO] [stderr]    Compiling unicode-normalization v0.1.24
[INFO] [stderr]    Compiling sha1_smol v1.0.1
[INFO] [stderr]    Compiling parking_lot v0.12.3
[INFO] [stderr]    Compiling bitflags v2.7.0
[INFO] [stderr]    Compiling regex-automata v0.4.9
[INFO] [stderr]    Compiling flate2 v1.0.35
[INFO] [stderr]    Compiling prodash v29.0.0
[INFO] [stderr]    Compiling crossbeam-channel v0.5.14
[INFO] [stderr]    Compiling bytes v1.9.0
[INFO] [stderr]    Compiling version_check v0.9.5
[INFO] [stderr]    Compiling getrandom v0.2.15
[INFO] [stderr]    Compiling ahash v0.8.11
[INFO] [stderr]    Compiling zerocopy v0.7.35
[INFO] [stderr]    Compiling allocator-api2 v0.2.21
[INFO] [stderr]    Compiling winnow v0.6.24
[INFO] [stderr]    Compiling home v0.5.11
[INFO] [stderr]    Compiling jiff v0.1.21
[INFO] [stderr]    Compiling itoa v1.0.14
[INFO] [stderr]    Compiling thiserror v1.0.69
[INFO] [stderr]    Compiling memmap2 v0.9.5
[INFO] [stderr]    Compiling rustix v0.38.43
[INFO] [stderr]    Compiling linux-raw-sys v0.4.15
[INFO] [stderr]    Compiling hashbrown v0.14.5
[INFO] [stderr]    Compiling stable_deref_trait v1.2.0
[INFO] [stderr]    Compiling jobserver v0.1.32
[INFO] [stderr]    Compiling signal-hook v0.3.17
[INFO] [stderr]    Compiling shlex v1.3.0
[INFO] [stderr]    Compiling cc v1.2.8
[INFO] [stderr]    Compiling signal-hook-registry v1.4.2
[INFO] [stderr]    Compiling dashmap v6.1.0
[INFO] [stderr]    Compiling bstr v1.11.3
[INFO] [stderr]    Compiling gix-utils v0.1.13
[INFO] [stderr]    Compiling litemap v0.7.4
[INFO] [stderr]    Compiling writeable v0.5.5
[INFO] [stderr]    Compiling unicode-bom v2.0.3
[INFO] [stderr]    Compiling static_assertions v1.1.0
[INFO] [stderr]    Compiling kstring v2.0.2
[INFO] [stderr]    Compiling shell-words v1.1.0
[INFO] [stderr]    Compiling icu_locid_transform_data v1.5.0
[INFO] [stderr]    Compiling pkg-config v0.3.31
[INFO] [stderr]    Compiling icu_properties_data v1.5.0
[INFO] [stderr]    Compiling vcpkg v0.2.15
[INFO] [stderr]    Compiling utf8_iter v1.0.4
[INFO] [stderr]    Compiling synstructure v0.13.1
[INFO] [stderr]    Compiling utf16_iter v1.0.5
[INFO] [stderr]    Compiling icu_normalizer_data v1.5.0
[INFO] [stderr]    Compiling write16 v1.0.0
[INFO] [stderr]    Compiling gix-sec v0.10.10
[INFO] [stderr]    Compiling percent-encoding v2.3.1
[INFO] [stderr]    Compiling form_urlencoded v1.2.1
[INFO] [stderr]    Compiling filetime v0.2.25
[INFO] [stderr]    Compiling encoding_rs v0.8.35
[INFO] [stderr]    Compiling fnv v1.0.7
[INFO] [stderr]    Compiling regex-syntax v0.6.29
[INFO] [stderr]    Compiling libz-sys v1.1.21
[INFO] [stderr]    Compiling openssl-sys v0.9.104
[INFO] [stderr]    Compiling libssh2-sys v0.3.0
[INFO] [stderr]    Compiling tempfile v3.15.0
[INFO] [stderr]    Compiling regex v1.11.1
[INFO] [stderr]    Compiling pin-project-lite v0.2.16
[INFO] [stderr]    Compiling anstyle v1.0.10
[INFO] [stderr]    Compiling overload v0.1.1
[INFO] [stderr]    Compiling lazy_static v1.5.0
[INFO] [stderr]    Compiling utf8parse v0.2.2
[INFO] [stderr]    Compiling anstyle-parse v0.2.6
[INFO] [stderr]    Compiling sharded-slab v0.1.7
[INFO] [stderr]    Compiling nu-ansi-term v0.46.0
[INFO] [stderr]    Compiling imara-diff v0.1.7
[INFO] [stderr]    Compiling thiserror-impl v2.0.11
[INFO] [stderr]    Compiling serde_derive v1.0.217
[INFO] [stderr]    Compiling thiserror-impl v1.0.69
[INFO] [stderr]    Compiling zerofrom-derive v0.1.5
[INFO] [stderr]    Compiling gix-path v0.10.13
[INFO] [stderr]    Compiling gix-date v0.9.3
[INFO] [stderr]    Compiling gix-validate v0.9.2
[INFO] [stderr]    Compiling gix-actor v0.33.1
[INFO] [stderr]    Compiling gix-chunk v0.4.10
[INFO] [stderr]    Compiling yoke-derive v0.7.5
[INFO] [stderr]    Compiling zerovec-derive v0.10.3
[INFO] [stderr]    Compiling zerofrom v0.1.5
[INFO] [stderr]    Compiling displaydoc v0.2.5
[INFO] [stderr]    Compiling gix-quote v0.4.14
[INFO] [stderr]    Compiling icu_provider_macros v1.5.0
[INFO] [stderr]    Compiling gix-command v0.3.11
[INFO] [stderr]    Compiling gix-config-value v0.14.10
[INFO] [stderr]    Compiling gix-bitmap v0.2.13
[INFO] [stderr]    Compiling regex-automata v0.1.10
[INFO] [stderr]    Compiling tracing-attributes v0.1.28
[INFO] [stderr]    Compiling tracing-log v0.2.0
[INFO] [stderr]    Compiling thread_local v1.1.8
[INFO] [stderr]    Compiling anstyle-query v1.1.2
[INFO] [stderr]    Compiling is_terminal_polyfill v1.70.1
[INFO] [stderr]    Compiling yoke v0.7.5
[INFO] [stderr]    Compiling colorchoice v1.0.3
[INFO] [stderr]    Compiling arrayvec v0.7.6
[INFO] [stderr]    Compiling anstream v0.6.18
[INFO] [stderr]    Compiling uluru v3.1.0
[INFO] [stderr]    Compiling gix-prompt v0.8.9
[INFO] [stderr]    Compiling zerovec v0.10.4
[INFO] [stderr]    Compiling matchers v0.1.0
[INFO] [stderr]    Compiling backtrace v0.3.71
[INFO] [stderr]    Compiling libgit2-sys v0.17.0+1.8.1
[INFO] [stderr]    Compiling gimli v0.28.1
[INFO] [stderr]    Compiling adler v1.0.2
[INFO] [stderr]    Compiling clru v0.6.2
[INFO] [stderr]    Compiling hashbrown v0.15.2
[INFO] [stderr]    Compiling tracing v0.1.41
[INFO] [stderr]    Compiling equivalent v1.0.1
[INFO] [stderr]    Compiling eyre v0.6.12
[INFO] [stderr]    Compiling tracing-subscriber v0.3.19
[INFO] [stderr]    Compiling tinystr v0.7.6
[INFO] [stderr]    Compiling icu_collections v1.5.0
[INFO] [stderr]    Compiling icu_locid v1.5.0
[INFO] [stderr]    Compiling miniz_oxide v0.7.4
[INFO] [stderr]    Compiling indexmap v2.7.0
[INFO] [stderr]    Compiling icu_provider v1.5.0
[INFO] [stderr]    Compiling addr2line v0.21.0
[INFO] [stderr]    Compiling maybe-async v0.2.10
[INFO] [stderr]    Compiling icu_locid_transform v1.5.0
[INFO] [stderr]    Compiling io-close v0.3.7
[INFO] [stderr]    Compiling object v0.32.2
[INFO] [stderr]    Compiling heck v0.5.0
[INFO] [stderr]    Compiling arc-swap v1.7.1
[INFO] [stderr]    Compiling indenter v0.3.3
[INFO] [stderr]    Compiling tracing-error v0.2.1
[INFO] [stderr]    Compiling rustc-demangle v0.1.24
[INFO] [stderr]    Compiling owo-colors v3.5.0
[INFO] [stderr]    Compiling strsim v0.11.1
[INFO] [stderr]    Compiling clap_lex v0.7.4
[INFO] [stderr]    Compiling icu_properties v1.5.1
[INFO] [stderr]    Compiling option-ext v0.2.0
[INFO] [stderr]    Compiling color-spantrace v0.2.1
[INFO] [stderr]    Compiling dirs-sys v0.4.1
[INFO] [stderr]    Compiling clap_builder v4.5.26
[INFO] [stderr]    Compiling faster-hex v0.9.0
[INFO] [stderr]    Compiling toml_datetime v0.6.8
[INFO] [stderr]    Compiling serde_spanned v0.6.8
[INFO] [stderr]    Compiling gix-hash v0.15.1
[INFO] [stderr]    Compiling gix-packetline-blocking v0.18.1
[INFO] [stderr]    Compiling gix-packetline v0.18.2
[INFO] [stderr]    Compiling toml_edit v0.22.22
[INFO] [stderr]    Compiling gix-features v0.39.1
[INFO] [stderr]    Compiling gix-hashtable v0.6.0
[INFO] [stderr]    Compiling clap_derive v4.5.24
[INFO] [stderr]    Compiling gix-object v0.45.0
[INFO] [stderr]    Compiling gix-fs v0.12.1
[INFO] [stderr]    Compiling gix-commitgraph v0.25.1
[INFO] [stderr]    Compiling gix-tempfile v15.0.0
[INFO] [stderr]    Compiling gix-glob v0.17.1
[INFO] [stderr]    Compiling gix-revwalk v0.16.0
[INFO] [stderr]    Compiling gix-attributes v0.23.1
[INFO] [stderr]    Compiling gix-lock v15.0.1
[INFO] [stderr]    Compiling gix-traverse v0.42.0
[INFO] [stderr]    Compiling icu_normalizer v1.5.0
[INFO] [stderr]    Compiling gix-index v0.36.0
[INFO] [stderr]    Compiling gix-filter v0.14.0
[INFO] [stderr]    Compiling idna_adapter v1.2.0
[INFO] [stderr]    Compiling idna v1.0.3
[INFO] [stderr]    Compiling gix-ignore v0.12.1
[INFO] [stderr]    Compiling url v2.5.4
[INFO] [stderr]    Compiling gix-ref v0.48.0
[INFO] [stderr]    Compiling gix-worktree v0.37.0
[INFO] [stderr]    Compiling gix-url v0.28.2
[INFO] [stderr]    Compiling gix-pathspec v0.8.1
[INFO] [stderr]    Compiling gix-revision v0.30.0
[INFO] [stderr]    Compiling gix-diff v0.47.0
[INFO] [stderr]    Compiling gix-transport v0.43.1
[INFO] [stderr]    Compiling gix-credentials v0.25.1
[INFO] [stderr]    Compiling gix-discover v0.36.0
[INFO] [stderr]    Compiling gix-refspec v0.26.0
[INFO] [stderr]    Compiling gix-config v0.41.0
[INFO] [stderr]    Compiling gix-dir v0.9.0
[INFO] [stderr]    Compiling gix-worktree-stream v0.16.0
[INFO] [stderr]    Compiling gix-pack v0.54.0
[INFO] [stderr]    Compiling gix-protocol v0.46.1
[INFO] [stderr]    Compiling gix-status v0.14.0
[INFO] [stderr]    Compiling gix-archive v0.16.0
[INFO] [stderr]    Compiling gix-merge v0.0.0
[INFO] [stderr]    Compiling gix-worktree-state v0.14.0
[INFO] [stderr]    Compiling gix-negotiate v0.16.0
[INFO] [stderr]    Compiling gix-mailmap v0.25.1
[INFO] [stderr]    Compiling gix-submodule v0.15.0
[INFO] [stderr]    Compiling openssl-probe v0.1.5
[INFO] [stderr]    Compiling doc-comment v0.3.3
[INFO] [stderr]    Compiling predicates-core v1.0.9
[INFO] [stderr]    Compiling color-eyre v0.6.3
[INFO] [stderr]    Compiling clap v4.5.26
[INFO] [stderr]    Compiling gix-odb v0.64.0
[INFO] [stderr]    Compiling toml v0.8.19
[INFO] [stderr]    Compiling directories v5.0.1
[INFO] [stderr]    Compiling assert_cmd v2.0.16
[INFO] [stderr]    Compiling termtree v0.5.1
[INFO] [stderr]    Compiling difflib v0.4.0
[INFO] [stderr]    Compiling inventory v0.3.17
[INFO] [stderr]    Compiling predicates-tree v1.0.12
[INFO] [stderr]    Compiling predicates v3.1.3
[INFO] [stderr]    Compiling wait-timeout v0.2.0
[INFO] [stderr]    Compiling ctor v0.2.9
[INFO] [stderr]    Compiling gix v0.67.0
[INFO] [stderr]    Compiling git2 v0.19.0
[INFO] [stderr]    Compiling herostratus v0.1.0 (/opt/rustwide/workdir/herostratus)
[INFO] [stderr]    Compiling herostratus-tests v0.1.0 (/opt/rustwide/workdir/herostratus-tests)
[INFO] [stderr]     Finished `dev` profile [unoptimized + debuginfo] target(s) in 3m 33s
[INFO] running `Command { std: "docker" "inspect" "f61364287c49d8fd162e158521f4cc2c502c56e417363eedfdfe82aa2743e5af", kill_on_drop: false }`
[INFO] running `Command { std: "docker" "rm" "-f" "f61364287c49d8fd162e158521f4cc2c502c56e417363eedfdfe82aa2743e5af", kill_on_drop: false }`
[INFO] [stdout] f61364287c49d8fd162e158521f4cc2c502c56e417363eedfdfe82aa2743e5af
[INFO] running `Command { std: "docker" "create" "-v" "/var/lib/crater-agent-workspace/builds/worker-2-tc1/target:/opt/rustwide/target:rw,Z" "-v" "/var/lib/crater-agent-workspace/builds/worker-2-tc1/source:/opt/rustwide/workdir:ro,Z" "-v" "/var/lib/crater-agent-workspace/cargo-home:/opt/rustwide/cargo-home:ro,Z" "-v" "/var/lib/crater-agent-workspace/rustup-home:/opt/rustwide/rustup-home:ro,Z" "-e" "SOURCE_DIR=/opt/rustwide/workdir" "-e" "CARGO_TARGET_DIR=/opt/rustwide/target" "-e" "CARGO_INCREMENTAL=0" "-e" "RUST_BACKTRACE=full" "-e" "RUSTFLAGS=--cap-lints=forbid" "-e" "RUSTDOCFLAGS=--cap-lints=forbid" "-e" "CARGO_HOME=/opt/rustwide/cargo-home" "-e" "RUSTUP_HOME=/opt/rustwide/rustup-home" "-w" "/opt/rustwide/workdir" "-m" "1610612736" "--user" "0:0" "--network" "none" "ghcr.io/rust-lang/crates-build-env/linux@sha256:819108c5571ea2e421544af4d832f968d213c87fbe3707a016657f43d2f853bc" "/opt/rustwide/cargo-home/bin/cargo" "+nightly-2025-01-18" "test" "--frozen" "--no-run" "--message-format=json", kill_on_drop: false }`
[INFO] [stdout] ffe3a5ff5702c0d737750758346fe4b23d7584e2fd9eed41e51fd75b95682cd4
[INFO] running `Command { std: "docker" "start" "-a" "ffe3a5ff5702c0d737750758346fe4b23d7584e2fd9eed41e51fd75b95682cd4", kill_on_drop: false }`
[INFO] [stderr]    Compiling regex-syntax v0.8.5
[INFO] [stderr]    Compiling aho-corasick v1.1.3
[INFO] [stderr]    Compiling num-traits v0.2.19
[INFO] [stderr]    Compiling normalize-line-endings v0.3.0
[INFO] [stderr]    Compiling float-cmp v0.10.0
[INFO] [stderr]    Compiling regex-automata v0.4.9
[INFO] [stderr]    Compiling bstr v1.11.3
[INFO] [stderr]    Compiling regex v1.11.1
[INFO] [stderr]    Compiling tracing-subscriber v0.3.19
[INFO] [stderr]    Compiling predicates v3.1.3
[INFO] [stderr]    Compiling gix-utils v0.1.13
[INFO] [stderr]    Compiling gix-path v0.10.13
[INFO] [stderr]    Compiling gix-date v0.9.3
[INFO] [stderr]    Compiling gix-features v0.39.1
[INFO] [stderr]    Compiling gix-actor v0.33.1
[INFO] [stderr]    Compiling gix-validate v0.9.2
[INFO] [stderr]    Compiling gix-quote v0.4.14
[INFO] [stderr]    Compiling gix-object v0.45.0
[INFO] [stderr]    Compiling gix-fs v0.12.1
[INFO] [stderr]    Compiling gix-commitgraph v0.25.1
[INFO] [stderr]    Compiling gix-glob v0.17.1
[INFO] [stderr]    Compiling gix-command v0.3.11
[INFO] [stderr]    Compiling gix-config-value v0.14.10
[INFO] [stderr]    Compiling gix-tempfile v15.0.0
[INFO] [stderr]    Compiling gix-attributes v0.23.1
[INFO] [stderr]    Compiling gix-packetline-blocking v0.18.1
[INFO] [stderr]    Compiling gix-ignore v0.12.1
[INFO] [stderr]    Compiling gix-lock v15.0.1
[INFO] [stderr]    Compiling gix-url v0.28.2
[INFO] [stderr]    Compiling gix-prompt v0.8.9
[INFO] [stderr]    Compiling gix-packetline v0.18.2
[INFO] [stderr]    Compiling tracing-error v0.2.1
[INFO] [stderr]    Compiling gix-mailmap v0.25.1
[INFO] [stderr]    Compiling color-spantrace v0.2.1
[INFO] [stderr]    Compiling assert_cmd v2.0.16
[INFO] [stderr]    Compiling gix-revwalk v0.16.0
[INFO] [stderr]    Compiling gix-filter v0.14.0
[INFO] [stderr]    Compiling gix-ref v0.48.0
[INFO] [stderr]    Compiling gix-pathspec v0.8.1
[INFO] [stderr]    Compiling gix-traverse v0.42.0
[INFO] [stderr]    Compiling gix-index v0.36.0
[INFO] [stderr]    Compiling gix-revision v0.30.0
[INFO] [stderr]    Compiling gix-pack v0.54.0
[INFO] [stderr]    Compiling gix-worktree-stream v0.16.0
[INFO] [stderr]    Compiling gix-transport v0.43.1
[INFO] [stderr]    Compiling gix-credentials v0.25.1
[INFO] [stderr]    Compiling gix-refspec v0.26.0
[INFO] [stderr]    Compiling gix-worktree v0.37.0
[INFO] [stderr]    Compiling gix-discover v0.36.0
[INFO] [stderr]    Compiling gix-diff v0.47.0
[INFO] [stderr]    Compiling gix-config v0.41.0
[INFO] [stderr]    Compiling gix-worktree-state v0.14.0
[INFO] [stderr]    Compiling gix-merge v0.0.0
[INFO] [stderr]    Compiling gix-dir v0.9.0
[INFO] [stderr]    Compiling gix-odb v0.64.0
[INFO] [stderr]    Compiling gix-protocol v0.46.1
[INFO] [stderr]    Compiling gix-status v0.14.0
[INFO] [stderr]    Compiling gix-archive v0.16.0
[INFO] [stderr]    Compiling gix-negotiate v0.16.0
[INFO] [stderr]    Compiling color-eyre v0.6.3
[INFO] [stderr]    Compiling gix-submodule v0.15.0
[INFO] [stderr]    Compiling gix v0.67.0
[INFO] [stderr]    Compiling herostratus v0.1.0 (/opt/rustwide/workdir/herostratus)
[INFO] [stderr]    Compiling herostratus-tests v0.1.0 (/opt/rustwide/workdir/herostratus-tests)
[INFO] [stderr]     Finished `test` profile [unoptimized + debuginfo] target(s) in 1m 30s
[INFO] running `Command { std: "docker" "inspect" "ffe3a5ff5702c0d737750758346fe4b23d7584e2fd9eed41e51fd75b95682cd4", kill_on_drop: false }`
[INFO] running `Command { std: "docker" "rm" "-f" "ffe3a5ff5702c0d737750758346fe4b23d7584e2fd9eed41e51fd75b95682cd4", kill_on_drop: false }`
[INFO] [stdout] ffe3a5ff5702c0d737750758346fe4b23d7584e2fd9eed41e51fd75b95682cd4
[INFO] running `Command { std: "docker" "create" "-v" "/var/lib/crater-agent-workspace/builds/worker-2-tc1/target:/opt/rustwide/target:rw,Z" "-v" "/var/lib/crater-agent-workspace/builds/worker-2-tc1/source:/opt/rustwide/workdir:ro,Z" "-v" "/var/lib/crater-agent-workspace/cargo-home:/opt/rustwide/cargo-home:ro,Z" "-v" "/var/lib/crater-agent-workspace/rustup-home:/opt/rustwide/rustup-home:ro,Z" "-e" "SOURCE_DIR=/opt/rustwide/workdir" "-e" "CARGO_TARGET_DIR=/opt/rustwide/target" "-e" "CARGO_INCREMENTAL=0" "-e" "RUST_BACKTRACE=full" "-e" "RUSTFLAGS=--cap-lints=forbid" "-e" "RUSTDOCFLAGS=--cap-lints=forbid" "-e" "CARGO_HOME=/opt/rustwide/cargo-home" "-e" "RUSTUP_HOME=/opt/rustwide/rustup-home" "-w" "/opt/rustwide/workdir" "-m" "1610612736" "--user" "0:0" "--network" "none" "ghcr.io/rust-lang/crates-build-env/linux@sha256:819108c5571ea2e421544af4d832f968d213c87fbe3707a016657f43d2f853bc" "/opt/rustwide/cargo-home/bin/cargo" "+nightly-2025-01-18" "test" "--frozen", kill_on_drop: false }`
[INFO] [stdout] bf8bc530370fa7047ced1fb21f24c7ed781710ac9b8dfd47183aa25512a94ff5
[INFO] running `Command { std: "docker" "start" "-a" "bf8bc530370fa7047ced1fb21f24c7ed781710ac9b8dfd47183aa25512a94ff5", kill_on_drop: false }`
[INFO] [stderr]     Finished `test` profile [unoptimized + debuginfo] target(s) in 0.83s
[INFO] [stderr]      Running unittests src/lib.rs (/opt/rustwide/target/debug/deps/herostratus-dc9d819652429c5f)
[INFO] [stdout] 
[INFO] [stdout] running 29 tests
[INFO] [stdout] test config::config::tests::config_exclude_rules ... ok
[INFO] [stdout] test config::config::tests::read_write_config ... ok
[INFO] [stdout] test config::config::tests::rule_specific_config ... ok
[INFO] [stdout] test config::config::tests::default_config_toml_contents ... ok
[INFO] [stdout] test config::config::tests::generates_default_config_if_missing ... ok
[INFO] [stdout] test achievement::process_rules::tests::test_no_rules ... ok
[INFO] [stdout] test achievement::process_rules::tests::test_iterator_all_matches ... ok
[INFO] [stdout] test git::clone::tests::test_number_of_fetched_commits_update_existing ... ignored, XFAIL: Reproduces pull_branch bug
[INFO] [stdout] test git::clone::tests::test_parse_path_from_url ... ok
[INFO] [stdout] test git::clone::tests::test_pull_branch_that_doesnt_exist_on_the_remote ... ok
[INFO] [stdout] test achievement::process_rules::tests::test_iterator_no_matches ... ok
[INFO] [stdout] test achievement::process_rules::tests::test_awards_on_finalize ... ok
[INFO] [stdout] test git::clone::tests::test_find_local_repository ... ok
[INFO] [stdout] test git::clone::tests::test_force_clone ... ok
[INFO] [stdout] test git::clone::tests::test_number_of_fetched_commits_create_new ... ok
[INFO] [stdout] test rules::h002_shortest_subject_line::tests::test_all_above_threshold ... ok
[INFO] [stdout] test git::clone::tests::test_pull_remote_branch_that_doesnt_exist_locally ... ok
[INFO] [stdout] test git::clone::tests::test_fast_fetch_single_reference ... ok
[INFO] [stdout] test rules::tests::all_rules_have_expected_metadata ... ok
[INFO] [stdout] test git::rev::test::test_rev_parse_and_walk ... ok
[INFO] [stdout] test rules::tests::no_rules_have_duplicate_metadata ... ok
[INFO] [stdout] test rules::tests::exclude_rules ... ok
[INFO] [stdout] test rules::tests::rule_metadata_characteristics ... ok
[INFO] [stdout] test rules::h003_longest_subject_line::tests::test_all_below_threshold ... ok
[INFO] [stdout] test rules::h003_longest_subject_line::tests::test_has_long_subject ... ok
[INFO] [stdout] test rules::h002_shortest_subject_line::tests::test_has_short_subject ... ok
[INFO] [stdout] test git::clone::tests::test_pulling_creates_a_local_branch ... ok
[INFO] [stdout] test rules::h002_shortest_subject_line::tests::test_resets_state_between_repositories ... ok
[INFO] [stdout] test git::clone::tests::test_pull_herostratus_own_remote ... FAILED
[INFO] [stdout] 
[INFO] [stdout] failures:
[INFO] [stdout] 
[INFO] [stdout] ---- git::clone::tests::test_pull_herostratus_own_remote stdout ----
[INFO] [stdout] [2m2025-01-20T07:17:16.907148Z[0m [34mDEBUG[0m [2mherostratus::git::clone[0m[2m:[0m Searching local path ".." for a Git repository
[INFO] [stdout] [2m2025-01-20T07:17:16.907943Z[0m [34mDEBUG[0m [2mherostratus::git::clone[0m[2m:[0m Found local git repository at "/opt/rustwide/workdir/.git/"
[INFO] [stdout] [2m2025-01-20T07:17:16.908185Z[0m [32m INFO[0m [2mherostratus::git::clone[0m[2m:[0m Fetching from "/workspace/cache/git-repos/https%3A%2F%2Fgithub.com%2FNotgnoshi%2Fherostratus" ...
[INFO] [stdout] 
[INFO] [stdout] thread 'git::clone::tests::test_pull_herostratus_own_remote' panicked at herostratus/src/git/clone.rs:331:42:
[INFO] [stdout] called `Result::unwrap()` on an `Err` value: unsupported URL protocol; class=Net (12)
[INFO] [stdout] 
[INFO] [stdout] Location:
[INFO] [stdout]     herostratus/src/git/clone.rs:166:5
[INFO] [stdout] stack backtrace:
[INFO] [stdout]    0:     0x5cfffa9600da - std::backtrace_rs::backtrace::libunwind::trace::hb059275cfc8d6126
[INFO] [stdout]                                at /rustc/6067b36314ab5eb2eb47cecc464545ba58e1ad24/library/std/src/../../backtrace/src/backtrace/libunwind.rs:116:5
[INFO] [stdout]    1:     0x5cfffa9600da - std::backtrace_rs::backtrace::trace_unsynchronized::h2da071e4327ce3ee
[INFO] [stdout]                                at /rustc/6067b36314ab5eb2eb47cecc464545ba58e1ad24/library/std/src/../../backtrace/src/backtrace/mod.rs:66:5
[INFO] [stdout]    2:     0x5cfffa9600da - std::sys::backtrace::_print_fmt::h842a1474e6f8d23f
[INFO] [stdout]                                at /rustc/6067b36314ab5eb2eb47cecc464545ba58e1ad24/library/std/src/sys/backtrace.rs:66:9
[INFO] [stdout]    3:     0x5cfffa9600da - <std::sys::backtrace::BacktraceLock::print::DisplayBacktrace as core::fmt::Display>::fmt::h71a62eb3b9696b12
[INFO] [stdout]                                at /rustc/6067b36314ab5eb2eb47cecc464545ba58e1ad24/library/std/src/sys/backtrace.rs:39:26
[INFO] [stdout]    4:     0x5cfffa98e0b3 - core::fmt::rt::Argument::fmt::hdb6b616786b41dc1
[INFO] [stdout]                                at /rustc/6067b36314ab5eb2eb47cecc464545ba58e1ad24/library/core/src/fmt/rt.rs:177:76
[INFO] [stdout]    5:     0x5cfffa98e0b3 - core::fmt::write::h2cc1698af7e2d686
[INFO] [stdout]                                at /rustc/6067b36314ab5eb2eb47cecc464545ba58e1ad24/library/core/src/fmt/mod.rs:1440:21
[INFO] [stdout]    6:     0x5cfffa95bbc3 - std::io::Write::write_fmt::hab1b4cd059a79022
[INFO] [stdout]                                at /rustc/6067b36314ab5eb2eb47cecc464545ba58e1ad24/library/std/src/io/mod.rs:1887:15
[INFO] [stdout]    7:     0x5cfffa95ff22 - std::sys::backtrace::BacktraceLock::print::h147fe35b4ea13b08
[INFO] [stdout]                                at /rustc/6067b36314ab5eb2eb47cecc464545ba58e1ad24/library/std/src/sys/backtrace.rs:42:9
[INFO] [stdout]    8:     0x5cfffa961b7f - std::panicking::default_hook::{{closure}}::hbd44223dbdc0d208
[INFO] [stdout]                                at /rustc/6067b36314ab5eb2eb47cecc464545ba58e1ad24/library/std/src/panicking.rs:298:22
[INFO] [stdout]    9:     0x5cfffa961998 - std::panicking::default_hook::h20f81eb0576efcec
[INFO] [stdout]                                at /rustc/6067b36314ab5eb2eb47cecc464545ba58e1ad24/library/std/src/panicking.rs:322:9
[INFO] [stdout]   10:     0x5cfff9e92eb3 - <alloc::boxed::Box<F,A> as core::ops::function::Fn<Args>>::call::hdb53814c496a4d34
[INFO] [stdout]                                at /rustc/6067b36314ab5eb2eb47cecc464545ba58e1ad24/library/alloc/src/boxed.rs:2027:9
[INFO] [stdout]   11:     0x5cfff9e92eb3 - test::test_main::{{closure}}::hc0a4963c59427c24
[INFO] [stdout]                                at /rustc/6067b36314ab5eb2eb47cecc464545ba58e1ad24/library/test/src/lib.rs:134:21
[INFO] [stdout]   12:     0x5cfffa962673 - <alloc::boxed::Box<F,A> as core::ops::function::Fn<Args>>::call::h591b2225413a77e9
[INFO] [stdout]                                at /rustc/6067b36314ab5eb2eb47cecc464545ba58e1ad24/library/alloc/src/boxed.rs:2027:9
[INFO] [stdout]   13:     0x5cfffa962673 - std::panicking::rust_panic_with_hook::h625eea43051b2edc
[INFO] [stdout]                                at /rustc/6067b36314ab5eb2eb47cecc464545ba58e1ad24/library/std/src/panicking.rs:839:13
[INFO] [stdout]   14:     0x5cfffa96232a - std::panicking::begin_panic_handler::{{closure}}::h4f9159cfbc3f6bd3
[INFO] [stdout]                                at /rustc/6067b36314ab5eb2eb47cecc464545ba58e1ad24/library/std/src/panicking.rs:704:13
[INFO] [stdout]   15:     0x5cfffa9605d9 - std::sys::backtrace::__rust_end_short_backtrace::h0390abce48353151
[INFO] [stdout]                                at /rustc/6067b36314ab5eb2eb47cecc464545ba58e1ad24/library/std/src/sys/backtrace.rs:168:18
[INFO] [stdout]   16:     0x5cfffa961fbd - rust_begin_unwind
[INFO] [stdout]                                at /rustc/6067b36314ab5eb2eb47cecc464545ba58e1ad24/library/std/src/panicking.rs:695:5
[INFO] [stdout]   17:     0x5cfffa98b630 - core::panicking::panic_fmt::h9e7c637e9e5f29c9
[INFO] [stdout]                                at /rustc/6067b36314ab5eb2eb47cecc464545ba58e1ad24/library/core/src/panicking.rs:75:14
[INFO] [stdout]   18:     0x5cfffa98baa6 - core::result::unwrap_failed::h7979f09313fe1849
[INFO] [stdout]                                at /rustc/6067b36314ab5eb2eb47cecc464545ba58e1ad24/library/core/src/result.rs:1704:5
[INFO] [stdout]   19:     0x5cfff9d27e1c - core::result::Result<T,E>::unwrap::h11616fb932e2b745
[INFO] [stdout]                                at /rustc/6067b36314ab5eb2eb47cecc464545ba58e1ad24/library/core/src/result.rs:1109:23
[INFO] [stdout]   20:     0x5cfff9d27e1c - herostratus::git::clone::tests::test_pull_herostratus_own_remote::hc6b4ed3103db0de8
[INFO] [stdout]                                at /opt/rustwide/workdir/herostratus/src/git/clone.rs:331:9
[INFO] [stdout]   21:     0x5cfff9d27897 - herostratus::git::clone::tests::test_pull_herostratus_own_remote::{{closure}}::hcba1e37d20740e92
[INFO] [stdout]                                at /opt/rustwide/workdir/herostratus/src/git/clone.rs:317:42
[INFO] [stdout]   22:     0x5cfff9d31ed6 - core::ops::function::FnOnce::call_once::h39dffc3e9f57d890
[INFO] [stdout]                                at /rustc/6067b36314ab5eb2eb47cecc464545ba58e1ad24/library/core/src/ops/function.rs:250:5
[INFO] [stdout]   23:     0x5cfff9e9860b - core::ops::function::FnOnce::call_once::he27718dfdd183f43
[INFO] [stdout]                                at /rustc/6067b36314ab5eb2eb47cecc464545ba58e1ad24/library/core/src/ops/function.rs:250:5
[INFO] [stdout]   24:     0x5cfff9e9860b - test::__rust_begin_short_backtrace::h4e84902998457a5d
[INFO] [stdout]                                at /rustc/6067b36314ab5eb2eb47cecc464545ba58e1ad24/library/test/src/lib.rs:632:18
[INFO] [stdout]   25:     0x5cfff9e97543 - test::run_test_in_process::{{closure}}::h7176fd18fc1feca0
[INFO] [stdout]                                at /rustc/6067b36314ab5eb2eb47cecc464545ba58e1ad24/library/test/src/lib.rs:655:60
[INFO] [stdout]   26:     0x5cfff9e97543 - <core::panic::unwind_safe::AssertUnwindSafe<F> as core::ops::function::FnOnce<()>>::call_once::hf79cff2a624d8cf7
[INFO] [stdout]                                at /rustc/6067b36314ab5eb2eb47cecc464545ba58e1ad24/library/core/src/panic/unwind_safe.rs:272:9
[INFO] [stdout]   27:     0x5cfff9e97543 - std::panicking::try::do_call::h3da0561d9ab99c25
[INFO] [stdout]                                at /rustc/6067b36314ab5eb2eb47cecc464545ba58e1ad24/library/std/src/panicking.rs:587:40
[INFO] [stdout]   28:     0x5cfff9e97543 - std::panicking::try::h41c9fa508bc61df6
[INFO] [stdout]                                at /rustc/6067b36314ab5eb2eb47cecc464545ba58e1ad24/library/std/src/panicking.rs:550:19
[INFO] [stdout]   29:     0x5cfff9e97543 - std::panic::catch_unwind::h6b3ff07bb5afad93
[INFO] [stdout]                                at /rustc/6067b36314ab5eb2eb47cecc464545ba58e1ad24/library/std/src/panic.rs:358:14
[INFO] [stdout]   30:     0x5cfff9e97543 - test::run_test_in_process::hc7253dd11b39b9f4
[INFO] [stdout]                                at /rustc/6067b36314ab5eb2eb47cecc464545ba58e1ad24/library/test/src/lib.rs:655:27
[INFO] [stdout]   31:     0x5cfff9e97543 - test::run_test::{{closure}}::hfb2007f8649c30bb
[INFO] [stdout]                                at /rustc/6067b36314ab5eb2eb47cecc464545ba58e1ad24/library/test/src/lib.rs:576:43
[INFO] [stdout]   32:     0x5cfff9e5a625 - test::run_test::{{closure}}::h56a17aa7a282a9f4
[INFO] [stdout]                                at /rustc/6067b36314ab5eb2eb47cecc464545ba58e1ad24/library/test/src/lib.rs:606:41
[INFO] [stdout]   33:     0x5cfff9e5a625 - std::sys::backtrace::__rust_begin_short_backtrace::hd2d2d2fb8e8c6aac
[INFO] [stdout]                                at /rustc/6067b36314ab5eb2eb47cecc464545ba58e1ad24/library/std/src/sys/backtrace.rs:152:18
[INFO] [stdout]   34:     0x5cfff9e5df0a - std::thread::Builder::spawn_unchecked_::{{closure}}::{{closure}}::h4faa3f9db6133423
[INFO] [stdout]                                at /rustc/6067b36314ab5eb2eb47cecc464545ba58e1ad24/library/std/src/thread/mod.rs:559:17
[INFO] [stdout]   35:     0x5cfff9e5df0a - <core::panic::unwind_safe::AssertUnwindSafe<F> as core::ops::function::FnOnce<()>>::call_once::hf2e855a36a4ea846
[INFO] [stdout]                                at /rustc/6067b36314ab5eb2eb47cecc464545ba58e1ad24/library/core/src/panic/unwind_safe.rs:272:9
[INFO] [stdout]   36:     0x5cfff9e5df0a - std::panicking::try::do_call::h2f73af3616c35465
[INFO] [stdout]                                at /rustc/6067b36314ab5eb2eb47cecc464545ba58e1ad24/library/std/src/panicking.rs:587:40
[INFO] [stdout]   37:     0x5cfff9e5df0a - std::panicking::try::hd1660ce9efadef5a
[INFO] [stdout]                                at /rustc/6067b36314ab5eb2eb47cecc464545ba58e1ad24/library/std/src/panicking.rs:550:19
[INFO] [stdout]   38:     0x5cfff9e5df0a - std::panic::catch_unwind::h5ee8d7823b8ca744
[INFO] [stdout]                                at /rustc/6067b36314ab5eb2eb47cecc464545ba58e1ad24/library/std/src/panic.rs:358:14
[INFO] [stdout]   39:     0x5cfff9e5df0a - std::thread::Builder::spawn_unchecked_::{{closure}}::h53c3a1894dce8407
[INFO] [stdout]                                at /rustc/6067b36314ab5eb2eb47cecc464545ba58e1ad24/library/std/src/thread/mod.rs:557:30
[INFO] [stdout]   40:     0x5cfff9e5df0a - core::ops::function::FnOnce::call_once{{vtable.shim}}::h048ce291ad4f62bf
[INFO] [stdout]                                at /rustc/6067b36314ab5eb2eb47cecc464545ba58e1ad24/library/core/src/ops/function.rs:250:5
[INFO] [stdout]   41:     0x5cfffa96849b - <alloc::boxed::Box<F,A> as core::ops::function::FnOnce<Args>>::call_once::ha52bedf99a3b4981
[INFO] [stdout]                                at /rustc/6067b36314ab5eb2eb47cecc464545ba58e1ad24/library/alloc/src/boxed.rs:2013:9
[INFO] [stdout]   42:     0x5cfffa96849b - <alloc::boxed::Box<F,A> as core::ops::function::FnOnce<Args>>::call_once::h567748934d80ccf8
[INFO] [stdout]                                at /rustc/6067b36314ab5eb2eb47cecc464545ba58e1ad24/library/alloc/src/boxed.rs:2013:9
[INFO] [stdout]   43:     0x5cfffa96849b - std::sys::pal::unix::thread::Thread::new::thread_start::h2d970728ae887adc
[INFO] [stdout]                                at /rustc/6067b36314ab5eb2eb47cecc464545ba58e1ad24/library/std/src/sys/pal/unix/thread.rs:106:17
[INFO] [stdout]   44:     0x7811ac09eac3 - <unknown>
[INFO] [stdout]   45:     0x7811ac12fa04 - clone
[INFO] [stdout]   46:                0x0 - <unknown>
[INFO] [stdout] 
[INFO] [stdout] 
[INFO] [stdout] failures:
[INFO] [stdout]     git::clone::tests::test_pull_herostratus_own_remote
[INFO] [stdout] 
[INFO] [stdout] test result: FAILED. 27 passed; 1 failed; 1 ignored; 0 measured; 0 filtered out; finished in 0.57s
[INFO] [stdout] 
[INFO] [stderr] error: test failed, to rerun pass `-p herostratus --lib`
[INFO] running `Command { std: "docker" "inspect" "bf8bc530370fa7047ced1fb21f24c7ed781710ac9b8dfd47183aa25512a94ff5", kill_on_drop: false }`
[INFO] running `Command { std: "docker" "rm" "-f" "bf8bc530370fa7047ced1fb21f24c7ed781710ac9b8dfd47183aa25512a94ff5", kill_on_drop: false }`
[INFO] [stdout] bf8bc530370fa7047ced1fb21f24c7ed781710ac9b8dfd47183aa25512a94ff5
