[INFO] cloning repository https://github.com/Arrow-air/svc-discovery
[INFO] running `Command { std: "git" "-c" "credential.helper=" "-c" "credential.helper=/workspace/cargo-home/bin/git-credential-null" "clone" "--bare" "https://github.com/Arrow-air/svc-discovery" "/workspace/cache/git-repos/https%3A%2F%2Fgithub.com%2FArrow-air%2Fsvc-discovery", kill_on_drop: false }`
[INFO] [stderr] Cloning into bare repository '/workspace/cache/git-repos/https%3A%2F%2Fgithub.com%2FArrow-air%2Fsvc-discovery'...
[INFO] running `Command { std: "git" "rev-parse" "HEAD", kill_on_drop: false }`
[INFO] [stdout] 824a6289585579c07d97d01360dd721aa57af661
[INFO] testing Arrow-air/svc-discovery against nightly-2025-01-18 for randomize-layout-2
[INFO] running `Command { std: "git" "clone" "/workspace/cache/git-repos/https%3A%2F%2Fgithub.com%2FArrow-air%2Fsvc-discovery" "/workspace/builds/worker-5-tc1/source", kill_on_drop: false }`
[INFO] [stderr] Cloning into '/workspace/builds/worker-5-tc1/source'...
[INFO] [stderr] done.
[INFO] validating manifest of git repo https://github.com/Arrow-air/svc-discovery on toolchain nightly-2025-01-18
[INFO] running `Command { std: CARGO_HOME="/workspace/cargo-home" RUSTUP_HOME="/workspace/rustup-home" "/workspace/cargo-home/bin/cargo" "+nightly-2025-01-18" "metadata" "--manifest-path" "Cargo.toml" "--no-deps", kill_on_drop: false }`
[INFO] removed /workspace/builds/worker-5-tc1/source/.cargo/config.toml
[INFO] started tweaking git repo https://github.com/Arrow-air/svc-discovery
[INFO] finished tweaking git repo https://github.com/Arrow-air/svc-discovery
[INFO] tweaked toml for git repo https://github.com/Arrow-air/svc-discovery written to /workspace/builds/worker-5-tc1/source/Cargo.toml
[INFO] crate git repo https://github.com/Arrow-air/svc-discovery already has a lockfile, it will not be regenerated
[INFO] running `Command { std: CARGO_HOME="/workspace/cargo-home" RUSTUP_HOME="/workspace/rustup-home" "/workspace/cargo-home/bin/cargo" "+nightly-2025-01-18" "fetch" "--manifest-path" "Cargo.toml", kill_on_drop: false }`
[INFO] [stderr]     Blocking waiting for file lock on package cache
[INFO] [stderr]     Updating git repository `https://github.com/aetheric-oss/svc-gis.git`
[INFO] [stderr]     Updating crates.io index
[INFO] [stderr]     Blocking waiting for file lock on package cache
[INFO] [stderr]  Downloading crates ...
[INFO] [stderr]   Downloaded deadpool-redis v0.14.0
[INFO] [stderr]   Downloaded postgres-derive v0.4.5
[INFO] [stderr]   Downloaded const_format_proc_macros v0.2.33
[INFO] [stderr]   Downloaded sha1_smol v1.0.1
[INFO] [stderr]   Downloaded tonic v0.8.3
[INFO] [stderr]   Downloaded tonic-health v0.8.0
[INFO] [stderr]   Downloaded redis v0.24.0
[INFO] [stderr]   Downloaded const_format v0.2.33
[INFO] [stderr]   Downloaded spade v2.12.1
[INFO] running `Command { std: "docker" "create" "-v" "/var/lib/crater-agent-workspace/builds/worker-5-tc1/target:/opt/rustwide/target:rw,Z" "-v" "/var/lib/crater-agent-workspace/builds/worker-5-tc1/source:/opt/rustwide/workdir:ro,Z" "-v" "/var/lib/crater-agent-workspace/cargo-home:/opt/rustwide/cargo-home:ro,Z" "-v" "/var/lib/crater-agent-workspace/rustup-home:/opt/rustwide/rustup-home:ro,Z" "-e" "SOURCE_DIR=/opt/rustwide/workdir" "-e" "CARGO_TARGET_DIR=/opt/rustwide/target" "-e" "CARGO_HOME=/opt/rustwide/cargo-home" "-e" "RUSTUP_HOME=/opt/rustwide/rustup-home" "-w" "/opt/rustwide/workdir" "-m" "1610612736" "--user" "0:0" "--network" "none" "ghcr.io/rust-lang/crates-build-env/linux@sha256:819108c5571ea2e421544af4d832f968d213c87fbe3707a016657f43d2f853bc" "/opt/rustwide/cargo-home/bin/cargo" "+nightly-2025-01-18" "metadata" "--no-deps" "--format-version=1", kill_on_drop: false }`
[INFO] [stdout] 4d74c96b02b5aaef2a4034f42c16c7cce0094f2aaa7f3cc20320ef23e297f42c
[INFO] running `Command { std: "docker" "start" "-a" "4d74c96b02b5aaef2a4034f42c16c7cce0094f2aaa7f3cc20320ef23e297f42c", kill_on_drop: false }`
[INFO] running `Command { std: "docker" "inspect" "4d74c96b02b5aaef2a4034f42c16c7cce0094f2aaa7f3cc20320ef23e297f42c", kill_on_drop: false }`
[INFO] running `Command { std: "docker" "rm" "-f" "4d74c96b02b5aaef2a4034f42c16c7cce0094f2aaa7f3cc20320ef23e297f42c", kill_on_drop: false }`
[INFO] [stdout] 4d74c96b02b5aaef2a4034f42c16c7cce0094f2aaa7f3cc20320ef23e297f42c
[INFO] running `Command { std: "docker" "create" "-v" "/var/lib/crater-agent-workspace/builds/worker-5-tc1/target:/opt/rustwide/target:rw,Z" "-v" "/var/lib/crater-agent-workspace/builds/worker-5-tc1/source:/opt/rustwide/workdir:ro,Z" "-v" "/var/lib/crater-agent-workspace/cargo-home:/opt/rustwide/cargo-home:ro,Z" "-v" "/var/lib/crater-agent-workspace/rustup-home:/opt/rustwide/rustup-home:ro,Z" "-e" "SOURCE_DIR=/opt/rustwide/workdir" "-e" "CARGO_TARGET_DIR=/opt/rustwide/target" "-e" "CARGO_INCREMENTAL=0" "-e" "RUST_BACKTRACE=full" "-e" "RUSTFLAGS=--cap-lints=forbid" "-e" "RUSTDOCFLAGS=--cap-lints=forbid" "-e" "CARGO_HOME=/opt/rustwide/cargo-home" "-e" "RUSTUP_HOME=/opt/rustwide/rustup-home" "-w" "/opt/rustwide/workdir" "-m" "1610612736" "--user" "0:0" "--network" "none" "ghcr.io/rust-lang/crates-build-env/linux@sha256:819108c5571ea2e421544af4d832f968d213c87fbe3707a016657f43d2f853bc" "/opt/rustwide/cargo-home/bin/cargo" "+nightly-2025-01-18" "build" "--frozen" "--message-format=json", kill_on_drop: false }`
[INFO] [stdout] 257094151dbb158303f20d7388a46f473e86c1836a02b1fcdf5b32063012ff06
[INFO] running `Command { std: "docker" "start" "-a" "257094151dbb158303f20d7388a46f473e86c1836a02b1fcdf5b32063012ff06", kill_on_drop: false }`
[INFO] [stderr]    Compiling unicode-ident v1.0.12
[INFO] [stderr]    Compiling serde v1.0.210
[INFO] [stderr]    Compiling either v1.13.0
[INFO] [stderr]    Compiling anyhow v1.0.87
[INFO] [stderr]    Compiling syn v1.0.109
[INFO] [stderr]    Compiling allocator-api2 v0.2.18
[INFO] [stderr]    Compiling aho-corasick v1.1.3
[INFO] [stderr]    Compiling regex-syntax v0.8.4
[INFO] [stderr]    Compiling num-traits v0.2.19
[INFO] [stderr]    Compiling getrandom v0.2.15
[INFO] [stderr]    Compiling bitflags v2.6.0
[INFO] [stderr]    Compiling rustix v0.38.36
[INFO] [stderr]    Compiling ahash v0.7.8
[INFO] [stderr]    Compiling serde_json v1.0.128
[INFO] [stderr]    Compiling bytes v1.7.1
[INFO] [stderr]    Compiling linux-raw-sys v0.4.14
[INFO] [stderr]    Compiling proc-macro2 v1.0.86
[INFO] [stderr]    Compiling fixedbitset v0.4.2
[INFO] [stderr]    Compiling hashbrown v0.14.5
[INFO] [stderr]    Compiling itertools v0.12.1
[INFO] [stderr]    Compiling rand_core v0.6.4
[INFO] [stderr]    Compiling fastrand v2.1.1
[INFO] [stderr]    Compiling itertools v0.10.5
[INFO] [stderr]    Compiling log v0.4.22
[INFO] [stderr]    Compiling quote v1.0.37
[INFO] [stderr]    Compiling hashbrown v0.12.3
[INFO] [stderr]    Compiling thiserror v1.0.63
[INFO] [stderr]    Compiling heck v0.5.0
[INFO] [stderr]    Compiling indexmap v1.9.3
[INFO] [stderr]    Compiling generic-array v0.14.7
[INFO] [stderr]    Compiling indexmap v2.5.0
[INFO] [stderr]    Compiling semver v1.0.23
[INFO] [stderr]    Compiling syn v2.0.77
[INFO] [stderr]    Compiling proc-macro-error-attr v1.0.4
[INFO] [stderr]    Compiling prettyplease v0.2.22
[INFO] [stderr]    Compiling heck v0.4.1
[INFO] [stderr]    Compiling proc-macro-error v1.0.4
[INFO] [stderr]    Compiling typeid v1.0.2
[INFO] [stderr]    Compiling prettyplease v0.1.25
[INFO] [stderr]    Compiling multimap v0.10.0
[INFO] [stderr]    Compiling unicode-normalization v0.1.23
[INFO] [stderr]    Compiling petgraph v0.6.5
[INFO] [stderr]    Compiling phf v0.11.2
[INFO] [stderr]    Compiling subtle v2.6.1
[INFO] [stderr]    Compiling unicode-bidi v0.3.15
[INFO] [stderr]    Compiling rustc_version v0.4.1
[INFO] [stderr]    Compiling crypto-common v0.1.6
[INFO] [stderr]    Compiling block-buffer v0.10.4
[INFO] [stderr]    Compiling miniz_oxide v0.8.0
[INFO] [stderr]    Compiling spin v0.9.8
[INFO] [stderr]    Compiling hash32 v0.2.1
[INFO] [stderr]    Compiling digest v0.10.7
[INFO] [stderr]    Compiling ucd-trie v0.1.6
[INFO] [stderr]    Compiling heapless v0.7.17
[INFO] [stderr]    Compiling destructure_traitobject v0.2.0
[INFO] [stderr]    Compiling inventory v0.3.15
[INFO] [stderr]    Compiling lazy_static v1.5.0
[INFO] [stderr]    Compiling winnow v0.6.18
[INFO] [stderr]    Compiling stable_deref_trait v1.2.0
[INFO] [stderr]    Compiling unsafe-any-ors v1.0.0
[INFO] [stderr]    Compiling cc v1.1.18
[INFO] [stderr]    Compiling ordered-float v2.10.1
[INFO] [stderr]    Compiling phf_shared v0.11.2
[INFO] [stderr]    Compiling trybuild v1.0.99
[INFO] [stderr]    Compiling base64 v0.13.1
[INFO] [stderr]    Compiling unsafe-libyaml v0.2.11
[INFO] [stderr]    Compiling multimap v0.8.3
[INFO] [stderr]    Compiling flate2 v1.0.33
[INFO] [stderr]    Compiling cargo-husky v1.5.0
[INFO] [stderr]    Compiling typemap-ors v1.0.0
[INFO] [stderr]    Compiling approx v0.5.1
[INFO] [stderr]    Compiling rstar v0.11.0
[INFO] [stderr]    Compiling thread-id v4.2.2
[INFO] [stderr]    Compiling arc-swap v1.7.1
[INFO] [stderr]    Compiling utf8parse v0.2.2
[INFO] [stderr]    Compiling regex-automata v0.4.7
[INFO] [stderr]    Compiling termcolor v1.4.1
[INFO] [stderr]    Compiling log-mdc v0.1.0
[INFO] [stderr]    Compiling unicode-properties v0.1.2
[INFO] [stderr]    Compiling cpufeatures v0.2.14
[INFO] [stderr]    Compiling glob v0.3.1
[INFO] [stderr]    Compiling stringprep v0.1.5
[INFO] [stderr]    Compiling geo-types v0.7.13
[INFO] [stderr]    Compiling sha2 v0.10.8
[INFO] [stderr]    Compiling anstyle-parse v0.2.5
[INFO] [stderr]    Compiling tempfile v3.12.0
[INFO] [stderr]    Compiling which v4.4.2
[INFO] [stderr]    Compiling idna v0.5.0
[INFO] [stderr]    Compiling hmac v0.12.1
[INFO] [stderr]    Compiling md-5 v0.10.6
[INFO] [stderr]    Compiling is_terminal_polyfill v1.70.1
[INFO] [stderr]    Compiling colorchoice v1.0.2
[INFO] [stderr]    Compiling fallible-iterator v0.2.0
[INFO] [stderr]    Compiling base64 v0.22.1
[INFO] [stderr]    Compiling anstyle-query v1.1.1
[INFO] [stderr]    Compiling openssl-sys v0.9.103
[INFO] [stderr]    Compiling dlv-list v0.3.0
[INFO] [stderr]    Compiling anstyle v1.0.8
[INFO] [stderr]    Compiling itertools v0.11.0
[INFO] [stderr]    Compiling socket2 v0.4.10
[INFO] [stderr]    Compiling combine v4.6.7
[INFO] [stderr]    Compiling sha1_smol v1.0.1
[INFO] [stderr]    Compiling ordered-multimap v0.4.3
[INFO] [stderr]    Compiling strsim v0.11.1
[INFO] [stderr]    Compiling url v2.5.2
[INFO] [stderr]    Compiling anstream v0.6.15
[INFO] [stderr]    Compiling clap_lex v0.7.2
[INFO] [stderr]    Compiling robust v1.1.0
[INFO] [stderr]    Compiling openssl v0.10.66
[INFO] [stderr]    Compiling rust-ini v0.18.0
[INFO] [stderr]    Compiling nom v7.1.3
[INFO] [stderr]    Compiling geographiclib-rs v0.2.4
[INFO] [stderr]    Compiling float_next_after v1.0.0
[INFO] [stderr]    Compiling clap_builder v4.5.17
[INFO] [stderr]    Compiling earcutr v0.4.3
[INFO] [stderr]    Compiling prost-derive v0.11.9
[INFO] [stderr]    Compiling derivative v2.2.0
[INFO] [stderr]    Compiling regex v1.10.6
[INFO] [stderr]    Compiling parse-zoneinfo v0.3.1
[INFO] [stderr]    Compiling prost v0.11.9
[INFO] [stderr]    Compiling arrow-macros-core v2.0.0 (https://github.com/aetheric-oss/lib-common.git?tag=v2.0.0#4457c15d)
[INFO] [stderr]    Compiling chrono-tz-build v0.2.1
[INFO] [stderr]    Compiling prost-types v0.11.9
[INFO] [stderr]    Compiling serde_derive v1.0.210
[INFO] [stderr]    Compiling zerocopy-derive v0.7.35
[INFO] [stderr]    Compiling futures-macro v0.3.30
[INFO] [stderr]    Compiling tokio-macros v2.4.0
[INFO] [stderr]    Compiling tracing-attributes v0.1.27
[INFO] [stderr]    Compiling prost-derive v0.12.6
[INFO] [stderr]    Compiling thiserror-impl v1.0.63
[INFO] [stderr]    Compiling pin-project-internal v1.1.5
[INFO] [stderr]    Compiling async-trait v0.1.82
[INFO] [stderr]    Compiling tokio v1.40.0
[INFO] [stderr]    Compiling futures-util v0.3.30
[INFO] [stderr]    Compiling zerocopy v0.7.35
[INFO] [stderr]    Compiling async-stream-impl v0.3.5
[INFO] [stderr]    Compiling typetag-impl v0.2.18
[INFO] [stderr]    Compiling chrono-tz v0.8.6
[INFO] [stderr]    Compiling prost-build v0.11.9
[INFO] [stderr]    Compiling ahash v0.8.11
[INFO] [stderr]    Compiling ppv-lite86 v0.2.20
[INFO] [stderr]    Compiling async-stream v0.3.5
[INFO] [stderr]    Compiling pin-project v1.1.5
[INFO] [stderr]    Compiling pest v2.7.12
[INFO] [stderr]    Compiling arrow-macros-derive v2.0.0 (https://github.com/aetheric-oss/lib-common.git?tag=v2.0.0#4457c15d)
[INFO] [stderr]    Compiling utoipa-gen v4.3.0
[INFO] [stderr]    Compiling postgres-derive v0.4.5
[INFO] [stderr]    Compiling strum_macros v0.25.3
[INFO] [stderr]    Compiling strum_macros v0.26.4
[INFO] [stderr]    Compiling redis v0.24.0
[INFO] [stderr]    Compiling rand_chacha v0.3.1
[INFO] [stderr]    Compiling prost v0.12.6
[INFO] [stderr]    Compiling prost-types v0.12.6
[INFO] [stderr]    Compiling rand v0.8.5
[INFO] [stderr]    Compiling tonic-build v0.8.4
[INFO] [stderr]    Compiling spade v2.12.1
[INFO] [stderr]    Compiling openssl-macros v0.1.1
[INFO] [stderr]    Compiling postgres-protocol v0.6.7
[INFO] [stderr]    Compiling clap_derive v4.5.13
[INFO] [stderr]    Compiling strum v0.25.0
[INFO] [stderr]    Compiling num-derive v0.4.2
[INFO] [stderr]    Compiling prost-build v0.12.6
[INFO] [stderr]    Compiling pest_meta v2.7.12
[INFO] [stderr]    Compiling svc-discovery v0.1.0 (/opt/rustwide/workdir/server)
[INFO] [stderr]    Compiling axum-core v0.3.4
[INFO] [stderr]    Compiling futures-executor v0.3.30
[INFO] [stderr]    Compiling futures v0.3.30
[INFO] [stderr]    Compiling prost-wkt-build v0.5.1
[INFO] [stderr]    Compiling pest_generator v2.7.12
[INFO] [stderr]    Compiling strum v0.26.3
[INFO] [stderr]    Compiling prost-wkt-types v0.5.1
[INFO] [stderr]    Compiling pest_derive v2.7.12
[INFO] [stderr]    Compiling clap v4.5.17
[INFO] [stderr]    Compiling chrono v0.4.38
[INFO] [stderr]    Compiling serde_urlencoded v0.7.1
[INFO] [stderr]    Compiling serde_path_to_error v0.1.16
[INFO] [stderr]    Compiling toml_datetime v0.6.8
[INFO] [stderr]    Compiling erased-serde v0.4.5
[INFO] [stderr]    Compiling serde_spanned v0.6.7
[INFO] [stderr]    Compiling serde-value v0.7.0
[INFO] [stderr]    Compiling uuid v1.10.0
[INFO] [stderr]    Compiling toml v0.5.11
[INFO] [stderr]    Compiling json5 v0.4.1
[INFO] [stderr]    Compiling tracing v0.1.40
[INFO] [stderr]    Compiling ron v0.7.1
[INFO] [stderr]    Compiling geo v0.27.0
[INFO] [stderr]    Compiling typetag v0.2.18
[INFO] [stderr]    Compiling tracing-futures v0.2.5
[INFO] [stderr]    Compiling tower-http v0.4.4
[INFO] [stderr]    Compiling toml_edit v0.22.20
[INFO] [stderr]    Compiling serde_yaml v0.9.34+deprecated
[INFO] [stderr]    Compiling utoipa v4.2.3
[INFO] [stderr]    Compiling config v0.13.4
[INFO] [stderr]    Compiling tokio-util v0.7.12
[INFO] [stderr]    Compiling tokio-io-timeout v1.2.0
[INFO] [stderr]    Compiling tokio-stream v0.1.16
[INFO] [stderr]    Compiling prost-wkt v0.5.1
[INFO] [stderr]    Compiling log4rs v1.3.0
[INFO] [stderr]    Compiling postgres-types v0.2.7
[INFO] [stderr]    Compiling h2 v0.3.26
[INFO] [stderr]    Compiling tower v0.4.13
[INFO] [stderr]    Compiling toml v0.8.19
[INFO] [stderr]    Compiling hyper v0.14.30
[INFO] [stderr]    Compiling axum v0.6.20
[INFO] [stderr]    Compiling hyper-timeout v0.4.1
[INFO] [stderr]    Compiling tonic v0.10.2
[INFO] [stderr]    Compiling tonic v0.8.3
[INFO] [stderr]    Compiling lib-common v2.0.0 (https://github.com/aetheric-oss/lib-common.git?tag=v2.0.0#4457c15d)
[INFO] [stderr]    Compiling tonic-health v0.8.0
[INFO] [stderr]    Compiling svc-discovery-client-grpc v0.1.0 (/opt/rustwide/workdir/client-grpc)
[INFO] [stdout] warning: unexpected `cfg` condition name: `tarpaulin_include`
[INFO] [stdout]   --> client-grpc/src/grpc.rs:18:11
[INFO] [stdout]    |
[INFO] [stdout] 18 | #[cfg(not(tarpaulin_include))]
[INFO] [stdout]    |           ^^^^^^^^^^^^^^^^^
[INFO] [stdout]    |
[INFO] [stdout]    = help: expected names are: `clippy`, `debug_assertions`, `doc`, `docsrs`, `doctest`, `feature`, `fmt_debug`, `miri`, `overflow_checks`, `panic`, `proc_macro`, `relocation_model`, `rustfmt`, `sanitize`, `sanitizer_cfi_generalize_pointers`, `sanitizer_cfi_normalize_integers`, `target_abi`, `target_arch`, `target_endian`, `target_env`, `target_family`, `target_feature`, `target_has_atomic`, `target_has_atomic_equal_alignment`, `target_has_atomic_load_store`, `target_os`, `target_pointer_width`, `target_thread_local`, `target_vendor`, `test`, `ub_checks`, `unix`, and `windows`
[INFO] [stdout]    = help: consider using a Cargo feature instead
[INFO] [stdout]    = help: or consider adding in `Cargo.toml` the `check-cfg` lint config for the lint:
[INFO] [stdout]             [lints.rust]
[INFO] [stdout]             unexpected_cfgs = { level = "warn", check-cfg = ['cfg(tarpaulin_include)'] }
[INFO] [stdout]    = help: or consider adding `println!("cargo::rustc-check-cfg=cfg(tarpaulin_include)");` to the top of the `build.rs`
[INFO] [stdout]    = note: see <https://doc.rust-lang.org/nightly/rustc/check-cfg/cargo-specifics.html> for more information about checking conditional configuration
[INFO] [stdout]    = note: `#[warn(unexpected_cfgs)]` on by default
[INFO] [stdout] 
[INFO] [stdout] 
[INFO] [stderr]    Compiling svc-gis-client-grpc v0.2.0 (https://github.com/aetheric-oss/svc-gis.git?tag=v0.2.0#fbded26b)
[INFO] [stderr]    Compiling svc-discovery-client-rest v0.1.0 (/opt/rustwide/workdir/client-rest)
[INFO] [stdout] warning: unexpected `cfg` condition name: `tarpaulin_include`
[INFO] [stdout]   --> server/src/rest/mod.rs:49:11
[INFO] [stdout]    |
[INFO] [stdout] 49 | #[cfg(not(tarpaulin_include))]
[INFO] [stdout]    |           ^^^^^^^^^^^^^^^^^
[INFO] [stdout]    |
[INFO] [stdout]    = help: expected names are: `clippy`, `debug_assertions`, `doc`, `docsrs`, `doctest`, `feature`, `fmt_debug`, `miri`, `overflow_checks`, `panic`, `proc_macro`, `relocation_model`, `rustfmt`, `sanitize`, `sanitizer_cfi_generalize_pointers`, `sanitizer_cfi_normalize_integers`, `target_abi`, `target_arch`, `target_endian`, `target_env`, `target_family`, `target_feature`, `target_has_atomic`, `target_has_atomic_equal_alignment`, `target_has_atomic_load_store`, `target_os`, `target_pointer_width`, `target_thread_local`, `target_vendor`, `test`, `ub_checks`, `unix`, and `windows`
[INFO] [stdout]    = help: consider using a Cargo feature instead
[INFO] [stdout]    = help: or consider adding in `Cargo.toml` the `check-cfg` lint config for the lint:
[INFO] [stdout]             [lints.rust]
[INFO] [stdout]             unexpected_cfgs = { level = "warn", check-cfg = ['cfg(tarpaulin_include)'] }
[INFO] [stdout]    = help: or consider adding `println!("cargo::rustc-check-cfg=cfg(tarpaulin_include)");` to the top of the `build.rs`
[INFO] [stdout]    = note: see <https://doc.rust-lang.org/nightly/rustc/check-cfg/cargo-specifics.html> for more information about checking conditional configuration
[INFO] [stdout]    = note: `#[warn(unexpected_cfgs)]` on by default
[INFO] [stdout] 
[INFO] [stdout] 
[INFO] [stdout] warning: unexpected `cfg` condition name: `tarpaulin_include`
[INFO] [stdout]   --> server/src/main.rs:15:11
[INFO] [stdout]    |
[INFO] [stdout] 15 | #[cfg(not(tarpaulin_include))]
[INFO] [stdout]    |           ^^^^^^^^^^^^^^^^^
[INFO] [stdout]    |
[INFO] [stdout]    = help: expected names are: `clippy`, `debug_assertions`, `doc`, `docsrs`, `doctest`, `feature`, `fmt_debug`, `miri`, `overflow_checks`, `panic`, `proc_macro`, `relocation_model`, `rustfmt`, `sanitize`, `sanitizer_cfi_generalize_pointers`, `sanitizer_cfi_normalize_integers`, `target_abi`, `target_arch`, `target_endian`, `target_env`, `target_family`, `target_feature`, `target_has_atomic`, `target_has_atomic_equal_alignment`, `target_has_atomic_load_store`, `target_os`, `target_pointer_width`, `target_thread_local`, `target_vendor`, `test`, `ub_checks`, `unix`, and `windows`
[INFO] [stdout]    = help: consider using a Cargo feature instead
[INFO] [stdout]    = help: or consider adding in `Cargo.toml` the `check-cfg` lint config for the lint:
[INFO] [stdout]             [lints.rust]
[INFO] [stdout]             unexpected_cfgs = { level = "warn", check-cfg = ['cfg(tarpaulin_include)'] }
[INFO] [stdout]    = help: or consider adding `println!("cargo::rustc-check-cfg=cfg(tarpaulin_include)");` to the top of the `build.rs`
[INFO] [stdout]    = note: see <https://doc.rust-lang.org/nightly/rustc/check-cfg/cargo-specifics.html> for more information about checking conditional configuration
[INFO] [stdout]    = note: `#[warn(unexpected_cfgs)]` on by default
[INFO] [stdout] 
[INFO] [stdout] 
[INFO] [stderr]     Finished `dev` profile [unoptimized + debuginfo] target(s) in 2m 10s
[INFO] running `Command { std: "docker" "inspect" "257094151dbb158303f20d7388a46f473e86c1836a02b1fcdf5b32063012ff06", kill_on_drop: false }`
[INFO] running `Command { std: "docker" "rm" "-f" "257094151dbb158303f20d7388a46f473e86c1836a02b1fcdf5b32063012ff06", kill_on_drop: false }`
[INFO] [stdout] 257094151dbb158303f20d7388a46f473e86c1836a02b1fcdf5b32063012ff06
[INFO] running `Command { std: "docker" "create" "-v" "/var/lib/crater-agent-workspace/builds/worker-5-tc1/target:/opt/rustwide/target:rw,Z" "-v" "/var/lib/crater-agent-workspace/builds/worker-5-tc1/source:/opt/rustwide/workdir:ro,Z" "-v" "/var/lib/crater-agent-workspace/cargo-home:/opt/rustwide/cargo-home:ro,Z" "-v" "/var/lib/crater-agent-workspace/rustup-home:/opt/rustwide/rustup-home:ro,Z" "-e" "SOURCE_DIR=/opt/rustwide/workdir" "-e" "CARGO_TARGET_DIR=/opt/rustwide/target" "-e" "CARGO_INCREMENTAL=0" "-e" "RUST_BACKTRACE=full" "-e" "RUSTFLAGS=--cap-lints=forbid" "-e" "RUSTDOCFLAGS=--cap-lints=forbid" "-e" "CARGO_HOME=/opt/rustwide/cargo-home" "-e" "RUSTUP_HOME=/opt/rustwide/rustup-home" "-w" "/opt/rustwide/workdir" "-m" "1610612736" "--user" "0:0" "--network" "none" "ghcr.io/rust-lang/crates-build-env/linux@sha256:819108c5571ea2e421544af4d832f968d213c87fbe3707a016657f43d2f853bc" "/opt/rustwide/cargo-home/bin/cargo" "+nightly-2025-01-18" "test" "--frozen" "--no-run" "--message-format=json", kill_on_drop: false }`
[INFO] [stdout] f64edfa4b31ae55a260d97f0fc35896d2e8f691cfe1352e2e85326e81ad739c5
[INFO] running `Command { std: "docker" "start" "-a" "f64edfa4b31ae55a260d97f0fc35896d2e8f691cfe1352e2e85326e81ad739c5", kill_on_drop: false }`
[INFO] [stderr]    Compiling cargo-husky v1.5.0
[INFO] [stderr]    Compiling svc-discovery-client-grpc v0.1.0 (/opt/rustwide/workdir/client-grpc)
[INFO] [stdout] warning: unexpected `cfg` condition name: `tarpaulin_include`
[INFO] [stdout]   --> client-grpc/src/grpc.rs:18:11
[INFO] [stdout]    |
[INFO] [stdout] 18 | #[cfg(not(tarpaulin_include))]
[INFO] [stdout]    |           ^^^^^^^^^^^^^^^^^
[INFO] [stdout]    |
[INFO] [stdout]    = help: expected names are: `clippy`, `debug_assertions`, `doc`, `docsrs`, `doctest`, `feature`, `fmt_debug`, `miri`, `overflow_checks`, `panic`, `proc_macro`, `relocation_model`, `rustfmt`, `sanitize`, `sanitizer_cfi_generalize_pointers`, `sanitizer_cfi_normalize_integers`, `target_abi`, `target_arch`, `target_endian`, `target_env`, `target_family`, `target_feature`, `target_has_atomic`, `target_has_atomic_equal_alignment`, `target_has_atomic_load_store`, `target_os`, `target_pointer_width`, `target_thread_local`, `target_vendor`, `test`, `ub_checks`, `unix`, and `windows`
[INFO] [stdout]    = help: consider using a Cargo feature instead
[INFO] [stdout]    = help: or consider adding in `Cargo.toml` the `check-cfg` lint config for the lint:
[INFO] [stdout]             [lints.rust]
[INFO] [stdout]             unexpected_cfgs = { level = "warn", check-cfg = ['cfg(tarpaulin_include)'] }
[INFO] [stdout]    = help: or consider adding `println!("cargo::rustc-check-cfg=cfg(tarpaulin_include)");` to the top of the `build.rs`
[INFO] [stdout]    = note: see <https://doc.rust-lang.org/nightly/rustc/check-cfg/cargo-specifics.html> for more information about checking conditional configuration
[INFO] [stdout]    = note: `#[warn(unexpected_cfgs)]` on by default
[INFO] [stdout] 
[INFO] [stdout] 
[INFO] [stdout] warning: unexpected `cfg` condition name: `tarpaulin_include`
[INFO] [stdout]   --> client-grpc/src/grpc.rs:18:11
[INFO] [stdout]    |
[INFO] [stdout] 18 | #[cfg(not(tarpaulin_include))]
[INFO] [stdout]    |           ^^^^^^^^^^^^^^^^^
[INFO] [stdout]    |
[INFO] [stdout]    = help: expected names are: `clippy`, `debug_assertions`, `doc`, `docsrs`, `doctest`, `feature`, `fmt_debug`, `miri`, `overflow_checks`, `panic`, `proc_macro`, `relocation_model`, `rustfmt`, `sanitize`, `sanitizer_cfi_generalize_pointers`, `sanitizer_cfi_normalize_integers`, `target_abi`, `target_arch`, `target_endian`, `target_env`, `target_family`, `target_feature`, `target_has_atomic`, `target_has_atomic_equal_alignment`, `target_has_atomic_load_store`, `target_os`, `target_pointer_width`, `target_thread_local`, `target_vendor`, `test`, `ub_checks`, `unix`, and `windows`
[INFO] [stdout]    = help: consider using a Cargo feature instead
[INFO] [stdout]    = help: or consider adding in `Cargo.toml` the `check-cfg` lint config for the lint:
[INFO] [stdout]             [lints.rust]
[INFO] [stdout]             unexpected_cfgs = { level = "warn", check-cfg = ['cfg(tarpaulin_include)'] }
[INFO] [stdout]    = help: or consider adding `println!("cargo::rustc-check-cfg=cfg(tarpaulin_include)");` to the top of the `build.rs`
[INFO] [stdout]    = note: see <https://doc.rust-lang.org/nightly/rustc/check-cfg/cargo-specifics.html> for more information about checking conditional configuration
[INFO] [stdout]    = note: `#[warn(unexpected_cfgs)]` on by default
[INFO] [stdout] 
[INFO] [stdout] 
[INFO] [stderr]    Compiling lib-common v2.0.0 (https://github.com/aetheric-oss/lib-common.git?tag=v2.0.0#4457c15d)
[INFO] [stderr]    Compiling svc-gis-client-grpc v0.2.0 (https://github.com/aetheric-oss/svc-gis.git?tag=v0.2.0#fbded26b)
[INFO] [stderr]    Compiling svc-discovery-client-rest v0.1.0 (/opt/rustwide/workdir/client-rest)
[INFO] [stderr]    Compiling svc-discovery v0.1.0 (/opt/rustwide/workdir/server)
[INFO] [stdout] warning: unexpected `cfg` condition name: `tarpaulin_include`
[INFO] [stdout]   --> server/src/rest/mod.rs:49:11
[INFO] [stdout]    |
[INFO] [stdout] 49 | #[cfg(not(tarpaulin_include))]
[INFO] [stdout]    |           ^^^^^^^^^^^^^^^^^
[INFO] [stdout]    |
[INFO] [stdout]    = help: expected names are: `clippy`, `debug_assertions`, `doc`, `docsrs`, `doctest`, `feature`, `fmt_debug`, `miri`, `overflow_checks`, `panic`, `proc_macro`, `relocation_model`, `rustfmt`, `sanitize`, `sanitizer_cfi_generalize_pointers`, `sanitizer_cfi_normalize_integers`, `target_abi`, `target_arch`, `target_endian`, `target_env`, `target_family`, `target_feature`, `target_has_atomic`, `target_has_atomic_equal_alignment`, `target_has_atomic_load_store`, `target_os`, `target_pointer_width`, `target_thread_local`, `target_vendor`, `test`, `ub_checks`, `unix`, and `windows`
[INFO] [stdout]    = help: consider using a Cargo feature instead
[INFO] [stdout]    = help: or consider adding in `Cargo.toml` the `check-cfg` lint config for the lint:
[INFO] [stdout]             [lints.rust]
[INFO] [stdout]             unexpected_cfgs = { level = "warn", check-cfg = ['cfg(tarpaulin_include)'] }
[INFO] [stdout]    = help: or consider adding `println!("cargo::rustc-check-cfg=cfg(tarpaulin_include)");` to the top of the `build.rs`
[INFO] [stdout]    = note: see <https://doc.rust-lang.org/nightly/rustc/check-cfg/cargo-specifics.html> for more information about checking conditional configuration
[INFO] [stdout]    = note: `#[warn(unexpected_cfgs)]` on by default
[INFO] [stdout] 
[INFO] [stdout] 
[INFO] [stdout] warning: unexpected `cfg` condition name: `tarpaulin_include`
[INFO] [stdout]   --> server/src/rest/mod.rs:49:11
[INFO] [stdout]    |
[INFO] [stdout] 49 | #[cfg(not(tarpaulin_include))]
[INFO] [stdout]    |           ^^^^^^^^^^^^^^^^^
[INFO] [stdout]    |
[INFO] [stdout]    = help: expected names are: `clippy`, `debug_assertions`, `doc`, `docsrs`, `doctest`, `feature`, `fmt_debug`, `miri`, `overflow_checks`, `panic`, `proc_macro`, `relocation_model`, `rustfmt`, `sanitize`, `sanitizer_cfi_generalize_pointers`, `sanitizer_cfi_normalize_integers`, `target_abi`, `target_arch`, `target_endian`, `target_env`, `target_family`, `target_feature`, `target_has_atomic`, `target_has_atomic_equal_alignment`, `target_has_atomic_load_store`, `target_os`, `target_pointer_width`, `target_thread_local`, `target_vendor`, `test`, `ub_checks`, `unix`, and `windows`
[INFO] [stdout]    = help: consider using a Cargo feature instead
[INFO] [stdout]    = help: or consider adding in `Cargo.toml` the `check-cfg` lint config for the lint:
[INFO] [stdout]             [lints.rust]
[INFO] [stdout]             unexpected_cfgs = { level = "warn", check-cfg = ['cfg(tarpaulin_include)'] }
[INFO] [stdout]    = help: or consider adding `println!("cargo::rustc-check-cfg=cfg(tarpaulin_include)");` to the top of the `build.rs`
[INFO] [stdout]    = note: see <https://doc.rust-lang.org/nightly/rustc/check-cfg/cargo-specifics.html> for more information about checking conditional configuration
[INFO] [stdout]    = note: `#[warn(unexpected_cfgs)]` on by default
[INFO] [stdout] 
[INFO] [stdout] 
[INFO] [stdout] warning: unexpected `cfg` condition name: `tarpaulin_include`
[INFO] [stdout]   --> server/src/main.rs:15:11
[INFO] [stdout]    |
[INFO] [stdout] 15 | #[cfg(not(tarpaulin_include))]
[INFO] [stdout]    |           ^^^^^^^^^^^^^^^^^
[INFO] [stdout]    |
[INFO] [stdout]    = help: expected names are: `clippy`, `debug_assertions`, `doc`, `docsrs`, `doctest`, `feature`, `fmt_debug`, `miri`, `overflow_checks`, `panic`, `proc_macro`, `relocation_model`, `rustfmt`, `sanitize`, `sanitizer_cfi_generalize_pointers`, `sanitizer_cfi_normalize_integers`, `target_abi`, `target_arch`, `target_endian`, `target_env`, `target_family`, `target_feature`, `target_has_atomic`, `target_has_atomic_equal_alignment`, `target_has_atomic_load_store`, `target_os`, `target_pointer_width`, `target_thread_local`, `target_vendor`, `test`, `ub_checks`, `unix`, and `windows`
[INFO] [stdout]    = help: consider using a Cargo feature instead
[INFO] [stdout]    = help: or consider adding in `Cargo.toml` the `check-cfg` lint config for the lint:
[INFO] [stdout]             [lints.rust]
[INFO] [stdout]             unexpected_cfgs = { level = "warn", check-cfg = ['cfg(tarpaulin_include)'] }
[INFO] [stdout]    = help: or consider adding `println!("cargo::rustc-check-cfg=cfg(tarpaulin_include)");` to the top of the `build.rs`
[INFO] [stdout]    = note: see <https://doc.rust-lang.org/nightly/rustc/check-cfg/cargo-specifics.html> for more information about checking conditional configuration
[INFO] [stdout]    = note: `#[warn(unexpected_cfgs)]` on by default
[INFO] [stdout] 
[INFO] [stdout] 
[INFO] [stdout] warning: unexpected `cfg` condition name: `tarpaulin_include`
[INFO] [stdout]   --> server/src/main.rs:15:11
[INFO] [stdout]    |
[INFO] [stdout] 15 | #[cfg(not(tarpaulin_include))]
[INFO] [stdout]    |           ^^^^^^^^^^^^^^^^^
[INFO] [stdout]    |
[INFO] [stdout]    = help: expected names are: `clippy`, `debug_assertions`, `doc`, `docsrs`, `doctest`, `feature`, `fmt_debug`, `miri`, `overflow_checks`, `panic`, `proc_macro`, `relocation_model`, `rustfmt`, `sanitize`, `sanitizer_cfi_generalize_pointers`, `sanitizer_cfi_normalize_integers`, `target_abi`, `target_arch`, `target_endian`, `target_env`, `target_family`, `target_feature`, `target_has_atomic`, `target_has_atomic_equal_alignment`, `target_has_atomic_load_store`, `target_os`, `target_pointer_width`, `target_thread_local`, `target_vendor`, `test`, `ub_checks`, `unix`, and `windows`
[INFO] [stdout]    = help: consider using a Cargo feature instead
[INFO] [stdout]    = help: or consider adding in `Cargo.toml` the `check-cfg` lint config for the lint:
[INFO] [stdout]             [lints.rust]
[INFO] [stdout]             unexpected_cfgs = { level = "warn", check-cfg = ['cfg(tarpaulin_include)'] }
[INFO] [stdout]    = help: or consider adding `println!("cargo::rustc-check-cfg=cfg(tarpaulin_include)");` to the top of the `build.rs`
[INFO] [stdout]    = note: see <https://doc.rust-lang.org/nightly/rustc/check-cfg/cargo-specifics.html> for more information about checking conditional configuration
[INFO] [stdout]    = note: `#[warn(unexpected_cfgs)]` on by default
[INFO] [stdout] 
[INFO] [stdout] 
[INFO] [stderr]     Finished `test` profile [unoptimized + debuginfo] target(s) in 14.71s
[INFO] running `Command { std: "docker" "inspect" "f64edfa4b31ae55a260d97f0fc35896d2e8f691cfe1352e2e85326e81ad739c5", kill_on_drop: false }`
[INFO] running `Command { std: "docker" "rm" "-f" "f64edfa4b31ae55a260d97f0fc35896d2e8f691cfe1352e2e85326e81ad739c5", kill_on_drop: false }`
[INFO] [stdout] f64edfa4b31ae55a260d97f0fc35896d2e8f691cfe1352e2e85326e81ad739c5
[INFO] running `Command { std: "docker" "create" "-v" "/var/lib/crater-agent-workspace/builds/worker-5-tc1/target:/opt/rustwide/target:rw,Z" "-v" "/var/lib/crater-agent-workspace/builds/worker-5-tc1/source:/opt/rustwide/workdir:ro,Z" "-v" "/var/lib/crater-agent-workspace/cargo-home:/opt/rustwide/cargo-home:ro,Z" "-v" "/var/lib/crater-agent-workspace/rustup-home:/opt/rustwide/rustup-home:ro,Z" "-e" "SOURCE_DIR=/opt/rustwide/workdir" "-e" "CARGO_TARGET_DIR=/opt/rustwide/target" "-e" "CARGO_INCREMENTAL=0" "-e" "RUST_BACKTRACE=full" "-e" "RUSTFLAGS=--cap-lints=forbid" "-e" "RUSTDOCFLAGS=--cap-lints=forbid" "-e" "CARGO_HOME=/opt/rustwide/cargo-home" "-e" "RUSTUP_HOME=/opt/rustwide/rustup-home" "-w" "/opt/rustwide/workdir" "-m" "1610612736" "--user" "0:0" "--network" "none" "ghcr.io/rust-lang/crates-build-env/linux@sha256:819108c5571ea2e421544af4d832f968d213c87fbe3707a016657f43d2f853bc" "/opt/rustwide/cargo-home/bin/cargo" "+nightly-2025-01-18" "test" "--frozen", kill_on_drop: false }`
[INFO] [stdout] 2509ad89fb0684a1cf1de90d5f78086a934e2fa76dc4e24014eccf525497ccde
[INFO] running `Command { std: "docker" "start" "-a" "2509ad89fb0684a1cf1de90d5f78086a934e2fa76dc4e24014eccf525497ccde", kill_on_drop: false }`
[INFO] [stderr] warning: unexpected `cfg` condition name: `tarpaulin_include`
[INFO] [stderr]   --> client-grpc/src/grpc.rs:18:11
[INFO] [stderr]    |
[INFO] [stderr] 18 | #[cfg(not(tarpaulin_include))]
[INFO] [stderr]    |           ^^^^^^^^^^^^^^^^^
[INFO] [stderr]    |
[INFO] [stderr]    = help: expected names are: `clippy`, `debug_assertions`, `doc`, `docsrs`, `doctest`, `feature`, `fmt_debug`, `miri`, `overflow_checks`, `panic`, `proc_macro`, `relocation_model`, `rustfmt`, `sanitize`, `sanitizer_cfi_generalize_pointers`, `sanitizer_cfi_normalize_integers`, `target_abi`, `target_arch`, `target_endian`, `target_env`, `target_family`, `target_feature`, `target_has_atomic`, `target_has_atomic_equal_alignment`, `target_has_atomic_load_store`, `target_os`, `target_pointer_width`, `target_thread_local`, `target_vendor`, `test`, `ub_checks`, `unix`, and `windows`
[INFO] [stderr]    = help: consider using a Cargo feature instead
[INFO] [stderr]    = help: or consider adding in `Cargo.toml` the `check-cfg` lint config for the lint:
[INFO] [stderr]             [lints.rust]
[INFO] [stderr]             unexpected_cfgs = { level = "warn", check-cfg = ['cfg(tarpaulin_include)'] }
[INFO] [stderr]    = help: or consider adding `println!("cargo::rustc-check-cfg=cfg(tarpaulin_include)");` to the top of the `build.rs`
[INFO] [stderr]    = note: see <https://doc.rust-lang.org/nightly/rustc/check-cfg/cargo-specifics.html> for more information about checking conditional configuration
[INFO] [stderr]    = note: `#[warn(unexpected_cfgs)]` on by default
[INFO] [stderr] 
[INFO] [stderr] warning: `svc-discovery-client-grpc` (lib) generated 1 warning
[INFO] [stderr] warning: `svc-discovery-client-grpc` (lib test) generated 1 warning (1 duplicate)
[INFO] [stderr] warning: unexpected `cfg` condition name: `tarpaulin_include`
[INFO] [stderr]   --> server/src/rest/mod.rs:49:11
[INFO] [stderr]    |
[INFO] [stderr] 49 | #[cfg(not(tarpaulin_include))]
[INFO] [stderr]    |           ^^^^^^^^^^^^^^^^^
[INFO] [stderr]    |
[INFO] [stderr]    = help: expected names are: `clippy`, `debug_assertions`, `doc`, `docsrs`, `doctest`, `feature`, `fmt_debug`, `miri`, `overflow_checks`, `panic`, `proc_macro`, `relocation_model`, `rustfmt`, `sanitize`, `sanitizer_cfi_generalize_pointers`, `sanitizer_cfi_normalize_integers`, `target_abi`, `target_arch`, `target_endian`, `target_env`, `target_family`, `target_feature`, `target_has_atomic`, `target_has_atomic_equal_alignment`, `target_has_atomic_load_store`, `target_os`, `target_pointer_width`, `target_thread_local`, `target_vendor`, `test`, `ub_checks`, `unix`, and `windows`
[INFO] [stderr]    = help: consider using a Cargo feature instead
[INFO] [stderr]    = help: or consider adding in `Cargo.toml` the `check-cfg` lint config for the lint:
[INFO] [stderr]             [lints.rust]
[INFO] [stderr]             unexpected_cfgs = { level = "warn", check-cfg = ['cfg(tarpaulin_include)'] }
[INFO] [stderr]    = help: or consider adding `println!("cargo::rustc-check-cfg=cfg(tarpaulin_include)");` to the top of the `build.rs`
[INFO] [stderr]    = note: see <https://doc.rust-lang.org/nightly/rustc/check-cfg/cargo-specifics.html> for more information about checking conditional configuration
[INFO] [stderr]    = note: `#[warn(unexpected_cfgs)]` on by default
[INFO] [stderr] 
[INFO] [stderr] warning: `svc-discovery` (lib) generated 1 warning
[INFO] [stderr] warning: `svc-discovery` (lib test) generated 1 warning (1 duplicate)
[INFO] [stderr] warning: unexpected `cfg` condition name: `tarpaulin_include`
[INFO] [stderr]   --> server/src/main.rs:15:11
[INFO] [stderr]    |
[INFO] [stderr] 15 | #[cfg(not(tarpaulin_include))]
[INFO] [stderr]    |           ^^^^^^^^^^^^^^^^^
[INFO] [stderr]    |
[INFO] [stderr]    = help: expected names are: `clippy`, `debug_assertions`, `doc`, `docsrs`, `doctest`, `feature`, `fmt_debug`, `miri`, `overflow_checks`, `panic`, `proc_macro`, `relocation_model`, `rustfmt`, `sanitize`, `sanitizer_cfi_generalize_pointers`, `sanitizer_cfi_normalize_integers`, `target_abi`, `target_arch`, `target_endian`, `target_env`, `target_family`, `target_feature`, `target_has_atomic`, `target_has_atomic_equal_alignment`, `target_has_atomic_load_store`, `target_os`, `target_pointer_width`, `target_thread_local`, `target_vendor`, `test`, `ub_checks`, `unix`, and `windows`
[INFO] [stderr]    = help: consider using a Cargo feature instead
[INFO] [stderr]    = help: or consider adding in `Cargo.toml` the `check-cfg` lint config for the lint:
[INFO] [stderr]             [lints.rust]
[INFO] [stderr]             unexpected_cfgs = { level = "warn", check-cfg = ['cfg(tarpaulin_include)'] }
[INFO] [stderr]    = help: or consider adding `println!("cargo::rustc-check-cfg=cfg(tarpaulin_include)");` to the top of the `build.rs`
[INFO] [stderr]    = note: see <https://doc.rust-lang.org/nightly/rustc/check-cfg/cargo-specifics.html> for more information about checking conditional configuration
[INFO] [stderr]    = note: `#[warn(unexpected_cfgs)]` on by default
[INFO] [stderr] 
[INFO] [stderr] warning: `svc-discovery` (bin "svc-discovery") generated 1 warning
[INFO] [stderr] warning: `svc-discovery` (bin "svc-discovery" test) generated 1 warning (1 duplicate)
[INFO] [stderr]     Finished `test` profile [unoptimized + debuginfo] target(s) in 0.23s
[INFO] [stderr]      Running unittests src/lib.rs (/opt/rustwide/target/debug/deps/svc_discovery-5f4d433df8c757e9)
[INFO] [stdout] 
[INFO] [stdout] running 17 tests
[INFO] [stdout] 2025-01-20 03:23:45 | 123780074571328 | DEBUG | server/src/rest/api/uss.rs:333 | entry.
[INFO] [stdout] 2025-01-20 03:23:45 | 123780074571328 | ERROR | server/src/rest/api/uss.rs:282 | recent_positions_duration must be >= 0.0.
[INFO] [stdout] 2025-01-20 03:23:45 | 123780177331776 | INFO  | server/src/grpc/server.rs:89 | (test_grpc_server_start_and_shutdown) start
[INFO] [stdout] 2025-01-20 03:23:45 | 123780181526080 | INFO  | server/src/grpc/client.rs:48 | (test_grpc_clients_default) Start.
[INFO] [stdout] 2025-01-20 03:23:45 | 123780070377024 | DEBUG | /opt/rustwide/cargo-home/registry/src/index.crates.io-1949cf8c6b5b557f/hyper-0.14.30/src/client/connect/dns.rs:122 | resolving host="localhost"
[INFO] [stdout] 2025-01-20 03:23:45 | 123780066182720 | DEBUG | server/src/rest/api/uss.rs:333 | entry.
[INFO] [stdout] 2025-01-20 03:23:45 | 123780066182720 | ERROR | server/src/rest/api/uss.rs:288 | view must be a string of format 'lat1,lon1,lat2,lon2'.
[INFO] [stdout] 2025-01-20 03:23:45 | 123780057794112 | ERROR | server/src/rest/api/uss.rs:266 | latitude must be between -90.0 and 90.0.
[INFO] [stdout] 2025-01-20 03:23:45 | 123780061988416 | ERROR | server/src/rest/api/uss.rs:214 | duration_s must be >= 0.0.
[INFO] [stdout] 2025-01-20 03:23:45 | 123780061988416 | ERROR | server/src/rest/api/uss.rs:214 | duration_s must be >= 0.0.
[INFO] [stdout] 2025-01-20 03:23:45 | 123780061988416 | ERROR | server/src/rest/api/uss.rs:225 | Invalid window coordinates.
[INFO] [stdout] 2025-01-20 03:23:45 | 123780061988416 | ERROR | server/src/rest/api/uss.rs:225 | Invalid window coordinates.
[INFO] [stdout] 2025-01-20 03:23:45 | 123780045211200 | INFO  | server/src/lib.rs:73 | (test_load_logger_config_from_file) start
[INFO] [stdout] 2025-01-20 03:23:45 | 123780177331776 | DEBUG | server/src/grpc/server.rs:48 | entry.
[INFO] [stdout] 2025-01-20 03:23:45 | 123780177331776 | INFO  | server/src/grpc/server.rs:67 | Starting GRPC servers on: [::]:50051.
[INFO] [stdout] 2025-01-20 03:23:45 | 123780057794112 | ERROR | server/src/rest/api/uss.rs:269 | longitude must be between -180.0 and 180.0.
[INFO] [stdout] 2025-01-20 03:23:45 | 123780057794112 | ERROR | server/src/rest/api/uss.rs:261 | view must be a string of format 'lat1,lon1,lat2,lon2' with floating point values: ParseFloatError { kind: Invalid }
[INFO] [stdout] 2025-01-20 03:23:45 | 123780053599808 | INFO  | server/src/rest/server.rs:118 | (test_server_start_and_shutdown) start
[INFO] [stdout] 2025-01-20 03:23:45 | 123780074571328 | DEBUG | server/src/rest/api/uss.rs:333 | entry.
[INFO] [stdout] 2025-01-20 03:23:45 | 123780074571328 | ERROR | server/src/rest/api/uss.rs:282 | recent_positions_duration must be >= 0.0.
[INFO] [stdout] 2025-01-20 03:23:45 | 123780061988416 | INFO  | /opt/rustwide/cargo-home/git/checkouts/svc-gis-0f72287a1ee69e38/fbded26/client-grpc/src/client.rs:146 | (get_flights) gis client.
[INFO] [stdout] 2025-01-20 03:23:45 | 123780066182720 | DEBUG | server/src/rest/api/uss.rs:333 | entry.
[INFO] [stdout] 2025-01-20 03:23:45 | 123780066182720 | ERROR | server/src/rest/api/uss.rs:288 | view must be a string of format 'lat1,lon1,lat2,lon2'.
[INFO] [stdout] 2025-01-20 03:23:45 | 123780049405504 | ERROR | server/src/rest/mod.rs:85 | failed to write to file: Is a directory (os error 21)
[INFO] [stdout] 2025-01-20 03:23:45 | 123780053599808 | INFO  | server/src/rest/server.rs:43 | entry.
[INFO] [stdout] 2025-01-20 03:23:45 | 123780053599808 | DEBUG | server/src/rest/server.rs:75 | entry.
[INFO] [stdout] 2025-01-20 03:23:45 | 123780061988416 | DEBUG | /opt/rustwide/cargo-home/git/checkouts/svc-gis-0f72287a1ee69e38/fbded26/client-grpc/src/client.rs:147 | (get_flights) request: GetFlightsRequest { window_min_x: 4.850067, window_min_y: 52.392365, window_max_x: 4.959106, window_max_y: 52.36451, time_start: Some(Timestamp { seconds: 1737343366, nanos: 819015684 }), time_end: Some(Timestamp { seconds: 1737343425, nanos: 819017994 }) }
[INFO] [stdout] 2025-01-20 03:23:45 | 123780061988416 | INFO  | /opt/rustwide/cargo-home/git/checkouts/lib-common-edc6996c574e939d/4457c15/lib/src/grpc/mod.rs:32 | (get_client) gis entry.
[INFO] [stdout] 2025-01-20 03:23:45 | 123780061988416 | WARN  | /opt/rustwide/cargo-home/git/checkouts/lib-common-edc6996c574e939d/4457c15/lib/src/grpc/mod.rs:48 | (get_client) client not connected yet.
[INFO] [stdout] 2025-01-20 03:23:45 | 123780061988416 | INFO  | /opt/rustwide/cargo-home/git/checkouts/lib-common-edc6996c574e939d/4457c15/lib/src/grpc/mod.rs:49 | (get_client) connecting to gis server at http://localhost:50052.
[INFO] [stdout] 2025-01-20 03:23:45 | 123780181526080 | DEBUG | server/src/grpc/client.rs:53 | (test_grpc_clients_default) gis: GrpcClient { inner: Mutex { is_locked: false, has_waiters: false }, address: "http://localhost:50052", name: "gis" }
[INFO] [stdout] 2025-01-20 03:23:45 | 123780181526080 | INFO  | server/src/grpc/client.rs:56 | (test_grpc_clients_default) Success.
[INFO] [stdout] 2025-01-20 03:23:45 | 123780066182720 | DEBUG | server/src/rest/api/uss.rs:333 | entry.
[INFO] [stdout] 2025-01-20 03:23:45 | 123780074571328 | DEBUG | server/src/rest/api/uss.rs:333 | entry.
[INFO] [stdout] test rest::api::uss::tests::from_operational_status ... ok
[INFO] [stdout] 2025-01-20 03:23:45 | 123780168943168 | DEBUG | /opt/rustwide/cargo-home/registry/src/index.crates.io-1949cf8c6b5b557f/hyper-0.14.30/src/client/connect/dns.rs:122 | resolving host="localhost"
[INFO] [stdout] 2025-01-20 03:23:45 | 123780066182720 | ERROR | server/src/rest/api/uss.rs:266 | latitude must be between -90.0 and 90.0.
[INFO] [stdout] 2025-01-20 03:23:45 | 123780066182720 | DEBUG | server/src/rest/api/uss.rs:333 | entry.
[INFO] [stdout] 2025-01-20 03:23:45 | 123780053599808 | INFO  | server/src/rest/server.rs:98 | hosted at [::]:8000
[INFO] [stdout] 2025-01-20 03:23:45 | 123780066182720 | ERROR | server/src/rest/api/uss.rs:266 | latitude must be between -90.0 and 90.0.
[INFO] [stdout] 2025-01-20 03:23:45 | 123780066182720 | DEBUG | server/src/rest/api/uss.rs:333 | entry.
[INFO] [stdout] test rest::api::uss::tests::test_from_aircraft_state ... ok
[INFO] [stdout] 2025-01-20 03:23:45 | 123780066182720 | ERROR | server/src/rest/api/uss.rs:269 | longitude must be between -180.0 and 180.0.
[INFO] [stdout] 2025-01-20 03:23:45 | 123780066182720 | DEBUG | server/src/rest/api/uss.rs:333 | entry.
[INFO] [stdout] 2025-01-20 03:23:45 | 123780066182720 | ERROR | server/src/rest/api/uss.rs:269 | longitude must be between -180.0 and 180.0.
[INFO] [stdout] 2025-01-20 03:23:45 | 123780066182720 | DEBUG | server/src/rest/api/uss.rs:333 | entry.
[INFO] [stdout] 2025-01-20 03:23:45 | 123780066182720 | ERROR | server/src/rest/api/uss.rs:266 | latitude must be between -90.0 and 90.0.
[INFO] [stdout] 2025-01-20 03:23:45 | 123780066182720 | DEBUG | server/src/rest/api/uss.rs:333 | entry.
[INFO] [stdout] 2025-01-20 03:23:45 | 123780066182720 | ERROR | server/src/rest/api/uss.rs:266 | latitude must be between -90.0 and 90.0.
[INFO] [stdout] 2025-01-20 03:23:45 | 123780066182720 | DEBUG | server/src/rest/api/uss.rs:333 | entry.
[INFO] [stdout] 2025-01-20 03:23:45 | 123780066182720 | ERROR | server/src/rest/api/uss.rs:269 | longitude must be between -180.0 and 180.0.
[INFO] [stdout] 2025-01-20 03:23:45 | 123780066182720 | DEBUG | server/src/rest/api/uss.rs:333 | entry.
[INFO] [stdout] 2025-01-20 03:23:45 | 123780066182720 | ERROR | server/src/rest/api/uss.rs:269 | longitude must be between -180.0 and 180.0.
[INFO] [stdout] 2025-01-20 03:23:45 | 123780066182720 | DEBUG | server/src/rest/api/uss.rs:333 | entry.
[INFO] [stdout] test rest::api::uss::tests::test_from_recent_aircraft_position ... ok
[INFO] [stdout] 2025-01-20 03:23:45 | 123780041016896 | INFO  | server/src/lib.rs:88 | (test_server_shutdown) start
[INFO] [stdout] test rest::api::uss::tests::test_demo_flights ... ok
[INFO] [stdout] test rest::api::uss::tests::test_from_flight ... ok
[INFO] [stdout] test rest::api::uss::tests::test_from_uatype ... ok
[INFO] [stdout] 2025-01-20 03:23:45 | 123780041016896 | INFO  | server/src/lib.rs:105 | (test_server_shutdown) success
[INFO] [stdout] test rest::api::uss::tests::test_parse_coordinate ... ok
[INFO] [stdout] test rest::tests::test_generate_openapi_spec ... ok
[INFO] [stdout] test grpc::client::tests::test_grpc_clients_default ... ok
[INFO] [stdout] test rest::api::uss::tests::test_get_flights_recent_positions ... ok
[INFO] [stdout] test tests::test_server_shutdown ... ok
[INFO] [stdout] 2025-01-20 03:23:45 | 123780066182720 | ERROR | server/src/rest/api/uss.rs:307 | The requested view rectangle was too large.
[INFO] [stdout] 2025-01-20 03:23:45 | 123780066182720 | DEBUG | server/src/rest/api/uss.rs:333 | entry.
[INFO] [stdout] test rest::api::uss::tests::test_get_flights_view ... ok
[INFO] [stdout] 2025-01-20 03:23:45 | 123780173137472 | DEBUG | /opt/rustwide/cargo-home/registry/src/index.crates.io-1949cf8c6b5b557f/hyper-0.14.30/src/client/connect/http.rs:542 | connecting to [::1]:50052
[INFO] [stdout] 2025-01-20 03:23:45 | 123780061988416 | DEBUG | /opt/rustwide/cargo-home/registry/src/index.crates.io-1949cf8c6b5b557f/hyper-0.14.30/src/client/connect/http.rs:542 | connecting to [::1]:50052
[INFO] [stdout] 2025-01-20 03:23:45 | 123780045211200 | DEBUG | server/src/lib.rs:77 | (test_load_logger_config_from_file) Err("(load_logger_config_from_file) Could not parse log config file [/usr/src/app/log4rs.yaml]: No such file or directory (os error 2).")
[INFO] [stdout] 2025-01-20 03:23:45 | 123780061988416 | DEBUG | /opt/rustwide/cargo-home/registry/src/index.crates.io-1949cf8c6b5b557f/hyper-0.14.30/src/client/connect/http.rs:542 | connecting to 127.0.0.1:50052
[INFO] [stdout] 2025-01-20 03:23:45 | 123780173137472 | DEBUG | /opt/rustwide/cargo-home/registry/src/index.crates.io-1949cf8c6b5b557f/hyper-0.14.30/src/client/connect/http.rs:542 | connecting to 127.0.0.1:50052
[INFO] [stdout] 2025-01-20 03:23:45 | 123780061988416 | ERROR | /opt/rustwide/cargo-home/git/checkouts/lib-common-edc6996c574e939d/4457c15/lib/src/grpc/mod.rs:71 | (get_client) couldn't connect to gis server at http://localhost:50052; transport error.
[INFO] [stdout] 2025-01-20 03:23:45 | 123780061988416 | ERROR | server/src/rest/api/uss.rs:245 | gRPC call to svc-gis failed: Status { code: Internal, message: "couldn't connect to gis server at http://localhost:50052; transport error.", source: None }
[INFO] [stdout] 2025-01-20 03:23:45 | 123780173137472 | ERROR | /opt/rustwide/cargo-home/git/checkouts/lib-common-edc6996c574e939d/4457c15/lib/src/grpc/mod.rs:71 | (get_client) couldn't connect to gis server at http://localhost:50052; transport error.
[INFO] [stdout] 2025-01-20 03:23:45 | 123780173137472 | ERROR | server/src/rest/api/health.rs:28 | svc-gis client unavailable.
[INFO] [stdout] 2025-01-20 03:23:45 | 123780173137472 | ERROR | server/src/rest/api/health.rs:38 | unhealthy, 1+ dependencies down.
[INFO] [stdout] test tests::test_load_logger_config_from_file ... FAILED
[INFO] [stdout] test rest::api::uss::tests::test_get_recent_flights ... FAILED
[INFO] [stdout] test rest::api::health::tests::test_health_check ... FAILED
[INFO] [stdout] 2025-01-20 03:23:46 | 123780177331776 | INFO  | server/src/grpc/server.rs:104 | (test_grpc_server_start_and_shutdown) success
[INFO] [stdout] test grpc::server::tests::test_grpc_server_start_and_shutdown ... ok
[INFO] [stdout] 2025-01-20 03:23:46 | 123780053599808 | INFO  | server/src/rest/server.rs:133 | (test_server_start_and_shutdown) success
[INFO] [stdout] 2025-01-20 03:23:46 | 123780053599808 | DEBUG | /opt/rustwide/cargo-home/registry/src/index.crates.io-1949cf8c6b5b557f/tower-0.4.13/src/buffer/worker.rs:59 | buffer closing; waking pending tasks
[INFO] [stdout] 2025-01-20 03:23:46 | 123780053599808 | DEBUG | /opt/rustwide/cargo-home/registry/src/index.crates.io-1949cf8c6b5b557f/tower-0.4.13/src/buffer/worker.rs:59 | buffer closing; waking pending tasks
[INFO] [stdout] 2025-01-20 03:23:46 | 123780053599808 | DEBUG | /opt/rustwide/cargo-home/registry/src/index.crates.io-1949cf8c6b5b557f/tower-0.4.13/src/buffer/worker.rs:59 | buffer closing; waking pending tasks
[INFO] [stdout] 2025-01-20 03:23:46 | 123780053599808 | DEBUG | /opt/rustwide/cargo-home/registry/src/index.crates.io-1949cf8c6b5b557f/tower-0.4.13/src/buffer/worker.rs:59 | buffer closing; waking pending tasks
[INFO] [stdout] 2025-01-20 03:23:46 | 123780053599808 | DEBUG | /opt/rustwide/cargo-home/registry/src/index.crates.io-1949cf8c6b5b557f/tower-0.4.13/src/buffer/worker.rs:59 | buffer closing; waking pending tasks
[INFO] [stdout] 2025-01-20 03:23:46 | 123780053599808 | DEBUG | /opt/rustwide/cargo-home/registry/src/index.crates.io-1949cf8c6b5b557f/tower-0.4.13/src/buffer/worker.rs:59 | buffer closing; waking pending tasks
[INFO] [stdout] 2025-01-20 03:23:46 | 123780053599808 | DEBUG | /opt/rustwide/cargo-home/registry/src/index.crates.io-1949cf8c6b5b557f/tower-0.4.13/src/buffer/worker.rs:59 | buffer closing; waking pending tasks
[INFO] [stdout] test rest::server::tests::test_server_start_and_shutdown ... ok
[INFO] [stdout] 
[INFO] [stdout] failures:
[INFO] [stdout] 
[INFO] [stdout] ---- tests::test_load_logger_config_from_file stdout ----
[INFO] [stdout] 
[INFO] [stdout] thread 'tests::test_load_logger_config_from_file' panicked at server/src/lib.rs:78:9:
[INFO] [stdout] assertion failed: result.is_ok()
[INFO] [stdout] stack backtrace:
[INFO] [stdout]    0:     0x5bef29bf7fba - std::backtrace_rs::backtrace::libunwind::trace::hb059275cfc8d6126
[INFO] [stdout]                                at /rustc/6067b36314ab5eb2eb47cecc464545ba58e1ad24/library/std/src/../../backtrace/src/backtrace/libunwind.rs:116:5
[INFO] [stdout]    1:     0x5bef29bf7fba - std::backtrace_rs::backtrace::trace_unsynchronized::h2da071e4327ce3ee
[INFO] [stdout]                                at /rustc/6067b36314ab5eb2eb47cecc464545ba58e1ad24/library/std/src/../../backtrace/src/backtrace/mod.rs:66:5
[INFO] [stdout]    2:     0x5bef29bf7fba - std::sys::backtrace::_print_fmt::h842a1474e6f8d23f
[INFO] [stdout]                                at /rustc/6067b36314ab5eb2eb47cecc464545ba58e1ad24/library/std/src/sys/backtrace.rs:66:9
[INFO] [stdout]    3:     0x5bef29bf7fba - <std::sys::backtrace::BacktraceLock::print::DisplayBacktrace as core::fmt::Display>::fmt::h71a62eb3b9696b12
[INFO] [stdout]                                at /rustc/6067b36314ab5eb2eb47cecc464545ba58e1ad24/library/std/src/sys/backtrace.rs:39:26
[INFO] [stdout]    4:     0x5bef29c27643 - core::fmt::rt::Argument::fmt::hdb6b616786b41dc1
[INFO] [stdout]                                at /rustc/6067b36314ab5eb2eb47cecc464545ba58e1ad24/library/core/src/fmt/rt.rs:177:76
[INFO] [stdout]    5:     0x5bef29c27643 - core::fmt::write::h2cc1698af7e2d686
[INFO] [stdout]                                at /rustc/6067b36314ab5eb2eb47cecc464545ba58e1ad24/library/core/src/fmt/mod.rs:1440:21
[INFO] [stdout]    6:     0x5bef29bf39e3 - std::io::Write::write_fmt::hab1b4cd059a79022
[INFO] [stdout]                                at /rustc/6067b36314ab5eb2eb47cecc464545ba58e1ad24/library/std/src/io/mod.rs:1887:15
[INFO] [stdout]    7:     0x5bef29bf7e02 - std::sys::backtrace::BacktraceLock::print::h147fe35b4ea13b08
[INFO] [stdout]                                at /rustc/6067b36314ab5eb2eb47cecc464545ba58e1ad24/library/std/src/sys/backtrace.rs:42:9
[INFO] [stdout]    8:     0x5bef29bf93df - std::panicking::default_hook::{{closure}}::hbd44223dbdc0d208
[INFO] [stdout]                                at /rustc/6067b36314ab5eb2eb47cecc464545ba58e1ad24/library/std/src/panicking.rs:298:22
[INFO] [stdout]    9:     0x5bef29bf91f8 - std::panicking::default_hook::h20f81eb0576efcec
[INFO] [stdout]                                at /rustc/6067b36314ab5eb2eb47cecc464545ba58e1ad24/library/std/src/panicking.rs:322:9
[INFO] [stdout]   10:     0x5bef292ca1a3 - <alloc::boxed::Box<F,A> as core::ops::function::Fn<Args>>::call::hdb53814c496a4d34
[INFO] [stdout]                                at /rustc/6067b36314ab5eb2eb47cecc464545ba58e1ad24/library/alloc/src/boxed.rs:2027:9
[INFO] [stdout]   11:     0x5bef292ca1a3 - test::test_main::{{closure}}::hc0a4963c59427c24
[INFO] [stdout]                                at /rustc/6067b36314ab5eb2eb47cecc464545ba58e1ad24/library/test/src/lib.rs:134:21
[INFO] [stdout]   12:     0x5bef29bf9ed3 - <alloc::boxed::Box<F,A> as core::ops::function::Fn<Args>>::call::h591b2225413a77e9
[INFO] [stdout]                                at /rustc/6067b36314ab5eb2eb47cecc464545ba58e1ad24/library/alloc/src/boxed.rs:2027:9
[INFO] [stdout]   13:     0x5bef29bf9ed3 - std::panicking::rust_panic_with_hook::h625eea43051b2edc
[INFO] [stdout]                                at /rustc/6067b36314ab5eb2eb47cecc464545ba58e1ad24/library/std/src/panicking.rs:839:13
[INFO] [stdout]   14:     0x5bef29bf9b56 - std::panicking::begin_panic_handler::{{closure}}::h4f9159cfbc3f6bd3
[INFO] [stdout]                                at /rustc/6067b36314ab5eb2eb47cecc464545ba58e1ad24/library/std/src/panicking.rs:697:13
[INFO] [stdout]   15:     0x5bef29bf84b9 - std::sys::backtrace::__rust_end_short_backtrace::h0390abce48353151
[INFO] [stdout]                                at /rustc/6067b36314ab5eb2eb47cecc464545ba58e1ad24/library/std/src/sys/backtrace.rs:168:18
[INFO] [stdout]   16:     0x5bef29bf981d - rust_begin_unwind
[INFO] [stdout]                                at /rustc/6067b36314ab5eb2eb47cecc464545ba58e1ad24/library/std/src/panicking.rs:695:5
[INFO] [stdout]   17:     0x5bef29c244d0 - core::panicking::panic_fmt::h9e7c637e9e5f29c9
[INFO] [stdout]                                at /rustc/6067b36314ab5eb2eb47cecc464545ba58e1ad24/library/core/src/panicking.rs:75:14
[INFO] [stdout]   18:     0x5bef29c2455c - core::panicking::panic::haa3255ea20181a33
[INFO] [stdout]                                at /rustc/6067b36314ab5eb2eb47cecc464545ba58e1ad24/library/core/src/panicking.rs:145:5
[INFO] [stdout]   19:     0x5bef290fb4ed - svc_discovery::tests::test_load_logger_config_from_file::{{closure}}::h1c1bbe9965f33ec0
[INFO] [stdout]                                at /opt/rustwide/workdir/server/src/lib.rs:78:9
[INFO] [stdout]   20:     0x5bef29205da2 - <core::pin::Pin<P> as core::future::future::Future>::poll::h318b24e051ab84f6
[INFO] [stdout]                                at /rustc/6067b36314ab5eb2eb47cecc464545ba58e1ad24/library/core/src/future/future.rs:124:9
[INFO] [stdout]   21:     0x5bef29205c3d - <core::pin::Pin<P> as core::future::future::Future>::poll::h026f32c2a2296210
[INFO] [stdout]                                at /rustc/6067b36314ab5eb2eb47cecc464545ba58e1ad24/library/core/src/future/future.rs:124:9
[INFO] [stdout]   22:     0x5bef2906d2cf - tokio::runtime::scheduler::current_thread::CoreGuard::block_on::{{closure}}::{{closure}}::{{closure}}::ha8e0e52bdc86c32e
[INFO] [stdout]                                at /opt/rustwide/cargo-home/registry/src/index.crates.io-1949cf8c6b5b557f/tokio-1.40.0/src/runtime/scheduler/current_thread/mod.rs:696:57
[INFO] [stdout]   23:     0x5bef2906d015 - tokio::runtime::coop::with_budget::h1d9499ffba4ed186
[INFO] [stdout]                                at /opt/rustwide/cargo-home/registry/src/index.crates.io-1949cf8c6b5b557f/tokio-1.40.0/src/runtime/coop.rs:107:5
[INFO] [stdout]   24:     0x5bef2906d015 - tokio::runtime::coop::budget::hba0bc306bfd60254
[INFO] [stdout]                                at /opt/rustwide/cargo-home/registry/src/index.crates.io-1949cf8c6b5b557f/tokio-1.40.0/src/runtime/coop.rs:73:5
[INFO] [stdout]   25:     0x5bef2906d015 - tokio::runtime::scheduler::current_thread::CoreGuard::block_on::{{closure}}::{{closure}}::h38cec1af07f1cdf1
[INFO] [stdout]                                at /opt/rustwide/cargo-home/registry/src/index.crates.io-1949cf8c6b5b557f/tokio-1.40.0/src/runtime/scheduler/current_thread/mod.rs:696:25
[INFO] [stdout]   26:     0x5bef2906ae10 - tokio::runtime::scheduler::current_thread::Context::enter::ha0b8ed2052da32ba
[INFO] [stdout]                                at /opt/rustwide/cargo-home/registry/src/index.crates.io-1949cf8c6b5b557f/tokio-1.40.0/src/runtime/scheduler/current_thread/mod.rs:423:19
[INFO] [stdout]   27:     0x5bef2906c87e - tokio::runtime::scheduler::current_thread::CoreGuard::block_on::{{closure}}::hd9a3f7b87b305ace
[INFO] [stdout]                                at /opt/rustwide/cargo-home/registry/src/index.crates.io-1949cf8c6b5b557f/tokio-1.40.0/src/runtime/scheduler/current_thread/mod.rs:695:36
[INFO] [stdout]   28:     0x5bef2906bcf4 - tokio::runtime::scheduler::current_thread::CoreGuard::enter::{{closure}}::hfd62618720cc5a17
[INFO] [stdout]                                at /opt/rustwide/cargo-home/registry/src/index.crates.io-1949cf8c6b5b557f/tokio-1.40.0/src/runtime/scheduler/current_thread/mod.rs:774:68
[INFO] [stdout]   29:     0x5bef2906622b - tokio::runtime::context::scoped::Scoped<T>::set::h018e915d8c4150c9
[INFO] [stdout]                                at /opt/rustwide/cargo-home/registry/src/index.crates.io-1949cf8c6b5b557f/tokio-1.40.0/src/runtime/context/scoped.rs:40:9
[INFO] [stdout]   30:     0x5bef291bd3a9 - tokio::runtime::context::set_scheduler::{{closure}}::h682a5b210bbe1357
[INFO] [stdout]                                at /opt/rustwide/cargo-home/registry/src/index.crates.io-1949cf8c6b5b557f/tokio-1.40.0/src/runtime/context.rs:180:26
[INFO] [stdout]   31:     0x5bef29252422 - std::thread::local::LocalKey<T>::try_with::hef138199bd916fac
[INFO] [stdout]                                at /rustc/6067b36314ab5eb2eb47cecc464545ba58e1ad24/library/std/src/thread/local.rs:308:12
[INFO] [stdout]   32:     0x5bef2924fdea - std::thread::local::LocalKey<T>::with::hef61870645e3ad0e
[INFO] [stdout]                                at /rustc/6067b36314ab5eb2eb47cecc464545ba58e1ad24/library/std/src/thread/local.rs:272:9
[INFO] [stdout]   33:     0x5bef291bd31d - tokio::runtime::context::set_scheduler::h3aaf05976ea828b6
[INFO] [stdout]                                at /opt/rustwide/cargo-home/registry/src/index.crates.io-1949cf8c6b5b557f/tokio-1.40.0/src/runtime/context.rs:180:9
[INFO] [stdout]   34:     0x5bef2906ba80 - tokio::runtime::scheduler::current_thread::CoreGuard::enter::hd863acc737f6b444
[INFO] [stdout]                                at /opt/rustwide/cargo-home/registry/src/index.crates.io-1949cf8c6b5b557f/tokio-1.40.0/src/runtime/scheduler/current_thread/mod.rs:774:27
[INFO] [stdout]   35:     0x5bef2906bd13 - tokio::runtime::scheduler::current_thread::CoreGuard::block_on::h042735ab5912153d
[INFO] [stdout]                                at /opt/rustwide/cargo-home/registry/src/index.crates.io-1949cf8c6b5b557f/tokio-1.40.0/src/runtime/scheduler/current_thread/mod.rs:683:19
[INFO] [stdout]   36:     0x5bef29066c2a - tokio::runtime::scheduler::current_thread::CurrentThread::block_on::{{closure}}::h0c9a3ed7e37cdcb8
[INFO] [stdout]                                at /opt/rustwide/cargo-home/registry/src/index.crates.io-1949cf8c6b5b557f/tokio-1.40.0/src/runtime/scheduler/current_thread/mod.rs:191:28
[INFO] [stdout]   37:     0x5bef29249fa6 - tokio::runtime::context::runtime::enter_runtime::h5a0174af8dc3f9ef
[INFO] [stdout]                                at /opt/rustwide/cargo-home/registry/src/index.crates.io-1949cf8c6b5b557f/tokio-1.40.0/src/runtime/context/runtime.rs:65:16
[INFO] [stdout]   38:     0x5bef290664a1 - tokio::runtime::scheduler::current_thread::CurrentThread::block_on::h9240420ebec04aa8
[INFO] [stdout]                                at /opt/rustwide/cargo-home/registry/src/index.crates.io-1949cf8c6b5b557f/tokio-1.40.0/src/runtime/scheduler/current_thread/mod.rs:179:9
[INFO] [stdout]   39:     0x5bef2910a06d - tokio::runtime::runtime::Runtime::block_on_inner::hb2298cfff3601cd0
[INFO] [stdout]                                at /opt/rustwide/cargo-home/registry/src/index.crates.io-1949cf8c6b5b557f/tokio-1.40.0/src/runtime/runtime.rs:361:47
[INFO] [stdout]   40:     0x5bef2910a295 - tokio::runtime::runtime::Runtime::block_on::hb6895f6338a4fc7e
[INFO] [stdout]                                at /opt/rustwide/cargo-home/registry/src/index.crates.io-1949cf8c6b5b557f/tokio-1.40.0/src/runtime/runtime.rs:335:13
[INFO] [stdout]   41:     0x5bef290faa81 - svc_discovery::tests::test_load_logger_config_from_file::h5411ca5a9e88d055
[INFO] [stdout]                                at /opt/rustwide/workdir/server/src/lib.rs:83:9
[INFO] [stdout]   42:     0x5bef290fa927 - svc_discovery::tests::test_load_logger_config_from_file::{{closure}}::h6dfba29ad36d3e2a
[INFO] [stdout]                                at /opt/rustwide/workdir/server/src/lib.rs:72:49
[INFO] [stdout]   43:     0x5bef2903d456 - core::ops::function::FnOnce::call_once::h56841b22d017b4bd
[INFO] [stdout]                                at /rustc/6067b36314ab5eb2eb47cecc464545ba58e1ad24/library/core/src/ops/function.rs:250:5
[INFO] [stdout]   44:     0x5bef292cf8fb - core::ops::function::FnOnce::call_once::he27718dfdd183f43
[INFO] [stdout]                                at /rustc/6067b36314ab5eb2eb47cecc464545ba58e1ad24/library/core/src/ops/function.rs:250:5
[INFO] [stdout]   45:     0x5bef292cf8fb - test::__rust_begin_short_backtrace::h4e84902998457a5d
[INFO] [stdout]                                at /rustc/6067b36314ab5eb2eb47cecc464545ba58e1ad24/library/test/src/lib.rs:632:18
[INFO] [stdout]   46:     0x5bef292ce833 - test::run_test_in_process::{{closure}}::h7176fd18fc1feca0
[INFO] [stdout]                                at /rustc/6067b36314ab5eb2eb47cecc464545ba58e1ad24/library/test/src/lib.rs:655:60
[INFO] [stdout]   47:     0x5bef292ce833 - <core::panic::unwind_safe::AssertUnwindSafe<F> as core::ops::function::FnOnce<()>>::call_once::hf79cff2a624d8cf7
[INFO] [stdout]                                at /rustc/6067b36314ab5eb2eb47cecc464545ba58e1ad24/library/core/src/panic/unwind_safe.rs:272:9
[INFO] [stdout]   48:     0x5bef292ce833 - std::panicking::try::do_call::h3da0561d9ab99c25
[INFO] [stdout]                                at /rustc/6067b36314ab5eb2eb47cecc464545ba58e1ad24/library/std/src/panicking.rs:587:40
[INFO] [stdout]   49:     0x5bef292ce833 - std::panicking::try::h41c9fa508bc61df6
[INFO] [stdout]                                at /rustc/6067b36314ab5eb2eb47cecc464545ba58e1ad24/library/std/src/panicking.rs:550:19
[INFO] [stdout]   50:     0x5bef292ce833 - std::panic::catch_unwind::h6b3ff07bb5afad93
[INFO] [stdout]                                at /rustc/6067b36314ab5eb2eb47cecc464545ba58e1ad24/library/std/src/panic.rs:358:14
[INFO] [stdout]   51:     0x5bef292ce833 - test::run_test_in_process::hc7253dd11b39b9f4
[INFO] [stdout]                                at /rustc/6067b36314ab5eb2eb47cecc464545ba58e1ad24/library/test/src/lib.rs:655:27
[INFO] [stdout]   52:     0x5bef292ce833 - test::run_test::{{closure}}::hfb2007f8649c30bb
[INFO] [stdout]                                at /rustc/6067b36314ab5eb2eb47cecc464545ba58e1ad24/library/test/src/lib.rs:576:43
[INFO] [stdout]   53:     0x5bef29291915 - test::run_test::{{closure}}::h56a17aa7a282a9f4
[INFO] [stdout]                                at /rustc/6067b36314ab5eb2eb47cecc464545ba58e1ad24/library/test/src/lib.rs:606:41
[INFO] [stdout]   54:     0x5bef29291915 - std::sys::backtrace::__rust_begin_short_backtrace::hd2d2d2fb8e8c6aac
[INFO] [stdout]                                at /rustc/6067b36314ab5eb2eb47cecc464545ba58e1ad24/library/std/src/sys/backtrace.rs:152:18
[INFO] [stdout]   55:     0x5bef292951fa - std::thread::Builder::spawn_unchecked_::{{closure}}::{{closure}}::h4faa3f9db6133423
[INFO] [stdout]                                at /rustc/6067b36314ab5eb2eb47cecc464545ba58e1ad24/library/std/src/thread/mod.rs:559:17
[INFO] [stdout]   56:     0x5bef292951fa - <core::panic::unwind_safe::AssertUnwindSafe<F> as core::ops::function::FnOnce<()>>::call_once::hf2e855a36a4ea846
[INFO] [stdout]                                at /rustc/6067b36314ab5eb2eb47cecc464545ba58e1ad24/library/core/src/panic/unwind_safe.rs:272:9
[INFO] [stdout]   57:     0x5bef292951fa - std::panicking::try::do_call::h2f73af3616c35465
[INFO] [stdout]                                at /rustc/6067b36314ab5eb2eb47cecc464545ba58e1ad24/library/std/src/panicking.rs:587:40
[INFO] [stdout]   58:     0x5bef292951fa - std::panicking::try::hd1660ce9efadef5a
[INFO] [stdout]                                at /rustc/6067b36314ab5eb2eb47cecc464545ba58e1ad24/library/std/src/panicking.rs:550:19
[INFO] [stdout]   59:     0x5bef292951fa - std::panic::catch_unwind::h5ee8d7823b8ca744
[INFO] [stdout]                                at /rustc/6067b36314ab5eb2eb47cecc464545ba58e1ad24/library/std/src/panic.rs:358:14
[INFO] [stdout]   60:     0x5bef292951fa - std::thread::Builder::spawn_unchecked_::{{closure}}::h53c3a1894dce8407
[INFO] [stdout]                                at /rustc/6067b36314ab5eb2eb47cecc464545ba58e1ad24/library/std/src/thread/mod.rs:557:30
[INFO] [stdout]   61:     0x5bef292951fa - core::ops::function::FnOnce::call_once{{vtable.shim}}::h048ce291ad4f62bf
[INFO] [stdout]                                at /rustc/6067b36314ab5eb2eb47cecc464545ba58e1ad24/library/core/src/ops/function.rs:250:5
[INFO] [stdout]   62:     0x5bef29bff47b - <alloc::boxed::Box<F,A> as core::ops::function::FnOnce<Args>>::call_once::ha52bedf99a3b4981
[INFO] [stdout]                                at /rustc/6067b36314ab5eb2eb47cecc464545ba58e1ad24/library/alloc/src/boxed.rs:2013:9
[INFO] [stdout]   63:     0x5bef29bff47b - <alloc::boxed::Box<F,A> as core::ops::function::FnOnce<Args>>::call_once::h567748934d80ccf8
[INFO] [stdout]                                at /rustc/6067b36314ab5eb2eb47cecc464545ba58e1ad24/library/alloc/src/boxed.rs:2013:9
[INFO] [stdout]   64:     0x5bef29bff47b - std::sys::pal::unix::thread::Thread::new::thread_start::h2d970728ae887adc
[INFO] [stdout]                                at /rustc/6067b36314ab5eb2eb47cecc464545ba58e1ad24/library/std/src/sys/pal/unix/thread.rs:106:17
[INFO] [stdout]   65:     0x7093d1dc7ac3 - <unknown>
[INFO] [stdout]   66:     0x7093d1e58a04 - clone
[INFO] [stdout]   67:                0x0 - <unknown>
[INFO] [stdout] 
[INFO] [stdout] ---- rest::api::uss::tests::test_get_recent_flights stdout ----
[INFO] [stdout] 
[INFO] [stdout] thread 'rest::api::uss::tests::test_get_recent_flights' panicked at server/src/rest/api/uss.rs:706:14:
[INFO] [stdout] called `Result::unwrap()` on an `Err` value: 500
[INFO] [stdout] stack backtrace:
[INFO] [stdout]    0:     0x5bef29bf7fba - std::backtrace_rs::backtrace::libunwind::trace::hb059275cfc8d6126
[INFO] [stdout]                                at /rustc/6067b36314ab5eb2eb47cecc464545ba58e1ad24/library/std/src/../../backtrace/src/backtrace/libunwind.rs:116:5
[INFO] [stdout]    1:     0x5bef29bf7fba - std::backtrace_rs::backtrace::trace_unsynchronized::h2da071e4327ce3ee
[INFO] [stdout]                                at /rustc/6067b36314ab5eb2eb47cecc464545ba58e1ad24/library/std/src/../../backtrace/src/backtrace/mod.rs:66:5
[INFO] [stdout]    2:     0x5bef29bf7fba - std::sys::backtrace::_print_fmt::h842a1474e6f8d23f
[INFO] [stdout]                                at /rustc/6067b36314ab5eb2eb47cecc464545ba58e1ad24/library/std/src/sys/backtrace.rs:66:9
[INFO] [stdout]    3:     0x5bef29bf7fba - <std::sys::backtrace::BacktraceLock::print::DisplayBacktrace as core::fmt::Display>::fmt::h71a62eb3b9696b12
[INFO] [stdout]                                at /rustc/6067b36314ab5eb2eb47cecc464545ba58e1ad24/library/std/src/sys/backtrace.rs:39:26
[INFO] [stdout]    4:     0x5bef29c27643 - core::fmt::rt::Argument::fmt::hdb6b616786b41dc1
[INFO] [stdout]                                at /rustc/6067b36314ab5eb2eb47cecc464545ba58e1ad24/library/core/src/fmt/rt.rs:177:76
[INFO] [stdout]    5:     0x5bef29c27643 - core::fmt::write::h2cc1698af7e2d686
[INFO] [stdout]                                at /rustc/6067b36314ab5eb2eb47cecc464545ba58e1ad24/library/core/src/fmt/mod.rs:1440:21
[INFO] [stdout]    6:     0x5bef29bf39e3 - std::io::Write::write_fmt::hab1b4cd059a79022
[INFO] [stdout]                                at /rustc/6067b36314ab5eb2eb47cecc464545ba58e1ad24/library/std/src/io/mod.rs:1887:15
[INFO] [stdout]    7:     0x5bef29bf7e02 - std::sys::backtrace::BacktraceLock::print::h147fe35b4ea13b08
[INFO] [stdout]                                at /rustc/6067b36314ab5eb2eb47cecc464545ba58e1ad24/library/std/src/sys/backtrace.rs:42:9
[INFO] [stdout]    8:     0x5bef29bf93df - std::panicking::default_hook::{{closure}}::hbd44223dbdc0d208
[INFO] [stdout]                                at /rustc/6067b36314ab5eb2eb47cecc464545ba58e1ad24/library/std/src/panicking.rs:298:22
[INFO] [stdout]    9:     0x5bef29bf91f8 - std::panicking::default_hook::h20f81eb0576efcec
[INFO] [stdout]                                at /rustc/6067b36314ab5eb2eb47cecc464545ba58e1ad24/library/std/src/panicking.rs:322:9
[INFO] [stdout]   10:     0x5bef292ca1a3 - <alloc::boxed::Box<F,A> as core::ops::function::Fn<Args>>::call::hdb53814c496a4d34
[INFO] [stdout]                                at /rustc/6067b36314ab5eb2eb47cecc464545ba58e1ad24/library/alloc/src/boxed.rs:2027:9
[INFO] [stdout]   11:     0x5bef292ca1a3 - test::test_main::{{closure}}::hc0a4963c59427c24
[INFO] [stdout]                                at /rustc/6067b36314ab5eb2eb47cecc464545ba58e1ad24/library/test/src/lib.rs:134:21
[INFO] [stdout]   12:     0x5bef29bf9ed3 - <alloc::boxed::Box<F,A> as core::ops::function::Fn<Args>>::call::h591b2225413a77e9
[INFO] [stdout]                                at /rustc/6067b36314ab5eb2eb47cecc464545ba58e1ad24/library/alloc/src/boxed.rs:2027:9
[INFO] [stdout]   13:     0x5bef29bf9ed3 - std::panicking::rust_panic_with_hook::h625eea43051b2edc
[INFO] [stdout]                                at /rustc/6067b36314ab5eb2eb47cecc464545ba58e1ad24/library/std/src/panicking.rs:839:13
[INFO] [stdout]   14:     0x5bef29bf9b8a - std::panicking::begin_panic_handler::{{closure}}::h4f9159cfbc3f6bd3
[INFO] [stdout]                                at /rustc/6067b36314ab5eb2eb47cecc464545ba58e1ad24/library/std/src/panicking.rs:704:13
[INFO] [stdout]   15:     0x5bef29bf84b9 - std::sys::backtrace::__rust_end_short_backtrace::h0390abce48353151
[INFO] [stdout]                                at /rustc/6067b36314ab5eb2eb47cecc464545ba58e1ad24/library/std/src/sys/backtrace.rs:168:18
[INFO] [stdout]   16:     0x5bef29bf981d - rust_begin_unwind
[INFO] [stdout]                                at /rustc/6067b36314ab5eb2eb47cecc464545ba58e1ad24/library/std/src/panicking.rs:695:5
[INFO] [stdout]   17:     0x5bef29c244d0 - core::panicking::panic_fmt::h9e7c637e9e5f29c9
[INFO] [stdout]                                at /rustc/6067b36314ab5eb2eb47cecc464545ba58e1ad24/library/core/src/panicking.rs:75:14
[INFO] [stdout]   18:     0x5bef29c249a6 - core::result::unwrap_failed::h7979f09313fe1849
[INFO] [stdout]                                at /rustc/6067b36314ab5eb2eb47cecc464545ba58e1ad24/library/core/src/result.rs:1704:5
[INFO] [stdout]   19:     0x5bef2923b351 - core::result::Result<T,E>::unwrap::h310a5af76f7eafae
[INFO] [stdout]                                at /rustc/6067b36314ab5eb2eb47cecc464545ba58e1ad24/library/core/src/result.rs:1109:23
[INFO] [stdout]   20:     0x5bef2923b351 - svc_discovery::rest::api::uss::tests::test_get_recent_flights::{{closure}}::h013f4f3b362bd046
[INFO] [stdout]                                at /opt/rustwide/workdir/server/src/rest/api/uss.rs:704:17
[INFO] [stdout]   21:     0x5bef29205da2 - <core::pin::Pin<P> as core::future::future::Future>::poll::h318b24e051ab84f6
[INFO] [stdout]                                at /rustc/6067b36314ab5eb2eb47cecc464545ba58e1ad24/library/core/src/future/future.rs:124:9
[INFO] [stdout]   22:     0x5bef29205c3d - <core::pin::Pin<P> as core::future::future::Future>::poll::h026f32c2a2296210
[INFO] [stdout]                                at /rustc/6067b36314ab5eb2eb47cecc464545ba58e1ad24/library/core/src/future/future.rs:124:9
[INFO] [stdout]   23:     0x5bef2906d2cf - tokio::runtime::scheduler::current_thread::CoreGuard::block_on::{{closure}}::{{closure}}::{{closure}}::ha8e0e52bdc86c32e
[INFO] [stdout]                                at /opt/rustwide/cargo-home/registry/src/index.crates.io-1949cf8c6b5b557f/tokio-1.40.0/src/runtime/scheduler/current_thread/mod.rs:696:57
[INFO] [stdout]   24:     0x5bef2906d015 - tokio::runtime::coop::with_budget::h1d9499ffba4ed186
[INFO] [stdout]                                at /opt/rustwide/cargo-home/registry/src/index.crates.io-1949cf8c6b5b557f/tokio-1.40.0/src/runtime/coop.rs:107:5
[INFO] [stdout]   25:     0x5bef2906d015 - tokio::runtime::coop::budget::hba0bc306bfd60254
[INFO] [stdout]                                at /opt/rustwide/cargo-home/registry/src/index.crates.io-1949cf8c6b5b557f/tokio-1.40.0/src/runtime/coop.rs:73:5
[INFO] [stdout]   26:     0x5bef2906d015 - tokio::runtime::scheduler::current_thread::CoreGuard::block_on::{{closure}}::{{closure}}::h38cec1af07f1cdf1
[INFO] [stdout]                                at /opt/rustwide/cargo-home/registry/src/index.crates.io-1949cf8c6b5b557f/tokio-1.40.0/src/runtime/scheduler/current_thread/mod.rs:696:25
[INFO] [stdout]   27:     0x5bef2906ae10 - tokio::runtime::scheduler::current_thread::Context::enter::ha0b8ed2052da32ba
[INFO] [stdout]                                at /opt/rustwide/cargo-home/registry/src/index.crates.io-1949cf8c6b5b557f/tokio-1.40.0/src/runtime/scheduler/current_thread/mod.rs:423:19
[INFO] [stdout]   28:     0x5bef2906c87e - tokio::runtime::scheduler::current_thread::CoreGuard::block_on::{{closure}}::hd9a3f7b87b305ace
[INFO] [stdout]                                at /opt/rustwide/cargo-home/registry/src/index.crates.io-1949cf8c6b5b557f/tokio-1.40.0/src/runtime/scheduler/current_thread/mod.rs:695:36
[INFO] [stdout]   29:     0x5bef2906bcf4 - tokio::runtime::scheduler::current_thread::CoreGuard::enter::{{closure}}::hfd62618720cc5a17
[INFO] [stdout]                                at /opt/rustwide/cargo-home/registry/src/index.crates.io-1949cf8c6b5b557f/tokio-1.40.0/src/runtime/scheduler/current_thread/mod.rs:774:68
[INFO] [stdout]   30:     0x5bef2906622b - tokio::runtime::context::scoped::Scoped<T>::set::h018e915d8c4150c9
[INFO] [stdout]                                at /opt/rustwide/cargo-home/registry/src/index.crates.io-1949cf8c6b5b557f/tokio-1.40.0/src/runtime/context/scoped.rs:40:9
[INFO] [stdout]   31:     0x5bef291bd3a9 - tokio::runtime::context::set_scheduler::{{closure}}::h682a5b210bbe1357
[INFO] [stdout]                                at /opt/rustwide/cargo-home/registry/src/index.crates.io-1949cf8c6b5b557f/tokio-1.40.0/src/runtime/context.rs:180:26
[INFO] [stdout]   32:     0x5bef29252422 - std::thread::local::LocalKey<T>::try_with::hef138199bd916fac
[INFO] [stdout]                                at /rustc/6067b36314ab5eb2eb47cecc464545ba58e1ad24/library/std/src/thread/local.rs:308:12
[INFO] [stdout]   33:     0x5bef2924fdea - std::thread::local::LocalKey<T>::with::hef61870645e3ad0e
[INFO] [stdout]                                at /rustc/6067b36314ab5eb2eb47cecc464545ba58e1ad24/library/std/src/thread/local.rs:272:9
[INFO] [stdout]   34:     0x5bef291bd31d - tokio::runtime::context::set_scheduler::h3aaf05976ea828b6
[INFO] [stdout]                                at /opt/rustwide/cargo-home/registry/src/index.crates.io-1949cf8c6b5b557f/tokio-1.40.0/src/runtime/context.rs:180:9
[INFO] [stdout]   35:     0x5bef2906ba80 - tokio::runtime::scheduler::current_thread::CoreGuard::enter::hd863acc737f6b444
[INFO] [stdout]                                at /opt/rustwide/cargo-home/registry/src/index.crates.io-1949cf8c6b5b557f/tokio-1.40.0/src/runtime/scheduler/current_thread/mod.rs:774:27
[INFO] [stdout]   36:     0x5bef2906bd13 - tokio::runtime::scheduler::current_thread::CoreGuard::block_on::h042735ab5912153d
[INFO] [stdout]                                at /opt/rustwide/cargo-home/registry/src/index.crates.io-1949cf8c6b5b557f/tokio-1.40.0/src/runtime/scheduler/current_thread/mod.rs:683:19
[INFO] [stdout]   37:     0x5bef29066c2a - tokio::runtime::scheduler::current_thread::CurrentThread::block_on::{{closure}}::h0c9a3ed7e37cdcb8
[INFO] [stdout]                                at /opt/rustwide/cargo-home/registry/src/index.crates.io-1949cf8c6b5b557f/tokio-1.40.0/src/runtime/scheduler/current_thread/mod.rs:191:28
[INFO] [stdout]   38:     0x5bef29249fa6 - tokio::runtime::context::runtime::enter_runtime::h5a0174af8dc3f9ef
[INFO] [stdout]                                at /opt/rustwide/cargo-home/registry/src/index.crates.io-1949cf8c6b5b557f/tokio-1.40.0/src/runtime/context/runtime.rs:65:16
[INFO] [stdout]   39:     0x5bef290664a1 - tokio::runtime::scheduler::current_thread::CurrentThread::block_on::h9240420ebec04aa8
[INFO] [stdout]                                at /opt/rustwide/cargo-home/registry/src/index.crates.io-1949cf8c6b5b557f/tokio-1.40.0/src/runtime/scheduler/current_thread/mod.rs:179:9
[INFO] [stdout]   40:     0x5bef2910a06d - tokio::runtime::runtime::Runtime::block_on_inner::hb2298cfff3601cd0
[INFO] [stdout]                                at /opt/rustwide/cargo-home/registry/src/index.crates.io-1949cf8c6b5b557f/tokio-1.40.0/src/runtime/runtime.rs:361:47
[INFO] [stdout]   41:     0x5bef2910a295 - tokio::runtime::runtime::Runtime::block_on::hb6895f6338a4fc7e
[INFO] [stdout]                                at /opt/rustwide/cargo-home/registry/src/index.crates.io-1949cf8c6b5b557f/tokio-1.40.0/src/runtime/runtime.rs:335:13
[INFO] [stdout]   42:     0x5bef2923a031 - svc_discovery::rest::api::uss::tests::test_get_recent_flights::h3140d98285180e5c
[INFO] [stdout]                                at /opt/rustwide/workdir/server/src/rest/api/uss.rs:704:9
[INFO] [stdout]   43:     0x5bef29239ed7 - svc_discovery::rest::api::uss::tests::test_get_recent_flights::{{closure}}::hb558d2d161015bb7
[INFO] [stdout]                                at /opt/rustwide/workdir/server/src/rest/api/uss.rs:645:39
[INFO] [stdout]   44:     0x5bef2903f156 - core::ops::function::FnOnce::call_once::hef6b07dbe1c7c6d3
[INFO] [stdout]                                at /rustc/6067b36314ab5eb2eb47cecc464545ba58e1ad24/library/core/src/ops/function.rs:250:5
[INFO] [stdout]   45:     0x5bef292cf8fb - core::ops::function::FnOnce::call_once::he27718dfdd183f43
[INFO] [stdout]                                at /rustc/6067b36314ab5eb2eb47cecc464545ba58e1ad24/library/core/src/ops/function.rs:250:5
[INFO] [stdout]   46:     0x5bef292cf8fb - test::__rust_begin_short_backtrace::h4e84902998457a5d
[INFO] [stdout]                                at /rustc/6067b36314ab5eb2eb47cecc464545ba58e1ad24/library/test/src/lib.rs:632:18
[INFO] [stdout]   47:     0x5bef292ce833 - test::run_test_in_process::{{closure}}::h7176fd18fc1feca0
[INFO] [stdout]                                at /rustc/6067b36314ab5eb2eb47cecc464545ba58e1ad24/library/test/src/lib.rs:655:60
[INFO] [stdout]   48:     0x5bef292ce833 - <core::panic::unwind_safe::AssertUnwindSafe<F> as core::ops::function::FnOnce<()>>::call_once::hf79cff2a624d8cf7
[INFO] [stdout]                                at /rustc/6067b36314ab5eb2eb47cecc464545ba58e1ad24/library/core/src/panic/unwind_safe.rs:272:9
[INFO] [stdout]   49:     0x5bef292ce833 - std::panicking::try::do_call::h3da0561d9ab99c25
[INFO] [stdout]                                at /rustc/6067b36314ab5eb2eb47cecc464545ba58e1ad24/library/std/src/panicking.rs:587:40
[INFO] [stdout]   50:     0x5bef292ce833 - std::panicking::try::h41c9fa508bc61df6
[INFO] [stdout]                                at /rustc/6067b36314ab5eb2eb47cecc464545ba58e1ad24/library/std/src/panicking.rs:550:19
[INFO] [stdout]   51:     0x5bef292ce833 - std::panic::catch_unwind::h6b3ff07bb5afad93
[INFO] [stdout]                                at /rustc/6067b36314ab5eb2eb47cecc464545ba58e1ad24/library/std/src/panic.rs:358:14
[INFO] [stdout]   52:     0x5bef292ce833 - test::run_test_in_process::hc7253dd11b39b9f4
[INFO] [stdout]                                at /rustc/6067b36314ab5eb2eb47cecc464545ba58e1ad24/library/test/src/lib.rs:655:27
[INFO] [stdout]   53:     0x5bef292ce833 - test::run_test::{{closure}}::hfb2007f8649c30bb
[INFO] [stdout]                                at /rustc/6067b36314ab5eb2eb47cecc464545ba58e1ad24/library/test/src/lib.rs:576:43
[INFO] [stdout]   54:     0x5bef29291915 - test::run_test::{{closure}}::h56a17aa7a282a9f4
[INFO] [stdout]                                at /rustc/6067b36314ab5eb2eb47cecc464545ba58e1ad24/library/test/src/lib.rs:606:41
[INFO] [stdout]   55:     0x5bef29291915 - std::sys::backtrace::__rust_begin_short_backtrace::hd2d2d2fb8e8c6aac
[INFO] [stdout]                                at /rustc/6067b36314ab5eb2eb47cecc464545ba58e1ad24/library/std/src/sys/backtrace.rs:152:18
[INFO] [stdout]   56:     0x5bef292951fa - std::thread::Builder::spawn_unchecked_::{{closure}}::{{closure}}::h4faa3f9db6133423
[INFO] [stdout]                                at /rustc/6067b36314ab5eb2eb47cecc464545ba58e1ad24/library/std/src/thread/mod.rs:559:17
[INFO] [stdout]   57:     0x5bef292951fa - <core::panic::unwind_safe::AssertUnwindSafe<F> as core::ops::function::FnOnce<()>>::call_once::hf2e855a36a4ea846
[INFO] [stdout]                                at /rustc/6067b36314ab5eb2eb47cecc464545ba58e1ad24/library/core/src/panic/unwind_safe.rs:272:9
[INFO] [stdout]   58:     0x5bef292951fa - std::panicking::try::do_call::h2f73af3616c35465
[INFO] [stdout]                                at /rustc/6067b36314ab5eb2eb47cecc464545ba58e1ad24/library/std/src/panicking.rs:587:40
[INFO] [stdout]   59:     0x5bef292951fa - std::panicking::try::hd1660ce9efadef5a
[INFO] [stdout]                                at /rustc/6067b36314ab5eb2eb47cecc464545ba58e1ad24/library/std/src/panicking.rs:550:19
[INFO] [stdout]   60:     0x5bef292951fa - std::panic::catch_unwind::h5ee8d7823b8ca744
[INFO] [stdout]                                at /rustc/6067b36314ab5eb2eb47cecc464545ba58e1ad24/library/std/src/panic.rs:358:14
[INFO] [stdout]   61:     0x5bef292951fa - std::thread::Builder::spawn_unchecked_::{{closure}}::h53c3a1894dce8407
[INFO] [stdout]                                at /rustc/6067b36314ab5eb2eb47cecc464545ba58e1ad24/library/std/src/thread/mod.rs:557:30
[INFO] [stdout]   62:     0x5bef292951fa - core::ops::function::FnOnce::call_once{{vtable.shim}}::h048ce291ad4f62bf
[INFO] [stdout]                                at /rustc/6067b36314ab5eb2eb47cecc464545ba58e1ad24/library/core/src/ops/function.rs:250:5
[INFO] [stdout]   63:     0x5bef29bff47b - <alloc::boxed::Box<F,A> as core::ops::function::FnOnce<Args>>::call_once::ha52bedf99a3b4981
[INFO] [stdout]                                at /rustc/6067b36314ab5eb2eb47cecc464545ba58e1ad24/library/alloc/src/boxed.rs:2013:9
[INFO] [stdout]   64:     0x5bef29bff47b - <alloc::boxed::Box<F,A> as core::ops::function::FnOnce<Args>>::call_once::h567748934d80ccf8
[INFO] [stdout]                                at /rustc/6067b36314ab5eb2eb47cecc464545ba58e1ad24/library/alloc/src/boxed.rs:2013:9
[INFO] [stdout]   65:     0x5bef29bff47b - std::sys::pal::unix::thread::Thread::new::thread_start::h2d970728ae887adc
[INFO] [stdout]                                at /rustc/6067b36314ab5eb2eb47cecc464545ba58e1ad24/library/std/src/sys/pal/unix/thread.rs:106:17
[INFO] [stdout]   66:     0x7093d1dc7ac3 - <unknown>
[INFO] [stdout]   67:     0x7093d1e58a04 - clone
[INFO] [stdout]   68:                0x0 - <unknown>
[INFO] [stdout] 
[INFO] [stdout] ---- rest::api::health::tests::test_health_check stdout ----
[INFO] [stdout] 
[INFO] [stdout] thread 'rest::api::health::tests::test_health_check' panicked at server/src/rest/api/health.rs:53:9:
[INFO] [stdout] assertion failed: result.is_ok()
[INFO] [stdout] stack backtrace:
[INFO] [stdout]    0:     0x5bef29bf7fba - std::backtrace_rs::backtrace::libunwind::trace::hb059275cfc8d6126
[INFO] [stdout]                                at /rustc/6067b36314ab5eb2eb47cecc464545ba58e1ad24/library/std/src/../../backtrace/src/backtrace/libunwind.rs:116:5
[INFO] [stdout]    1:     0x5bef29bf7fba - std::backtrace_rs::backtrace::trace_unsynchronized::h2da071e4327ce3ee
[INFO] [stdout]                                at /rustc/6067b36314ab5eb2eb47cecc464545ba58e1ad24/library/std/src/../../backtrace/src/backtrace/mod.rs:66:5
[INFO] [stdout]    2:     0x5bef29bf7fba - std::sys::backtrace::_print_fmt::h842a1474e6f8d23f
[INFO] [stdout]                                at /rustc/6067b36314ab5eb2eb47cecc464545ba58e1ad24/library/std/src/sys/backtrace.rs:66:9
[INFO] [stdout]    3:     0x5bef29bf7fba - <std::sys::backtrace::BacktraceLock::print::DisplayBacktrace as core::fmt::Display>::fmt::h71a62eb3b9696b12
[INFO] [stdout]                                at /rustc/6067b36314ab5eb2eb47cecc464545ba58e1ad24/library/std/src/sys/backtrace.rs:39:26
[INFO] [stdout]    4:     0x5bef29c27643 - core::fmt::rt::Argument::fmt::hdb6b616786b41dc1
[INFO] [stdout]                                at /rustc/6067b36314ab5eb2eb47cecc464545ba58e1ad24/library/core/src/fmt/rt.rs:177:76
[INFO] [stdout]    5:     0x5bef29c27643 - core::fmt::write::h2cc1698af7e2d686
[INFO] [stdout]                                at /rustc/6067b36314ab5eb2eb47cecc464545ba58e1ad24/library/core/src/fmt/mod.rs:1440:21
[INFO] [stdout]    6:     0x5bef29bf39e3 - std::io::Write::write_fmt::hab1b4cd059a79022
[INFO] [stdout]                                at /rustc/6067b36314ab5eb2eb47cecc464545ba58e1ad24/library/std/src/io/mod.rs:1887:15
[INFO] [stdout]    7:     0x5bef29bf7e02 - std::sys::backtrace::BacktraceLock::print::h147fe35b4ea13b08
[INFO] [stdout]                                at /rustc/6067b36314ab5eb2eb47cecc464545ba58e1ad24/library/std/src/sys/backtrace.rs:42:9
[INFO] [stdout]    8:     0x5bef29bf93df - std::panicking::default_hook::{{closure}}::hbd44223dbdc0d208
[INFO] [stdout]                                at /rustc/6067b36314ab5eb2eb47cecc464545ba58e1ad24/library/std/src/panicking.rs:298:22
[INFO] [stdout]    9:     0x5bef29bf91f8 - std::panicking::default_hook::h20f81eb0576efcec
[INFO] [stdout]                                at /rustc/6067b36314ab5eb2eb47cecc464545ba58e1ad24/library/std/src/panicking.rs:322:9
[INFO] [stdout]   10:     0x5bef292ca1a3 - <alloc::boxed::Box<F,A> as core::ops::function::Fn<Args>>::call::hdb53814c496a4d34
[INFO] [stdout]                                at /rustc/6067b36314ab5eb2eb47cecc464545ba58e1ad24/library/alloc/src/boxed.rs:2027:9
[INFO] [stdout]   11:     0x5bef292ca1a3 - test::test_main::{{closure}}::hc0a4963c59427c24
[INFO] [stdout]                                at /rustc/6067b36314ab5eb2eb47cecc464545ba58e1ad24/library/test/src/lib.rs:134:21
[INFO] [stdout]   12:     0x5bef29bf9ed3 - <alloc::boxed::Box<F,A> as core::ops::function::Fn<Args>>::call::h591b2225413a77e9
[INFO] [stdout]                                at /rustc/6067b36314ab5eb2eb47cecc464545ba58e1ad24/library/alloc/src/boxed.rs:2027:9
[INFO] [stdout]   13:     0x5bef29bf9ed3 - std::panicking::rust_panic_with_hook::h625eea43051b2edc
[INFO] [stdout]                                at /rustc/6067b36314ab5eb2eb47cecc464545ba58e1ad24/library/std/src/panicking.rs:839:13
[INFO] [stdout]   14:     0x5bef29bf9b56 - std::panicking::begin_panic_handler::{{closure}}::h4f9159cfbc3f6bd3
[INFO] [stdout]                                at /rustc/6067b36314ab5eb2eb47cecc464545ba58e1ad24/library/std/src/panicking.rs:697:13
[INFO] [stdout]   15:     0x5bef29bf84b9 - std::sys::backtrace::__rust_end_short_backtrace::h0390abce48353151
[INFO] [stdout]                                at /rustc/6067b36314ab5eb2eb47cecc464545ba58e1ad24/library/std/src/sys/backtrace.rs:168:18
[INFO] [stdout]   16:     0x5bef29bf981d - rust_begin_unwind
[INFO] [stdout]                                at /rustc/6067b36314ab5eb2eb47cecc464545ba58e1ad24/library/std/src/panicking.rs:695:5
[INFO] [stdout]   17:     0x5bef29c244d0 - core::panicking::panic_fmt::h9e7c637e9e5f29c9
[INFO] [stdout]                                at /rustc/6067b36314ab5eb2eb47cecc464545ba58e1ad24/library/core/src/panicking.rs:75:14
[INFO] [stdout]   18:     0x5bef29c2455c - core::panicking::panic::haa3255ea20181a33
[INFO] [stdout]                                at /rustc/6067b36314ab5eb2eb47cecc464545ba58e1ad24/library/core/src/panicking.rs:145:5
[INFO] [stdout]   19:     0x5bef29235a35 - svc_discovery::rest::api::health::tests::test_health_check::{{closure}}::h6a30b3dee09da9e6
[INFO] [stdout]                                at /opt/rustwide/workdir/server/src/rest/api/health.rs:53:9
[INFO] [stdout]   20:     0x5bef29205da2 - <core::pin::Pin<P> as core::future::future::Future>::poll::h318b24e051ab84f6
[INFO] [stdout]                                at /rustc/6067b36314ab5eb2eb47cecc464545ba58e1ad24/library/core/src/future/future.rs:124:9
[INFO] [stdout]   21:     0x5bef29205c3d - <core::pin::Pin<P> as core::future::future::Future>::poll::h026f32c2a2296210
[INFO] [stdout]                                at /rustc/6067b36314ab5eb2eb47cecc464545ba58e1ad24/library/core/src/future/future.rs:124:9
[INFO] [stdout]   22:     0x5bef2906d2cf - tokio::runtime::scheduler::current_thread::CoreGuard::block_on::{{closure}}::{{closure}}::{{closure}}::ha8e0e52bdc86c32e
[INFO] [stdout]                                at /opt/rustwide/cargo-home/registry/src/index.crates.io-1949cf8c6b5b557f/tokio-1.40.0/src/runtime/scheduler/current_thread/mod.rs:696:57
[INFO] [stdout]   23:     0x5bef2906d015 - tokio::runtime::coop::with_budget::h1d9499ffba4ed186
[INFO] [stdout]                                at /opt/rustwide/cargo-home/registry/src/index.crates.io-1949cf8c6b5b557f/tokio-1.40.0/src/runtime/coop.rs:107:5
[INFO] [stdout]   24:     0x5bef2906d015 - tokio::runtime::coop::budget::hba0bc306bfd60254
[INFO] [stdout]                                at /opt/rustwide/cargo-home/registry/src/index.crates.io-1949cf8c6b5b557f/tokio-1.40.0/src/runtime/coop.rs:73:5
[INFO] [stdout]   25:     0x5bef2906d015 - tokio::runtime::scheduler::current_thread::CoreGuard::block_on::{{closure}}::{{closure}}::h38cec1af07f1cdf1
[INFO] [stdout]                                at /opt/rustwide/cargo-home/registry/src/index.crates.io-1949cf8c6b5b557f/tokio-1.40.0/src/runtime/scheduler/current_thread/mod.rs:696:25
[INFO] [stdout]   26:     0x5bef2906ae10 - tokio::runtime::scheduler::current_thread::Context::enter::ha0b8ed2052da32ba
[INFO] [stdout]                                at /opt/rustwide/cargo-home/registry/src/index.crates.io-1949cf8c6b5b557f/tokio-1.40.0/src/runtime/scheduler/current_thread/mod.rs:423:19
[INFO] [stdout]   27:     0x5bef2906c87e - tokio::runtime::scheduler::current_thread::CoreGuard::block_on::{{closure}}::hd9a3f7b87b305ace
[INFO] [stdout]                                at /opt/rustwide/cargo-home/registry/src/index.crates.io-1949cf8c6b5b557f/tokio-1.40.0/src/runtime/scheduler/current_thread/mod.rs:695:36
[INFO] [stdout]   28:     0x5bef2906bcf4 - tokio::runtime::scheduler::current_thread::CoreGuard::enter::{{closure}}::hfd62618720cc5a17
[INFO] [stdout]                                at /opt/rustwide/cargo-home/registry/src/index.crates.io-1949cf8c6b5b557f/tokio-1.40.0/src/runtime/scheduler/current_thread/mod.rs:774:68
[INFO] [stdout]   29:     0x5bef2906622b - tokio::runtime::context::scoped::Scoped<T>::set::h018e915d8c4150c9
[INFO] [stdout]                                at /opt/rustwide/cargo-home/registry/src/index.crates.io-1949cf8c6b5b557f/tokio-1.40.0/src/runtime/context/scoped.rs:40:9
[INFO] [stdout]   30:     0x5bef291bd3a9 - tokio::runtime::context::set_scheduler::{{closure}}::h682a5b210bbe1357
[INFO] [stdout]                                at /opt/rustwide/cargo-home/registry/src/index.crates.io-1949cf8c6b5b557f/tokio-1.40.0/src/runtime/context.rs:180:26
[INFO] [stdout]   31:     0x5bef29252422 - std::thread::local::LocalKey<T>::try_with::hef138199bd916fac
[INFO] [stdout]                                at /rustc/6067b36314ab5eb2eb47cecc464545ba58e1ad24/library/std/src/thread/local.rs:308:12
[INFO] [stdout]   32:     0x5bef2924fdea - std::thread::local::LocalKey<T>::with::hef61870645e3ad0e
[INFO] [stdout]                                at /rustc/6067b36314ab5eb2eb47cecc464545ba58e1ad24/library/std/src/thread/local.rs:272:9
[INFO] [stdout]   33:     0x5bef291bd31d - tokio::runtime::context::set_scheduler::h3aaf05976ea828b6
[INFO] [stdout]                                at /opt/rustwide/cargo-home/registry/src/index.crates.io-1949cf8c6b5b557f/tokio-1.40.0/src/runtime/context.rs:180:9
[INFO] [stdout]   34:     0x5bef2906ba80 - tokio::runtime::scheduler::current_thread::CoreGuard::enter::hd863acc737f6b444
[INFO] [stdout]                                at /opt/rustwide/cargo-home/registry/src/index.crates.io-1949cf8c6b5b557f/tokio-1.40.0/src/runtime/scheduler/current_thread/mod.rs:774:27
[INFO] [stdout]   35:     0x5bef2906bd13 - tokio::runtime::scheduler::current_thread::CoreGuard::block_on::h042735ab5912153d
[INFO] [stdout]                                at /opt/rustwide/cargo-home/registry/src/index.crates.io-1949cf8c6b5b557f/tokio-1.40.0/src/runtime/scheduler/current_thread/mod.rs:683:19
[INFO] [stdout]   36:     0x5bef29066c2a - tokio::runtime::scheduler::current_thread::CurrentThread::block_on::{{closure}}::h0c9a3ed7e37cdcb8
[INFO] [stdout]                                at /opt/rustwide/cargo-home/registry/src/index.crates.io-1949cf8c6b5b557f/tokio-1.40.0/src/runtime/scheduler/current_thread/mod.rs:191:28
[INFO] [stdout]   37:     0x5bef29249fa6 - tokio::runtime::context::runtime::enter_runtime::h5a0174af8dc3f9ef
[INFO] [stdout]                                at /opt/rustwide/cargo-home/registry/src/index.crates.io-1949cf8c6b5b557f/tokio-1.40.0/src/runtime/context/runtime.rs:65:16
[INFO] [stdout]   38:     0x5bef290664a1 - tokio::runtime::scheduler::current_thread::CurrentThread::block_on::h9240420ebec04aa8
[INFO] [stdout]                                at /opt/rustwide/cargo-home/registry/src/index.crates.io-1949cf8c6b5b557f/tokio-1.40.0/src/runtime/scheduler/current_thread/mod.rs:179:9
[INFO] [stdout]   39:     0x5bef2910a06d - tokio::runtime::runtime::Runtime::block_on_inner::hb2298cfff3601cd0
[INFO] [stdout]                                at /opt/rustwide/cargo-home/registry/src/index.crates.io-1949cf8c6b5b557f/tokio-1.40.0/src/runtime/runtime.rs:361:47
[INFO] [stdout]   40:     0x5bef2910a295 - tokio::runtime::runtime::Runtime::block_on::hb6895f6338a4fc7e
[INFO] [stdout]                                at /opt/rustwide/cargo-home/registry/src/index.crates.io-1949cf8c6b5b557f/tokio-1.40.0/src/runtime/runtime.rs:335:13
[INFO] [stdout]   41:     0x5bef29235751 - svc_discovery::rest::api::health::tests::test_health_check::h8408059692889a1e
[INFO] [stdout]                                at /opt/rustwide/workdir/server/src/rest/api/health.rs:53:9
[INFO] [stdout]   42:     0x5bef292355f7 - svc_discovery::rest::api::health::tests::test_health_check::{{closure}}::h900954045d50592f
[INFO] [stdout]                                at /opt/rustwide/workdir/server/src/rest/api/health.rs:49:33
[INFO] [stdout]   43:     0x5bef2903ca66 - core::ops::function::FnOnce::call_once::h263b94bc5d09618b
[INFO] [stdout]                                at /rustc/6067b36314ab5eb2eb47cecc464545ba58e1ad24/library/core/src/ops/function.rs:250:5
[INFO] [stdout]   44:     0x5bef292cf8fb - core::ops::function::FnOnce::call_once::he27718dfdd183f43
[INFO] [stdout]                                at /rustc/6067b36314ab5eb2eb47cecc464545ba58e1ad24/library/core/src/ops/function.rs:250:5
[INFO] [stdout]   45:     0x5bef292cf8fb - test::__rust_begin_short_backtrace::h4e84902998457a5d
[INFO] [stdout]                                at /rustc/6067b36314ab5eb2eb47cecc464545ba58e1ad24/library/test/src/lib.rs:632:18
[INFO] [stdout]   46:     0x5bef292ce833 - test::run_test_in_process::{{closure}}::h7176fd18fc1feca0
[INFO] [stdout]                                at /rustc/6067b36314ab5eb2eb47cecc464545ba58e1ad24/library/test/src/lib.rs:655:60
[INFO] [stdout]   47:     0x5bef292ce833 - <core::panic::unwind_safe::AssertUnwindSafe<F> as core::ops::function::FnOnce<()>>::call_once::hf79cff2a624d8cf7
[INFO] [stdout]                                at /rustc/6067b36314ab5eb2eb47cecc464545ba58e1ad24/library/core/src/panic/unwind_safe.rs:272:9
[INFO] [stdout]   48:     0x5bef292ce833 - std::panicking::try::do_call::h3da0561d9ab99c25
[INFO] [stdout]                                at /rustc/6067b36314ab5eb2eb47cecc464545ba58e1ad24/library/std/src/panicking.rs:587:40
[INFO] [stdout]   49:     0x5bef292ce833 - std::panicking::try::h41c9fa508bc61df6
[INFO] [stdout]                                at /rustc/6067b36314ab5eb2eb47cecc464545ba58e1ad24/library/std/src/panicking.rs:550:19
[INFO] [stdout]   50:     0x5bef292ce833 - std::panic::catch_unwind::h6b3ff07bb5afad93
[INFO] [stdout]                                at /rustc/6067b36314ab5eb2eb47cecc464545ba58e1ad24/library/std/src/panic.rs:358:14
[INFO] [stdout]   51:     0x5bef292ce833 - test::run_test_in_process::hc7253dd11b39b9f4
[INFO] [stdout]                                at /rustc/6067b36314ab5eb2eb47cecc464545ba58e1ad24/library/test/src/lib.rs:655:27
[INFO] [stdout]   52:     0x5bef292ce833 - test::run_test::{{closure}}::hfb2007f8649c30bb
[INFO] [stdout]                                at /rustc/6067b36314ab5eb2eb47cecc464545ba58e1ad24/library/test/src/lib.rs:576:43
[INFO] [stdout]   53:     0x5bef29291915 - test::run_test::{{closure}}::h56a17aa7a282a9f4
[INFO] [stdout]                                at /rustc/6067b36314ab5eb2eb47cecc464545ba58e1ad24/library/test/src/lib.rs:606:41
[INFO] [stdout]   54:     0x5bef29291915 - std::sys::backtrace::__rust_begin_short_backtrace::hd2d2d2fb8e8c6aac
[INFO] [stdout]                                at /rustc/6067b36314ab5eb2eb47cecc464545ba58e1ad24/library/std/src/sys/backtrace.rs:152:18
[INFO] [stdout]   55:     0x5bef292951fa - std::thread::Builder::spawn_unchecked_::{{closure}}::{{closure}}::h4faa3f9db6133423
[INFO] [stdout]                                at /rustc/6067b36314ab5eb2eb47cecc464545ba58e1ad24/library/std/src/thread/mod.rs:559:17
[INFO] [stdout]   56:     0x5bef292951fa - <core::panic::unwind_safe::AssertUnwindSafe<F> as core::ops::function::FnOnce<()>>::call_once::hf2e855a36a4ea846
[INFO] [stdout]                                at /rustc/6067b36314ab5eb2eb47cecc464545ba58e1ad24/library/core/src/panic/unwind_safe.rs:272:9
[INFO] [stdout]   57:     0x5bef292951fa - std::panicking::try::do_call::h2f73af3616c35465
[INFO] [stdout]                                at /rustc/6067b36314ab5eb2eb47cecc464545ba58e1ad24/library/std/src/panicking.rs:587:40
[INFO] [stdout]   58:     0x5bef292951fa - std::panicking::try::hd1660ce9efadef5a
[INFO] [stdout]                                at /rustc/6067b36314ab5eb2eb47cecc464545ba58e1ad24/library/std/src/panicking.rs:550:19
[INFO] [stdout]   59:     0x5bef292951fa - std::panic::catch_unwind::h5ee8d7823b8ca744
[INFO] [stdout]                                at /rustc/6067b36314ab5eb2eb47cecc464545ba58e1ad24/library/std/src/panic.rs:358:14
[INFO] [stdout]   60:     0x5bef292951fa - std::thread::Builder::spawn_unchecked_::{{closure}}::h53c3a1894dce8407
[INFO] [stdout]                                at /rustc/6067b36314ab5eb2eb47cecc464545ba58e1ad24/library/std/src/thread/mod.rs:557:30
[INFO] [stdout]   61:     0x5bef292951fa - core::ops::function::FnOnce::call_once{{vtable.shim}}::h048ce291ad4f62bf
[INFO] [stdout]                                at /rustc/6067b36314ab5eb2eb47cecc464545ba58e1ad24/library/core/src/ops/function.rs:250:5
[INFO] [stdout]   62:     0x5bef29bff47b - <alloc::boxed::Box<F,A> as core::ops::function::FnOnce<Args>>::call_once::ha52bedf99a3b4981
[INFO] [stdout]                                at /rustc/6067b36314ab5eb2eb47cecc464545ba58e1ad24/library/alloc/src/boxed.rs:2013:9
[INFO] [stdout]   63:     0x5bef29bff47b - <alloc::boxed::Box<F,A> as core::ops::function::FnOnce<Args>>::call_once::h567748934d80ccf8
[INFO] [stdout]                                at /rustc/6067b36314ab5eb2eb47cecc464545ba58e1ad24/library/alloc/src/boxed.rs:2013:9
[INFO] [stdout]   64:     0x5bef29bff47b - std::sys::pal::unix::thread::Thread::new::thread_start::h2d970728ae887adc
[INFO] [stdout]                                at /rustc/6067b36314ab5eb2eb47cecc464545ba58e1ad24/library/std/src/sys/pal/unix/thread.rs:106:17
[INFO] [stdout]   65:     0x7093d1dc7ac3 - <unknown>
[INFO] [stdout]   66:     0x7093d1e58a04 - clone
[INFO] [stdout]   67:                0x0 - <unknown>
[INFO] [stdout] 
[INFO] [stdout] 
[INFO] [stdout] failures:
[INFO] [stdout]     rest::api::health::tests::test_health_check
[INFO] [stdout]     rest::api::uss::tests::test_get_recent_flights
[INFO] [stdout]     tests::test_load_logger_config_from_file
[INFO] [stdout] 
[INFO] [stdout] test result: FAILED. 14 passed; 3 failed; 0 ignored; 0 measured; 0 filtered out; finished in 1.01s
[INFO] [stdout] 
[INFO] [stderr] error: test failed, to rerun pass `-p svc-discovery --lib`
[INFO] running `Command { std: "docker" "inspect" "2509ad89fb0684a1cf1de90d5f78086a934e2fa76dc4e24014eccf525497ccde", kill_on_drop: false }`
[INFO] running `Command { std: "docker" "rm" "-f" "2509ad89fb0684a1cf1de90d5f78086a934e2fa76dc4e24014eccf525497ccde", kill_on_drop: false }`
[INFO] [stdout] 2509ad89fb0684a1cf1de90d5f78086a934e2fa76dc4e24014eccf525497ccde
