[INFO] fetching crate winit-input-map 0.5.0...
[INFO] testing winit-input-map-0.5.0 against nightly-2025-01-18+rustflags=-Zrandomize-layout for randomize-layout-2
[INFO] extracting crate winit-input-map 0.5.0 into /workspace/builds/worker-0-tc2/source
[INFO] validating manifest of crates.io crate winit-input-map 0.5.0 on toolchain nightly-2025-01-18
[INFO] running `Command { std: CARGO_HOME="/workspace/cargo-home" RUSTUP_HOME="/workspace/rustup-home" "/workspace/cargo-home/bin/cargo" "+nightly-2025-01-18" "metadata" "--manifest-path" "Cargo.toml" "--no-deps", kill_on_drop: false }`
[INFO] started tweaking crates.io crate winit-input-map 0.5.0
[INFO] removed 0 missing examples
[INFO] finished tweaking crates.io crate winit-input-map 0.5.0
[INFO] tweaked toml for crates.io crate winit-input-map 0.5.0 written to /workspace/builds/worker-0-tc2/source/Cargo.toml
[INFO] crate crates.io crate winit-input-map 0.5.0 already has a lockfile, it will not be regenerated
[INFO] running `Command { std: CARGO_HOME="/workspace/cargo-home" RUSTUP_HOME="/workspace/rustup-home" "/workspace/cargo-home/bin/cargo" "+nightly-2025-01-18" "fetch" "--manifest-path" "Cargo.toml", kill_on_drop: false }`
[INFO] running `Command { std: "docker" "create" "-v" "/var/lib/crater-agent-workspace/builds/worker-0-tc2/target:/opt/rustwide/target:rw,Z" "-v" "/var/lib/crater-agent-workspace/builds/worker-0-tc2/source:/opt/rustwide/workdir:ro,Z" "-v" "/var/lib/crater-agent-workspace/cargo-home:/opt/rustwide/cargo-home:ro,Z" "-v" "/var/lib/crater-agent-workspace/rustup-home:/opt/rustwide/rustup-home:ro,Z" "-e" "SOURCE_DIR=/opt/rustwide/workdir" "-e" "CARGO_TARGET_DIR=/opt/rustwide/target" "-e" "CARGO_HOME=/opt/rustwide/cargo-home" "-e" "RUSTUP_HOME=/opt/rustwide/rustup-home" "-w" "/opt/rustwide/workdir" "-m" "1610612736" "--user" "0:0" "--network" "none" "ghcr.io/rust-lang/crates-build-env/linux@sha256:819108c5571ea2e421544af4d832f968d213c87fbe3707a016657f43d2f853bc" "/opt/rustwide/cargo-home/bin/cargo" "+nightly-2025-01-18" "metadata" "--no-deps" "--format-version=1", kill_on_drop: false }`
[INFO] [stdout] 54eaf55355e32c7eaf0fc640ff15b80842cfd5f7fea85c70252e7ee361f1485d
[INFO] running `Command { std: "docker" "start" "-a" "54eaf55355e32c7eaf0fc640ff15b80842cfd5f7fea85c70252e7ee361f1485d", kill_on_drop: false }`
[INFO] running `Command { std: "docker" "inspect" "54eaf55355e32c7eaf0fc640ff15b80842cfd5f7fea85c70252e7ee361f1485d", kill_on_drop: false }`
[INFO] running `Command { std: "docker" "rm" "-f" "54eaf55355e32c7eaf0fc640ff15b80842cfd5f7fea85c70252e7ee361f1485d", kill_on_drop: false }`
[INFO] [stdout] 54eaf55355e32c7eaf0fc640ff15b80842cfd5f7fea85c70252e7ee361f1485d
[INFO] running `Command { std: "docker" "create" "-v" "/var/lib/crater-agent-workspace/builds/worker-0-tc2/target:/opt/rustwide/target:rw,Z" "-v" "/var/lib/crater-agent-workspace/builds/worker-0-tc2/source:/opt/rustwide/workdir:ro,Z" "-v" "/var/lib/crater-agent-workspace/cargo-home:/opt/rustwide/cargo-home:ro,Z" "-v" "/var/lib/crater-agent-workspace/rustup-home:/opt/rustwide/rustup-home:ro,Z" "-e" "SOURCE_DIR=/opt/rustwide/workdir" "-e" "CARGO_TARGET_DIR=/opt/rustwide/target" "-e" "CARGO_INCREMENTAL=0" "-e" "RUST_BACKTRACE=full" "-e" "RUSTFLAGS=--cap-lints=forbid -Zrandomize-layout" "-e" "RUSTDOCFLAGS=--cap-lints=forbid" "-e" "CARGO_HOME=/opt/rustwide/cargo-home" "-e" "RUSTUP_HOME=/opt/rustwide/rustup-home" "-w" "/opt/rustwide/workdir" "-m" "1610612736" "--user" "0:0" "--network" "none" "ghcr.io/rust-lang/crates-build-env/linux@sha256:819108c5571ea2e421544af4d832f968d213c87fbe3707a016657f43d2f853bc" "/opt/rustwide/cargo-home/bin/cargo" "+nightly-2025-01-18" "build" "--frozen" "--message-format=json", kill_on_drop: false }`
[INFO] [stdout] 926bc78f03311b3b82bc574d5e217092b14c33c1e84ca5824dfd171879100de0
[INFO] running `Command { std: "docker" "start" "-a" "926bc78f03311b3b82bc574d5e217092b14c33c1e84ca5824dfd171879100de0", kill_on_drop: false }`
[INFO] [stderr]    Compiling cfg-if v1.0.0
[INFO] [stderr]    Compiling pkg-config v0.3.30
[INFO] [stderr]    Compiling bitflags v2.5.0
[INFO] [stderr]    Compiling proc-macro2 v1.0.86
[INFO] [stderr]    Compiling log v0.4.21
[INFO] [stderr]    Compiling once_cell v1.19.0
[INFO] [stderr]    Compiling rustix v0.38.34
[INFO] [stderr]    Compiling unicode-ident v1.0.12
[INFO] [stderr]    Compiling libc v0.2.159
[INFO] [stderr]    Compiling linux-raw-sys v0.4.13
[INFO] [stderr]    Compiling cc v1.0.95
[INFO] [stderr]    Compiling scoped-tls v1.0.1
[INFO] [stderr]    Compiling memchr v2.7.2
[INFO] [stderr]    Compiling downcast-rs v1.2.1
[INFO] [stderr]    Compiling smallvec v1.13.2
[INFO] [stderr]    Compiling wayland-client v0.31.6
[INFO] [stderr]    Compiling libloading v0.8.3
[INFO] [stderr]    Compiling cfg_aliases v0.2.1
[INFO] [stderr]    Compiling autocfg v1.2.0
[INFO] [stderr]    Compiling tracing-core v0.1.32
[INFO] [stderr]    Compiling thiserror v1.0.59
[INFO] [stderr]    Compiling pin-project-lite v0.2.14
[INFO] [stderr]    Compiling nix v0.29.0
[INFO] [stderr]    Compiling version_check v0.9.4
[INFO] [stderr]    Compiling dlib v0.5.2
[INFO] [stderr]    Compiling strict-num v0.1.1
[INFO] [stderr]    Compiling ttf-parser v0.20.0
[INFO] [stderr]    Compiling xkeysym v0.2.0
[INFO] [stderr]    Compiling arrayref v0.3.7
[INFO] [stderr]    Compiling bytemuck v1.15.0
[INFO] [stderr]    Compiling cursor-icon v1.1.0
[INFO] [stderr]    Compiling xcursor v0.3.5
[INFO] [stderr]    Compiling smithay-client-toolkit v0.19.2
[INFO] [stderr]    Compiling ab_glyph_rasterizer v0.1.8
[INFO] [stderr]    Compiling wayland-sys v0.31.5
[INFO] [stderr]    Compiling libudev-sys v0.1.4
[INFO] [stderr]    Compiling tiny-skia-path v0.11.4
[INFO] [stderr]    Compiling ahash v0.8.11
[INFO] [stderr]    Compiling x11-dl v2.21.0
[INFO] [stderr]    Compiling arrayvec v0.7.4
[INFO] [stderr]    Compiling winit v0.30.8
[INFO] [stderr]    Compiling slab v0.4.9
[INFO] [stderr]    Compiling gilrs v0.11.0
[INFO] [stderr]    Compiling x11rb-protocol v0.13.0
[INFO] [stderr]    Compiling quick-xml v0.36.2
[INFO] [stderr]    Compiling tracing v0.1.40
[INFO] [stderr]    Compiling vec_map v0.8.2
[INFO] [stderr]    Compiling zerocopy v0.7.32
[INFO] [stderr]    Compiling quote v1.0.36
[INFO] [stderr]    Compiling as-raw-xcb-connection v1.0.1
[INFO] [stderr]    Compiling uuid v1.10.0
[INFO] [stderr]    Compiling raw-window-handle v0.6.1
[INFO] [stderr]    Compiling dpi v0.1.1
[INFO] [stderr]    Compiling percent-encoding v2.3.1
[INFO] [stderr]    Compiling tiny-skia v0.11.4
[INFO] [stderr]    Compiling smol_str v0.2.1
[INFO] [stderr]    Compiling syn v2.0.68
[INFO] [stderr]    Compiling memmap2 v0.9.4
[INFO] [stderr]    Compiling inotify-sys v0.1.5
[INFO] [stderr]    Compiling getrandom v0.2.14
[INFO] [stderr]    Compiling inotify v0.11.0
[INFO] [stderr]    Compiling xkbcommon-dl v0.4.2
[INFO] [stderr]    Compiling fnv v1.0.7
[INFO] [stderr]    Compiling wayland-scanner v0.31.5
[INFO] [stderr]    Compiling wayland-backend v0.3.7
[INFO] [stderr]    Compiling gilrs-core v0.6.0
[INFO] [stderr]    Compiling owned_ttf_parser v0.20.0
[INFO] [stderr]    Compiling ab_glyph v0.2.25
[INFO] [stderr]    Compiling thiserror-impl v1.0.59
[INFO] [stderr]    Compiling polling v3.7.0
[INFO] [stderr]    Compiling calloop v0.13.0
[INFO] [stderr]    Compiling wayland-csd-frame v0.3.0
[INFO] [stderr]    Compiling wayland-protocols v0.32.4
[INFO] [stderr]    Compiling wayland-cursor v0.31.1
[INFO] [stderr]    Compiling calloop-wayland-source v0.3.0
[INFO] [stderr]    Compiling wayland-protocols-wlr v0.3.4
[INFO] [stderr]    Compiling wayland-protocols-plasma v0.3.4
[INFO] [stderr]    Compiling x11rb v0.13.0
[INFO] [stderr]    Compiling sctk-adwaita v0.10.1
[INFO] [stderr]    Compiling winit-input-map v0.5.0 (/opt/rustwide/workdir)
[INFO] [stderr]     Finished `dev` profile [unoptimized + debuginfo] target(s) in 34.85s
[INFO] running `Command { std: "docker" "inspect" "926bc78f03311b3b82bc574d5e217092b14c33c1e84ca5824dfd171879100de0", kill_on_drop: false }`
[INFO] running `Command { std: "docker" "rm" "-f" "926bc78f03311b3b82bc574d5e217092b14c33c1e84ca5824dfd171879100de0", kill_on_drop: false }`
[INFO] [stdout] 926bc78f03311b3b82bc574d5e217092b14c33c1e84ca5824dfd171879100de0
[INFO] running `Command { std: "docker" "create" "-v" "/var/lib/crater-agent-workspace/builds/worker-0-tc2/target:/opt/rustwide/target:rw,Z" "-v" "/var/lib/crater-agent-workspace/builds/worker-0-tc2/source:/opt/rustwide/workdir:ro,Z" "-v" "/var/lib/crater-agent-workspace/cargo-home:/opt/rustwide/cargo-home:ro,Z" "-v" "/var/lib/crater-agent-workspace/rustup-home:/opt/rustwide/rustup-home:ro,Z" "-e" "SOURCE_DIR=/opt/rustwide/workdir" "-e" "CARGO_TARGET_DIR=/opt/rustwide/target" "-e" "CARGO_INCREMENTAL=0" "-e" "RUST_BACKTRACE=full" "-e" "RUSTFLAGS=--cap-lints=forbid -Zrandomize-layout" "-e" "RUSTDOCFLAGS=--cap-lints=forbid" "-e" "CARGO_HOME=/opt/rustwide/cargo-home" "-e" "RUSTUP_HOME=/opt/rustwide/rustup-home" "-w" "/opt/rustwide/workdir" "-m" "1610612736" "--user" "0:0" "--network" "none" "ghcr.io/rust-lang/crates-build-env/linux@sha256:819108c5571ea2e421544af4d832f968d213c87fbe3707a016657f43d2f853bc" "/opt/rustwide/cargo-home/bin/cargo" "+nightly-2025-01-18" "test" "--frozen" "--no-run" "--message-format=json", kill_on_drop: false }`
[INFO] [stdout] f2c142cc391d14f5099ce0a4438df1a2ebf8f794db108ab8ad077f3b0c5734e6
[INFO] running `Command { std: "docker" "start" "-a" "f2c142cc391d14f5099ce0a4438df1a2ebf8f794db108ab8ad077f3b0c5734e6", kill_on_drop: false }`
[INFO] [stderr]    Compiling winit-input-map v0.5.0 (/opt/rustwide/workdir)
[INFO] [stderr]     Finished `test` profile [unoptimized + debuginfo] target(s) in 2.30s
[INFO] running `Command { std: "docker" "inspect" "f2c142cc391d14f5099ce0a4438df1a2ebf8f794db108ab8ad077f3b0c5734e6", kill_on_drop: false }`
[INFO] running `Command { std: "docker" "rm" "-f" "f2c142cc391d14f5099ce0a4438df1a2ebf8f794db108ab8ad077f3b0c5734e6", kill_on_drop: false }`
[INFO] [stdout] f2c142cc391d14f5099ce0a4438df1a2ebf8f794db108ab8ad077f3b0c5734e6
[INFO] running `Command { std: "docker" "create" "-v" "/var/lib/crater-agent-workspace/builds/worker-0-tc2/target:/opt/rustwide/target:rw,Z" "-v" "/var/lib/crater-agent-workspace/builds/worker-0-tc2/source:/opt/rustwide/workdir:ro,Z" "-v" "/var/lib/crater-agent-workspace/cargo-home:/opt/rustwide/cargo-home:ro,Z" "-v" "/var/lib/crater-agent-workspace/rustup-home:/opt/rustwide/rustup-home:ro,Z" "-e" "SOURCE_DIR=/opt/rustwide/workdir" "-e" "CARGO_TARGET_DIR=/opt/rustwide/target" "-e" "CARGO_INCREMENTAL=0" "-e" "RUST_BACKTRACE=full" "-e" "RUSTFLAGS=--cap-lints=forbid -Zrandomize-layout" "-e" "RUSTDOCFLAGS=--cap-lints=forbid" "-e" "CARGO_HOME=/opt/rustwide/cargo-home" "-e" "RUSTUP_HOME=/opt/rustwide/rustup-home" "-w" "/opt/rustwide/workdir" "-m" "1610612736" "--user" "0:0" "--network" "none" "ghcr.io/rust-lang/crates-build-env/linux@sha256:819108c5571ea2e421544af4d832f968d213c87fbe3707a016657f43d2f853bc" "/opt/rustwide/cargo-home/bin/cargo" "+nightly-2025-01-18" "test" "--frozen", kill_on_drop: false }`
[INFO] [stdout] bdf24598e6f5384250d6ed6ef7267ecb956e98b290a16fa0b6072af5fc3d2c6c
[INFO] running `Command { std: "docker" "start" "-a" "bdf24598e6f5384250d6ed6ef7267ecb956e98b290a16fa0b6072af5fc3d2c6c", kill_on_drop: false }`
[INFO] [stderr]     Finished `test` profile [unoptimized + debuginfo] target(s) in 0.15s
[INFO] [stderr]      Running unittests src/lib.rs (/opt/rustwide/target/debug/deps/winit_input_map-530486a2ebfb6e1e)
[INFO] [stdout] 
[INFO] [stdout] running 0 tests
[INFO] [stdout] 
[INFO] [stdout] test result: ok. 0 passed; 0 failed; 0 ignored; 0 measured; 0 filtered out; finished in 0.00s
[INFO] [stdout] 
[INFO] [stderr]    Doc-tests winit_input_map
[INFO] [stdout] 
[INFO] [stdout] running 6 tests
[INFO] [stdout] test src/input.rs - input::InputMap<F>::axis (line 395) - compile ... FAILED
[INFO] [stdout] test src/input.rs - input::InputMap<F>::update_with_winit (line 136) ... FAILED
[INFO] [stdout] test src/input.rs - input::InputMap (line 20) ... ok
[INFO] [stdout] test src/lib.rs - (line 11) ... FAILED
[INFO] [stdout] test src/lib.rs - input_map (line 71) ... FAILED
[INFO] [stdout] test src/input.rs - input::InputMap<F>::new (line 93) ... FAILED
[INFO] [stdout] 
[INFO] [stdout] failures:
[INFO] [stdout] 
[INFO] [stdout] ---- src/input.rs - input::InputMap<F>::axis (line 395) stdout ----
[INFO] [stdout] error[E0425]: cannot find value `input` in this scope
[INFO] [stdout]  --> src/input.rs:396:16
[INFO] [stdout]   |
[INFO] [stdout] 3 | let move_dir = input.axis(Neg, Pos);
[INFO] [stdout]   |                ^^^^^ not found in this scope
[INFO] [stdout] 
[INFO] [stdout] error[E0425]: cannot find value `Neg` in this scope
[INFO] [stdout]  --> src/input.rs:396:27
[INFO] [stdout]   |
[INFO] [stdout] 3 | let move_dir = input.axis(Neg, Pos);
[INFO] [stdout]   |                           ^^^ not found in this scope
[INFO] [stdout]   |
[INFO] [stdout] help: consider importing this unit variant
[INFO] [stdout]   |
[INFO] [stdout] 2 + use winit_input_map::AxisSign::Neg;
[INFO] [stdout]   |
[INFO] [stdout] 
[INFO] [stdout] error[E0425]: cannot find value `Pos` in this scope
[INFO] [stdout]  --> src/input.rs:396:32
[INFO] [stdout]   |
[INFO] [stdout] 3 | let move_dir = input.axis(Neg, Pos);
[INFO] [stdout]   |                                ^^^ not found in this scope
[INFO] [stdout]   |
[INFO] [stdout] help: consider importing this unit variant
[INFO] [stdout]   |
[INFO] [stdout] 2 + use winit_input_map::AxisSign::Pos;
[INFO] [stdout]   |
[INFO] [stdout] 
[INFO] [stdout] error: aborting due to 3 previous errors
[INFO] [stdout] 
[INFO] [stdout] For more information about this error, try `rustc --explain E0425`.
[INFO] [stdout] Couldn't compile the test.
[INFO] [stdout] ---- src/input.rs - input::InputMap<F>::update_with_winit (line 136) stdout ----
[INFO] [stdout] error: cannot find macro `input_map` in this scope
[INFO] [stdout]   --> src/input.rs:145:17
[INFO] [stdout]    |
[INFO] [stdout] 12 | let mut input = input_map!();
[INFO] [stdout]    |                 ^^^^^^^^^
[INFO] [stdout]    |
[INFO] [stdout] help: consider importing this macro
[INFO] [stdout]    |
[INFO] [stdout] 2  + use winit_input_map::input_map;
[INFO] [stdout]    |
[INFO] [stdout] 
[INFO] [stdout] error[E0599]: no function or associated item named `new` found for struct `Window` in the current scope
[INFO] [stdout]   --> src/input.rs:143:23
[INFO] [stdout]    |
[INFO] [stdout] 10 | let _window = Window::new(&event_loop).unwrap();
[INFO] [stdout]    |                       ^^^ function or associated item not found in `Window`
[INFO] [stdout] 
[INFO] [stdout] warning: use of deprecated method `winit::event_loop::EventLoop::<T>::run`: use `EventLoop::run_app` instead
[INFO] [stdout]   --> src/input.rs:147:12
[INFO] [stdout]    |
[INFO] [stdout] 14 | event_loop.run(|event, target|{
[INFO] [stdout]    |            ^^^
[INFO] [stdout]    |
[INFO] [stdout]    = note: `#[warn(deprecated)]` on by default
[INFO] [stdout] 
[INFO] [stdout] error: aborting due to 2 previous errors; 1 warning emitted
[INFO] [stdout] 
[INFO] [stdout] For more information about this error, try `rustc --explain E0599`.
[INFO] [stdout] Couldn't compile the test.
[INFO] [stdout] ---- src/lib.rs - (line 11) stdout ----
[INFO] [stdout] rustc-LLVM ERROR: IO failure on output stream: No space left on device
[INFO] [stdout] Couldn't compile the test.
[INFO] [stdout] ---- src/lib.rs - input_map (line 71) stdout ----
[INFO] [stdout] error: linking with `cc` failed: exit status: 1
[INFO] [stdout]   |
[INFO] [stdout]   = note: LC_ALL="C" PATH="/opt/rustwide/rustup-home/toolchains/nightly-2025-01-18-x86_64-unknown-linux-gnu/lib/rustlib/x86_64-unknown-linux-gnu/bin:/opt/rustwide/rustup-home/toolchains/nightly-2025-01-18-x86_64-unknown-linux-gnu/lib/rustlib/x86_64-unknown-linux-gnu/bin/self-contained:/opt/rustwide/cargo-home/bin:/usr/local/sbin:/usr/local/bin:/usr/sbin:/usr/bin:/sbin:/bin" VSLANG="1033" "cc" "-m64" "/tmp/rustca7ZEBk/symbols.o" "<2 object files omitted>" "-Wl,--as-needed" "-Wl,-Bstatic" "/opt/rustwide/target/debug/deps/{libwinit_input_map-32a9ae731498dd42.rlib,libgilrs-47f0108feab6072f.rlib,libfnv-a0e84274df5e929e.rlib,libgilrs_core-05e0491311bb73a3.rlib,liblibudev_sys-14fba347af9fd4e7.rlib,libinotify-8cc569f11d1e30f6.rlib,libinotify_sys-e33fbf49610b6b50.rlib,libvec_map-58b211b51c5befb5.rlib,libuuid-d2248a4d63d268f9.rlib,libnix-9ca8a2bdb6db7f06.rlib,libwinit-de152cd850afda0e.rlib,libsctk_adwaita-2ea64a3e1b73ee9b.rlib,libab_glyph-6ed6af13271ca32a.rlib,libowned_ttf_parser-441499a12ed9b178.rlib,libttf_parser-c71bef3fb55ebdf0.rlib,libab_glyph_rasterizer-4746a4c278280f41.rlib,libtiny_skia-bc1f35c61ef9aaa4.rlib,libarrayvec-0a252293177cf32c.rlib,libtiny_skia_path-4c81c64a439b7671.rlib,libstrict_num-2cac0aeeb10bbb70.rlib,libarrayref-75399f550dce9cd3.rlib,libbytemuck-e7388d04d836bd3c.rlib,libpercent_encoding-94c0844c6dae7341.rlib,libx11rb-45d9b9e4b71e6a1d.rlib,libas_raw_xcb_connection-d52a860411131dd0.rlib,libx11rb_protocol-2d63c1bf556e6b39.rlib,libwayland_protocols_plasma-e3c28f1c04096ea3.rlib,libahash-0f843c3726909f45.rlib,libgetrandom-c57d2f16a64f60b2.rlib,libzerocopy-2eff8542706611c4.rlib,libsmithay_client_toolkit-72b0101651456e2a.rlib,libwayland_cursor-1478a8a03df12cb1.rlib,libxcursor-ed3e389e53ca76af.rlib,libwayland_protocols_wlr-e5ac0101dd9be1ba.rlib,libwayland_protocols-c679fcb1219eb1bd.rlib,libwayland_csd_frame-0ebc98977a319013.rlib,libcalloop_wayland_source-1767a559c3716c95.rlib,libwayland_client-a774d940d868f37f.rlib,libwayland_backend-cd70ee5ca2f614ee.rlib,libdowncast_rs-9faac49c85009a24.rlib,libscoped_tls-443b2b36e9e74548.rlib,libwayland_sys-17d173a445caef4f.rlib,libsmallvec-780cb886c47bc468.rlib,libcalloop-76a42a066d6e157e.rlib,libthiserror-3506439e65780ed3.rlib,libpolling-e6ae95d8e674f75d.rlib,librustix-d9c9d3c1837d43c1.rlib,liblinux_raw_sys-9c1adcded863cd9d.rlib,libmemmap2-64bdeacf7454a732.rlib,libx11_dl-da9dc73d06446339.rlib,liblibc-792ddf35ddc47dbb.rlib,libxkbcommon_dl-90ec6b7a7b18820c.rlib,libonce_cell-44b3727b7ea843b2.rlib,liblog-f72a0bca41d094ad.rlib,libxkeysym-66676d7cb72cf0b6.rlib,libdlib-a6ba724d309339ae.rlib,liblibloading-c0c571f381976c28.rlib,libcfg_if-8f0231822091c729.rlib,libtracing-bd7cc1fd68c66e7c.rlib,libpin_project_lite-d6f08e5f3a31541a.rlib,libtracing_core-c45c3fc9cb2be9d8.rlib,libbitflags-c92bf87afba98efe.rlib,libsmol_str-500f6b5ad4122cd7.rlib,libcursor_icon-88183c8cc2c3e531.rlib,libdpi-98ba6fc4e91f2bda.rlib,libraw_window_handle-08bea50cab0a4eca.rlib}" "/opt/rustwide/rustup-home/toolchains/nightly-2025-01-18-x86_64-unknown-linux-gnu/lib/rustlib/x86_64-unknown-linux-gnu/lib/{libstd-006123e2ce67e99d.rlib,libpanic_unwind-e1447e1efa6f1e57.rlib,libobject-f6963a4916fcf097.rlib,libmemchr-49a2d9af912f4524.rlib,libaddr2line-04d19aad3936869d.rlib,libgimli-483c235edb789db0.rlib,librustc_demangle-294281af50b8f748.rlib,libstd_detect-3b08295250aabc2a.rlib,libhashbrown-4472d1e05ba0dfaf.rlib,librustc_std_workspace_alloc-2ef099fac590e457.rlib,libminiz_oxide-8a51f5e848546c29.rlib,libadler2-3d3fa22b868db521.rlib,libunwind-0ffda8b08e22dbea.rlib,libcfg_if-b08f62458fdd43b9.rlib,liblibc-559675126e63b890.rlib,liballoc-fcf21c8d1c9c7b75.rlib,librustc_std_workspace_core-e0b0460135bcf21d.rlib,libcore-d4097fdcbddd3bc7.rlib,libcompiler_builtins-fea484ac1eed7881.rlib}" "-Wl,-Bdynamic" "-ludev" "-ldl" "-ldl" "-lgcc_s" "-lutil" "-lrt" "-lpthread" "-lm" "-ldl" "-lc" "-B/opt/rustwide/rustup-home/toolchains/nightly-2025-01-18-x86_64-unknown-linux-gnu/lib/rustlib/x86_64-unknown-linux-gnu/bin/gcc-ld" "-fuse-ld=lld" "-Wl,--eh-frame-hdr" "-Wl,-z,noexecstack" "-L" "/usr/lib/x86_64-linux-gnu" "-L" "/opt/rustwide/rustup-home/toolchains/nightly-2025-01-18-x86_64-unknown-linux-gnu/lib/rustlib/x86_64-unknown-linux-gnu/lib" "-o" "/tmp/rustdoctestmyf7yI/rust_out" "-Wl,--gc-sections" "-pie" "-Wl,-z,relro,-z,now" "-nodefaultlibs"
[INFO] [stdout]   = note: some arguments are omitted. use `--verbose` to show all linker arguments
[INFO] [stdout]   = note: collect2: fatal error: ld terminated with signal 7 [Bus error], core dumped
[INFO] [stdout]           compilation terminated.
[INFO] [stdout]           
[INFO] [stdout] 
[INFO] [stdout] error: aborting due to 1 previous error
[INFO] [stdout] 
[INFO] [stdout] Couldn't compile the test.
[INFO] [stdout] ---- src/input.rs - input::InputMap<F>::new (line 93) stdout ----
[INFO] [stdout] error: linking with `cc` failed: exit status: 1
[INFO] [stdout]   |
[INFO] [stdout]   = note: LC_ALL="C" PATH="/opt/rustwide/rustup-home/toolchains/nightly-2025-01-18-x86_64-unknown-linux-gnu/lib/rustlib/x86_64-unknown-linux-gnu/bin:/opt/rustwide/rustup-home/toolchains/nightly-2025-01-18-x86_64-unknown-linux-gnu/lib/rustlib/x86_64-unknown-linux-gnu/bin/self-contained:/opt/rustwide/cargo-home/bin:/usr/local/sbin:/usr/local/bin:/usr/sbin:/usr/bin:/sbin:/bin" VSLANG="1033" "cc" "-m64" "/tmp/rustcBF11AU/symbols.o" "<2 object files omitted>" "-Wl,--as-needed" "-Wl,-Bstatic" "/opt/rustwide/target/debug/deps/{libwinit_input_map-32a9ae731498dd42.rlib,libgilrs-47f0108feab6072f.rlib,libfnv-a0e84274df5e929e.rlib,libgilrs_core-05e0491311bb73a3.rlib,liblibudev_sys-14fba347af9fd4e7.rlib,libinotify-8cc569f11d1e30f6.rlib,libinotify_sys-e33fbf49610b6b50.rlib,libvec_map-58b211b51c5befb5.rlib,libuuid-d2248a4d63d268f9.rlib,libnix-9ca8a2bdb6db7f06.rlib,libwinit-de152cd850afda0e.rlib,libsctk_adwaita-2ea64a3e1b73ee9b.rlib,libab_glyph-6ed6af13271ca32a.rlib,libowned_ttf_parser-441499a12ed9b178.rlib,libttf_parser-c71bef3fb55ebdf0.rlib,libab_glyph_rasterizer-4746a4c278280f41.rlib,libtiny_skia-bc1f35c61ef9aaa4.rlib,libarrayvec-0a252293177cf32c.rlib,libtiny_skia_path-4c81c64a439b7671.rlib,libstrict_num-2cac0aeeb10bbb70.rlib,libarrayref-75399f550dce9cd3.rlib,libbytemuck-e7388d04d836bd3c.rlib,libpercent_encoding-94c0844c6dae7341.rlib,libx11rb-45d9b9e4b71e6a1d.rlib,libas_raw_xcb_connection-d52a860411131dd0.rlib,libx11rb_protocol-2d63c1bf556e6b39.rlib,libwayland_protocols_plasma-e3c28f1c04096ea3.rlib,libahash-0f843c3726909f45.rlib,libgetrandom-c57d2f16a64f60b2.rlib,libzerocopy-2eff8542706611c4.rlib,libsmithay_client_toolkit-72b0101651456e2a.rlib,libwayland_cursor-1478a8a03df12cb1.rlib,libxcursor-ed3e389e53ca76af.rlib,libwayland_protocols_wlr-e5ac0101dd9be1ba.rlib,libwayland_protocols-c679fcb1219eb1bd.rlib,libwayland_csd_frame-0ebc98977a319013.rlib,libcalloop_wayland_source-1767a559c3716c95.rlib,libwayland_client-a774d940d868f37f.rlib,libwayland_backend-cd70ee5ca2f614ee.rlib,libdowncast_rs-9faac49c85009a24.rlib,libscoped_tls-443b2b36e9e74548.rlib,libwayland_sys-17d173a445caef4f.rlib,libsmallvec-780cb886c47bc468.rlib,libcalloop-76a42a066d6e157e.rlib,libthiserror-3506439e65780ed3.rlib,libpolling-e6ae95d8e674f75d.rlib,librustix-d9c9d3c1837d43c1.rlib,liblinux_raw_sys-9c1adcded863cd9d.rlib,libmemmap2-64bdeacf7454a732.rlib,libx11_dl-da9dc73d06446339.rlib,liblibc-792ddf35ddc47dbb.rlib,libxkbcommon_dl-90ec6b7a7b18820c.rlib,libonce_cell-44b3727b7ea843b2.rlib,liblog-f72a0bca41d094ad.rlib,libxkeysym-66676d7cb72cf0b6.rlib,libdlib-a6ba724d309339ae.rlib,liblibloading-c0c571f381976c28.rlib,libcfg_if-8f0231822091c729.rlib,libtracing-bd7cc1fd68c66e7c.rlib,libpin_project_lite-d6f08e5f3a31541a.rlib,libtracing_core-c45c3fc9cb2be9d8.rlib,libbitflags-c92bf87afba98efe.rlib,libsmol_str-500f6b5ad4122cd7.rlib,libcursor_icon-88183c8cc2c3e531.rlib,libdpi-98ba6fc4e91f2bda.rlib,libraw_window_handle-08bea50cab0a4eca.rlib}" "/opt/rustwide/rustup-home/toolchains/nightly-2025-01-18-x86_64-unknown-linux-gnu/lib/rustlib/x86_64-unknown-linux-gnu/lib/{libstd-006123e2ce67e99d.rlib,libpanic_unwind-e1447e1efa6f1e57.rlib,libobject-f6963a4916fcf097.rlib,libmemchr-49a2d9af912f4524.rlib,libaddr2line-04d19aad3936869d.rlib,libgimli-483c235edb789db0.rlib,librustc_demangle-294281af50b8f748.rlib,libstd_detect-3b08295250aabc2a.rlib,libhashbrown-4472d1e05ba0dfaf.rlib,librustc_std_workspace_alloc-2ef099fac590e457.rlib,libminiz_oxide-8a51f5e848546c29.rlib,libadler2-3d3fa22b868db521.rlib,libunwind-0ffda8b08e22dbea.rlib,libcfg_if-b08f62458fdd43b9.rlib,liblibc-559675126e63b890.rlib,liballoc-fcf21c8d1c9c7b75.rlib,librustc_std_workspace_core-e0b0460135bcf21d.rlib,libcore-d4097fdcbddd3bc7.rlib,libcompiler_builtins-fea484ac1eed7881.rlib}" "-Wl,-Bdynamic" "-ludev" "-ldl" "-ldl" "-lgcc_s" "-lutil" "-lrt" "-lpthread" "-lm" "-ldl" "-lc" "-B/opt/rustwide/rustup-home/toolchains/nightly-2025-01-18-x86_64-unknown-linux-gnu/lib/rustlib/x86_64-unknown-linux-gnu/bin/gcc-ld" "-fuse-ld=lld" "-Wl,--eh-frame-hdr" "-Wl,-z,noexecstack" "-L" "/usr/lib/x86_64-linux-gnu" "-L" "/opt/rustwide/rustup-home/toolchains/nightly-2025-01-18-x86_64-unknown-linux-gnu/lib/rustlib/x86_64-unknown-linux-gnu/lib" "-o" "/tmp/rustdoctestAhkAQl/rust_out" "-Wl,--gc-sections" "-pie" "-Wl,-z,relro,-z,now" "-nodefaultlibs"
[INFO] [stdout]   = note: some arguments are omitted. use `--verbose` to show all linker arguments
[INFO] [stdout]   = note: PLEASE submit a bug report to https://github.com/llvm/llvm-project/issues/ and include the crash backtrace.
[INFO] [stdout]           Stack dump:
[INFO] [stdout]           0.    Program arguments: /opt/rustwide/rustup-home/toolchains/nightly-2025-01-18-x86_64-unknown-linux-gnu/lib/rustlib/x86_64-unknown-linux-gnu/bin/rust-lld -flavor gnu -plugin /usr/lib/gcc/x86_64-linux-gnu/11/liblto_plugin.so -plugin-opt=/usr/lib/gcc/x86_64-linux-gnu/11/lto-wrapper -plugin-opt=-fresolution=/tmp/ccQqnKNc.res --build-id --eh-frame-hdr -m elf_x86_64 --hash-style=gnu --as-needed -dynamic-linker /lib64/ld-linux-x86-64.so.2 -pie -z now -z relro -o /tmp/rustdoctestAhkAQl/rust_out /usr/lib/gcc/x86_64-linux-gnu/11/../../../x86_64-linux-gnu/Scrt1.o /usr/lib/gcc/x86_64-linux-gnu/11/../../../x86_64-linux-gnu/crti.o /usr/lib/gcc/x86_64-linux-gnu/11/crtbeginS.o -L/usr/lib/x86_64-linux-gnu -L/opt/rustwide/rustup-home/toolchains/nightly-2025-01-18-x86_64-unknown-linux-gnu/lib/rustlib/x86_64-unknown-linux-gnu/lib -L/opt/rustwide/rustup-home/toolchains/nightly-2025-01-18-x86_64-unknown-linux-gnu/lib/rustlib/x86_64-unknown-linux-gnu/bin/gcc-ld -L/usr/lib/gcc/x86_64-linux-gnu/11 -L/usr/lib/gcc/x86_64-linux-gnu/11/../../../x86_64-linux-gnu -L/usr/lib/gcc/x86_64-linux-gnu/11/../../../../lib -L/lib/x86_64-linux-gnu -L/lib/../lib -L/usr/lib/x86_64-linux-gnu -L/usr/lib/../lib -L/usr/lib/gcc/x86_64-linux-gnu/11/../../.. /tmp/rustcBF11AU/symbols.o /tmp/rustdoctestAhkAQl/rust_out.rust_out.6a3e3f7878aae58b-cgu.0.rcgu.o /tmp/rustdoctestAhkAQl/rust_out.04lx7tfanwnzd5fu5mylfyri7.rcgu.o --as-needed -Bstatic /opt/rustwide/target/debug/deps/libwinit_input_map-32a9ae731498dd42.rlib /opt/rustwide/target/debug/deps/libgilrs-47f0108feab6072f.rlib /opt/rustwide/target/debug/deps/libfnv-a0e84274df5e929e.rlib /opt/rustwide/target/debug/deps/libgilrs_core-05e0491311bb73a3.rlib /opt/rustwide/target/debug/deps/liblibudev_sys-14fba347af9fd4e7.rlib /opt/rustwide/target/debug/deps/libinotify-8cc569f11d1e30f6.rlib /opt/rustwide/target/debug/deps/libinotify_sys-e33fbf49610b6b50.rlib /opt/rustwide/target/debug/deps/libvec_map-58b211b51c5befb5.rlib /opt/rustwide/target/debug/deps/libuuid-d2248a4d63d268f9.rlib /opt/rustwide/target/debug/deps/libnix-9ca8a2bdb6db7f06.rlib /opt/rustwide/target/debug/deps/libwinit-de152cd850afda0e.rlib /opt/rustwide/target/debug/deps/libsctk_adwaita-2ea64a3e1b73ee9b.rlib /opt/rustwide/target/debug/deps/libab_glyph-6ed6af13271ca32a.rlib /opt/rustwide/target/debug/deps/libowned_ttf_parser-441499a12ed9b178.rlib /opt/rustwide/target/debug/deps/libttf_parser-c71bef3fb55ebdf0.rlib /opt/rustwide/target/debug/deps/libab_glyph_rasterizer-4746a4c278280f41.rlib /opt/rustwide/target/debug/deps/libtiny_skia-bc1f35c61ef9aaa4.rlib /opt/rustwide/target/debug/deps/libarrayvec-0a252293177cf32c.rlib /opt/rustwide/target/debug/deps/libtiny_skia_path-4c81c64a439b7671.rlib /opt/rustwide/target/debug/deps/libstrict_num-2cac0aeeb10bbb70.rlib /opt/rustwide/target/debug/deps/libarrayref-75399f550dce9cd3.rlib /opt/rustwide/target/debug/deps/libbytemuck-e7388d04d836bd3c.rlib /opt/rustwide/target/debug/deps/libpercent_encoding-94c0844c6dae7341.rlib /opt/rustwide/target/debug/deps/libx11rb-45d9b9e4b71e6a1d.rlib /opt/rustwide/target/debug/deps/libas_raw_xcb_connection-d52a860411131dd0.rlib /opt/rustwide/target/debug/deps/libx11rb_protocol-2d63c1bf556e6b39.rlib /opt/rustwide/target/debug/deps/libwayland_protocols_plasma-e3c28f1c04096ea3.rlib /opt/rustwide/target/debug/deps/libahash-0f843c3726909f45.rlib /opt/rustwide/target/debug/deps/libgetrandom-c57d2f16a64f60b2.rlib /opt/rustwide/target/debug/deps/libzerocopy-2eff8542706611c4.rlib /opt/rustwide/target/debug/deps/libsmithay_client_toolkit-72b0101651456e2a.rlib /opt/rustwide/target/debug/deps/libwayland_cursor-1478a8a03df12cb1.rlib /opt/rustwide/target/debug/deps/libxcursor-ed3e389e53ca76af.rlib /opt/rustwide/target/debug/deps/libwayland_protocols_wlr-e5ac0101dd9be1ba.rlib /opt/rustwide/target/debug/deps/libwayland_protocols-c679fcb1219eb1bd.rlib /opt/rustwide/target/debug/deps/libwayland_csd_frame-0ebc98977a319013.rlib /opt/rustwide/target/debug/deps/libcalloop_wayland_source-1767a559c3716c95.rlib /opt/rustwide/target/debug/deps/libwayland_client-a774d940d868f37f.rlib /opt/rustwide/target/debug/deps/libwayland_backend-cd70ee5ca2f614ee.rlib /opt/rustwide/target/debug/deps/libdowncast_rs-9faac49c85009a24.rlib /opt/rustwide/target/debug/deps/libscoped_tls-443b2b36e9e74548.rlib /opt/rustwide/target/debug/deps/libwayland_sys-17d173a445caef4f.rlib /opt/rustwide/target/debug/deps/libsmallvec-780cb886c47bc468.rlib /opt/rustwide/target/debug/deps/libcalloop-76a42a066d6e157e.rlib /opt/rustwide/target/debug/deps/libthiserror-3506439e65780ed3.rlib /opt/rustwide/target/debug/deps/libpolling-e6ae95d8e674f75d.rlib /opt/rustwide/target/debug/deps/librustix-d9c9d3c1837d43c1.rlib /opt/rustwide/target/debug/deps/liblinux_raw_sys-9c1adcded863cd9d.rlib /opt/rustwide/target/debug/deps/libmemmap2-64bdeacf7454a732.rlib /opt/rustwide/target/debug/deps/libx11_dl-da9dc73d06446339.rlib /opt/rustwide/target/debug/deps/liblibc-792ddf35ddc47dbb.rlib /opt/rustwide/target/debug/deps/libxkbcommon_dl-90ec6b7a7b18820c.rlib /opt/rustwide/target/debug/deps/libonce_cell-44b3727b7ea843b2.rlib /opt/rustwide/target/debug/deps/liblog-f72a0bca41d094ad.rlib /opt/rustwide/target/debug/deps/libxkeysym-66676d7cb72cf0b6.rlib /opt/rustwide/target/debug/deps/libdlib-a6ba724d309339ae.rlib /opt/rustwide/target/debug/deps/liblibloading-c0c571f381976c28.rlib /opt/rustwide/target/debug/deps/libcfg_if-8f0231822091c729.rlib /opt/rustwide/target/debug/deps/libtracing-bd7cc1fd68c66e7c.rlib /opt/rustwide/target/debug/deps/libpin_project_lite-d6f08e5f3a31541a.rlib /opt/rustwide/target/debug/deps/libtracing_core-c45c3fc9cb2be9d8.rlib /opt/rustwide/target/debug/deps/libbitflags-c92bf87afba98efe.rlib /opt/rustwide/target/debug/deps/libsmol_str-500f6b5ad4122cd7.rlib /opt/rustwide/target/debug/deps/libcursor_icon-88183c8cc2c3e531.rlib /opt/rustwide/target/debug/deps/libdpi-98ba6fc4e91f2bda.rlib /opt/rustwide/target/debug/deps/libraw_window_handle-08bea50cab0a4eca.rlib /opt/rustwide/rustup-home/toolchains/nightly-2025-01-18-x86_64-unknown-linux-gnu/lib/rustlib/x86_64-unknown-linux-gnu/lib/libstd-006123e2ce67e99d.rlib /opt/rustwide/rustup-home/toolchains/nightly-2025-01-18-x86_64-unknown-linux-gnu/lib/rustlib/x86_64-unknown-linux-gnu/lib/libpanic_unwind-e1447e1efa6f1e57.rlib /opt/rustwide/rustup-home/toolchains/nightly-2025-01-18-x86_64-unknown-linux-gnu/lib/rustlib/x86_64-unknown-linux-gnu/lib/libobject-f6963a4916fcf097.rlib /opt/rustwide/rustup-home/toolchains/nightly-2025-01-18-x86_64-unknown-linux-gnu/lib/rustlib/x86_64-unknown-linux-gnu/lib/libmemchr-49a2d9af912f4524.rlib /opt/rustwide/rustup-home/toolchains/nightly-2025-01-18-x86_64-unknown-linux-gnu/lib/rustlib/x86_64-unknown-linux-gnu/lib/libaddr2line-04d19aad3936869d.rlib /opt/rustwide/rustup-home/toolchains/nightly-2025-01-18-x86_64-unknown-linux-gnu/lib/rustlib/x86_64-unknown-linux-gnu/lib/libgimli-483c235edb789db0.rlib /opt/rustwide/rustup-home/toolchains/nightly-2025-01-18-x86_64-unknown-linux-gnu/lib/rustlib/x86_64-unknown-linux-gnu/lib/librustc_demangle-294281af50b8f748.rlib /opt/rustwide/rustup-home/toolchains/nightly-2025-01-18-x86_64-unknown-linux-gnu/lib/rustlib/x86_64-unknown-linux-gnu/lib/libstd_detect-3b08295250aabc2a.rlib /opt/rustwide/rustup-home/toolchains/nightly-2025-01-18-x86_64-unknown-linux-gnu/lib/rustlib/x86_64-unknown-linux-gnu/lib/libhashbrown-4472d1e05ba0dfaf.rlib /opt/rustwide/rustup-home/toolchains/nightly-2025-01-18-x86_64-unknown-linux-gnu/lib/rustlib/x86_64-unknown-linux-gnu/lib/librustc_std_workspace_alloc-2ef099fac590e457.rlib /opt/rustwide/rustup-home/toolchains/nightly-2025-01-18-x86_64-unknown-linux-gnu/lib/rustlib/x86_64-unknown-linux-gnu/lib/libminiz_oxide-8a51f5e848546c29.rlib /opt/rustwide/rustup-home/toolchains/nightly-2025-01-18-x86_64-unknown-linux-gnu/lib/rustlib/x86_64-unknown-linux-gnu/lib/libadler2-3d3fa22b868db521.rlib /opt/rustwide/rustup-home/toolchains/nightly-2025-01-18-x86_64-unknown-linux-gnu/lib/rustlib/x86_64-unknown-linux-gnu/lib/libunwind-0ffda8b08e22dbea.rlib /opt/rustwide/rustup-home/toolchains/nightly-2025-01-18-x86_64-unknown-linux-gnu/lib/rustlib/x86_64-unknown-linux-gnu/lib/libcfg_if-b08f62458fdd43b9.rlib /opt/rustwide/rustup-home/toolchains/nightly-2025-01-18-x86_64-unknown-linux-gnu/lib/rustlib/x86_64-unknown-linux-gnu/lib/liblibc-559675126e63b890.rlib /opt/rustwide/rustup-home/toolchains/nightly-2025-01-18-x86_64-unknown-linux-gnu/lib/rustlib/x86_64-unknown-linux-gnu/lib/liballoc-fcf21c8d1c9c7b75.rlib /opt/rustwide/rustup-home/toolchains/nightly-2025-01-18-x86_64-unknown-linux-gnu/lib/rustlib/x86_64-unknown-linux-gnu/lib/librustc_std_workspace_core-e0b0460135bcf21d.rlib /opt/rustwide/rustup-home/toolchains/nightly-2025-01-18-x86_64-unknown-linux-gnu/lib/rustlib/x86_64-unknown-linux-gnu/lib/libcore-d4097fdcbddd3bc7.rlib /opt/rustwide/rustup-home/toolchains/nightly-2025-01-18-x86_64-unknown-linux-gnu/lib/rustlib/x86_64-unknown-linux-gnu/lib/libcompiler_builtins-fea484ac1eed7881.rlib -Bdynamic -ludev -ldl -ldl -lgcc_s -lutil -lrt -lpthread -lm -ldl -lc --eh-frame-hdr -z noexecstack --gc-sections -z relro -z now /usr/lib/gcc/x86_64-linux-gnu/11/crtendS.o /usr/lib/gcc/x86_64-linux-gnu/11/../../../x86_64-linux-gnu/crtn.o
[INFO] [stdout]            #0 0x00007edeb835df67 llvm::sys::PrintStackTrace(llvm::raw_ostream&, int) (/opt/rustwide/rustup-home/toolchains/nightly-2025-01-18-x86_64-unknown-linux-gnu/lib/libLLVM.so.19.1-rust-1.86.0-nightly+0x3f5df67)
[INFO] [stdout]            #1 0x00007edeb835e37c SignalHandler(int) (/opt/rustwide/rustup-home/toolchains/nightly-2025-01-18-x86_64-unknown-linux-gnu/lib/libLLVM.so.19.1-rust-1.86.0-nightly+0x3f5e37c)
[INFO] [stdout]            #2 0x00007edeb4219520 (/lib/x86_64-linux-gnu/libc.so.6+0x42520)
[INFO] [stdout]            #3 0x00005df3c4f1cc73 void lld::elf::writeResult<llvm::object::ELFType<(llvm::endianness)1, true> >() (/opt/rustwide/rustup-home/toolchains/nightly-2025-01-18-x86_64-unknown-linux-gnu/lib/rustlib/x86_64-unknown-linux-gnu/bin/rust-lld+0x512c73)
[INFO] [stdout]            #4 0x00005df3c4d50b36 void lld::elf::LinkerDriver::link<llvm::object::ELFType<(llvm::endianness)1, true> >(llvm::opt::InputArgList&) Driver.cpp:0:0
[INFO] [stdout]            #5 0x00005df3c4d364ec lld::elf::link(llvm::ArrayRef<char const*>, llvm::raw_ostream&, llvm::raw_ostream&, bool, bool) (/opt/rustwide/rustup-home/toolchains/nightly-2025-01-18-x86_64-unknown-linux-gnu/lib/rustlib/x86_64-unknown-linux-gnu/bin/rust-lld+0x32c4ec)
[INFO] [stdout]            #6 0x00005df3c4c67ae0 lld::unsafeLldMain(llvm::ArrayRef<char const*>, llvm::raw_ostream&, llvm::raw_ostream&, llvm::ArrayRef<lld::DriverDef>, bool) (/opt/rustwide/rustup-home/toolchains/nightly-2025-01-18-x86_64-unknown-linux-gnu/lib/rustlib/x86_64-unknown-linux-gnu/bin/rust-lld+0x25dae0)
[INFO] [stdout]            #7 0x00005df3c4c66b7d lld_main(int, char**, llvm::ToolContext const&) (/opt/rustwide/rustup-home/toolchains/nightly-2025-01-18-x86_64-unknown-linux-gnu/lib/rustlib/x86_64-unknown-linux-gnu/bin/rust-lld+0x25cb7d)
[INFO] [stdout]            #8 0x00005df3c4c67221 main (/opt/rustwide/rustup-home/toolchains/nightly-2025-01-18-x86_64-unknown-linux-gnu/lib/rustlib/x86_64-unknown-linux-gnu/bin/rust-lld+0x25d221)
[INFO] [stdout]            #9 0x00007edeb4200d90 (/lib/x86_64-linux-gnu/libc.so.6+0x29d90)
[INFO] [stdout]           #10 0x00007edeb4200e40 __libc_start_main (/lib/x86_64-linux-gnu/libc.so.6+0x29e40)
[INFO] [stdout]           #11 0x00005df3c4ae97e9 _start (/opt/rustwide/rustup-home/toolchains/nightly-2025-01-18-x86_64-unknown-linux-gnu/lib/rustlib/x86_64-unknown-linux-gnu/bin/rust-lld+0xdf7e9)
[INFO] [stdout]           collect2: fatal error: ld terminated with signal 7 [Bus error], core dumped
[INFO] [stdout]           compilation terminated.
[INFO] [stdout]           
[INFO] [stdout] 
[INFO] [stdout] error: aborting due to 1 previous error
[INFO] [stdout] 
[INFO] [stdout] Couldn't compile the test.
[INFO] [stdout] 
[INFO] [stdout] failures:
[INFO] [stdout]     src/input.rs - input::InputMap<F>::axis (line 395)
[INFO] [stdout]     src/input.rs - input::InputMap<F>::new (line 93)
[INFO] [stdout]     src/input.rs - input::InputMap<F>::update_with_winit (line 136)
[INFO] [stdout]     src/lib.rs - (line 11)
[INFO] [stdout]     src/lib.rs - input_map (line 71)
[INFO] [stdout] 
[INFO] [stdout] test result: FAILED. 1 passed; 5 failed; 0 ignored; 0 measured; 0 filtered out; finished in 1.30s
[INFO] [stdout] 
[INFO] [stderr] error: doctest failed, to rerun pass `--doc`
[INFO] running `Command { std: "docker" "inspect" "bdf24598e6f5384250d6ed6ef7267ecb956e98b290a16fa0b6072af5fc3d2c6c", kill_on_drop: false }`
[INFO] running `Command { std: "docker" "rm" "-f" "bdf24598e6f5384250d6ed6ef7267ecb956e98b290a16fa0b6072af5fc3d2c6c", kill_on_drop: false }`
[INFO] [stdout] bdf24598e6f5384250d6ed6ef7267ecb956e98b290a16fa0b6072af5fc3d2c6c
