[INFO] fetching crate turbo-tasks-macros 0.1.0...
[INFO] testing turbo-tasks-macros-0.1.0 against nightly-2025-01-18+rustflags=-Zrandomize-layout for randomize-layout-2
[INFO] extracting crate turbo-tasks-macros 0.1.0 into /workspace/builds/worker-6-tc2/source
[INFO] validating manifest of crates.io crate turbo-tasks-macros 0.1.0 on toolchain nightly-2025-01-18
[INFO] running `Command { std: CARGO_HOME="/workspace/cargo-home" RUSTUP_HOME="/workspace/rustup-home" "/workspace/cargo-home/bin/cargo" "+nightly-2025-01-18" "metadata" "--manifest-path" "Cargo.toml" "--no-deps", kill_on_drop: false }`
[INFO] started tweaking crates.io crate turbo-tasks-macros 0.1.0
[INFO] finished tweaking crates.io crate turbo-tasks-macros 0.1.0
[INFO] tweaked toml for crates.io crate turbo-tasks-macros 0.1.0 written to /workspace/builds/worker-6-tc2/source/Cargo.toml
[INFO] crate crates.io crate turbo-tasks-macros 0.1.0 already has a lockfile, it will not be regenerated
[INFO] running `Command { std: CARGO_HOME="/workspace/cargo-home" RUSTUP_HOME="/workspace/rustup-home" "/workspace/cargo-home/bin/cargo" "+nightly-2025-01-18" "fetch" "--manifest-path" "Cargo.toml", kill_on_drop: false }`
[INFO] [stderr]     Blocking waiting for file lock on package cache
[INFO] [stderr]     Blocking waiting for file lock on package cache
[INFO] running `Command { std: "docker" "create" "-v" "/var/lib/crater-agent-workspace/builds/worker-6-tc2/target:/opt/rustwide/target:rw,Z" "-v" "/var/lib/crater-agent-workspace/builds/worker-6-tc2/source:/opt/rustwide/workdir:ro,Z" "-v" "/var/lib/crater-agent-workspace/cargo-home:/opt/rustwide/cargo-home:ro,Z" "-v" "/var/lib/crater-agent-workspace/rustup-home:/opt/rustwide/rustup-home:ro,Z" "-e" "SOURCE_DIR=/opt/rustwide/workdir" "-e" "CARGO_TARGET_DIR=/opt/rustwide/target" "-e" "CARGO_HOME=/opt/rustwide/cargo-home" "-e" "RUSTUP_HOME=/opt/rustwide/rustup-home" "-w" "/opt/rustwide/workdir" "-m" "1610612736" "--user" "0:0" "--network" "none" "ghcr.io/rust-lang/crates-build-env/linux@sha256:819108c5571ea2e421544af4d832f968d213c87fbe3707a016657f43d2f853bc" "/opt/rustwide/cargo-home/bin/cargo" "+nightly-2025-01-18" "metadata" "--no-deps" "--format-version=1", kill_on_drop: false }`
[INFO] [stdout] 9f814e2ac99313fd3fe7df14518ac2ac3024a6ed325ecc7cb829c047ff769c1c
[INFO] running `Command { std: "docker" "start" "-a" "9f814e2ac99313fd3fe7df14518ac2ac3024a6ed325ecc7cb829c047ff769c1c", kill_on_drop: false }`
[INFO] running `Command { std: "docker" "inspect" "9f814e2ac99313fd3fe7df14518ac2ac3024a6ed325ecc7cb829c047ff769c1c", kill_on_drop: false }`
[INFO] running `Command { std: "docker" "rm" "-f" "9f814e2ac99313fd3fe7df14518ac2ac3024a6ed325ecc7cb829c047ff769c1c", kill_on_drop: false }`
[INFO] [stdout] 9f814e2ac99313fd3fe7df14518ac2ac3024a6ed325ecc7cb829c047ff769c1c
[INFO] running `Command { std: "docker" "create" "-v" "/var/lib/crater-agent-workspace/builds/worker-6-tc2/target:/opt/rustwide/target:rw,Z" "-v" "/var/lib/crater-agent-workspace/builds/worker-6-tc2/source:/opt/rustwide/workdir:ro,Z" "-v" "/var/lib/crater-agent-workspace/cargo-home:/opt/rustwide/cargo-home:ro,Z" "-v" "/var/lib/crater-agent-workspace/rustup-home:/opt/rustwide/rustup-home:ro,Z" "-e" "SOURCE_DIR=/opt/rustwide/workdir" "-e" "CARGO_TARGET_DIR=/opt/rustwide/target" "-e" "CARGO_INCREMENTAL=0" "-e" "RUST_BACKTRACE=full" "-e" "RUSTFLAGS=--cap-lints=forbid -Zrandomize-layout" "-e" "RUSTDOCFLAGS=--cap-lints=forbid" "-e" "CARGO_HOME=/opt/rustwide/cargo-home" "-e" "RUSTUP_HOME=/opt/rustwide/rustup-home" "-w" "/opt/rustwide/workdir" "-m" "1610612736" "--user" "0:0" "--network" "none" "ghcr.io/rust-lang/crates-build-env/linux@sha256:819108c5571ea2e421544af4d832f968d213c87fbe3707a016657f43d2f853bc" "/opt/rustwide/cargo-home/bin/cargo" "+nightly-2025-01-18" "build" "--frozen" "--message-format=json", kill_on_drop: false }`
[INFO] [stdout] d5f94acbed8cb847812b706e978c3cb52b3c9f980ea486d5d0397ce79fc68e5b
[INFO] running `Command { std: "docker" "start" "-a" "d5f94acbed8cb847812b706e978c3cb52b3c9f980ea486d5d0397ce79fc68e5b", kill_on_drop: false }`
[INFO] [stderr]    Compiling proc-macro2 v1.0.92
[INFO] [stderr]    Compiling version_check v0.9.5
[INFO] [stderr]    Compiling unicode-ident v1.0.14
[INFO] [stderr]    Compiling syn v1.0.109
[INFO] [stderr]    Compiling memchr v2.7.4
[INFO] [stderr]    Compiling regex-syntax v0.8.5
[INFO] [stderr]    Compiling either v1.13.0
[INFO] [stderr]    Compiling proc-macro-error-attr v1.0.4
[INFO] [stderr]    Compiling proc-macro-error v1.0.4
[INFO] [stderr]    Compiling aho-corasick v1.1.3
[INFO] [stderr]    Compiling quote v1.0.38
[INFO] [stderr]    Compiling regex-automata v0.4.9
[INFO] [stderr]    Compiling regex v1.11.1
[INFO] [stderr]    Compiling turbo-tasks-macros-shared v0.1.0
[INFO] [stderr]    Compiling turbo-tasks-macros v0.1.0 (/opt/rustwide/workdir)
[INFO] [stderr]     Finished `dev` profile [unoptimized + debuginfo] target(s) in 14.25s
[INFO] running `Command { std: "docker" "inspect" "d5f94acbed8cb847812b706e978c3cb52b3c9f980ea486d5d0397ce79fc68e5b", kill_on_drop: false }`
[INFO] running `Command { std: "docker" "rm" "-f" "d5f94acbed8cb847812b706e978c3cb52b3c9f980ea486d5d0397ce79fc68e5b", kill_on_drop: false }`
[INFO] [stdout] d5f94acbed8cb847812b706e978c3cb52b3c9f980ea486d5d0397ce79fc68e5b
[INFO] running `Command { std: "docker" "create" "-v" "/var/lib/crater-agent-workspace/builds/worker-6-tc2/target:/opt/rustwide/target:rw,Z" "-v" "/var/lib/crater-agent-workspace/builds/worker-6-tc2/source:/opt/rustwide/workdir:ro,Z" "-v" "/var/lib/crater-agent-workspace/cargo-home:/opt/rustwide/cargo-home:ro,Z" "-v" "/var/lib/crater-agent-workspace/rustup-home:/opt/rustwide/rustup-home:ro,Z" "-e" "SOURCE_DIR=/opt/rustwide/workdir" "-e" "CARGO_TARGET_DIR=/opt/rustwide/target" "-e" "CARGO_INCREMENTAL=0" "-e" "RUST_BACKTRACE=full" "-e" "RUSTFLAGS=--cap-lints=forbid -Zrandomize-layout" "-e" "RUSTDOCFLAGS=--cap-lints=forbid" "-e" "CARGO_HOME=/opt/rustwide/cargo-home" "-e" "RUSTUP_HOME=/opt/rustwide/rustup-home" "-w" "/opt/rustwide/workdir" "-m" "1610612736" "--user" "0:0" "--network" "none" "ghcr.io/rust-lang/crates-build-env/linux@sha256:819108c5571ea2e421544af4d832f968d213c87fbe3707a016657f43d2f853bc" "/opt/rustwide/cargo-home/bin/cargo" "+nightly-2025-01-18" "test" "--frozen" "--no-run" "--message-format=json", kill_on_drop: false }`
[INFO] [stdout] 100db0a01a34e43d8d3a4018a6d0e0d850e8ee1ce1c29465791a6f2ee30c2839
[INFO] running `Command { std: "docker" "start" "-a" "100db0a01a34e43d8d3a4018a6d0e0d850e8ee1ce1c29465791a6f2ee30c2839", kill_on_drop: false }`
[INFO] [stderr]    Compiling turbo-tasks-macros v0.1.0 (/opt/rustwide/workdir)
[INFO] [stderr]     Finished `test` profile [unoptimized + debuginfo] target(s) in 3.33s
[INFO] running `Command { std: "docker" "inspect" "100db0a01a34e43d8d3a4018a6d0e0d850e8ee1ce1c29465791a6f2ee30c2839", kill_on_drop: false }`
[INFO] running `Command { std: "docker" "rm" "-f" "100db0a01a34e43d8d3a4018a6d0e0d850e8ee1ce1c29465791a6f2ee30c2839", kill_on_drop: false }`
[INFO] [stdout] 100db0a01a34e43d8d3a4018a6d0e0d850e8ee1ce1c29465791a6f2ee30c2839
[INFO] running `Command { std: "docker" "create" "-v" "/var/lib/crater-agent-workspace/builds/worker-6-tc2/target:/opt/rustwide/target:rw,Z" "-v" "/var/lib/crater-agent-workspace/builds/worker-6-tc2/source:/opt/rustwide/workdir:ro,Z" "-v" "/var/lib/crater-agent-workspace/cargo-home:/opt/rustwide/cargo-home:ro,Z" "-v" "/var/lib/crater-agent-workspace/rustup-home:/opt/rustwide/rustup-home:ro,Z" "-e" "SOURCE_DIR=/opt/rustwide/workdir" "-e" "CARGO_TARGET_DIR=/opt/rustwide/target" "-e" "CARGO_INCREMENTAL=0" "-e" "RUST_BACKTRACE=full" "-e" "RUSTFLAGS=--cap-lints=forbid -Zrandomize-layout" "-e" "RUSTDOCFLAGS=--cap-lints=forbid" "-e" "CARGO_HOME=/opt/rustwide/cargo-home" "-e" "RUSTUP_HOME=/opt/rustwide/rustup-home" "-w" "/opt/rustwide/workdir" "-m" "1610612736" "--user" "0:0" "--network" "none" "ghcr.io/rust-lang/crates-build-env/linux@sha256:819108c5571ea2e421544af4d832f968d213c87fbe3707a016657f43d2f853bc" "/opt/rustwide/cargo-home/bin/cargo" "+nightly-2025-01-18" "test" "--frozen", kill_on_drop: false }`
[INFO] [stdout] 34c38e6d7decd8e77ed63f5fd81bfbb596465ecc8e5ceccfa3555b08f816bc04
[INFO] running `Command { std: "docker" "start" "-a" "34c38e6d7decd8e77ed63f5fd81bfbb596465ecc8e5ceccfa3555b08f816bc04", kill_on_drop: false }`
[INFO] [stderr]     Finished `test` profile [unoptimized + debuginfo] target(s) in 0.03s
[INFO] [stderr]      Running unittests src/lib.rs (/opt/rustwide/target/debug/deps/turbo_tasks_macros-9a792d7280d98a9c)
[INFO] [stdout] 
[INFO] [stdout] running 0 tests
[INFO] [stdout] 
[INFO] [stdout] test result: ok. 0 passed; 0 failed; 0 ignored; 0 measured; 0 filtered out; finished in 0.00s
[INFO] [stdout] 
[INFO] [stderr]    Doc-tests turbo_tasks_macros
[INFO] [stdout] 
[INFO] [stdout] running 2 tests
[INFO] [stdout] test src/function_macro.rs - function_macro::function (line 21) ... FAILED
[INFO] [stdout] test src/lib.rs - generic_type (line 136) ... FAILED
[INFO] [stdout] 
[INFO] [stdout] failures:
[INFO] [stdout] 
[INFO] [stdout] ---- src/function_macro.rs - function_macro::function (line 21) stdout ----
[INFO] [stdout] error[E0432]: unresolved import `turbo_tasks`
[INFO] [stdout]  --> src/function_macro.rs:22:5
[INFO] [stdout]   |
[INFO] [stdout] 3 | use turbo_tasks::{Vc};
[INFO] [stdout]   |     ^^^^^^^^^^^ use of undeclared crate or module `turbo_tasks`
[INFO] [stdout] 
[INFO] [stdout] error[E0433]: failed to resolve: use of undeclared crate or module `turbo_tasks`
[INFO] [stdout]  --> src/function_macro.rs:24:3
[INFO] [stdout]   |
[INFO] [stdout] 5 | #[turbo_tasks::function(fs)]
[INFO] [stdout]   |   ^^^^^^^^^^^ use of undeclared crate or module `turbo_tasks`
[INFO] [stdout] 
[INFO] [stdout] error: aborting due to 2 previous errors
[INFO] [stdout] 
[INFO] [stdout] Some errors have detailed explanations: E0432, E0433.
[INFO] [stdout] For more information about an error, try `rustc --explain E0432`.
[INFO] [stdout] Couldn't compile the test.
[INFO] [stdout] ---- src/lib.rs - generic_type (line 136) stdout ----
[INFO] [stdout] error[E0432]: unresolved import `crate::generic_type`
[INFO] [stdout]  --> src/lib.rs:137:5
[INFO] [stdout]   |
[INFO] [stdout] 3 | use crate::generic_type as __turbo_tasks_internal_generic_type;
[INFO] [stdout]   |     ^^^^^^^^^^^^^^^^^^^^^^^^^^^^^^^^^^^^^^^^^^^^^^^^^^^^^^^^^^ no `generic_type` in the root
[INFO] [stdout] 
[INFO] [stdout] error[E0412]: cannot find type `Vc` in this scope
[INFO] [stdout]  --> src/lib.rs:143:9
[INFO] [stdout]   |
[INFO] [stdout] 9 | let vc: Vc<GenericType<Vc<u32>, Vc<RcStr>>> = Vc::cell(
[INFO] [stdout]   |         ^^ help: a struct with a similar name exists: `Vec`
[INFO] [stdout]  --> /rustc/6067b36314ab5eb2eb47cecc464545ba58e1ad24/library/alloc/src/vec/mod.rs:397:1
[INFO] [stdout]   |
[INFO] [stdout]   = note: similarly named struct `Vec` defined here
[INFO] [stdout] 
[INFO] [stdout] error[E0412]: cannot find type `GenericType` in this scope
[INFO] [stdout]  --> src/lib.rs:143:12
[INFO] [stdout]   |
[INFO] [stdout] 9 | let vc: Vc<GenericType<Vc<u32>, Vc<RcStr>>> = Vc::cell(
[INFO] [stdout]   |            ^^^^^^^^^^^ not found in this scope
[INFO] [stdout] 
[INFO] [stdout] error[E0412]: cannot find type `Vc` in this scope
[INFO] [stdout]  --> src/lib.rs:143:24
[INFO] [stdout]   |
[INFO] [stdout] 9 | let vc: Vc<GenericType<Vc<u32>, Vc<RcStr>>> = Vc::cell(
[INFO] [stdout]   |                        ^^ help: a struct with a similar name exists: `Vec`
[INFO] [stdout]  --> /rustc/6067b36314ab5eb2eb47cecc464545ba58e1ad24/library/alloc/src/vec/mod.rs:397:1
[INFO] [stdout]   |
[INFO] [stdout]   = note: similarly named struct `Vec` defined here
[INFO] [stdout] 
[INFO] [stdout] error[E0412]: cannot find type `Vc` in this scope
[INFO] [stdout]  --> src/lib.rs:143:33
[INFO] [stdout]   |
[INFO] [stdout] 9 | let vc: Vc<GenericType<Vc<u32>, Vc<RcStr>>> = Vc::cell(
[INFO] [stdout]   |                                 ^^ help: a struct with a similar name exists: `Vec`
[INFO] [stdout]  --> /rustc/6067b36314ab5eb2eb47cecc464545ba58e1ad24/library/alloc/src/vec/mod.rs:397:1
[INFO] [stdout]   |
[INFO] [stdout]   = note: similarly named struct `Vec` defined here
[INFO] [stdout] 
[INFO] [stdout] error[E0412]: cannot find type `RcStr` in this scope
[INFO] [stdout]  --> src/lib.rs:143:36
[INFO] [stdout]   |
[INFO] [stdout] 9 | let vc: Vc<GenericType<Vc<u32>, Vc<RcStr>>> = Vc::cell(
[INFO] [stdout]   |                                    ^^^^^ not found in this scope
[INFO] [stdout]   |
[INFO] [stdout] help: you might be missing a type parameter
[INFO] [stdout]   |
[INFO] [stdout] 2 | fn main() { #[allow(non_snake_case)] fn _doctest_main_src_lib_rs_136_0<RcStr>() {
[INFO] [stdout]   |                                                                       +++++++
[INFO] [stdout] 
[INFO] [stdout] error[E0433]: failed to resolve: use of undeclared type `Vc`
[INFO] [stdout]  --> src/lib.rs:143:47
[INFO] [stdout]   |
[INFO] [stdout] 9 | let vc: Vc<GenericType<Vc<u32>, Vc<RcStr>>> = Vc::cell(
[INFO] [stdout]   |                                               ^^
[INFO] [stdout]   |                                               |
[INFO] [stdout]   |                                               use of undeclared type `Vc`
[INFO] [stdout]   |                                               help: a struct with a similar name exists: `Vec`
[INFO] [stdout] 
[INFO] [stdout] error[E0433]: failed to resolve: use of undeclared type `GenericType`
[INFO] [stdout]   --> src/lib.rs:144:5
[INFO] [stdout]    |
[INFO] [stdout] 10 |     GenericType::new(
[INFO] [stdout]    |     ^^^^^^^^^^^ use of undeclared type `GenericType`
[INFO] [stdout] 
[INFO] [stdout] error[E0433]: failed to resolve: use of undeclared type `Vc`
[INFO] [stdout]   --> src/lib.rs:145:9
[INFO] [stdout]    |
[INFO] [stdout] 11 |         Vc::cell(42),
[INFO] [stdout]    |         ^^
[INFO] [stdout]    |         |
[INFO] [stdout]    |         use of undeclared type `Vc`
[INFO] [stdout]    |         help: a struct with a similar name exists: `Vec`
[INFO] [stdout] 
[INFO] [stdout] error[E0433]: failed to resolve: use of undeclared type `Vc`
[INFO] [stdout]   --> src/lib.rs:146:9
[INFO] [stdout]    |
[INFO] [stdout] 12 |         Vc::cell("hello".to_string())
[INFO] [stdout]    |         ^^
[INFO] [stdout]    |         |
[INFO] [stdout]    |         use of undeclared type `Vc`
[INFO] [stdout]    |         help: a struct with a similar name exists: `Vec`
[INFO] [stdout] 
[INFO] [stdout] error: aborting due to 10 previous errors
[INFO] [stdout] 
[INFO] [stdout] Some errors have detailed explanations: E0412, E0432, E0433.
[INFO] [stdout] For more information about an error, try `rustc --explain E0412`.
[INFO] [stdout] Couldn't compile the test.
[INFO] [stdout] 
[INFO] [stdout] failures:
[INFO] [stdout]     src/function_macro.rs - function_macro::function (line 21)
[INFO] [stdout]     src/lib.rs - generic_type (line 136)
[INFO] [stdout] 
[INFO] [stdout] test result: FAILED. 0 passed; 2 failed; 0 ignored; 0 measured; 0 filtered out; finished in 0.18s
[INFO] [stdout] 
[INFO] [stderr] error: doctest failed, to rerun pass `--doc`
[INFO] running `Command { std: "docker" "inspect" "34c38e6d7decd8e77ed63f5fd81bfbb596465ecc8e5ceccfa3555b08f816bc04", kill_on_drop: false }`
[INFO] running `Command { std: "docker" "rm" "-f" "34c38e6d7decd8e77ed63f5fd81bfbb596465ecc8e5ceccfa3555b08f816bc04", kill_on_drop: false }`
[INFO] [stdout] 34c38e6d7decd8e77ed63f5fd81bfbb596465ecc8e5ceccfa3555b08f816bc04
