[INFO] fetching crate rg_formats 0.1.2...
[INFO] testing rg_formats-0.1.2 against nightly-2025-01-18+rustflags=-Zrandomize-layout for randomize-layout-2
[INFO] extracting crate rg_formats 0.1.2 into /workspace/builds/worker-5-tc2/source
[INFO] validating manifest of crates.io crate rg_formats 0.1.2 on toolchain nightly-2025-01-18
[INFO] running `Command { std: CARGO_HOME="/workspace/cargo-home" RUSTUP_HOME="/workspace/rustup-home" "/workspace/cargo-home/bin/cargo" "+nightly-2025-01-18" "metadata" "--manifest-path" "Cargo.toml" "--no-deps", kill_on_drop: false }`
[INFO] started tweaking crates.io crate rg_formats 0.1.2
[INFO] finished tweaking crates.io crate rg_formats 0.1.2
[INFO] tweaked toml for crates.io crate rg_formats 0.1.2 written to /workspace/builds/worker-5-tc2/source/Cargo.toml
[INFO] crate crates.io crate rg_formats 0.1.2 already has a lockfile, it will not be regenerated
[INFO] running `Command { std: CARGO_HOME="/workspace/cargo-home" RUSTUP_HOME="/workspace/rustup-home" "/workspace/cargo-home/bin/cargo" "+nightly-2025-01-18" "fetch" "--manifest-path" "Cargo.toml", kill_on_drop: false }`
[INFO] running `Command { std: "docker" "create" "-v" "/var/lib/crater-agent-workspace/builds/worker-5-tc2/target:/opt/rustwide/target:rw,Z" "-v" "/var/lib/crater-agent-workspace/builds/worker-5-tc2/source:/opt/rustwide/workdir:ro,Z" "-v" "/var/lib/crater-agent-workspace/cargo-home:/opt/rustwide/cargo-home:ro,Z" "-v" "/var/lib/crater-agent-workspace/rustup-home:/opt/rustwide/rustup-home:ro,Z" "-e" "SOURCE_DIR=/opt/rustwide/workdir" "-e" "CARGO_TARGET_DIR=/opt/rustwide/target" "-e" "CARGO_HOME=/opt/rustwide/cargo-home" "-e" "RUSTUP_HOME=/opt/rustwide/rustup-home" "-w" "/opt/rustwide/workdir" "-m" "1610612736" "--user" "0:0" "--network" "none" "ghcr.io/rust-lang/crates-build-env/linux@sha256:819108c5571ea2e421544af4d832f968d213c87fbe3707a016657f43d2f853bc" "/opt/rustwide/cargo-home/bin/cargo" "+nightly-2025-01-18" "metadata" "--no-deps" "--format-version=1", kill_on_drop: false }`
[INFO] [stdout] b5e79ae1626da6bb3c00d812bc3eb0cc6289c41f7d7fb1fdf8ffa3c2bf5ca372
[INFO] running `Command { std: "docker" "start" "-a" "b5e79ae1626da6bb3c00d812bc3eb0cc6289c41f7d7fb1fdf8ffa3c2bf5ca372", kill_on_drop: false }`
[INFO] running `Command { std: "docker" "inspect" "b5e79ae1626da6bb3c00d812bc3eb0cc6289c41f7d7fb1fdf8ffa3c2bf5ca372", kill_on_drop: false }`
[INFO] running `Command { std: "docker" "rm" "-f" "b5e79ae1626da6bb3c00d812bc3eb0cc6289c41f7d7fb1fdf8ffa3c2bf5ca372", kill_on_drop: false }`
[INFO] [stdout] b5e79ae1626da6bb3c00d812bc3eb0cc6289c41f7d7fb1fdf8ffa3c2bf5ca372
[INFO] running `Command { std: "docker" "create" "-v" "/var/lib/crater-agent-workspace/builds/worker-5-tc2/target:/opt/rustwide/target:rw,Z" "-v" "/var/lib/crater-agent-workspace/builds/worker-5-tc2/source:/opt/rustwide/workdir:ro,Z" "-v" "/var/lib/crater-agent-workspace/cargo-home:/opt/rustwide/cargo-home:ro,Z" "-v" "/var/lib/crater-agent-workspace/rustup-home:/opt/rustwide/rustup-home:ro,Z" "-e" "SOURCE_DIR=/opt/rustwide/workdir" "-e" "CARGO_TARGET_DIR=/opt/rustwide/target" "-e" "CARGO_INCREMENTAL=0" "-e" "RUST_BACKTRACE=full" "-e" "RUSTFLAGS=--cap-lints=forbid -Zrandomize-layout" "-e" "RUSTDOCFLAGS=--cap-lints=forbid" "-e" "CARGO_HOME=/opt/rustwide/cargo-home" "-e" "RUSTUP_HOME=/opt/rustwide/rustup-home" "-w" "/opt/rustwide/workdir" "-m" "1610612736" "--user" "0:0" "--network" "none" "ghcr.io/rust-lang/crates-build-env/linux@sha256:819108c5571ea2e421544af4d832f968d213c87fbe3707a016657f43d2f853bc" "/opt/rustwide/cargo-home/bin/cargo" "+nightly-2025-01-18" "build" "--frozen" "--message-format=json", kill_on_drop: false }`
[INFO] [stdout] 63cf3c72d2b7e252e541c2695695033e0e54f7854a7616add44e898a3978fca5
[INFO] running `Command { std: "docker" "start" "-a" "63cf3c72d2b7e252e541c2695695033e0e54f7854a7616add44e898a3978fca5", kill_on_drop: false }`
[INFO] [stderr]    Compiling static_assertions v1.1.0
[INFO] [stderr]    Compiling proc-macro2 v1.0.64
[INFO] [stderr]    Compiling quote v1.0.29
[INFO] [stderr]    Compiling memchr v2.5.0
[INFO] [stderr]    Compiling unicode-ident v1.0.10
[INFO] [stderr]    Compiling thiserror v1.0.44
[INFO] [stderr]    Compiling regex-syntax v0.7.4
[INFO] [stderr]    Compiling lexical-util v0.8.5
[INFO] [stderr]    Compiling aho-corasick v1.0.2
[INFO] [stderr]    Compiling lexical-parse-integer v0.8.6
[INFO] [stderr]    Compiling lexical-write-integer v0.8.5
[INFO] [stderr]    Compiling syn v2.0.25
[INFO] [stderr]    Compiling lexical-write-float v0.8.5
[INFO] [stderr]    Compiling lexical-parse-float v0.8.5
[INFO] [stderr]    Compiling lexical-core v0.8.5
[INFO] [stderr]    Compiling lexical v6.1.1
[INFO] [stderr]    Compiling regex-automata v0.3.2
[INFO] [stderr]    Compiling thiserror-impl v1.0.44
[INFO] [stderr]    Compiling regex v1.9.1
[INFO] [stderr]    Compiling rg_formats v0.1.2 (/opt/rustwide/workdir)
[INFO] [stdout] warning: the feature `byte_slice_trim_ascii` has been stable since 1.80.0 and no longer requires an attribute to enable
[INFO] [stdout]   --> src/lib.rs:30:12
[INFO] [stdout]    |
[INFO] [stdout] 30 | #![feature(byte_slice_trim_ascii)]
[INFO] [stdout]    |            ^^^^^^^^^^^^^^^^^^^^^
[INFO] [stdout]    |
[INFO] [stdout]    = note: `#[warn(stable_features)]` on by default
[INFO] [stdout] 
[INFO] [stdout] 
[INFO] [stdout] warning: call to `.clone()` on a reference in this situation does nothing
[INFO] [stdout]    --> src/sm.rs:174:27
[INFO] [stdout]     |
[INFO] [stdout] 174 |         let path = path.as_ref().clone();
[INFO] [stdout]     |                                 ^^^^^^^^
[INFO] [stdout]     |
[INFO] [stdout]     = note: the type `Path` does not implement `Clone`, so calling `clone` on `&Path` copies the reference, which does not do anything and can be removed
[INFO] [stdout]     = note: `#[warn(noop_method_call)]` on by default
[INFO] [stdout] help: remove this redundant call
[INFO] [stdout]     |
[INFO] [stdout] 174 -         let path = path.as_ref().clone();
[INFO] [stdout] 174 +         let path = path.as_ref();
[INFO] [stdout]     |
[INFO] [stdout] 
[INFO] [stdout] 
[INFO] [stderr]     Finished `dev` profile [unoptimized + debuginfo] target(s) in 18.63s
[INFO] running `Command { std: "docker" "inspect" "63cf3c72d2b7e252e541c2695695033e0e54f7854a7616add44e898a3978fca5", kill_on_drop: false }`
[INFO] running `Command { std: "docker" "rm" "-f" "63cf3c72d2b7e252e541c2695695033e0e54f7854a7616add44e898a3978fca5", kill_on_drop: false }`
[INFO] [stdout] 63cf3c72d2b7e252e541c2695695033e0e54f7854a7616add44e898a3978fca5
[INFO] running `Command { std: "docker" "create" "-v" "/var/lib/crater-agent-workspace/builds/worker-5-tc2/target:/opt/rustwide/target:rw,Z" "-v" "/var/lib/crater-agent-workspace/builds/worker-5-tc2/source:/opt/rustwide/workdir:ro,Z" "-v" "/var/lib/crater-agent-workspace/cargo-home:/opt/rustwide/cargo-home:ro,Z" "-v" "/var/lib/crater-agent-workspace/rustup-home:/opt/rustwide/rustup-home:ro,Z" "-e" "SOURCE_DIR=/opt/rustwide/workdir" "-e" "CARGO_TARGET_DIR=/opt/rustwide/target" "-e" "CARGO_INCREMENTAL=0" "-e" "RUST_BACKTRACE=full" "-e" "RUSTFLAGS=--cap-lints=forbid -Zrandomize-layout" "-e" "RUSTDOCFLAGS=--cap-lints=forbid" "-e" "CARGO_HOME=/opt/rustwide/cargo-home" "-e" "RUSTUP_HOME=/opt/rustwide/rustup-home" "-w" "/opt/rustwide/workdir" "-m" "1610612736" "--user" "0:0" "--network" "none" "ghcr.io/rust-lang/crates-build-env/linux@sha256:819108c5571ea2e421544af4d832f968d213c87fbe3707a016657f43d2f853bc" "/opt/rustwide/cargo-home/bin/cargo" "+nightly-2025-01-18" "test" "--frozen" "--no-run" "--message-format=json", kill_on_drop: false }`
[INFO] [stdout] e06c5f856f21ff7f4a983c300b11b64f25c74d7138288b37303f007fd82deaf2
[INFO] running `Command { std: "docker" "start" "-a" "e06c5f856f21ff7f4a983c300b11b64f25c74d7138288b37303f007fd82deaf2", kill_on_drop: false }`
[INFO] [stderr]    Compiling autocfg v1.1.0
[INFO] [stderr]    Compiling crossbeam-utils v0.8.16
[INFO] [stderr]    Compiling cfg-if v1.0.0
[INFO] [stderr]    Compiling serde v1.0.171
[INFO] [stderr]    Compiling libc v0.2.147
[INFO] [stderr]    Compiling scopeguard v1.1.0
[INFO] [stderr]    Compiling serde_derive v1.0.171
[INFO] [stderr]    Compiling rustix v0.38.3
[INFO] [stderr]    Compiling serde_json v1.0.100
[INFO] [stderr]    Compiling either v1.8.1
[INFO] [stderr]    Compiling rayon-core v1.11.0
[INFO] [stderr]    Compiling bitflags v2.3.3
[INFO] [stderr]    Compiling anstyle v1.0.1
[INFO] [stderr]    Compiling linux-raw-sys v0.4.3
[INFO] [stderr]    Compiling plotters-backend v0.3.5
[INFO] [stderr]    Compiling itoa v1.0.8
[INFO] [stderr]    Compiling crossbeam-channel v0.5.8
[INFO] [stderr]    Compiling memoffset v0.9.0
[INFO] [stderr]    Compiling crossbeam-epoch v0.9.15
[INFO] [stderr]    Compiling num-traits v0.2.15
[INFO] [stderr]    Compiling half v1.8.2
[INFO] [stderr]    Compiling ryu v1.0.14
[INFO] [stderr]    Compiling clap_lex v0.5.0
[INFO] [stderr]    Compiling ciborium-io v0.2.1
[INFO] [stderr]    Compiling ciborium-ll v0.2.1
[INFO] [stderr]    Compiling clap_builder v4.3.11
[INFO] [stderr]    Compiling crossbeam-deque v0.8.3
[INFO] [stderr]    Compiling plotters-svg v0.3.5
[INFO] [stderr]    Compiling itertools v0.10.5
[INFO] [stderr]    Compiling same-file v1.0.6
[INFO] [stderr]    Compiling num_cpus v1.16.0
[INFO] [stderr]    Compiling cast v0.3.0
[INFO] [stderr]    Compiling walkdir v2.3.3
[INFO] [stderr]    Compiling diff v0.1.13
[INFO] [stderr]    Compiling plotters v0.3.5
[INFO] [stderr]    Compiling is-terminal v0.4.9
[INFO] [stderr]    Compiling yansi v0.5.1
[INFO] [stderr]    Compiling anes v0.1.6
[INFO] [stderr]    Compiling oorandom v11.1.3
[INFO] [stderr]    Compiling criterion-plot v0.5.0
[INFO] [stderr]    Compiling once_cell v1.18.0
[INFO] [stderr]    Compiling pretty_assertions v1.4.0
[INFO] [stdout] warning: the feature `byte_slice_trim_ascii` has been stable since 1.80.0 and no longer requires an attribute to enable
[INFO] [stdout]   --> src/lib.rs:30:12
[INFO] [stdout]    |
[INFO] [stdout] 30 | #![feature(byte_slice_trim_ascii)]
[INFO] [stdout]    |            ^^^^^^^^^^^^^^^^^^^^^
[INFO] [stdout]    |
[INFO] [stdout]    = note: `#[warn(stable_features)]` on by default
[INFO] [stdout] 
[INFO] [stdout] 
[INFO] [stdout] warning: call to `.clone()` on a reference in this situation does nothing
[INFO] [stdout]    --> src/sm.rs:174:27
[INFO] [stdout]     |
[INFO] [stdout] 174 |         let path = path.as_ref().clone();
[INFO] [stdout]     |                                 ^^^^^^^^
[INFO] [stdout]     |
[INFO] [stdout]     = note: the type `Path` does not implement `Clone`, so calling `clone` on `&Path` copies the reference, which does not do anything and can be removed
[INFO] [stdout]     = note: `#[warn(noop_method_call)]` on by default
[INFO] [stdout] help: remove this redundant call
[INFO] [stdout]     |
[INFO] [stdout] 174 -         let path = path.as_ref().clone();
[INFO] [stdout] 174 +         let path = path.as_ref();
[INFO] [stdout]     |
[INFO] [stdout] 
[INFO] [stdout] 
[INFO] [stderr]    Compiling rayon v1.7.0
[INFO] [stderr]    Compiling clap v4.3.11
[INFO] [stderr]    Compiling ciborium v0.2.1
[INFO] [stderr]    Compiling tinytemplate v1.2.1
[INFO] [stderr]    Compiling criterion v0.5.1
[INFO] [stderr]    Compiling rg_formats v0.1.2 (/opt/rustwide/workdir)
[INFO] [stdout] warning: the feature `byte_slice_trim_ascii` has been stable since 1.80.0 and no longer requires an attribute to enable
[INFO] [stdout]   --> src/lib.rs:30:12
[INFO] [stdout]    |
[INFO] [stdout] 30 | #![feature(byte_slice_trim_ascii)]
[INFO] [stdout]    |            ^^^^^^^^^^^^^^^^^^^^^
[INFO] [stdout]    |
[INFO] [stdout]    = note: `#[warn(stable_features)]` on by default
[INFO] [stdout] 
[INFO] [stdout] 
[INFO] [stdout] warning: call to `.clone()` on a reference in this situation does nothing
[INFO] [stdout]    --> src/sm.rs:174:27
[INFO] [stdout]     |
[INFO] [stdout] 174 |         let path = path.as_ref().clone();
[INFO] [stdout]     |                                 ^^^^^^^^
[INFO] [stdout]     |
[INFO] [stdout]     = note: the type `Path` does not implement `Clone`, so calling `clone` on `&Path` copies the reference, which does not do anything and can be removed
[INFO] [stdout]     = note: `#[warn(noop_method_call)]` on by default
[INFO] [stdout] help: remove this redundant call
[INFO] [stdout]     |
[INFO] [stdout] 174 -         let path = path.as_ref().clone();
[INFO] [stdout] 174 +         let path = path.as_ref();
[INFO] [stdout]     |
[INFO] [stdout] 
[INFO] [stdout] 
[INFO] [stderr]     Finished `test` profile [unoptimized + debuginfo] target(s) in 36.63s
[INFO] running `Command { std: "docker" "inspect" "e06c5f856f21ff7f4a983c300b11b64f25c74d7138288b37303f007fd82deaf2", kill_on_drop: false }`
[INFO] running `Command { std: "docker" "rm" "-f" "e06c5f856f21ff7f4a983c300b11b64f25c74d7138288b37303f007fd82deaf2", kill_on_drop: false }`
[INFO] [stdout] e06c5f856f21ff7f4a983c300b11b64f25c74d7138288b37303f007fd82deaf2
[INFO] running `Command { std: "docker" "create" "-v" "/var/lib/crater-agent-workspace/builds/worker-5-tc2/target:/opt/rustwide/target:rw,Z" "-v" "/var/lib/crater-agent-workspace/builds/worker-5-tc2/source:/opt/rustwide/workdir:ro,Z" "-v" "/var/lib/crater-agent-workspace/cargo-home:/opt/rustwide/cargo-home:ro,Z" "-v" "/var/lib/crater-agent-workspace/rustup-home:/opt/rustwide/rustup-home:ro,Z" "-e" "SOURCE_DIR=/opt/rustwide/workdir" "-e" "CARGO_TARGET_DIR=/opt/rustwide/target" "-e" "CARGO_INCREMENTAL=0" "-e" "RUST_BACKTRACE=full" "-e" "RUSTFLAGS=--cap-lints=forbid -Zrandomize-layout" "-e" "RUSTDOCFLAGS=--cap-lints=forbid" "-e" "CARGO_HOME=/opt/rustwide/cargo-home" "-e" "RUSTUP_HOME=/opt/rustwide/rustup-home" "-w" "/opt/rustwide/workdir" "-m" "1610612736" "--user" "0:0" "--network" "none" "ghcr.io/rust-lang/crates-build-env/linux@sha256:819108c5571ea2e421544af4d832f968d213c87fbe3707a016657f43d2f853bc" "/opt/rustwide/cargo-home/bin/cargo" "+nightly-2025-01-18" "test" "--frozen", kill_on_drop: false }`
[INFO] [stdout] 0dd354eb53be513897ed25ed750757e313e7822d7172c030452719e429278c30
[INFO] running `Command { std: "docker" "start" "-a" "0dd354eb53be513897ed25ed750757e313e7822d7172c030452719e429278c30", kill_on_drop: false }`
[INFO] [stderr] warning: the feature `byte_slice_trim_ascii` has been stable since 1.80.0 and no longer requires an attribute to enable
[INFO] [stderr]   --> src/lib.rs:30:12
[INFO] [stderr]    |
[INFO] [stderr] 30 | #![feature(byte_slice_trim_ascii)]
[INFO] [stderr]    |            ^^^^^^^^^^^^^^^^^^^^^
[INFO] [stderr]    |
[INFO] [stderr]    = note: `#[warn(stable_features)]` on by default
[INFO] [stderr] 
[INFO] [stderr] warning: call to `.clone()` on a reference in this situation does nothing
[INFO] [stderr]    --> src/sm.rs:174:27
[INFO] [stderr]     |
[INFO] [stderr] 174 |         let path = path.as_ref().clone();
[INFO] [stderr]     |                                 ^^^^^^^^
[INFO] [stderr]     |
[INFO] [stderr]     = note: the type `Path` does not implement `Clone`, so calling `clone` on `&Path` copies the reference, which does not do anything and can be removed
[INFO] [stderr]     = note: `#[warn(noop_method_call)]` on by default
[INFO] [stderr] help: remove this redundant call
[INFO] [stderr]     |
[INFO] [stderr] 174 -         let path = path.as_ref().clone();
[INFO] [stderr] 174 +         let path = path.as_ref();
[INFO] [stderr]     |
[INFO] [stderr] 
[INFO] [stderr] warning: `rg_formats` (lib) generated 2 warnings (run `cargo fix --lib -p rg_formats` to apply 1 suggestion)
[INFO] [stderr] warning: `rg_formats` (lib test) generated 2 warnings (2 duplicates)
[INFO] [stderr]     Finished `test` profile [unoptimized + debuginfo] target(s) in 0.11s
[INFO] [stderr]      Running unittests src/lib.rs (/opt/rustwide/target/debug/deps/rg_formats-fa6c958f06d9b83a)
[INFO] [stdout] 
[INFO] [stdout] running 18 tests
[INFO] [stdout] test sm::tests::bpms ... ok
[INFO] [stdout] test sm::tests::bpm_partial ... ok
[INFO] [stdout] test sm::tests::load_notes ... ok
[INFO] [stdout] test sm::tests::load_notes_obscurekeysounds ... ok
[INFO] [stdout] test sm::tests::infer_author_start ... ok
[INFO] [stdout] test sm::tests::infer_author_square ... ok
[INFO] [stdout] test sm_msd::tests::escape ... ok
[INFO] [stdout] test sm_msd::tests::comment ... ok
[INFO] [stdout] test sm::tests::infer_author_normal ... ok
[INFO] [stdout] test sm::tests::infer_author_space2 ... ok
[INFO] [stdout] test sm_msd::tests::multival ... ok
[INFO] [stdout] test sm_msd::tests::newlines ... ok
[INFO] [stdout] test sm::tests::infer_author_sq_start ... ok
[INFO] [stdout] test sm_msd::tests::full_parse_simple ... ok
[INFO] [stdout] test sm_msd::tests::p_val ... ok
[INFO] [stdout] test sm_msd::tests::full_parse ... ok
[INFO] [stdout] test sm::tests::infer_author_space ... ok
[INFO] [stdout] test sm_msd::tests::list ... ok
[INFO] [stdout] 
[INFO] [stdout] test result: ok. 18 passed; 0 failed; 0 ignored; 0 measured; 0 filtered out; finished in 0.06s
[INFO] [stdout] 
[INFO] [stderr]    Doc-tests rg_formats
[INFO] [stdout] 
[INFO] [stdout] running 1 test
[INFO] [stdout] test src/lib.rs - (line 20) ... FAILED
[INFO] [stdout] 
[INFO] [stdout] failures:
[INFO] [stdout] 
[INFO] [stdout] ---- src/lib.rs - (line 20) stdout ----
[INFO] [stdout] Test executable failed (exit status: 101).
[INFO] [stdout] 
[INFO] [stdout] stderr:
[INFO] [stdout] 
[INFO] [stdout] thread 'main' panicked at src/lib.rs:7:6:
[INFO] [stdout] failed to open file: Os { code: 2, kind: NotFound, message: "No such file or directory" }
[INFO] [stdout] stack backtrace:
[INFO] [stdout]    0:     0x5f8064526e0a - std::backtrace_rs::backtrace::libunwind::trace::hb059275cfc8d6126
[INFO] [stdout]                                at /rustc/6067b36314ab5eb2eb47cecc464545ba58e1ad24/library/std/src/../../backtrace/src/backtrace/libunwind.rs:116:5
[INFO] [stdout]    1:     0x5f8064526e0a - std::backtrace_rs::backtrace::trace_unsynchronized::h2da071e4327ce3ee
[INFO] [stdout]                                at /rustc/6067b36314ab5eb2eb47cecc464545ba58e1ad24/library/std/src/../../backtrace/src/backtrace/mod.rs:66:5
[INFO] [stdout]    2:     0x5f8064526e0a - std::sys::backtrace::_print_fmt::h842a1474e6f8d23f
[INFO] [stdout]                                at /rustc/6067b36314ab5eb2eb47cecc464545ba58e1ad24/library/std/src/sys/backtrace.rs:66:9
[INFO] [stdout]    3:     0x5f8064526e0a - <std::sys::backtrace::BacktraceLock::print::DisplayBacktrace as core::fmt::Display>::fmt::h71a62eb3b9696b12
[INFO] [stdout]                                at /rustc/6067b36314ab5eb2eb47cecc464545ba58e1ad24/library/std/src/sys/backtrace.rs:39:26
[INFO] [stdout]    4:     0x5f80645498c3 - core::fmt::rt::Argument::fmt::hdb6b616786b41dc1
[INFO] [stdout]                                at /rustc/6067b36314ab5eb2eb47cecc464545ba58e1ad24/library/core/src/fmt/rt.rs:177:76
[INFO] [stdout]    5:     0x5f80645498c3 - core::fmt::write::h2cc1698af7e2d686
[INFO] [stdout]                                at /rustc/6067b36314ab5eb2eb47cecc464545ba58e1ad24/library/core/src/fmt/mod.rs:1440:21
[INFO] [stdout]    6:     0x5f8064523ea3 - std::io::Write::write_fmt::h00c8700df393f328
[INFO] [stdout]                                at /rustc/6067b36314ab5eb2eb47cecc464545ba58e1ad24/library/std/src/io/mod.rs:1887:15
[INFO] [stdout]    7:     0x5f8064526c52 - std::sys::backtrace::BacktraceLock::print::h147fe35b4ea13b08
[INFO] [stdout]                                at /rustc/6067b36314ab5eb2eb47cecc464545ba58e1ad24/library/std/src/sys/backtrace.rs:42:9
[INFO] [stdout]    8:     0x5f8064527baf - std::panicking::default_hook::{{closure}}::hbd44223dbdc0d208
[INFO] [stdout]                                at /rustc/6067b36314ab5eb2eb47cecc464545ba58e1ad24/library/std/src/panicking.rs:298:22
[INFO] [stdout]    9:     0x5f8064527a1a - std::panicking::default_hook::h20f81eb0576efcec
[INFO] [stdout]                                at /rustc/6067b36314ab5eb2eb47cecc464545ba58e1ad24/library/std/src/panicking.rs:325:9
[INFO] [stdout]   10:     0x5f8064528592 - std::panicking::rust_panic_with_hook::h625eea43051b2edc
[INFO] [stdout]                                at /rustc/6067b36314ab5eb2eb47cecc464545ba58e1ad24/library/std/src/panicking.rs:831:13
[INFO] [stdout]   11:     0x5f806452831a - std::panicking::begin_panic_handler::{{closure}}::h4f9159cfbc3f6bd3
[INFO] [stdout]                                at /rustc/6067b36314ab5eb2eb47cecc464545ba58e1ad24/library/std/src/panicking.rs:704:13
[INFO] [stdout]   12:     0x5f8064527309 - std::sys::backtrace::__rust_end_short_backtrace::h0390abce48353151
[INFO] [stdout]                                at /rustc/6067b36314ab5eb2eb47cecc464545ba58e1ad24/library/std/src/sys/backtrace.rs:168:18
[INFO] [stdout]   13:     0x5f8064527fad - rust_begin_unwind
[INFO] [stdout]                                at /rustc/6067b36314ab5eb2eb47cecc464545ba58e1ad24/library/std/src/panicking.rs:695:5
[INFO] [stdout]   14:     0x5f8064547f50 - core::panicking::panic_fmt::h9e7c637e9e5f29c9
[INFO] [stdout]                                at /rustc/6067b36314ab5eb2eb47cecc464545ba58e1ad24/library/core/src/panicking.rs:75:14
[INFO] [stdout]   15:     0x5f80645483c6 - core::result::unwrap_failed::h7979f09313fe1849
[INFO] [stdout]                                at /rustc/6067b36314ab5eb2eb47cecc464545ba58e1ad24/library/core/src/result.rs:1704:5
[INFO] [stdout]   16:     0x5f80642dedae - core::result::Result<T,E>::expect::h5f96eb29840c6e4f
[INFO] [stdout]   17:     0x5f80642e15bc - rust_out::main::_doctest_main_src_lib_rs_20_0::h6a9ee5e7bac2130d
[INFO] [stdout]   18:     0x5f80642e1576 - rust_out::main::he88f0b9b281d54e0
[INFO] [stdout]   19:     0x5f80642dc0d3 - core::ops::function::FnOnce::call_once::hcf3829d8b58d0254
[INFO] [stdout]   20:     0x5f80642dbaa6 - std::sys::backtrace::__rust_begin_short_backtrace::h5e1527399e8d5bd4
[INFO] [stdout]   21:     0x5f80642dba09 - std::rt::lang_start::{{closure}}::h2c234101ed7b1b74
[INFO] [stdout]   22:     0x5f8064521380 - core::ops::function::impls::<impl core::ops::function::FnOnce<A> for &F>::call_once::h1b085b6c1d2518b2
[INFO] [stdout]                                at /rustc/6067b36314ab5eb2eb47cecc464545ba58e1ad24/library/core/src/ops/function.rs:284:13
[INFO] [stdout]   23:     0x5f8064521380 - std::panicking::try::do_call::h382f964a5a23b565
[INFO] [stdout]                                at /rustc/6067b36314ab5eb2eb47cecc464545ba58e1ad24/library/std/src/panicking.rs:587:40
[INFO] [stdout]   24:     0x5f8064521380 - std::panicking::try::h57f991055eb622f9
[INFO] [stdout]                                at /rustc/6067b36314ab5eb2eb47cecc464545ba58e1ad24/library/std/src/panicking.rs:550:19
[INFO] [stdout]   25:     0x5f8064521380 - std::panic::catch_unwind::h4d9a74ef04456343
[INFO] [stdout]                                at /rustc/6067b36314ab5eb2eb47cecc464545ba58e1ad24/library/std/src/panic.rs:358:14
[INFO] [stdout]   26:     0x5f8064521380 - std::rt::lang_start_internal::{{closure}}::h2faa8ae84a93f314
[INFO] [stdout]                                at /rustc/6067b36314ab5eb2eb47cecc464545ba58e1ad24/library/std/src/rt.rs:163:24
[INFO] [stdout]   27:     0x5f8064521380 - std::panicking::try::do_call::h0f8932bf638a9bf5
[INFO] [stdout]                                at /rustc/6067b36314ab5eb2eb47cecc464545ba58e1ad24/library/std/src/panicking.rs:587:40
[INFO] [stdout]   28:     0x5f8064521380 - std::panicking::try::h683416ea756b175d
[INFO] [stdout]                                at /rustc/6067b36314ab5eb2eb47cecc464545ba58e1ad24/library/std/src/panicking.rs:550:19
[INFO] [stdout]   29:     0x5f8064521380 - std::panic::catch_unwind::h56189fac8994979f
[INFO] [stdout]                                at /rustc/6067b36314ab5eb2eb47cecc464545ba58e1ad24/library/std/src/panic.rs:358:14
[INFO] [stdout]   30:     0x5f8064521380 - std::rt::lang_start_internal::h8bbc1061691274fe
[INFO] [stdout]                                at /rustc/6067b36314ab5eb2eb47cecc464545ba58e1ad24/library/std/src/rt.rs:159:5
[INFO] [stdout]   31:     0x5f80642db9f1 - std::rt::lang_start::h601b10a269c70ef7
[INFO] [stdout]   32:     0x5f80642e1605 - main
[INFO] [stdout]   33:     0x7abca2d8bd90 - <unknown>
[INFO] [stdout]   34:     0x7abca2d8be40 - __libc_start_main
[INFO] [stdout]   35:     0x5f80642d6885 - _start
[INFO] [stdout]   36:                0x0 - <unknown>
[INFO] [stdout] 
[INFO] [stdout] 
[INFO] [stdout] 
[INFO] [stdout] failures:
[INFO] [stdout]     src/lib.rs - (line 20)
[INFO] [stdout] 
[INFO] [stdout] test result: FAILED. 0 passed; 1 failed; 0 ignored; 0 measured; 0 filtered out; finished in 0.69s
[INFO] [stdout] 
[INFO] [stderr] error: doctest failed, to rerun pass `--doc`
[INFO] running `Command { std: "docker" "inspect" "0dd354eb53be513897ed25ed750757e313e7822d7172c030452719e429278c30", kill_on_drop: false }`
[INFO] running `Command { std: "docker" "rm" "-f" "0dd354eb53be513897ed25ed750757e313e7822d7172c030452719e429278c30", kill_on_drop: false }`
[INFO] [stdout] 0dd354eb53be513897ed25ed750757e313e7822d7172c030452719e429278c30
