[INFO] fetching crate rama-core 0.2.0-alpha.6...
[INFO] testing rama-core-0.2.0-alpha.6 against nightly-2025-01-18+rustflags=-Zrandomize-layout for randomize-layout-2
[INFO] extracting crate rama-core 0.2.0-alpha.6 into /workspace/builds/worker-1-tc2/source
[INFO] validating manifest of crates.io crate rama-core 0.2.0-alpha.6 on toolchain nightly-2025-01-18
[INFO] running `Command { std: CARGO_HOME="/workspace/cargo-home" RUSTUP_HOME="/workspace/rustup-home" "/workspace/cargo-home/bin/cargo" "+nightly-2025-01-18" "metadata" "--manifest-path" "Cargo.toml" "--no-deps", kill_on_drop: false }`
[INFO] started tweaking crates.io crate rama-core 0.2.0-alpha.6
[INFO] finished tweaking crates.io crate rama-core 0.2.0-alpha.6
[INFO] tweaked toml for crates.io crate rama-core 0.2.0-alpha.6 written to /workspace/builds/worker-1-tc2/source/Cargo.toml
[INFO] running `Command { std: CARGO_HOME="/workspace/cargo-home" RUSTUP_HOME="/workspace/rustup-home" "/workspace/cargo-home/bin/cargo" "+nightly-2025-01-18" "generate-lockfile" "--manifest-path" "Cargo.toml", kill_on_drop: false }`
[INFO] [stderr]     Updating crates.io index
[INFO] [stderr]      Locking 122 packages to latest compatible versions
[INFO] running `Command { std: CARGO_HOME="/workspace/cargo-home" RUSTUP_HOME="/workspace/rustup-home" "/workspace/cargo-home/bin/cargo" "+nightly-2025-01-18" "fetch" "--manifest-path" "Cargo.toml", kill_on_drop: false }`
[INFO] running `Command { std: "docker" "create" "-v" "/var/lib/crater-agent-workspace/builds/worker-1-tc2/target:/opt/rustwide/target:rw,Z" "-v" "/var/lib/crater-agent-workspace/builds/worker-1-tc2/source:/opt/rustwide/workdir:ro,Z" "-v" "/var/lib/crater-agent-workspace/cargo-home:/opt/rustwide/cargo-home:ro,Z" "-v" "/var/lib/crater-agent-workspace/rustup-home:/opt/rustwide/rustup-home:ro,Z" "-e" "SOURCE_DIR=/opt/rustwide/workdir" "-e" "CARGO_TARGET_DIR=/opt/rustwide/target" "-e" "CARGO_HOME=/opt/rustwide/cargo-home" "-e" "RUSTUP_HOME=/opt/rustwide/rustup-home" "-w" "/opt/rustwide/workdir" "-m" "1610612736" "--user" "0:0" "--network" "none" "ghcr.io/rust-lang/crates-build-env/linux@sha256:819108c5571ea2e421544af4d832f968d213c87fbe3707a016657f43d2f853bc" "/opt/rustwide/cargo-home/bin/cargo" "+nightly-2025-01-18" "metadata" "--no-deps" "--format-version=1", kill_on_drop: false }`
[INFO] [stdout] ef7e5188ea4b086e89f5608c5aa5a05db8d759eb7684dc8b23951daf5acaa7e5
[INFO] running `Command { std: "docker" "start" "-a" "ef7e5188ea4b086e89f5608c5aa5a05db8d759eb7684dc8b23951daf5acaa7e5", kill_on_drop: false }`
[INFO] running `Command { std: "docker" "inspect" "ef7e5188ea4b086e89f5608c5aa5a05db8d759eb7684dc8b23951daf5acaa7e5", kill_on_drop: false }`
[INFO] running `Command { std: "docker" "rm" "-f" "ef7e5188ea4b086e89f5608c5aa5a05db8d759eb7684dc8b23951daf5acaa7e5", kill_on_drop: false }`
[INFO] [stdout] ef7e5188ea4b086e89f5608c5aa5a05db8d759eb7684dc8b23951daf5acaa7e5
[INFO] running `Command { std: "docker" "create" "-v" "/var/lib/crater-agent-workspace/builds/worker-1-tc2/target:/opt/rustwide/target:rw,Z" "-v" "/var/lib/crater-agent-workspace/builds/worker-1-tc2/source:/opt/rustwide/workdir:ro,Z" "-v" "/var/lib/crater-agent-workspace/cargo-home:/opt/rustwide/cargo-home:ro,Z" "-v" "/var/lib/crater-agent-workspace/rustup-home:/opt/rustwide/rustup-home:ro,Z" "-e" "SOURCE_DIR=/opt/rustwide/workdir" "-e" "CARGO_TARGET_DIR=/opt/rustwide/target" "-e" "CARGO_INCREMENTAL=0" "-e" "RUST_BACKTRACE=full" "-e" "RUSTFLAGS=--cap-lints=forbid -Zrandomize-layout" "-e" "RUSTDOCFLAGS=--cap-lints=forbid" "-e" "CARGO_HOME=/opt/rustwide/cargo-home" "-e" "RUSTUP_HOME=/opt/rustwide/rustup-home" "-w" "/opt/rustwide/workdir" "-m" "1610612736" "--user" "0:0" "--network" "none" "ghcr.io/rust-lang/crates-build-env/linux@sha256:819108c5571ea2e421544af4d832f968d213c87fbe3707a016657f43d2f853bc" "/opt/rustwide/cargo-home/bin/cargo" "+nightly-2025-01-18" "build" "--frozen" "--message-format=json", kill_on_drop: false }`
[INFO] [stdout] 9bb1abd18b08ac2c1632499b46a73aadc371defc2cf5236cdc710942259900ee
[INFO] running `Command { std: "docker" "start" "-a" "9bb1abd18b08ac2c1632499b46a73aadc371defc2cf5236cdc710942259900ee", kill_on_drop: false }`
[INFO] [stderr]    Compiling proc-macro2 v1.0.93
[INFO] [stderr]    Compiling unicode-ident v1.0.14
[INFO] [stderr]    Compiling libc v0.2.169
[INFO] [stderr]    Compiling autocfg v1.4.0
[INFO] [stderr]    Compiling pin-project-lite v0.2.16
[INFO] [stderr]    Compiling parking_lot_core v0.9.10
[INFO] [stderr]    Compiling once_cell v1.20.2
[INFO] [stderr]    Compiling cfg-if v1.0.0
[INFO] [stderr]    Compiling scopeguard v1.2.0
[INFO] [stderr]    Compiling serde v1.0.217
[INFO] [stderr]    Compiling smallvec v1.13.2
[INFO] [stderr]    Compiling tracing-core v0.1.33
[INFO] [stderr]    Compiling paste v1.0.15
[INFO] [stderr]    Compiling parking v2.2.1
[INFO] [stderr]    Compiling futures-io v0.3.31
[INFO] [stderr]    Compiling futures-core v0.3.31
[INFO] [stderr]    Compiling fastrand v2.3.0
[INFO] [stderr]    Compiling rama-error v0.2.0-alpha.6
[INFO] [stderr]    Compiling lock_api v0.4.12
[INFO] [stderr]    Compiling slab v0.4.9
[INFO] [stderr]    Compiling futures-lite v2.6.0
[INFO] [stderr]    Compiling quote v1.0.38
[INFO] [stderr]    Compiling syn v2.0.96
[INFO] [stderr]    Compiling signal-hook-registry v1.4.2
[INFO] [stderr]    Compiling mio v1.0.3
[INFO] [stderr]    Compiling parking_lot v0.12.3
[INFO] [stderr]    Compiling tokio-macros v2.5.0
[INFO] [stderr]    Compiling tracing-attributes v0.1.28
[INFO] [stderr]    Compiling serde_derive v1.0.217
[INFO] [stderr]    Compiling tokio v1.43.0
[INFO] [stderr]    Compiling tracing v0.1.41
[INFO] [stderr]    Compiling tokio-graceful v0.2.2
[INFO] [stderr]    Compiling rama-utils v0.2.0-alpha.6
[INFO] [stderr]    Compiling rama-core v0.2.0-alpha.6 (/opt/rustwide/workdir)
[INFO] [stderr]     Finished `dev` profile [unoptimized + debuginfo] target(s) in 30.08s
[INFO] running `Command { std: "docker" "inspect" "9bb1abd18b08ac2c1632499b46a73aadc371defc2cf5236cdc710942259900ee", kill_on_drop: false }`
[INFO] running `Command { std: "docker" "rm" "-f" "9bb1abd18b08ac2c1632499b46a73aadc371defc2cf5236cdc710942259900ee", kill_on_drop: false }`
[INFO] [stdout] 9bb1abd18b08ac2c1632499b46a73aadc371defc2cf5236cdc710942259900ee
[INFO] running `Command { std: "docker" "create" "-v" "/var/lib/crater-agent-workspace/builds/worker-1-tc2/target:/opt/rustwide/target:rw,Z" "-v" "/var/lib/crater-agent-workspace/builds/worker-1-tc2/source:/opt/rustwide/workdir:ro,Z" "-v" "/var/lib/crater-agent-workspace/cargo-home:/opt/rustwide/cargo-home:ro,Z" "-v" "/var/lib/crater-agent-workspace/rustup-home:/opt/rustwide/rustup-home:ro,Z" "-e" "SOURCE_DIR=/opt/rustwide/workdir" "-e" "CARGO_TARGET_DIR=/opt/rustwide/target" "-e" "CARGO_INCREMENTAL=0" "-e" "RUST_BACKTRACE=full" "-e" "RUSTFLAGS=--cap-lints=forbid -Zrandomize-layout" "-e" "RUSTDOCFLAGS=--cap-lints=forbid" "-e" "CARGO_HOME=/opt/rustwide/cargo-home" "-e" "RUSTUP_HOME=/opt/rustwide/rustup-home" "-w" "/opt/rustwide/workdir" "-m" "1610612736" "--user" "0:0" "--network" "none" "ghcr.io/rust-lang/crates-build-env/linux@sha256:819108c5571ea2e421544af4d832f968d213c87fbe3707a016657f43d2f853bc" "/opt/rustwide/cargo-home/bin/cargo" "+nightly-2025-01-18" "test" "--frozen" "--no-run" "--message-format=json", kill_on_drop: false }`
[INFO] [stdout] ae579ce6bc4f35fce91db075a687cf534155a3ee315f36bd4286a0e86f5efef3
[INFO] running `Command { std: "docker" "start" "-a" "ae579ce6bc4f35fce91db075a687cf534155a3ee315f36bd4286a0e86f5efef3", kill_on_drop: false }`
[INFO] [stderr]    Compiling bytes v1.9.0
[INFO] [stderr]    Compiling memchr v2.7.4
[INFO] [stderr]    Compiling futures-core v0.3.31
[INFO] [stderr]    Compiling socket2 v0.5.8
[INFO] [stderr]    Compiling regex-syntax v0.8.5
[INFO] [stderr]    Compiling getrandom v0.2.15
[INFO] [stderr]    Compiling async-stream-impl v0.3.6
[INFO] [stderr]    Compiling log v0.4.25
[INFO] [stderr]    Compiling futures-lite v2.6.0
[INFO] [stderr]    Compiling rand_core v0.6.4
[INFO] [stderr]    Compiling rand v0.8.5
[INFO] [stderr]    Compiling tokio v1.43.0
[INFO] [stderr]    Compiling async-stream v0.3.6
[INFO] [stderr]    Compiling aho-corasick v1.1.3
[INFO] [stderr]    Compiling regex-automata v0.4.9
[INFO] [stderr]    Compiling regex v1.11.1
[INFO] [stderr]    Compiling env_logger v0.8.4
[INFO] [stderr]    Compiling quickcheck v1.0.3
[INFO] [stderr]    Compiling tokio-stream v0.1.17
[INFO] [stderr]    Compiling rama-utils v0.2.0-alpha.6
[INFO] [stderr]    Compiling tokio-graceful v0.2.2
[INFO] [stderr]    Compiling tokio-test v0.4.4
[INFO] [stderr]    Compiling rama-core v0.2.0-alpha.6 (/opt/rustwide/workdir)
[INFO] [stderr]     Finished `test` profile [unoptimized + debuginfo] target(s) in 32.86s
[INFO] running `Command { std: "docker" "inspect" "ae579ce6bc4f35fce91db075a687cf534155a3ee315f36bd4286a0e86f5efef3", kill_on_drop: false }`
[INFO] running `Command { std: "docker" "rm" "-f" "ae579ce6bc4f35fce91db075a687cf534155a3ee315f36bd4286a0e86f5efef3", kill_on_drop: false }`
[INFO] [stdout] ae579ce6bc4f35fce91db075a687cf534155a3ee315f36bd4286a0e86f5efef3
[INFO] running `Command { std: "docker" "create" "-v" "/var/lib/crater-agent-workspace/builds/worker-1-tc2/target:/opt/rustwide/target:rw,Z" "-v" "/var/lib/crater-agent-workspace/builds/worker-1-tc2/source:/opt/rustwide/workdir:ro,Z" "-v" "/var/lib/crater-agent-workspace/cargo-home:/opt/rustwide/cargo-home:ro,Z" "-v" "/var/lib/crater-agent-workspace/rustup-home:/opt/rustwide/rustup-home:ro,Z" "-e" "SOURCE_DIR=/opt/rustwide/workdir" "-e" "CARGO_TARGET_DIR=/opt/rustwide/target" "-e" "CARGO_INCREMENTAL=0" "-e" "RUST_BACKTRACE=full" "-e" "RUSTFLAGS=--cap-lints=forbid -Zrandomize-layout" "-e" "RUSTDOCFLAGS=--cap-lints=forbid" "-e" "CARGO_HOME=/opt/rustwide/cargo-home" "-e" "RUSTUP_HOME=/opt/rustwide/rustup-home" "-w" "/opt/rustwide/workdir" "-m" "1610612736" "--user" "0:0" "--network" "none" "ghcr.io/rust-lang/crates-build-env/linux@sha256:819108c5571ea2e421544af4d832f968d213c87fbe3707a016657f43d2f853bc" "/opt/rustwide/cargo-home/bin/cargo" "+nightly-2025-01-18" "test" "--frozen", kill_on_drop: false }`
[INFO] [stdout] 66b267a88c5e5a55dd73713658844f39ec10f73850381cce89cc8fe2497046c8
[INFO] running `Command { std: "docker" "start" "-a" "66b267a88c5e5a55dd73713658844f39ec10f73850381cce89cc8fe2497046c8", kill_on_drop: false }`
[INFO] [stderr]     Finished `test` profile [unoptimized + debuginfo] target(s) in 0.12s
[INFO] [stderr]      Running unittests src/lib.rs (/opt/rustwide/target/debug/deps/rama_core-19a748f055888e8b)
[INFO] [stdout] 
[INFO] [stdout] running 58 tests
[INFO] [stdout] test context::extensions::test_extensions ... ok
[INFO] [stdout] test layer::add_extension::tests::basic ... ok
[INFO] [stdout] test layer::get_extension::tests::get_extension_basic ... ok
[INFO] [stdout] test layer::layer_fn::tests::layer_fn_has_useful_debug_impl ... ok
[INFO] [stdout] test layer::limit::policy::concurrent::tests::concurrent_policy ... ok
[INFO] [stdout] test layer::limit::policy::matcher::tests::matcher_policy_empty ... ok
[INFO] [stdout] test layer::layer_fn::tests::test_layer_fn ... ok
[INFO] [stdout] test layer::limit::policy::concurrent::tests::concurrent_policy_zero ... ok
[INFO] [stdout] test layer::limit::policy::concurrent::tests::concurrent_policy_clone ... ok
[INFO] [stdout] test layer::limit::policy::matcher::tests::matcher_policy_always ... ok
[INFO] [stdout] test layer::limit::policy::matcher::tests::matcher_policy_scoped_limits ... ok
[INFO] [stdout] test matcher::ext::test::test_fn_extension_matcher ... ok
[INFO] [stdout] test matcher::test::test_and ... ok
[INFO] [stdout] test matcher::test::test_and_builder ... ok
[INFO] [stdout] test matcher::test::test_and_or ... ok
[INFO] [stdout] test matcher::test::test_box ... ok
[INFO] [stdout] test matcher::test::test_ext_insert_and_revert_iter_and ... ok
[INFO] [stdout] test matcher::test::test_ext_insert_and_revert_iter_or ... ok
[INFO] [stdout] test matcher::test::test_ext_insert_and_revert_op_and ... ok
[INFO] [stdout] test matcher::test::test_ext_insert_and_revert_op_or ... ok
[INFO] [stdout] test matcher::test::test_iter_box_and ... ok
[INFO] [stdout] test matcher::test::test_iter_box_or ... ok
[INFO] [stdout] test matcher::test::test_iter_empty ... ok
[INFO] [stdout] test matcher::test::test_iter_enum_or ... ok
[INFO] [stdout] test matcher::ext::test::test_extension_matcher ... ok
[INFO] [stdout] test matcher::test::test_and_never ... ok
[INFO] [stdout] test layer::limit::tests::test_zero_limit ... ok
[INFO] [stdout] test matcher::test::test_enum_matcher ... ok
[INFO] [stdout] test layer::limit::tests::test_with_error_into_response_fn ... ok
[INFO] [stdout] test matcher::test::test_iter_enum_and ... ok
[INFO] [stdout] test matcher::test::test_match_fn ... ok
[INFO] [stdout] test matcher::test::test_not ... ok
[INFO] [stdout] test matcher::test::test_option ... ok
[INFO] [stdout] test matcher::test::test_or_never ... ok
[INFO] [stdout] test service::svc::tests::add_svc ... ok
[INFO] [stdout] test matcher::test::test_not_builder ... ok
[INFO] [stdout] test service::handler::tests::test_service_fn ... ok
[INFO] [stdout] test service::svc::tests::assert_sync ... ok
[INFO] [stdout] test service::svc::tests::box_service_arc ... ok
[INFO] [stdout] test service::svc::tests::service_arc ... ok
[INFO] [stdout] test service::svc::tests::dynamic_dispatch ... ok
[INFO] [stdout] test service::svc::tests::static_dispatch ... ok
[INFO] [stdout] test service::handler::tests::test_service_fn_without_usage ... ok
[INFO] [stdout] test username::parse::test::test_parse_username_label_collector ... ok
[INFO] [stdout] test username::parse::test::test_parse_username_no_labels ... ok
[INFO] [stdout] test matcher::test::test_or_builder ... ok
[INFO] [stdout] test username::parse::test::test_username_label_parser_abort_exclusive_tuple ... ok
[INFO] [stdout] test username::parse::test::test_parse_username_empty ... ok
[INFO] [stdout] test username::parse::test::test_username_label_parser_abort_tuple ... ok
[INFO] [stdout] test matcher::test::test_match_fn_always ... ok
[INFO] [stdout] test service::svc::tests::assert_send ... ok
[INFO] [stdout] test username::parse::test::test_username_labels_multi_consumer_exclusive_parsers ... ok
[INFO] [stdout] test matcher::test::test_or ... ok
[INFO] [stdout] test username::parse::test::test_username_labels_multi_consumer_parser ... ok
[INFO] [stdout] test username::parse::test::test_username_labels_multi_parser ... ok
[INFO] [stdout] test username::parse::test::test_username_opaque_labels_none ... ok
[INFO] [stdout] test username::tests::parse_compose_username_labels ... ok
[INFO] [stdout] test layer::limit::tests::test_limit ... ok
[INFO] [stdout] 
[INFO] [stdout] test result: ok. 58 passed; 0 failed; 0 ignored; 0 measured; 0 filtered out; finished in 0.12s
[INFO] [stdout] 
[INFO] [stderr]    Doc-tests rama_core
[INFO] [stdout] 
[INFO] [stdout] running 13 tests
[INFO] [stdout] test src/context/mod.rs - context (line 35) ... FAILED
[INFO] [stdout] test src/context/mod.rs - context::Context<S>::extend (line 475) ... FAILED
[INFO] [stdout] test src/context/mod.rs - context::Context<S>::get_mut (line 273) ... FAILED
[INFO] [stdout] test src/context/mod.rs - context (line 54) ... FAILED
[INFO] [stdout] test src/context/mod.rs - context::Context<S>::get_or_insert_default (line 401) ... FAILED
[INFO] [stdout] test src/context/mod.rs - context::Context<S>::get_or_insert (line 383) ... FAILED
[INFO] [stdout] test src/context/mod.rs - context::Context<S>::get_or_insert_with_ctx (line 316) ... ok
[INFO] [stdout] test src/context/mod.rs - context::Context<S>::get_or_insert_with (line 292) ... ok
[INFO] [stdout] test src/context/mod.rs - context::Context<S>::insert (line 422) ... ok
[INFO] [stdout] test src/context/mod.rs - context::Context<S>::clear (line 495) ... FAILED
[INFO] [stdout] test src/context/mod.rs - context::Context<S>::get (line 249) ... FAILED
[INFO] [stdout] test src/layer/limit/policy/concurrent.rs - layer::limit::policy::concurrent (line 7) ... ok
[INFO] [stdout] test src/layer/add_extension.rs - layer::add_extension (line 7) ... ok
[INFO] [stdout] 
[INFO] [stdout] failures:
[INFO] [stdout] 
[INFO] [stdout] ---- src/context/mod.rs - context (line 35) stdout ----
[INFO] [stdout] error: linking with `cc` failed: exit status: 1
[INFO] [stdout]   |
[INFO] [stdout]   = note: LC_ALL="C" PATH="/opt/rustwide/rustup-home/toolchains/nightly-2025-01-18-x86_64-unknown-linux-gnu/lib/rustlib/x86_64-unknown-linux-gnu/bin:/opt/rustwide/rustup-home/toolchains/nightly-2025-01-18-x86_64-unknown-linux-gnu/lib/rustlib/x86_64-unknown-linux-gnu/bin/self-contained:/opt/rustwide/cargo-home/bin:/usr/local/sbin:/usr/local/bin:/usr/sbin:/usr/bin:/sbin:/bin" VSLANG="1033" "cc" "-m64" "/tmp/rustcOII78F/symbols.o" "<2 object files omitted>" "-Wl,--as-needed" "-Wl,-Bstatic" "/opt/rustwide/target/debug/deps/{librama_core-f2a79e7ff05e371d.rlib,librama_utils-358a9e0369b595c0.rlib,libserde-a4db9b3dc14cbd7a.rlib,libtokio_graceful-6ddc58b91571c73a.rlib,libtracing-dc8b2e665d01ba65.rlib,libtracing_core-d35bfc9f80081277.rlib,libonce_cell-2bffb8f01566609a.rlib,libslab-6a28740ccd11e32d.rlib,librama_error-11dbc211f90734c3.rlib,libtokio-82e7e96be216d10d.rlib,libsignal_hook_registry-4c6b42223aabaf0b.rlib,libsocket2-b1b3b86ac2e67c9d.rlib,libbytes-42f3e5d4836e1a02.rlib,libmio-24a78cb9c79b2ea4.rlib,libparking_lot-d0cfae80bddbaadd.rlib,libparking_lot_core-5f36485f2010db85.rlib,liblibc-bc7e97405f868017.rlib,libcfg_if-8f0231822091c729.rlib,libsmallvec-eac8be0f7215ab5a.rlib,liblock_api-7ed532b3ba6db1a6.rlib,libscopeguard-54efe0630e598d2f.rlib,libpin_project_lite-cb7b061d56820a9f.rlib}" "/opt/rustwide/rustup-home/toolchains/nightly-2025-01-18-x86_64-unknown-linux-gnu/lib/rustlib/x86_64-unknown-linux-gnu/lib/{libstd-006123e2ce67e99d.rlib,libpanic_unwind-e1447e1efa6f1e57.rlib,libobject-f6963a4916fcf097.rlib,libmemchr-49a2d9af912f4524.rlib,libaddr2line-04d19aad3936869d.rlib,libgimli-483c235edb789db0.rlib,librustc_demangle-294281af50b8f748.rlib,libstd_detect-3b08295250aabc2a.rlib,libhashbrown-4472d1e05ba0dfaf.rlib,librustc_std_workspace_alloc-2ef099fac590e457.rlib,libminiz_oxide-8a51f5e848546c29.rlib,libadler2-3d3fa22b868db521.rlib,libunwind-0ffda8b08e22dbea.rlib,libcfg_if-b08f62458fdd43b9.rlib,liblibc-559675126e63b890.rlib,liballoc-fcf21c8d1c9c7b75.rlib,librustc_std_workspace_core-e0b0460135bcf21d.rlib,libcore-d4097fdcbddd3bc7.rlib,libcompiler_builtins-fea484ac1eed7881.rlib}" "-Wl,-Bdynamic" "-lgcc_s" "-lutil" "-lrt" "-lpthread" "-lm" "-ldl" "-lc" "-B/opt/rustwide/rustup-home/toolchains/nightly-2025-01-18-x86_64-unknown-linux-gnu/lib/rustlib/x86_64-unknown-linux-gnu/bin/gcc-ld" "-fuse-ld=lld" "-Wl,--eh-frame-hdr" "-Wl,-z,noexecstack" "-L" "/opt/rustwide/rustup-home/toolchains/nightly-2025-01-18-x86_64-unknown-linux-gnu/lib/rustlib/x86_64-unknown-linux-gnu/lib" "-o" "/tmp/rustdoctestJxmNbe/rust_out" "-Wl,--gc-sections" "-pie" "-Wl,-z,relro,-z,now" "-nodefaultlibs"
[INFO] [stdout]   = note: some arguments are omitted. use `--verbose` to show all linker arguments
[INFO] [stdout]   = note: PLEASE submit a bug report to https://github.com/llvm/llvm-project/issues/ and include the crash backtrace.
[INFO] [stdout]           LLVM ERROR: IO failure on output stream: No space left on device
[INFO] [stdout]           collect2: error: ld returned 1 exit status
[INFO] [stdout]           
[INFO] [stdout] 
[INFO] [stdout] error: aborting due to 1 previous error
[INFO] [stdout] 
[INFO] [stdout] Couldn't compile the test.
[INFO] [stdout] ---- src/context/mod.rs - context::Context<S>::extend (line 475) stdout ----
[INFO] [stdout] error: linking with `cc` failed: exit status: 1
[INFO] [stdout]   |
[INFO] [stdout]   = note: LC_ALL="C" PATH="/opt/rustwide/rustup-home/toolchains/nightly-2025-01-18-x86_64-unknown-linux-gnu/lib/rustlib/x86_64-unknown-linux-gnu/bin:/opt/rustwide/rustup-home/toolchains/nightly-2025-01-18-x86_64-unknown-linux-gnu/lib/rustlib/x86_64-unknown-linux-gnu/bin/self-contained:/opt/rustwide/cargo-home/bin:/usr/local/sbin:/usr/local/bin:/usr/sbin:/usr/bin:/sbin:/bin" VSLANG="1033" "cc" "-m64" "/tmp/rustcBnX6CZ/symbols.o" "<2 object files omitted>" "-Wl,--as-needed" "-Wl,-Bstatic" "/opt/rustwide/target/debug/deps/{librama_core-f2a79e7ff05e371d.rlib,librama_utils-358a9e0369b595c0.rlib,libserde-a4db9b3dc14cbd7a.rlib,libtokio_graceful-6ddc58b91571c73a.rlib,libtracing-dc8b2e665d01ba65.rlib,libtracing_core-d35bfc9f80081277.rlib,libonce_cell-2bffb8f01566609a.rlib,libslab-6a28740ccd11e32d.rlib,librama_error-11dbc211f90734c3.rlib,libtokio-82e7e96be216d10d.rlib,libsignal_hook_registry-4c6b42223aabaf0b.rlib,libsocket2-b1b3b86ac2e67c9d.rlib,libbytes-42f3e5d4836e1a02.rlib,libmio-24a78cb9c79b2ea4.rlib,libparking_lot-d0cfae80bddbaadd.rlib,libparking_lot_core-5f36485f2010db85.rlib,liblibc-bc7e97405f868017.rlib,libcfg_if-8f0231822091c729.rlib,libsmallvec-eac8be0f7215ab5a.rlib,liblock_api-7ed532b3ba6db1a6.rlib,libscopeguard-54efe0630e598d2f.rlib,libpin_project_lite-cb7b061d56820a9f.rlib}" "/opt/rustwide/rustup-home/toolchains/nightly-2025-01-18-x86_64-unknown-linux-gnu/lib/rustlib/x86_64-unknown-linux-gnu/lib/{libstd-006123e2ce67e99d.rlib,libpanic_unwind-e1447e1efa6f1e57.rlib,libobject-f6963a4916fcf097.rlib,libmemchr-49a2d9af912f4524.rlib,libaddr2line-04d19aad3936869d.rlib,libgimli-483c235edb789db0.rlib,librustc_demangle-294281af50b8f748.rlib,libstd_detect-3b08295250aabc2a.rlib,libhashbrown-4472d1e05ba0dfaf.rlib,librustc_std_workspace_alloc-2ef099fac590e457.rlib,libminiz_oxide-8a51f5e848546c29.rlib,libadler2-3d3fa22b868db521.rlib,libunwind-0ffda8b08e22dbea.rlib,libcfg_if-b08f62458fdd43b9.rlib,liblibc-559675126e63b890.rlib,liballoc-fcf21c8d1c9c7b75.rlib,librustc_std_workspace_core-e0b0460135bcf21d.rlib,libcore-d4097fdcbddd3bc7.rlib,libcompiler_builtins-fea484ac1eed7881.rlib}" "-Wl,-Bdynamic" "-lgcc_s" "-lutil" "-lrt" "-lpthread" "-lm" "-ldl" "-lc" "-B/opt/rustwide/rustup-home/toolchains/nightly-2025-01-18-x86_64-unknown-linux-gnu/lib/rustlib/x86_64-unknown-linux-gnu/bin/gcc-ld" "-fuse-ld=lld" "-Wl,--eh-frame-hdr" "-Wl,-z,noexecstack" "-L" "/opt/rustwide/rustup-home/toolchains/nightly-2025-01-18-x86_64-unknown-linux-gnu/lib/rustlib/x86_64-unknown-linux-gnu/lib" "-o" "/tmp/rustdoctest0staE4/rust_out" "-Wl,--gc-sections" "-pie" "-Wl,-z,relro,-z,now" "-nodefaultlibs"
[INFO] [stdout]   = note: some arguments are omitted. use `--verbose` to show all linker arguments
[INFO] [stdout]   = note: PLEASE submit a bug report to https://github.com/llvm/llvm-project/issues/ and include the crash backtrace.
[INFO] [stdout]           LLVM ERROR: IO failure on output stream: No space left on device
[INFO] [stdout]           pure virtual method called
[INFO] [stdout]           terminate called without an active exception
[INFO] [stdout]           collect2: fatal error: ld terminated with signal 6 [Aborted], core dumped
[INFO] [stdout]           compilation terminated.
[INFO] [stdout]           
[INFO] [stdout] 
[INFO] [stdout] error: aborting due to 1 previous error
[INFO] [stdout] 
[INFO] [stdout] Couldn't compile the test.
[INFO] [stdout] ---- src/context/mod.rs - context::Context<S>::get_mut (line 273) stdout ----
[INFO] [stdout] error: linking with `cc` failed: exit status: 1
[INFO] [stdout]   |
[INFO] [stdout]   = note: LC_ALL="C" PATH="/opt/rustwide/rustup-home/toolchains/nightly-2025-01-18-x86_64-unknown-linux-gnu/lib/rustlib/x86_64-unknown-linux-gnu/bin:/opt/rustwide/rustup-home/toolchains/nightly-2025-01-18-x86_64-unknown-linux-gnu/lib/rustlib/x86_64-unknown-linux-gnu/bin/self-contained:/opt/rustwide/cargo-home/bin:/usr/local/sbin:/usr/local/bin:/usr/sbin:/usr/bin:/sbin:/bin" VSLANG="1033" "cc" "-m64" "/tmp/rustcyAFZLg/symbols.o" "<2 object files omitted>" "-Wl,--as-needed" "-Wl,-Bstatic" "/opt/rustwide/target/debug/deps/{librama_core-f2a79e7ff05e371d.rlib,librama_utils-358a9e0369b595c0.rlib,libserde-a4db9b3dc14cbd7a.rlib,libtokio_graceful-6ddc58b91571c73a.rlib,libtracing-dc8b2e665d01ba65.rlib,libtracing_core-d35bfc9f80081277.rlib,libonce_cell-2bffb8f01566609a.rlib,libslab-6a28740ccd11e32d.rlib,librama_error-11dbc211f90734c3.rlib,libtokio-82e7e96be216d10d.rlib,libsignal_hook_registry-4c6b42223aabaf0b.rlib,libsocket2-b1b3b86ac2e67c9d.rlib,libbytes-42f3e5d4836e1a02.rlib,libmio-24a78cb9c79b2ea4.rlib,libparking_lot-d0cfae80bddbaadd.rlib,libparking_lot_core-5f36485f2010db85.rlib,liblibc-bc7e97405f868017.rlib,libcfg_if-8f0231822091c729.rlib,libsmallvec-eac8be0f7215ab5a.rlib,liblock_api-7ed532b3ba6db1a6.rlib,libscopeguard-54efe0630e598d2f.rlib,libpin_project_lite-cb7b061d56820a9f.rlib}" "/opt/rustwide/rustup-home/toolchains/nightly-2025-01-18-x86_64-unknown-linux-gnu/lib/rustlib/x86_64-unknown-linux-gnu/lib/{libstd-006123e2ce67e99d.rlib,libpanic_unwind-e1447e1efa6f1e57.rlib,libobject-f6963a4916fcf097.rlib,libmemchr-49a2d9af912f4524.rlib,libaddr2line-04d19aad3936869d.rlib,libgimli-483c235edb789db0.rlib,librustc_demangle-294281af50b8f748.rlib,libstd_detect-3b08295250aabc2a.rlib,libhashbrown-4472d1e05ba0dfaf.rlib,librustc_std_workspace_alloc-2ef099fac590e457.rlib,libminiz_oxide-8a51f5e848546c29.rlib,libadler2-3d3fa22b868db521.rlib,libunwind-0ffda8b08e22dbea.rlib,libcfg_if-b08f62458fdd43b9.rlib,liblibc-559675126e63b890.rlib,liballoc-fcf21c8d1c9c7b75.rlib,librustc_std_workspace_core-e0b0460135bcf21d.rlib,libcore-d4097fdcbddd3bc7.rlib,libcompiler_builtins-fea484ac1eed7881.rlib}" "-Wl,-Bdynamic" "-lgcc_s" "-lutil" "-lrt" "-lpthread" "-lm" "-ldl" "-lc" "-B/opt/rustwide/rustup-home/toolchains/nightly-2025-01-18-x86_64-unknown-linux-gnu/lib/rustlib/x86_64-unknown-linux-gnu/bin/gcc-ld" "-fuse-ld=lld" "-Wl,--eh-frame-hdr" "-Wl,-z,noexecstack" "-L" "/opt/rustwide/rustup-home/toolchains/nightly-2025-01-18-x86_64-unknown-linux-gnu/lib/rustlib/x86_64-unknown-linux-gnu/lib" "-o" "/tmp/rustdoctesthOuTfn/rust_out" "-Wl,--gc-sections" "-pie" "-Wl,-z,relro,-z,now" "-nodefaultlibs"
[INFO] [stdout]   = note: some arguments are omitted. use `--verbose` to show all linker arguments
[INFO] [stdout]   = note: PLEASE submit a bug report to https://github.com/llvm/llvm-project/issues/ and include the crash backtrace.
[INFO] [stdout]           LLVM ERROR: IO failure on output stream: No space left on device
[INFO] [stdout]           collect2: fatal error: ld terminated with signal 7 [Bus error], core dumped
[INFO] [stdout]           compilation terminated.
[INFO] [stdout]           
[INFO] [stdout] 
[INFO] [stdout] error: aborting due to 1 previous error
[INFO] [stdout] 
[INFO] [stdout] Couldn't compile the test.
[INFO] [stdout] ---- src/context/mod.rs - context (line 54) stdout ----
[INFO] [stdout] error: linking with `cc` failed: exit status: 1
[INFO] [stdout]   |
[INFO] [stdout]   = note: LC_ALL="C" PATH="/opt/rustwide/rustup-home/toolchains/nightly-2025-01-18-x86_64-unknown-linux-gnu/lib/rustlib/x86_64-unknown-linux-gnu/bin:/opt/rustwide/rustup-home/toolchains/nightly-2025-01-18-x86_64-unknown-linux-gnu/lib/rustlib/x86_64-unknown-linux-gnu/bin/self-contained:/opt/rustwide/cargo-home/bin:/usr/local/sbin:/usr/local/bin:/usr/sbin:/usr/bin:/sbin:/bin" VSLANG="1033" "cc" "-m64" "/tmp/rustcApxD8M/symbols.o" "<2 object files omitted>" "-Wl,--as-needed" "-Wl,-Bstatic" "/opt/rustwide/target/debug/deps/{librama_core-f2a79e7ff05e371d.rlib,librama_utils-358a9e0369b595c0.rlib,libserde-a4db9b3dc14cbd7a.rlib,libtokio_graceful-6ddc58b91571c73a.rlib,libtracing-dc8b2e665d01ba65.rlib,libtracing_core-d35bfc9f80081277.rlib,libonce_cell-2bffb8f01566609a.rlib,libslab-6a28740ccd11e32d.rlib,librama_error-11dbc211f90734c3.rlib,libtokio-82e7e96be216d10d.rlib,libsignal_hook_registry-4c6b42223aabaf0b.rlib,libsocket2-b1b3b86ac2e67c9d.rlib,libbytes-42f3e5d4836e1a02.rlib,libmio-24a78cb9c79b2ea4.rlib,libparking_lot-d0cfae80bddbaadd.rlib,libparking_lot_core-5f36485f2010db85.rlib,liblibc-bc7e97405f868017.rlib,libcfg_if-8f0231822091c729.rlib,libsmallvec-eac8be0f7215ab5a.rlib,liblock_api-7ed532b3ba6db1a6.rlib,libscopeguard-54efe0630e598d2f.rlib,libpin_project_lite-cb7b061d56820a9f.rlib}" "/opt/rustwide/rustup-home/toolchains/nightly-2025-01-18-x86_64-unknown-linux-gnu/lib/rustlib/x86_64-unknown-linux-gnu/lib/{libstd-006123e2ce67e99d.rlib,libpanic_unwind-e1447e1efa6f1e57.rlib,libobject-f6963a4916fcf097.rlib,libmemchr-49a2d9af912f4524.rlib,libaddr2line-04d19aad3936869d.rlib,libgimli-483c235edb789db0.rlib,librustc_demangle-294281af50b8f748.rlib,libstd_detect-3b08295250aabc2a.rlib,libhashbrown-4472d1e05ba0dfaf.rlib,librustc_std_workspace_alloc-2ef099fac590e457.rlib,libminiz_oxide-8a51f5e848546c29.rlib,libadler2-3d3fa22b868db521.rlib,libunwind-0ffda8b08e22dbea.rlib,libcfg_if-b08f62458fdd43b9.rlib,liblibc-559675126e63b890.rlib,liballoc-fcf21c8d1c9c7b75.rlib,librustc_std_workspace_core-e0b0460135bcf21d.rlib,libcore-d4097fdcbddd3bc7.rlib,libcompiler_builtins-fea484ac1eed7881.rlib}" "-Wl,-Bdynamic" "-lgcc_s" "-lutil" "-lrt" "-lpthread" "-lm" "-ldl" "-lc" "-B/opt/rustwide/rustup-home/toolchains/nightly-2025-01-18-x86_64-unknown-linux-gnu/lib/rustlib/x86_64-unknown-linux-gnu/bin/gcc-ld" "-fuse-ld=lld" "-Wl,--eh-frame-hdr" "-Wl,-z,noexecstack" "-L" "/opt/rustwide/rustup-home/toolchains/nightly-2025-01-18-x86_64-unknown-linux-gnu/lib/rustlib/x86_64-unknown-linux-gnu/lib" "-o" "/tmp/rustdoctestWtYcVD/rust_out" "-Wl,--gc-sections" "-pie" "-Wl,-z,relro,-z,now" "-nodefaultlibs"
[INFO] [stdout]   = note: some arguments are omitted. use `--verbose` to show all linker arguments
[INFO] [stdout]   = note: collect2: fatal error: ld terminated with signal 7 [Bus error], core dumped
[INFO] [stdout]           compilation terminated.
[INFO] [stdout]           
[INFO] [stdout] 
[INFO] [stdout] error: aborting due to 1 previous error
[INFO] [stdout] 
[INFO] [stdout] Couldn't compile the test.
[INFO] [stdout] ---- src/context/mod.rs - context::Context<S>::get_or_insert_default (line 401) stdout ----
[INFO] [stdout] error: linking with `cc` failed: exit status: 1
[INFO] [stdout]   |
[INFO] [stdout]   = note: LC_ALL="C" PATH="/opt/rustwide/rustup-home/toolchains/nightly-2025-01-18-x86_64-unknown-linux-gnu/lib/rustlib/x86_64-unknown-linux-gnu/bin:/opt/rustwide/rustup-home/toolchains/nightly-2025-01-18-x86_64-unknown-linux-gnu/lib/rustlib/x86_64-unknown-linux-gnu/bin/self-contained:/opt/rustwide/cargo-home/bin:/usr/local/sbin:/usr/local/bin:/usr/sbin:/usr/bin:/sbin:/bin" VSLANG="1033" "cc" "-m64" "/tmp/rustcLWf0FT/symbols.o" "<2 object files omitted>" "-Wl,--as-needed" "-Wl,-Bstatic" "/opt/rustwide/target/debug/deps/{librama_core-f2a79e7ff05e371d.rlib,librama_utils-358a9e0369b595c0.rlib,libserde-a4db9b3dc14cbd7a.rlib,libtokio_graceful-6ddc58b91571c73a.rlib,libtracing-dc8b2e665d01ba65.rlib,libtracing_core-d35bfc9f80081277.rlib,libonce_cell-2bffb8f01566609a.rlib,libslab-6a28740ccd11e32d.rlib,librama_error-11dbc211f90734c3.rlib,libtokio-82e7e96be216d10d.rlib,libsignal_hook_registry-4c6b42223aabaf0b.rlib,libsocket2-b1b3b86ac2e67c9d.rlib,libbytes-42f3e5d4836e1a02.rlib,libmio-24a78cb9c79b2ea4.rlib,libparking_lot-d0cfae80bddbaadd.rlib,libparking_lot_core-5f36485f2010db85.rlib,liblibc-bc7e97405f868017.rlib,libcfg_if-8f0231822091c729.rlib,libsmallvec-eac8be0f7215ab5a.rlib,liblock_api-7ed532b3ba6db1a6.rlib,libscopeguard-54efe0630e598d2f.rlib,libpin_project_lite-cb7b061d56820a9f.rlib}" "/opt/rustwide/rustup-home/toolchains/nightly-2025-01-18-x86_64-unknown-linux-gnu/lib/rustlib/x86_64-unknown-linux-gnu/lib/{libstd-006123e2ce67e99d.rlib,libpanic_unwind-e1447e1efa6f1e57.rlib,libobject-f6963a4916fcf097.rlib,libmemchr-49a2d9af912f4524.rlib,libaddr2line-04d19aad3936869d.rlib,libgimli-483c235edb789db0.rlib,librustc_demangle-294281af50b8f748.rlib,libstd_detect-3b08295250aabc2a.rlib,libhashbrown-4472d1e05ba0dfaf.rlib,librustc_std_workspace_alloc-2ef099fac590e457.rlib,libminiz_oxide-8a51f5e848546c29.rlib,libadler2-3d3fa22b868db521.rlib,libunwind-0ffda8b08e22dbea.rlib,libcfg_if-b08f62458fdd43b9.rlib,liblibc-559675126e63b890.rlib,liballoc-fcf21c8d1c9c7b75.rlib,librustc_std_workspace_core-e0b0460135bcf21d.rlib,libcore-d4097fdcbddd3bc7.rlib,libcompiler_builtins-fea484ac1eed7881.rlib}" "-Wl,-Bdynamic" "-lgcc_s" "-lutil" "-lrt" "-lpthread" "-lm" "-ldl" "-lc" "-B/opt/rustwide/rustup-home/toolchains/nightly-2025-01-18-x86_64-unknown-linux-gnu/lib/rustlib/x86_64-unknown-linux-gnu/bin/gcc-ld" "-fuse-ld=lld" "-Wl,--eh-frame-hdr" "-Wl,-z,noexecstack" "-L" "/opt/rustwide/rustup-home/toolchains/nightly-2025-01-18-x86_64-unknown-linux-gnu/lib/rustlib/x86_64-unknown-linux-gnu/lib" "-o" "/tmp/rustdoctest4SLsbr/rust_out" "-Wl,--gc-sections" "-pie" "-Wl,-z,relro,-z,now" "-nodefaultlibs"
[INFO] [stdout]   = note: some arguments are omitted. use `--verbose` to show all linker arguments
[INFO] [stdout]   = note: PLEASE submit a bug report to https://github.com/llvm/llvm-project/issues/ and include the crash backtrace.
[INFO] [stdout]           LLVM ERROR: IO failure on output stream: No space left on device
[INFO] [stdout]           collect2: fatal error: ld terminated with signal 7 [Bus error], core dumped
[INFO] [stdout]           compilation terminated.
[INFO] [stdout]           
[INFO] [stdout] 
[INFO] [stdout] error: aborting due to 1 previous error
[INFO] [stdout] 
[INFO] [stdout] Couldn't compile the test.
[INFO] [stdout] ---- src/context/mod.rs - context::Context<S>::get_or_insert (line 383) stdout ----
[INFO] [stdout] error: linking with `cc` failed: exit status: 1
[INFO] [stdout]   |
[INFO] [stdout]   = note: LC_ALL="C" PATH="/opt/rustwide/rustup-home/toolchains/nightly-2025-01-18-x86_64-unknown-linux-gnu/lib/rustlib/x86_64-unknown-linux-gnu/bin:/opt/rustwide/rustup-home/toolchains/nightly-2025-01-18-x86_64-unknown-linux-gnu/lib/rustlib/x86_64-unknown-linux-gnu/bin/self-contained:/opt/rustwide/cargo-home/bin:/usr/local/sbin:/usr/local/bin:/usr/sbin:/usr/bin:/sbin:/bin" VSLANG="1033" "cc" "-m64" "/tmp/rustcdaptVg/symbols.o" "<2 object files omitted>" "-Wl,--as-needed" "-Wl,-Bstatic" "/opt/rustwide/target/debug/deps/{librama_core-f2a79e7ff05e371d.rlib,librama_utils-358a9e0369b595c0.rlib,libserde-a4db9b3dc14cbd7a.rlib,libtokio_graceful-6ddc58b91571c73a.rlib,libtracing-dc8b2e665d01ba65.rlib,libtracing_core-d35bfc9f80081277.rlib,libonce_cell-2bffb8f01566609a.rlib,libslab-6a28740ccd11e32d.rlib,librama_error-11dbc211f90734c3.rlib,libtokio-82e7e96be216d10d.rlib,libsignal_hook_registry-4c6b42223aabaf0b.rlib,libsocket2-b1b3b86ac2e67c9d.rlib,libbytes-42f3e5d4836e1a02.rlib,libmio-24a78cb9c79b2ea4.rlib,libparking_lot-d0cfae80bddbaadd.rlib,libparking_lot_core-5f36485f2010db85.rlib,liblibc-bc7e97405f868017.rlib,libcfg_if-8f0231822091c729.rlib,libsmallvec-eac8be0f7215ab5a.rlib,liblock_api-7ed532b3ba6db1a6.rlib,libscopeguard-54efe0630e598d2f.rlib,libpin_project_lite-cb7b061d56820a9f.rlib}" "/opt/rustwide/rustup-home/toolchains/nightly-2025-01-18-x86_64-unknown-linux-gnu/lib/rustlib/x86_64-unknown-linux-gnu/lib/{libstd-006123e2ce67e99d.rlib,libpanic_unwind-e1447e1efa6f1e57.rlib,libobject-f6963a4916fcf097.rlib,libmemchr-49a2d9af912f4524.rlib,libaddr2line-04d19aad3936869d.rlib,libgimli-483c235edb789db0.rlib,librustc_demangle-294281af50b8f748.rlib,libstd_detect-3b08295250aabc2a.rlib,libhashbrown-4472d1e05ba0dfaf.rlib,librustc_std_workspace_alloc-2ef099fac590e457.rlib,libminiz_oxide-8a51f5e848546c29.rlib,libadler2-3d3fa22b868db521.rlib,libunwind-0ffda8b08e22dbea.rlib,libcfg_if-b08f62458fdd43b9.rlib,liblibc-559675126e63b890.rlib,liballoc-fcf21c8d1c9c7b75.rlib,librustc_std_workspace_core-e0b0460135bcf21d.rlib,libcore-d4097fdcbddd3bc7.rlib,libcompiler_builtins-fea484ac1eed7881.rlib}" "-Wl,-Bdynamic" "-lgcc_s" "-lutil" "-lrt" "-lpthread" "-lm" "-ldl" "-lc" "-B/opt/rustwide/rustup-home/toolchains/nightly-2025-01-18-x86_64-unknown-linux-gnu/lib/rustlib/x86_64-unknown-linux-gnu/bin/gcc-ld" "-fuse-ld=lld" "-Wl,--eh-frame-hdr" "-Wl,-z,noexecstack" "-L" "/opt/rustwide/rustup-home/toolchains/nightly-2025-01-18-x86_64-unknown-linux-gnu/lib/rustlib/x86_64-unknown-linux-gnu/lib" "-o" "/tmp/rustdoctestQDfM9y/rust_out" "-Wl,--gc-sections" "-pie" "-Wl,-z,relro,-z,now" "-nodefaultlibs"
[INFO] [stdout]   = note: some arguments are omitted. use `--verbose` to show all linker arguments
[INFO] [stdout]   = note: PLEASE submit a bug report to https://github.com/llvm/llvm-project/issues/ and include the crash backtrace.
[INFO] [stdout]           collect2: fatal error: ld terminated with signal 7 [Bus error], core dumped
[INFO] [stdout]           compilation terminated.
[INFO] [stdout]           
[INFO] [stdout] 
[INFO] [stdout] error: aborting due to 1 previous error
[INFO] [stdout] 
[INFO] [stdout] Couldn't compile the test.
[INFO] [stdout] ---- src/context/mod.rs - context::Context<S>::clear (line 495) stdout ----
[INFO] [stdout] error: linking with `cc` failed: exit status: 1
[INFO] [stdout]   |
[INFO] [stdout]   = note: LC_ALL="C" PATH="/opt/rustwide/rustup-home/toolchains/nightly-2025-01-18-x86_64-unknown-linux-gnu/lib/rustlib/x86_64-unknown-linux-gnu/bin:/opt/rustwide/rustup-home/toolchains/nightly-2025-01-18-x86_64-unknown-linux-gnu/lib/rustlib/x86_64-unknown-linux-gnu/bin/self-contained:/opt/rustwide/cargo-home/bin:/usr/local/sbin:/usr/local/bin:/usr/sbin:/usr/bin:/sbin:/bin" VSLANG="1033" "cc" "-m64" "/tmp/rustczoNLbK/symbols.o" "<2 object files omitted>" "-Wl,--as-needed" "-Wl,-Bstatic" "/opt/rustwide/target/debug/deps/{librama_core-f2a79e7ff05e371d.rlib,librama_utils-358a9e0369b595c0.rlib,libserde-a4db9b3dc14cbd7a.rlib,libtokio_graceful-6ddc58b91571c73a.rlib,libtracing-dc8b2e665d01ba65.rlib,libtracing_core-d35bfc9f80081277.rlib,libonce_cell-2bffb8f01566609a.rlib,libslab-6a28740ccd11e32d.rlib,librama_error-11dbc211f90734c3.rlib,libtokio-82e7e96be216d10d.rlib,libsignal_hook_registry-4c6b42223aabaf0b.rlib,libsocket2-b1b3b86ac2e67c9d.rlib,libbytes-42f3e5d4836e1a02.rlib,libmio-24a78cb9c79b2ea4.rlib,libparking_lot-d0cfae80bddbaadd.rlib,libparking_lot_core-5f36485f2010db85.rlib,liblibc-bc7e97405f868017.rlib,libcfg_if-8f0231822091c729.rlib,libsmallvec-eac8be0f7215ab5a.rlib,liblock_api-7ed532b3ba6db1a6.rlib,libscopeguard-54efe0630e598d2f.rlib,libpin_project_lite-cb7b061d56820a9f.rlib}" "/opt/rustwide/rustup-home/toolchains/nightly-2025-01-18-x86_64-unknown-linux-gnu/lib/rustlib/x86_64-unknown-linux-gnu/lib/{libstd-006123e2ce67e99d.rlib,libpanic_unwind-e1447e1efa6f1e57.rlib,libobject-f6963a4916fcf097.rlib,libmemchr-49a2d9af912f4524.rlib,libaddr2line-04d19aad3936869d.rlib,libgimli-483c235edb789db0.rlib,librustc_demangle-294281af50b8f748.rlib,libstd_detect-3b08295250aabc2a.rlib,libhashbrown-4472d1e05ba0dfaf.rlib,librustc_std_workspace_alloc-2ef099fac590e457.rlib,libminiz_oxide-8a51f5e848546c29.rlib,libadler2-3d3fa22b868db521.rlib,libunwind-0ffda8b08e22dbea.rlib,libcfg_if-b08f62458fdd43b9.rlib,liblibc-559675126e63b890.rlib,liballoc-fcf21c8d1c9c7b75.rlib,librustc_std_workspace_core-e0b0460135bcf21d.rlib,libcore-d4097fdcbddd3bc7.rlib,libcompiler_builtins-fea484ac1eed7881.rlib}" "-Wl,-Bdynamic" "-lgcc_s" "-lutil" "-lrt" "-lpthread" "-lm" "-ldl" "-lc" "-B/opt/rustwide/rustup-home/toolchains/nightly-2025-01-18-x86_64-unknown-linux-gnu/lib/rustlib/x86_64-unknown-linux-gnu/bin/gcc-ld" "-fuse-ld=lld" "-Wl,--eh-frame-hdr" "-Wl,-z,noexecstack" "-L" "/opt/rustwide/rustup-home/toolchains/nightly-2025-01-18-x86_64-unknown-linux-gnu/lib/rustlib/x86_64-unknown-linux-gnu/lib" "-o" "/tmp/rustdoctestNtq2Jc/rust_out" "-Wl,--gc-sections" "-pie" "-Wl,-z,relro,-z,now" "-nodefaultlibs"
[INFO] [stdout]   = note: some arguments are omitted. use `--verbose` to show all linker arguments
[INFO] [stdout]   = note: PLEASE submit a bug report to https://github.com/llvm/llvm-project/issues/ and include the crash backtrace.
[INFO] [stdout]           Stack dump:
[INFO] [stdout]           0.    Program arguments: /opt/rustwide/rustup-home/toolchains/nightly-2025-01-18-x86_64-unknown-linux-gnu/lib/rustlib/x86_64-unknown-linux-gnu/bin/rust-lld -flavor gnu -plugin /usr/lib/gcc/x86_64-linux-gnu/11/liblto_plugin.so -plugin-opt=/usr/lib/gcc/x86_64-linux-gnu/11/lto-wrapper -plugin-opt=-fresolution=/tmp/ccnxr7pK.res --build-id --eh-frame-hdr -m elf_x86_64 --hash-style=gnu --as-needed -dynamic-linker /lib64/ld-linux-x86-64.so.2 -pie -z now -z relro -o /tmp/rustdoctestNtq2Jc/rust_out /usr/lib/gcc/x86_64-linux-gnu/11/../../../x86_64-linux-gnu/Scrt1.o /usr/lib/gcc/x86_64-linux-gnu/11/../../../x86_64-linux-gnu/crti.o /usr/lib/gcc/x86_64-linux-gnu/11/crtbeginS.o -L/opt/rustwide/rustup-home/toolchains/nightly-2025-01-18-x86_64-unknown-linux-gnu/lib/rustlib/x86_64-unknown-linux-gnu/lib -L/opt/rustwide/rustup-home/toolchains/nightly-2025-01-18-x86_64-unknown-linux-gnu/lib/rustlib/x86_64-unknown-linux-gnu/bin/gcc-ld -L/usr/lib/gcc/x86_64-linux-gnu/11 -L/usr/lib/gcc/x86_64-linux-gnu/11/../../../x86_64-linux-gnu -L/usr/lib/gcc/x86_64-linux-gnu/11/../../../../lib -L/lib/x86_64-linux-gnu -L/lib/../lib -L/usr/lib/x86_64-linux-gnu -L/usr/lib/../lib -L/usr/lib/gcc/x86_64-linux-gnu/11/../../.. /tmp/rustczoNLbK/symbols.o /tmp/rustdoctestNtq2Jc/rust_out.rust_out.6a3e3f7878aae58b-cgu.0.rcgu.o /tmp/rustdoctestNtq2Jc/rust_out.04lx7tfanwnzd5fu5mylfyri7.rcgu.o --as-needed -Bstatic /opt/rustwide/target/debug/deps/librama_core-f2a79e7ff05e371d.rlib /opt/rustwide/target/debug/deps/librama_utils-358a9e0369b595c0.rlib /opt/rustwide/target/debug/deps/libserde-a4db9b3dc14cbd7a.rlib /opt/rustwide/target/debug/deps/libtokio_graceful-6ddc58b91571c73a.rlib /opt/rustwide/target/debug/deps/libtracing-dc8b2e665d01ba65.rlib /opt/rustwide/target/debug/deps/libtracing_core-d35bfc9f80081277.rlib /opt/rustwide/target/debug/deps/libonce_cell-2bffb8f01566609a.rlib /opt/rustwide/target/debug/deps/libslab-6a28740ccd11e32d.rlib /opt/rustwide/target/debug/deps/librama_error-11dbc211f90734c3.rlib /opt/rustwide/target/debug/deps/libtokio-82e7e96be216d10d.rlib /opt/rustwide/target/debug/deps/libsignal_hook_registry-4c6b42223aabaf0b.rlib /opt/rustwide/target/debug/deps/libsocket2-b1b3b86ac2e67c9d.rlib /opt/rustwide/target/debug/deps/libbytes-42f3e5d4836e1a02.rlib /opt/rustwide/target/debug/deps/libmio-24a78cb9c79b2ea4.rlib /opt/rustwide/target/debug/deps/libparking_lot-d0cfae80bddbaadd.rlib /opt/rustwide/target/debug/deps/libparking_lot_core-5f36485f2010db85.rlib /opt/rustwide/target/debug/deps/liblibc-bc7e97405f868017.rlib /opt/rustwide/target/debug/deps/libcfg_if-8f0231822091c729.rlib /opt/rustwide/target/debug/deps/libsmallvec-eac8be0f7215ab5a.rlib /opt/rustwide/target/debug/deps/liblock_api-7ed532b3ba6db1a6.rlib /opt/rustwide/target/debug/deps/libscopeguard-54efe0630e598d2f.rlib /opt/rustwide/target/debug/deps/libpin_project_lite-cb7b061d56820a9f.rlib /opt/rustwide/rustup-home/toolchains/nightly-2025-01-18-x86_64-unknown-linux-gnu/lib/rustlib/x86_64-unknown-linux-gnu/lib/libstd-006123e2ce67e99d.rlib /opt/rustwide/rustup-home/toolchains/nightly-2025-01-18-x86_64-unknown-linux-gnu/lib/rustlib/x86_64-unknown-linux-gnu/lib/libpanic_unwind-e1447e1efa6f1e57.rlib /opt/rustwide/rustup-home/toolchains/nightly-2025-01-18-x86_64-unknown-linux-gnu/lib/rustlib/x86_64-unknown-linux-gnu/lib/libobject-f6963a4916fcf097.rlib /opt/rustwide/rustup-home/toolchains/nightly-2025-01-18-x86_64-unknown-linux-gnu/lib/rustlib/x86_64-unknown-linux-gnu/lib/libmemchr-49a2d9af912f4524.rlib /opt/rustwide/rustup-home/toolchains/nightly-2025-01-18-x86_64-unknown-linux-gnu/lib/rustlib/x86_64-unknown-linux-gnu/lib/libaddr2line-04d19aad3936869d.rlib /opt/rustwide/rustup-home/toolchains/nightly-2025-01-18-x86_64-unknown-linux-gnu/lib/rustlib/x86_64-unknown-linux-gnu/lib/libgimli-483c235edb789db0.rlib /opt/rustwide/rustup-home/toolchains/nightly-2025-01-18-x86_64-unknown-linux-gnu/lib/rustlib/x86_64-unknown-linux-gnu/lib/librustc_demangle-294281af50b8f748.rlib /opt/rustwide/rustup-home/toolchains/nightly-2025-01-18-x86_64-unknown-linux-gnu/lib/rustlib/x86_64-unknown-linux-gnu/lib/libstd_detect-3b08295250aabc2a.rlib /opt/rustwide/rustup-home/toolchains/nightly-2025-01-18-x86_64-unknown-linux-gnu/lib/rustlib/x86_64-unknown-linux-gnu/lib/libhashbrown-4472d1e05ba0dfaf.rlib /opt/rustwide/rustup-home/toolchains/nightly-2025-01-18-x86_64-unknown-linux-gnu/lib/rustlib/x86_64-unknown-linux-gnu/lib/librustc_std_workspace_alloc-2ef099fac590e457.rlib /opt/rustwide/rustup-home/toolchains/nightly-2025-01-18-x86_64-unknown-linux-gnu/lib/rustlib/x86_64-unknown-linux-gnu/lib/libminiz_oxide-8a51f5e848546c29.rlib /opt/rustwide/rustup-home/toolchains/nightly-2025-01-18-x86_64-unknown-linux-gnu/lib/rustlib/x86_64-unknown-linux-gnu/lib/libadler2-3d3fa22b868db521.rlib /opt/rustwide/rustup-home/toolchains/nightly-2025-01-18-x86_64-unknown-linux-gnu/lib/rustlib/x86_64-unknown-linux-gnu/lib/libunwind-0ffda8b08e22dbea.rlib /opt/rustwide/rustup-home/toolchains/nightly-2025-01-18-x86_64-unknown-linux-gnu/lib/rustlib/x86_64-unknown-linux-gnu/lib/libcfg_if-b08f62458fdd43b9.rlib /opt/rustwide/rustup-home/toolchains/nightly-2025-01-18-x86_64-unknown-linux-gnu/lib/rustlib/x86_64-unknown-linux-gnu/lib/liblibc-559675126e63b890.rlib /opt/rustwide/rustup-home/toolchains/nightly-2025-01-18-x86_64-unknown-linux-gnu/lib/rustlib/x86_64-unknown-linux-gnu/lib/liballoc-fcf21c8d1c9c7b75.rlib /opt/rustwide/rustup-home/toolchains/nightly-2025-01-18-x86_64-unknown-linux-gnu/lib/rustlib/x86_64-unknown-linux-gnu/lib/librustc_std_workspace_core-e0b0460135bcf21d.rlib /opt/rustwide/rustup-home/toolchains/nightly-2025-01-18-x86_64-unknown-linux-gnu/lib/rustlib/x86_64-unknown-linux-gnu/lib/libcore-d4097fdcbddd3bc7.rlib /opt/rustwide/rustup-home/toolchains/nightly-2025-01-18-x86_64-unknown-linux-gnu/lib/rustlib/x86_64-unknown-linux-gnu/lib/libcompiler_builtins-fea484ac1eed7881.rlib -Bdynamic -lgcc_s -lutil -lrt -lpthread -lm -ldl -lc --eh-frame-hdr -z noexecstack --gc-sections -z relro -z now /usr/lib/gcc/x86_64-linux-gnu/11/crtendS.o /usr/lib/gcc/x86_64-linux-gnu/11/../../../x86_64-linux-gnu/crtn.o
[INFO] [stdout]            #0 0x00007e57d6f5df67 llvm::sys::PrintStackTrace(llvm::raw_ostream&, int) (/opt/rustwide/rustup-home/toolchains/nightly-2025-01-18-x86_64-unknown-linux-gnu/lib/libLLVM.so.19.1-rust-1.86.0-nightly+0x3f5df67)
[INFO] [stdout]            #1 0x00007e57d6f5e37c SignalHandler(int) (/opt/rustwide/rustup-home/toolchains/nightly-2025-01-18-x86_64-unknown-linux-gnu/lib/libLLVM.so.19.1-rust-1.86.0-nightly+0x3f5e37c)
[INFO] [stdout]            #2 0x00007e57db006520 (/lib/x86_64-linux-gnu/libc.so.6+0x42520)
[INFO] [stdout]            #3 0x000055f8b98efc73 void lld::elf::writeResult<llvm::object::ELFType<(llvm::endianness)1, true> >() (/opt/rustwide/rustup-home/toolchains/nightly-2025-01-18-x86_64-unknown-linux-gnu/lib/rustlib/x86_64-unknown-linux-gnu/bin/rust-lld+0x512c73)
[INFO] [stdout]            #4 0x000055f8b9723b36 void lld::elf::LinkerDriver::link<llvm::object::ELFType<(llvm::endianness)1, true> >(llvm::opt::InputArgList&) Driver.cpp:0:0
[INFO] [stdout]            #5 0x000055f8b97094ec lld::elf::link(llvm::ArrayRef<char const*>, llvm::raw_ostream&, llvm::raw_ostream&, bool, bool) (/opt/rustwide/rustup-home/toolchains/nightly-2025-01-18-x86_64-unknown-linux-gnu/lib/rustlib/x86_64-unknown-linux-gnu/bin/rust-lld+0x32c4ec)
[INFO] [stdout]            #6 0x000055f8b963aae0 lld::unsafeLldMain(llvm::ArrayRef<char const*>, llvm::raw_ostream&, llvm::raw_ostream&, llvm::ArrayRef<lld::DriverDef>, bool) (/opt/rustwide/rustup-home/toolchains/nightly-2025-01-18-x86_64-unknown-linux-gnu/lib/rustlib/x86_64-unknown-linux-gnu/bin/rust-lld+0x25dae0)
[INFO] [stdout]            #7 0x000055f8b9639b7d lld_main(int, char**, llvm::ToolContext const&) (/opt/rustwide/rustup-home/toolchains/nightly-2025-01-18-x86_64-unknown-linux-gnu/lib/rustlib/x86_64-unknown-linux-gnu/bin/rust-lld+0x25cb7d)
[INFO] [stdout]            #8 0x000055f8b963a221 main (/opt/rustwide/rustup-home/toolchains/nightly-2025-01-18-x86_64-unknown-linux-gnu/lib/rustlib/x86_64-unknown-linux-gnu/bin/rust-lld+0x25d221)
[INFO] [stdout]            #9 0x00007e57dafedd90 (/lib/x86_64-linux-gnu/libc.so.6+0x29d90)
[INFO] [stdout]           #10 0x00007e57dafede40 __libc_start_main (/lib/x86_64-linux-gnu/libc.so.6+0x29e40)
[INFO] [stdout]           #11 0x000055f8b94bc7e9 _start (/opt/rustwide/rustup-home/toolchains/nightly-2025-01-18-x86_64-unknown-linux-gnu/lib/rustlib/x86_64-unknown-linux-gnu/bin/rust-lld+0xdf7e9)
[INFO] [stdout]           rust-lld: error: failed to write output '/tmp/rustdoctestNtq2Jc/rust_out': No such file or directory
[INFO] [stdout]           collect2: error: ld returned 1 exit status
[INFO] [stdout]           
[INFO] [stdout] 
[INFO] [stdout] error: aborting due to 1 previous error
[INFO] [stdout] 
[INFO] [stdout] Couldn't compile the test.
[INFO] [stdout] ---- src/context/mod.rs - context::Context<S>::get (line 249) stdout ----
[INFO] [stdout] error: linking with `cc` failed: exit status: 1
[INFO] [stdout]   |
[INFO] [stdout]   = note: LC_ALL="C" PATH="/opt/rustwide/rustup-home/toolchains/nightly-2025-01-18-x86_64-unknown-linux-gnu/lib/rustlib/x86_64-unknown-linux-gnu/bin:/opt/rustwide/rustup-home/toolchains/nightly-2025-01-18-x86_64-unknown-linux-gnu/lib/rustlib/x86_64-unknown-linux-gnu/bin/self-contained:/opt/rustwide/cargo-home/bin:/usr/local/sbin:/usr/local/bin:/usr/sbin:/usr/bin:/sbin:/bin" VSLANG="1033" "cc" "-m64" "/tmp/rustcCI8Sck/symbols.o" "<2 object files omitted>" "-Wl,--as-needed" "-Wl,-Bstatic" "/opt/rustwide/target/debug/deps/{librama_core-f2a79e7ff05e371d.rlib,librama_utils-358a9e0369b595c0.rlib,libserde-a4db9b3dc14cbd7a.rlib,libtokio_graceful-6ddc58b91571c73a.rlib,libtracing-dc8b2e665d01ba65.rlib,libtracing_core-d35bfc9f80081277.rlib,libonce_cell-2bffb8f01566609a.rlib,libslab-6a28740ccd11e32d.rlib,librama_error-11dbc211f90734c3.rlib,libtokio-82e7e96be216d10d.rlib,libsignal_hook_registry-4c6b42223aabaf0b.rlib,libsocket2-b1b3b86ac2e67c9d.rlib,libbytes-42f3e5d4836e1a02.rlib,libmio-24a78cb9c79b2ea4.rlib,libparking_lot-d0cfae80bddbaadd.rlib,libparking_lot_core-5f36485f2010db85.rlib,liblibc-bc7e97405f868017.rlib,libcfg_if-8f0231822091c729.rlib,libsmallvec-eac8be0f7215ab5a.rlib,liblock_api-7ed532b3ba6db1a6.rlib,libscopeguard-54efe0630e598d2f.rlib,libpin_project_lite-cb7b061d56820a9f.rlib}" "/opt/rustwide/rustup-home/toolchains/nightly-2025-01-18-x86_64-unknown-linux-gnu/lib/rustlib/x86_64-unknown-linux-gnu/lib/{libstd-006123e2ce67e99d.rlib,libpanic_unwind-e1447e1efa6f1e57.rlib,libobject-f6963a4916fcf097.rlib,libmemchr-49a2d9af912f4524.rlib,libaddr2line-04d19aad3936869d.rlib,libgimli-483c235edb789db0.rlib,librustc_demangle-294281af50b8f748.rlib,libstd_detect-3b08295250aabc2a.rlib,libhashbrown-4472d1e05ba0dfaf.rlib,librustc_std_workspace_alloc-2ef099fac590e457.rlib,libminiz_oxide-8a51f5e848546c29.rlib,libadler2-3d3fa22b868db521.rlib,libunwind-0ffda8b08e22dbea.rlib,libcfg_if-b08f62458fdd43b9.rlib,liblibc-559675126e63b890.rlib,liballoc-fcf21c8d1c9c7b75.rlib,librustc_std_workspace_core-e0b0460135bcf21d.rlib,libcore-d4097fdcbddd3bc7.rlib,libcompiler_builtins-fea484ac1eed7881.rlib}" "-Wl,-Bdynamic" "-lgcc_s" "-lutil" "-lrt" "-lpthread" "-lm" "-ldl" "-lc" "-B/opt/rustwide/rustup-home/toolchains/nightly-2025-01-18-x86_64-unknown-linux-gnu/lib/rustlib/x86_64-unknown-linux-gnu/bin/gcc-ld" "-fuse-ld=lld" "-Wl,--eh-frame-hdr" "-Wl,-z,noexecstack" "-L" "/opt/rustwide/rustup-home/toolchains/nightly-2025-01-18-x86_64-unknown-linux-gnu/lib/rustlib/x86_64-unknown-linux-gnu/lib" "-o" "/tmp/rustdoctest1x6vIu/rust_out" "-Wl,--gc-sections" "-pie" "-Wl,-z,relro,-z,now" "-nodefaultlibs"
[INFO] [stdout]   = note: some arguments are omitted. use `--verbose` to show all linker arguments
[INFO] [stdout]   = note: PLEASE submit a bug report to https://github.com/llvm/llvm-project/issues/ and include the crash backtrace.
[INFO] [stdout]           Stack dump:
[INFO] [stdout]           0.    Program arguments: /opt/rustwide/rustup-home/toolchains/nightly-2025-01-18-x86_64-unknown-linux-gnu/lib/rustlib/x86_64-unknown-linux-gnu/bin/rust-lld -flavor gnu -plugin /usr/lib/gcc/x86_64-linux-gnu/11/liblto_plugin.so -plugin-opt=/usr/lib/gcc/x86_64-linux-gnu/11/lto-wrapper -plugin-opt=-fresolution=/tmp/cc0Z9kGt.res --build-id --eh-frame-hdr -m elf_x86_64 --hash-style=gnu --as-needed -dynamic-linker /lib64/ld-linux-x86-64.so.2 -pie -z now -z relro -o /tmp/rustdoctest1x6vIu/rust_out /usr/lib/gcc/x86_64-linux-gnu/11/../../../x86_64-linux-gnu/Scrt1.o /usr/lib/gcc/x86_64-linux-gnu/11/../../../x86_64-linux-gnu/crti.o /usr/lib/gcc/x86_64-linux-gnu/11/crtbeginS.o -L/opt/rustwide/rustup-home/toolchains/nightly-2025-01-18-x86_64-unknown-linux-gnu/lib/rustlib/x86_64-unknown-linux-gnu/lib -L/opt/rustwide/rustup-home/toolchains/nightly-2025-01-18-x86_64-unknown-linux-gnu/lib/rustlib/x86_64-unknown-linux-gnu/bin/gcc-ld -L/usr/lib/gcc/x86_64-linux-gnu/11 -L/usr/lib/gcc/x86_64-linux-gnu/11/../../../x86_64-linux-gnu -L/usr/lib/gcc/x86_64-linux-gnu/11/../../../../lib -L/lib/x86_64-linux-gnu -L/lib/../lib -L/usr/lib/x86_64-linux-gnu -L/usr/lib/../lib -L/usr/lib/gcc/x86_64-linux-gnu/11/../../.. /tmp/rustcCI8Sck/symbols.o /tmp/rustdoctest1x6vIu/rust_out.rust_out.6a3e3f7878aae58b-cgu.0.rcgu.o /tmp/rustdoctest1x6vIu/rust_out.04lx7tfanwnzd5fu5mylfyri7.rcgu.o --as-needed -Bstatic /opt/rustwide/target/debug/deps/librama_core-f2a79e7ff05e371d.rlib /opt/rustwide/target/debug/deps/librama_utils-358a9e0369b595c0.rlib /opt/rustwide/target/debug/deps/libserde-a4db9b3dc14cbd7a.rlib /opt/rustwide/target/debug/deps/libtokio_graceful-6ddc58b91571c73a.rlib /opt/rustwide/target/debug/deps/libtracing-dc8b2e665d01ba65.rlib /opt/rustwide/target/debug/deps/libtracing_core-d35bfc9f80081277.rlib /opt/rustwide/target/debug/deps/libonce_cell-2bffb8f01566609a.rlib /opt/rustwide/target/debug/deps/libslab-6a28740ccd11e32d.rlib /opt/rustwide/target/debug/deps/librama_error-11dbc211f90734c3.rlib /opt/rustwide/target/debug/deps/libtokio-82e7e96be216d10d.rlib /opt/rustwide/target/debug/deps/libsignal_hook_registry-4c6b42223aabaf0b.rlib /opt/rustwide/target/debug/deps/libsocket2-b1b3b86ac2e67c9d.rlib /opt/rustwide/target/debug/deps/libbytes-42f3e5d4836e1a02.rlib /opt/rustwide/target/debug/deps/libmio-24a78cb9c79b2ea4.rlib /opt/rustwide/target/debug/deps/libparking_lot-d0cfae80bddbaadd.rlib /opt/rustwide/target/debug/deps/libparking_lot_core-5f36485f2010db85.rlib /opt/rustwide/target/debug/deps/liblibc-bc7e97405f868017.rlib /opt/rustwide/target/debug/deps/libcfg_if-8f0231822091c729.rlib /opt/rustwide/target/debug/deps/libsmallvec-eac8be0f7215ab5a.rlib /opt/rustwide/target/debug/deps/liblock_api-7ed532b3ba6db1a6.rlib /opt/rustwide/target/debug/deps/libscopeguard-54efe0630e598d2f.rlib /opt/rustwide/target/debug/deps/libpin_project_lite-cb7b061d56820a9f.rlib /opt/rustwide/rustup-home/toolchains/nightly-2025-01-18-x86_64-unknown-linux-gnu/lib/rustlib/x86_64-unknown-linux-gnu/lib/libstd-006123e2ce67e99d.rlib /opt/rustwide/rustup-home/toolchains/nightly-2025-01-18-x86_64-unknown-linux-gnu/lib/rustlib/x86_64-unknown-linux-gnu/lib/libpanic_unwind-e1447e1efa6f1e57.rlib /opt/rustwide/rustup-home/toolchains/nightly-2025-01-18-x86_64-unknown-linux-gnu/lib/rustlib/x86_64-unknown-linux-gnu/lib/libobject-f6963a4916fcf097.rlib /opt/rustwide/rustup-home/toolchains/nightly-2025-01-18-x86_64-unknown-linux-gnu/lib/rustlib/x86_64-unknown-linux-gnu/lib/libmemchr-49a2d9af912f4524.rlib /opt/rustwide/rustup-home/toolchains/nightly-2025-01-18-x86_64-unknown-linux-gnu/lib/rustlib/x86_64-unknown-linux-gnu/lib/libaddr2line-04d19aad3936869d.rlib /opt/rustwide/rustup-home/toolchains/nightly-2025-01-18-x86_64-unknown-linux-gnu/lib/rustlib/x86_64-unknown-linux-gnu/lib/libgimli-483c235edb789db0.rlib /opt/rustwide/rustup-home/toolchains/nightly-2025-01-18-x86_64-unknown-linux-gnu/lib/rustlib/x86_64-unknown-linux-gnu/lib/librustc_demangle-294281af50b8f748.rlib /opt/rustwide/rustup-home/toolchains/nightly-2025-01-18-x86_64-unknown-linux-gnu/lib/rustlib/x86_64-unknown-linux-gnu/lib/libstd_detect-3b08295250aabc2a.rlib /opt/rustwide/rustup-home/toolchains/nightly-2025-01-18-x86_64-unknown-linux-gnu/lib/rustlib/x86_64-unknown-linux-gnu/lib/libhashbrown-4472d1e05ba0dfaf.rlib /opt/rustwide/rustup-home/toolchains/nightly-2025-01-18-x86_64-unknown-linux-gnu/lib/rustlib/x86_64-unknown-linux-gnu/lib/librustc_std_workspace_alloc-2ef099fac590e457.rlib /opt/rustwide/rustup-home/toolchains/nightly-2025-01-18-x86_64-unknown-linux-gnu/lib/rustlib/x86_64-unknown-linux-gnu/lib/libminiz_oxide-8a51f5e848546c29.rlib /opt/rustwide/rustup-home/toolchains/nightly-2025-01-18-x86_64-unknown-linux-gnu/lib/rustlib/x86_64-unknown-linux-gnu/lib/libadler2-3d3fa22b868db521.rlib /opt/rustwide/rustup-home/toolchains/nightly-2025-01-18-x86_64-unknown-linux-gnu/lib/rustlib/x86_64-unknown-linux-gnu/lib/libunwind-0ffda8b08e22dbea.rlib /opt/rustwide/rustup-home/toolchains/nightly-2025-01-18-x86_64-unknown-linux-gnu/lib/rustlib/x86_64-unknown-linux-gnu/lib/libcfg_if-b08f62458fdd43b9.rlib /opt/rustwide/rustup-home/toolchains/nightly-2025-01-18-x86_64-unknown-linux-gnu/lib/rustlib/x86_64-unknown-linux-gnu/lib/liblibc-559675126e63b890.rlib /opt/rustwide/rustup-home/toolchains/nightly-2025-01-18-x86_64-unknown-linux-gnu/lib/rustlib/x86_64-unknown-linux-gnu/lib/liballoc-fcf21c8d1c9c7b75.rlib /opt/rustwide/rustup-home/toolchains/nightly-2025-01-18-x86_64-unknown-linux-gnu/lib/rustlib/x86_64-unknown-linux-gnu/lib/librustc_std_workspace_core-e0b0460135bcf21d.rlib /opt/rustwide/rustup-home/toolchains/nightly-2025-01-18-x86_64-unknown-linux-gnu/lib/rustlib/x86_64-unknown-linux-gnu/lib/libcore-d4097fdcbddd3bc7.rlib /opt/rustwide/rustup-home/toolchains/nightly-2025-01-18-x86_64-unknown-linux-gnu/lib/rustlib/x86_64-unknown-linux-gnu/lib/libcompiler_builtins-fea484ac1eed7881.rlib -Bdynamic -lgcc_s -lutil -lrt -lpthread -lm -ldl -lc --eh-frame-hdr -z noexecstack --gc-sections -z relro -z now /usr/lib/gcc/x86_64-linux-gnu/11/crtendS.o /usr/lib/gcc/x86_64-linux-gnu/11/../../../x86_64-linux-gnu/crtn.o
[INFO] [stdout]            #0 0x000076ecb115df67 llvm::sys::PrintStackTrace(llvm::raw_ostream&, int) (/opt/rustwide/rustup-home/toolchains/nightly-2025-01-18-x86_64-unknown-linux-gnu/lib/libLLVM.so.19.1-rust-1.86.0-nightly+0x3f5df67)
[INFO] [stdout]            #1 0x000076ecb115e37c SignalHandler(int) (/opt/rustwide/rustup-home/toolchains/nightly-2025-01-18-x86_64-unknown-linux-gnu/lib/libLLVM.so.19.1-rust-1.86.0-nightly+0x3f5e37c)
[INFO] [stdout]            #2 0x000076ecad019520 (/lib/x86_64-linux-gnu/libc.so.6+0x42520)
[INFO] [stdout]            #3 0x0000572260f59c73 void lld::elf::writeResult<llvm::object::ELFType<(llvm::endianness)1, true> >() (/opt/rustwide/rustup-home/toolchains/nightly-2025-01-18-x86_64-unknown-linux-gnu/lib/rustlib/x86_64-unknown-linux-gnu/bin/rust-lld+0x512c73)
[INFO] [stdout]            #4 0x0000572260d8db36 void lld::elf::LinkerDriver::link<llvm::object::ELFType<(llvm::endianness)1, true> >(llvm::opt::InputArgList&) Driver.cpp:0:0
[INFO] [stdout]            #5 0x0000572260d734ec lld::elf::link(llvm::ArrayRef<char const*>, llvm::raw_ostream&, llvm::raw_ostream&, bool, bool) (/opt/rustwide/rustup-home/toolchains/nightly-2025-01-18-x86_64-unknown-linux-gnu/lib/rustlib/x86_64-unknown-linux-gnu/bin/rust-lld+0x32c4ec)
[INFO] [stdout]            #6 0x0000572260ca4ae0 lld::unsafeLldMain(llvm::ArrayRef<char const*>, llvm::raw_ostream&, llvm::raw_ostream&, llvm::ArrayRef<lld::DriverDef>, bool) (/opt/rustwide/rustup-home/toolchains/nightly-2025-01-18-x86_64-unknown-linux-gnu/lib/rustlib/x86_64-unknown-linux-gnu/bin/rust-lld+0x25dae0)
[INFO] [stdout]            #7 0x0000572260ca3b7d lld_main(int, char**, llvm::ToolContext const&) (/opt/rustwide/rustup-home/toolchains/nightly-2025-01-18-x86_64-unknown-linux-gnu/lib/rustlib/x86_64-unknown-linux-gnu/bin/rust-lld+0x25cb7d)
[INFO] [stdout]            #8 0x0000572260ca4221 main (/opt/rustwide/rustup-home/toolchains/nightly-2025-01-18-x86_64-unknown-linux-gnu/lib/rustlib/x86_64-unknown-linux-gnu/bin/rust-lld+0x25d221)
[INFO] [stdout]            #9 0x000076ecad000d90 (/lib/x86_64-linux-gnu/libc.so.6+0x29d90)
[INFO] [stdout]           #10 0x000076ecad000e40 __libc_start_main (/lib/x86_64-linux-gnu/libc.so.6+0x29e40)
[INFO] [stdout]           #11 0x0000572260b267e9 _start (/opt/rustwide/rustup-home/toolchains/nightly-2025-01-18-x86_64-unknown-linux-gnu/lib/rustlib/x86_64-unknown-linux-gnu/bin/rust-lld+0xdf7e9)
[INFO] [stdout]           rust-lld: error: failed to write output '/tmp/rustdoctest1x6vIu/rust_out': No such file or directory
[INFO] [stdout]           collect2: error: ld returned 1 exit status
[INFO] [stdout]           
[INFO] [stdout] 
[INFO] [stdout] error: aborting due to 1 previous error
[INFO] [stdout] 
[INFO] [stdout] Couldn't compile the test.
[INFO] [stdout] 
[INFO] [stdout] failures:
[INFO] [stdout]     src/context/mod.rs - context (line 35)
[INFO] [stdout]     src/context/mod.rs - context (line 54)
[INFO] [stdout]     src/context/mod.rs - context::Context<S>::clear (line 495)
[INFO] [stdout]     src/context/mod.rs - context::Context<S>::extend (line 475)
[INFO] [stdout]     src/context/mod.rs - context::Context<S>::get (line 249)
[INFO] [stdout]     src/context/mod.rs - context::Context<S>::get_mut (line 273)
[INFO] [stdout]     src/context/mod.rs - context::Context<S>::get_or_insert (line 383)
[INFO] [stdout]     src/context/mod.rs - context::Context<S>::get_or_insert_default (line 401)
[INFO] [stdout] 
[INFO] [stdout] test result: FAILED. 5 passed; 8 failed; 0 ignored; 0 measured; 0 filtered out; finished in 3.73s
[INFO] [stdout] 
[INFO] [stderr] error: doctest failed, to rerun pass `--doc`
[INFO] running `Command { std: "docker" "inspect" "66b267a88c5e5a55dd73713658844f39ec10f73850381cce89cc8fe2497046c8", kill_on_drop: false }`
[INFO] running `Command { std: "docker" "rm" "-f" "66b267a88c5e5a55dd73713658844f39ec10f73850381cce89cc8fe2497046c8", kill_on_drop: false }`
[INFO] [stdout] 66b267a88c5e5a55dd73713658844f39ec10f73850381cce89cc8fe2497046c8
