[INFO] fetching crate pirates 0.1.2...
[INFO] testing pirates-0.1.2 against nightly-2025-01-18+rustflags=-Zrandomize-layout for randomize-layout-2
[INFO] extracting crate pirates 0.1.2 into /workspace/builds/worker-4-tc2/source
[INFO] validating manifest of crates.io crate pirates 0.1.2 on toolchain nightly-2025-01-18
[INFO] running `Command { std: CARGO_HOME="/workspace/cargo-home" RUSTUP_HOME="/workspace/rustup-home" "/workspace/cargo-home/bin/cargo" "+nightly-2025-01-18" "metadata" "--manifest-path" "Cargo.toml" "--no-deps", kill_on_drop: false }`
[INFO] started tweaking crates.io crate pirates 0.1.2
[INFO] finished tweaking crates.io crate pirates 0.1.2
[INFO] tweaked toml for crates.io crate pirates 0.1.2 written to /workspace/builds/worker-4-tc2/source/Cargo.toml
[INFO] running `Command { std: CARGO_HOME="/workspace/cargo-home" RUSTUP_HOME="/workspace/rustup-home" "/workspace/cargo-home/bin/cargo" "+nightly-2025-01-18" "generate-lockfile" "--manifest-path" "Cargo.toml", kill_on_drop: false }`
[INFO] [stderr]     Updating crates.io index
[INFO] [stderr]     Blocking waiting for file lock on package cache
[INFO] [stderr]      Locking 56 packages to latest compatible versions
[INFO] running `Command { std: CARGO_HOME="/workspace/cargo-home" RUSTUP_HOME="/workspace/rustup-home" "/workspace/cargo-home/bin/cargo" "+nightly-2025-01-18" "fetch" "--manifest-path" "Cargo.toml", kill_on_drop: false }`
[INFO] [stderr]     Blocking waiting for file lock on package cache
[INFO] [stderr]     Blocking waiting for file lock on package cache
[INFO] running `Command { std: "docker" "create" "-v" "/var/lib/crater-agent-workspace/builds/worker-4-tc2/target:/opt/rustwide/target:rw,Z" "-v" "/var/lib/crater-agent-workspace/builds/worker-4-tc2/source:/opt/rustwide/workdir:ro,Z" "-v" "/var/lib/crater-agent-workspace/cargo-home:/opt/rustwide/cargo-home:ro,Z" "-v" "/var/lib/crater-agent-workspace/rustup-home:/opt/rustwide/rustup-home:ro,Z" "-e" "SOURCE_DIR=/opt/rustwide/workdir" "-e" "CARGO_TARGET_DIR=/opt/rustwide/target" "-e" "CARGO_HOME=/opt/rustwide/cargo-home" "-e" "RUSTUP_HOME=/opt/rustwide/rustup-home" "-w" "/opt/rustwide/workdir" "-m" "1610612736" "--user" "0:0" "--network" "none" "ghcr.io/rust-lang/crates-build-env/linux@sha256:819108c5571ea2e421544af4d832f968d213c87fbe3707a016657f43d2f853bc" "/opt/rustwide/cargo-home/bin/cargo" "+nightly-2025-01-18" "metadata" "--no-deps" "--format-version=1", kill_on_drop: false }`
[INFO] [stdout] 95cbab42b35943cc9258ec6fa8c1003421c55478015d949729052932254b4874
[INFO] running `Command { std: "docker" "start" "-a" "95cbab42b35943cc9258ec6fa8c1003421c55478015d949729052932254b4874", kill_on_drop: false }`
[INFO] running `Command { std: "docker" "inspect" "95cbab42b35943cc9258ec6fa8c1003421c55478015d949729052932254b4874", kill_on_drop: false }`
[INFO] running `Command { std: "docker" "rm" "-f" "95cbab42b35943cc9258ec6fa8c1003421c55478015d949729052932254b4874", kill_on_drop: false }`
[INFO] [stdout] 95cbab42b35943cc9258ec6fa8c1003421c55478015d949729052932254b4874
[INFO] running `Command { std: "docker" "create" "-v" "/var/lib/crater-agent-workspace/builds/worker-4-tc2/target:/opt/rustwide/target:rw,Z" "-v" "/var/lib/crater-agent-workspace/builds/worker-4-tc2/source:/opt/rustwide/workdir:ro,Z" "-v" "/var/lib/crater-agent-workspace/cargo-home:/opt/rustwide/cargo-home:ro,Z" "-v" "/var/lib/crater-agent-workspace/rustup-home:/opt/rustwide/rustup-home:ro,Z" "-e" "SOURCE_DIR=/opt/rustwide/workdir" "-e" "CARGO_TARGET_DIR=/opt/rustwide/target" "-e" "CARGO_INCREMENTAL=0" "-e" "RUST_BACKTRACE=full" "-e" "RUSTFLAGS=--cap-lints=forbid -Zrandomize-layout" "-e" "RUSTDOCFLAGS=--cap-lints=forbid" "-e" "CARGO_HOME=/opt/rustwide/cargo-home" "-e" "RUSTUP_HOME=/opt/rustwide/rustup-home" "-w" "/opt/rustwide/workdir" "-m" "1610612736" "--user" "0:0" "--network" "none" "ghcr.io/rust-lang/crates-build-env/linux@sha256:819108c5571ea2e421544af4d832f968d213c87fbe3707a016657f43d2f853bc" "/opt/rustwide/cargo-home/bin/cargo" "+nightly-2025-01-18" "build" "--frozen" "--message-format=json", kill_on_drop: false }`
[INFO] [stdout] b30e1a28fc6005e1887f79f53875c9b8433ef906d9b9f163d08b350a2916819f
[INFO] running `Command { std: "docker" "start" "-a" "b30e1a28fc6005e1887f79f53875c9b8433ef906d9b9f163d08b350a2916819f", kill_on_drop: false }`
[INFO] [stderr]    Compiling proc-macro2 v1.0.93
[INFO] [stderr]    Compiling unicode-ident v1.0.14
[INFO] [stderr]    Compiling autocfg v1.4.0
[INFO] [stderr]    Compiling libc v0.2.169
[INFO] [stderr]    Compiling serde v1.0.217
[INFO] [stderr]    Compiling syn v1.0.109
[INFO] [stderr]    Compiling iter-read v1.1.0
[INFO] [stderr]    Compiling pin-project-lite v0.2.16
[INFO] [stderr]    Compiling bytes v1.9.0
[INFO] [stderr]    Compiling byteorder v1.5.0
[INFO] [stderr]    Compiling log v0.4.25
[INFO] [stderr]    Compiling num-traits v0.2.19
[INFO] [stderr]    Compiling quote v1.0.38
[INFO] [stderr]    Compiling mio v1.0.3
[INFO] [stderr]    Compiling socket2 v0.5.8
[INFO] [stderr]    Compiling syn v2.0.96
[INFO] [stderr]    Compiling num-integer v0.1.46
[INFO] [stderr]    Compiling num-bigint v0.4.6
[INFO] [stderr]    Compiling serde_derive v1.0.217
[INFO] [stderr]    Compiling tokio-macros v2.5.0
[INFO] [stderr]    Compiling async-trait v0.1.85
[INFO] [stderr]    Compiling tokio v1.43.0
[INFO] [stderr]    Compiling pirates_macro_lib v0.1.0
[INFO] [stderr]    Compiling serde-pickle v1.2.0
[INFO] [stderr]    Compiling pirates v0.1.2 (/opt/rustwide/workdir)
[INFO] [stdout] warning: trait `ToFromBytes` is never used
[INFO] [stdout]   --> src/core.rs:12:11
[INFO] [stdout]    |
[INFO] [stdout] 12 | pub trait ToFromBytes {
[INFO] [stdout]    |           ^^^^^^^^^^^
[INFO] [stdout]    |
[INFO] [stdout]    = note: `#[warn(dead_code)]` on by default
[INFO] [stdout] 
[INFO] [stdout] 
[INFO] [stderr]     Finished `dev` profile [unoptimized + debuginfo] target(s) in 19.60s
[INFO] running `Command { std: "docker" "inspect" "b30e1a28fc6005e1887f79f53875c9b8433ef906d9b9f163d08b350a2916819f", kill_on_drop: false }`
[INFO] running `Command { std: "docker" "rm" "-f" "b30e1a28fc6005e1887f79f53875c9b8433ef906d9b9f163d08b350a2916819f", kill_on_drop: false }`
[INFO] [stdout] b30e1a28fc6005e1887f79f53875c9b8433ef906d9b9f163d08b350a2916819f
[INFO] running `Command { std: "docker" "create" "-v" "/var/lib/crater-agent-workspace/builds/worker-4-tc2/target:/opt/rustwide/target:rw,Z" "-v" "/var/lib/crater-agent-workspace/builds/worker-4-tc2/source:/opt/rustwide/workdir:ro,Z" "-v" "/var/lib/crater-agent-workspace/cargo-home:/opt/rustwide/cargo-home:ro,Z" "-v" "/var/lib/crater-agent-workspace/rustup-home:/opt/rustwide/rustup-home:ro,Z" "-e" "SOURCE_DIR=/opt/rustwide/workdir" "-e" "CARGO_TARGET_DIR=/opt/rustwide/target" "-e" "CARGO_INCREMENTAL=0" "-e" "RUST_BACKTRACE=full" "-e" "RUSTFLAGS=--cap-lints=forbid -Zrandomize-layout" "-e" "RUSTDOCFLAGS=--cap-lints=forbid" "-e" "CARGO_HOME=/opt/rustwide/cargo-home" "-e" "RUSTUP_HOME=/opt/rustwide/rustup-home" "-w" "/opt/rustwide/workdir" "-m" "1610612736" "--user" "0:0" "--network" "none" "ghcr.io/rust-lang/crates-build-env/linux@sha256:819108c5571ea2e421544af4d832f968d213c87fbe3707a016657f43d2f853bc" "/opt/rustwide/cargo-home/bin/cargo" "+nightly-2025-01-18" "test" "--frozen" "--no-run" "--message-format=json", kill_on_drop: false }`
[INFO] [stdout] 7108225e01ce98e5532818a3fa622aa2de1c46b6a21c980abfd2a270fb050a0d
[INFO] running `Command { std: "docker" "start" "-a" "7108225e01ce98e5532818a3fa622aa2de1c46b6a21c980abfd2a270fb050a0d", kill_on_drop: false }`
[INFO] [stderr]    Compiling pirates v0.1.2 (/opt/rustwide/workdir)
[INFO] [stdout] warning: trait `ToFromBytes` is never used
[INFO] [stdout]   --> src/core.rs:12:11
[INFO] [stdout]    |
[INFO] [stdout] 12 | pub trait ToFromBytes {
[INFO] [stdout]    |           ^^^^^^^^^^^
[INFO] [stdout]    |
[INFO] [stdout]    = note: `#[warn(dead_code)]` on by default
[INFO] [stdout] 
[INFO] [stdout] 
[INFO] [stdout] warning: trait `ToFromBytes` is never used
[INFO] [stdout]   --> src/core.rs:12:11
[INFO] [stdout]    |
[INFO] [stdout] 12 | pub trait ToFromBytes {
[INFO] [stdout]    |           ^^^^^^^^^^^
[INFO] [stdout]    |
[INFO] [stdout]    = note: `#[warn(dead_code)]` on by default
[INFO] [stdout] 
[INFO] [stdout] 
[INFO] [stderr]     Finished `test` profile [unoptimized + debuginfo] target(s) in 1.56s
[INFO] running `Command { std: "docker" "inspect" "7108225e01ce98e5532818a3fa622aa2de1c46b6a21c980abfd2a270fb050a0d", kill_on_drop: false }`
[INFO] running `Command { std: "docker" "rm" "-f" "7108225e01ce98e5532818a3fa622aa2de1c46b6a21c980abfd2a270fb050a0d", kill_on_drop: false }`
[INFO] [stdout] 7108225e01ce98e5532818a3fa622aa2de1c46b6a21c980abfd2a270fb050a0d
[INFO] running `Command { std: "docker" "create" "-v" "/var/lib/crater-agent-workspace/builds/worker-4-tc2/target:/opt/rustwide/target:rw,Z" "-v" "/var/lib/crater-agent-workspace/builds/worker-4-tc2/source:/opt/rustwide/workdir:ro,Z" "-v" "/var/lib/crater-agent-workspace/cargo-home:/opt/rustwide/cargo-home:ro,Z" "-v" "/var/lib/crater-agent-workspace/rustup-home:/opt/rustwide/rustup-home:ro,Z" "-e" "SOURCE_DIR=/opt/rustwide/workdir" "-e" "CARGO_TARGET_DIR=/opt/rustwide/target" "-e" "CARGO_INCREMENTAL=0" "-e" "RUST_BACKTRACE=full" "-e" "RUSTFLAGS=--cap-lints=forbid -Zrandomize-layout" "-e" "RUSTDOCFLAGS=--cap-lints=forbid" "-e" "CARGO_HOME=/opt/rustwide/cargo-home" "-e" "RUSTUP_HOME=/opt/rustwide/rustup-home" "-w" "/opt/rustwide/workdir" "-m" "1610612736" "--user" "0:0" "--network" "none" "ghcr.io/rust-lang/crates-build-env/linux@sha256:819108c5571ea2e421544af4d832f968d213c87fbe3707a016657f43d2f853bc" "/opt/rustwide/cargo-home/bin/cargo" "+nightly-2025-01-18" "test" "--frozen", kill_on_drop: false }`
[INFO] [stdout] 2ed33e473a051a11cca4466e146f40f1de94e23b6818cb53b986e175966fbc94
[INFO] running `Command { std: "docker" "start" "-a" "2ed33e473a051a11cca4466e146f40f1de94e23b6818cb53b986e175966fbc94", kill_on_drop: false }`
[INFO] [stderr] warning: trait `ToFromBytes` is never used
[INFO] [stderr]   --> src/core.rs:12:11
[INFO] [stderr]    |
[INFO] [stderr] 12 | pub trait ToFromBytes {
[INFO] [stderr]    |           ^^^^^^^^^^^
[INFO] [stderr]    |
[INFO] [stderr]    = note: `#[warn(dead_code)]` on by default
[INFO] [stderr] 
[INFO] [stderr] warning: `pirates` (lib) generated 1 warning
[INFO] [stderr] warning: `pirates` (lib test) generated 1 warning (1 duplicate)
[INFO] [stderr]     Finished `test` profile [unoptimized + debuginfo] target(s) in 0.05s
[INFO] [stderr]      Running unittests src/lib.rs (/opt/rustwide/target/debug/deps/pirates-739ba132b1c63ddc)
[INFO] [stdout] 
[INFO] [stdout] running 5 tests
[INFO] [stdout] test tests::just_server_test ... ok
[INFO] [stdout] test transport::tests::transport_package_round_trip ... ok
[INFO] [stdout] test client::tests::client_test ... ok
[INFO] [stdout] test tests::regular_server ... ok
[INFO] [stdout] test tests::big_rpc_server ... ok
[INFO] [stdout] 
[INFO] [stdout] test result: ok. 5 passed; 0 failed; 0 ignored; 0 measured; 0 filtered out; finished in 0.01s
[INFO] [stdout] 
[INFO] [stderr]    Doc-tests pirates
[INFO] [stdout] 
[INFO] [stdout] running 5 tests
[INFO] [stdout] test src/lib.rs - (line 53) ... ignored
[INFO] [stdout] test src/lib.rs - (line 61) ... ignored
[INFO] [stdout] test src/lib.rs - (line 43) - compile ... ok
[INFO] [stdout] test src/lib.rs - (line 8) - compile ... FAILED
[INFO] [stdout] test src/lib.rs - (line 25) - compile ... ok
[INFO] [stdout] 
[INFO] [stdout] failures:
[INFO] [stdout] 
[INFO] [stdout] ---- src/lib.rs - (line 8) stdout ----
[INFO] [stdout] error[E0433]: failed to resolve: could not find `rpc_definition` in `pirates`
[INFO] [stdout]   --> src/lib.rs:12:12
[INFO] [stdout]    |
[INFO] [stdout] 7  | #[pirates::rpc_definition]
[INFO] [stdout]    |            ^^^^^^^^^^^^^^ could not find `rpc_definition` in `pirates`
[INFO] [stdout]    |
[INFO] [stdout] note: found an item that was configured out
[INFO] [stdout]   --> /opt/rustwide/workdir/src/lib.rs:91:28
[INFO] [stdout]    |
[INFO] [stdout] 91 | pub use pirates_macro_lib::rpc_definition;
[INFO] [stdout]    |                            ^^^^^^^^^^^^^^
[INFO] [stdout] note: the item is gated behind the `macros` feature
[INFO] [stdout]   --> /opt/rustwide/workdir/src/lib.rs:90:7
[INFO] [stdout]    |
[INFO] [stdout] 90 | #[cfg(feature = "macros")]
[INFO] [stdout]    |       ^^^^^^^^^^^^^^^^^^
[INFO] [stdout] 
[INFO] [stdout] error[E0412]: cannot find type `RpcId` in this scope
[INFO] [stdout]  --> src/lib.rs:14:18
[INFO] [stdout]   |
[INFO] [stdout] 9 |     fn name() -> RpcId {
[INFO] [stdout]   |                  ^^^^^ not found in this scope
[INFO] [stdout] 
[INFO] [stdout] error[E0412]: cannot find type `ServerState` in this scope
[INFO] [stdout]   --> src/lib.rs:17:30
[INFO] [stdout]    |
[INFO] [stdout] 12 |     fn implement(state: &mut ServerState, query: String) -> RpcResult<()> {
[INFO] [stdout]    |                              ^^^^^^^^^^^ not found in this scope
[INFO] [stdout] 
[INFO] [stdout] error[E0412]: cannot find type `RpcResult` in this scope
[INFO] [stdout]   --> src/lib.rs:17:61
[INFO] [stdout]    |
[INFO] [stdout] 12 |     fn implement(state: &mut ServerState, query: String) -> RpcResult<()> {
[INFO] [stdout]    |                                                             ^^^^^^^^^
[INFO] [stdout]   --> /rustc/6067b36314ab5eb2eb47cecc464545ba58e1ad24/library/core/src/result.rs:528:1
[INFO] [stdout]    |
[INFO] [stdout]    = note: similarly named enum `Result` defined here
[INFO] [stdout]    |
[INFO] [stdout] help: an enum with a similar name exists
[INFO] [stdout]    |
[INFO] [stdout] 12 |     fn implement(state: &mut ServerState, query: String) -> Result<()> {
[INFO] [stdout]    |                                                             ~~~~~~
[INFO] [stdout] help: consider importing this type alias
[INFO] [stdout]    |
[INFO] [stdout] 2  + use pirates::error::RpcResult;
[INFO] [stdout]    |
[INFO] [stdout] 
[INFO] [stdout] error[E0433]: failed to resolve: use of undeclared type `RpcId`
[INFO] [stdout]   --> src/lib.rs:15:9
[INFO] [stdout]    |
[INFO] [stdout] 10 |         RpcId::AddName
[INFO] [stdout]    |         ^^^^^ use of undeclared type `RpcId`
[INFO] [stdout] 
[INFO] [stdout] error: aborting due to 5 previous errors
[INFO] [stdout] 
[INFO] [stdout] Some errors have detailed explanations: E0412, E0433.
[INFO] [stdout] For more information about an error, try `rustc --explain E0412`.
[INFO] [stdout] Couldn't compile the test.
[INFO] [stdout] 
[INFO] [stdout] failures:
[INFO] [stdout]     src/lib.rs - (line 8)
[INFO] [stdout] 
[INFO] [stdout] test result: FAILED. 2 passed; 1 failed; 2 ignored; 0 measured; 0 filtered out; finished in 0.21s
[INFO] [stdout] 
[INFO] [stderr] error: doctest failed, to rerun pass `--doc`
[INFO] running `Command { std: "docker" "inspect" "2ed33e473a051a11cca4466e146f40f1de94e23b6818cb53b986e175966fbc94", kill_on_drop: false }`
[INFO] running `Command { std: "docker" "rm" "-f" "2ed33e473a051a11cca4466e146f40f1de94e23b6818cb53b986e175966fbc94", kill_on_drop: false }`
[INFO] [stdout] 2ed33e473a051a11cca4466e146f40f1de94e23b6818cb53b986e175966fbc94
