[INFO] fetching crate north 0.1.4...
[INFO] testing north-0.1.4 against nightly-2025-01-18+rustflags=-Zrandomize-layout for randomize-layout-2
[INFO] extracting crate north 0.1.4 into /workspace/builds/worker-2-tc2/source
[INFO] validating manifest of crates.io crate north 0.1.4 on toolchain nightly-2025-01-18
[INFO] running `Command { std: CARGO_HOME="/workspace/cargo-home" RUSTUP_HOME="/workspace/rustup-home" "/workspace/cargo-home/bin/cargo" "+nightly-2025-01-18" "metadata" "--manifest-path" "Cargo.toml" "--no-deps", kill_on_drop: false }`
[INFO] started tweaking crates.io crate north 0.1.4
[INFO] finished tweaking crates.io crate north 0.1.4
[INFO] tweaked toml for crates.io crate north 0.1.4 written to /workspace/builds/worker-2-tc2/source/Cargo.toml
[INFO] running `Command { std: CARGO_HOME="/workspace/cargo-home" RUSTUP_HOME="/workspace/rustup-home" "/workspace/cargo-home/bin/cargo" "+nightly-2025-01-18" "generate-lockfile" "--manifest-path" "Cargo.toml", kill_on_drop: false }`
[INFO] [stderr]     Updating crates.io index
[INFO] [stderr]      Locking 385 packages to latest compatible versions
[INFO] [stderr]       Adding derive_more v0.99.18 (available: v1.0.0)
[INFO] [stderr]       Adding hyper v0.14.32 (available: v1.5.2)
[INFO] [stderr]       Adding itertools v0.11.0 (available: v0.14.0)
[INFO] [stderr]       Adding mockall v0.11.4 (available: v0.13.1)
[INFO] [stderr]       Adding north-common v0.0.3 (available: v0.1.10)
[INFO] [stderr]       Adding poem v1.3.59 (available: v3.1.6)
[INFO] [stderr]       Adding poem-openapi v3.0.6 (available: v5.1.5)
[INFO] [stderr]       Adding rstest v0.18.2 (available: v0.24.0)
[INFO] [stderr]       Adding toml_datetime v0.6.3 (available: v0.6.8)
[INFO] [stderr]       Adding toml_edit v0.20.2 (available: v0.20.7)
[INFO] [stderr]       Adding yansi v0.5.1 (available: v1.0.1)
[INFO] running `Command { std: CARGO_HOME="/workspace/cargo-home" RUSTUP_HOME="/workspace/rustup-home" "/workspace/cargo-home/bin/cargo" "+nightly-2025-01-18" "fetch" "--manifest-path" "Cargo.toml", kill_on_drop: false }`
[INFO] running `Command { std: "docker" "create" "-v" "/var/lib/crater-agent-workspace/builds/worker-2-tc2/target:/opt/rustwide/target:rw,Z" "-v" "/var/lib/crater-agent-workspace/builds/worker-2-tc2/source:/opt/rustwide/workdir:ro,Z" "-v" "/var/lib/crater-agent-workspace/cargo-home:/opt/rustwide/cargo-home:ro,Z" "-v" "/var/lib/crater-agent-workspace/rustup-home:/opt/rustwide/rustup-home:ro,Z" "-e" "SOURCE_DIR=/opt/rustwide/workdir" "-e" "CARGO_TARGET_DIR=/opt/rustwide/target" "-e" "CARGO_HOME=/opt/rustwide/cargo-home" "-e" "RUSTUP_HOME=/opt/rustwide/rustup-home" "-w" "/opt/rustwide/workdir" "-m" "1610612736" "--user" "0:0" "--network" "none" "ghcr.io/rust-lang/crates-build-env/linux@sha256:819108c5571ea2e421544af4d832f968d213c87fbe3707a016657f43d2f853bc" "/opt/rustwide/cargo-home/bin/cargo" "+nightly-2025-01-18" "metadata" "--no-deps" "--format-version=1", kill_on_drop: false }`
[INFO] [stdout] d8251e01248e7515cd1e76c9392ff8762c38308a241a11bf7ab9e86db83aede1
[INFO] running `Command { std: "docker" "start" "-a" "d8251e01248e7515cd1e76c9392ff8762c38308a241a11bf7ab9e86db83aede1", kill_on_drop: false }`
[INFO] running `Command { std: "docker" "inspect" "d8251e01248e7515cd1e76c9392ff8762c38308a241a11bf7ab9e86db83aede1", kill_on_drop: false }`
[INFO] running `Command { std: "docker" "rm" "-f" "d8251e01248e7515cd1e76c9392ff8762c38308a241a11bf7ab9e86db83aede1", kill_on_drop: false }`
[INFO] [stdout] d8251e01248e7515cd1e76c9392ff8762c38308a241a11bf7ab9e86db83aede1
[INFO] running `Command { std: "docker" "create" "-v" "/var/lib/crater-agent-workspace/builds/worker-2-tc2/target:/opt/rustwide/target:rw,Z" "-v" "/var/lib/crater-agent-workspace/builds/worker-2-tc2/source:/opt/rustwide/workdir:ro,Z" "-v" "/var/lib/crater-agent-workspace/cargo-home:/opt/rustwide/cargo-home:ro,Z" "-v" "/var/lib/crater-agent-workspace/rustup-home:/opt/rustwide/rustup-home:ro,Z" "-e" "SOURCE_DIR=/opt/rustwide/workdir" "-e" "CARGO_TARGET_DIR=/opt/rustwide/target" "-e" "CARGO_INCREMENTAL=0" "-e" "RUST_BACKTRACE=full" "-e" "RUSTFLAGS=--cap-lints=forbid -Zrandomize-layout" "-e" "RUSTDOCFLAGS=--cap-lints=forbid" "-e" "CARGO_HOME=/opt/rustwide/cargo-home" "-e" "RUSTUP_HOME=/opt/rustwide/rustup-home" "-w" "/opt/rustwide/workdir" "-m" "1610612736" "--user" "0:0" "--network" "none" "ghcr.io/rust-lang/crates-build-env/linux@sha256:819108c5571ea2e421544af4d832f968d213c87fbe3707a016657f43d2f853bc" "/opt/rustwide/cargo-home/bin/cargo" "+nightly-2025-01-18" "build" "--frozen" "--message-format=json", kill_on_drop: false }`
[INFO] [stdout] a77acaa32a09a617cb423526ad2eded3209dba299c2626646f121d35efe39ff4
[INFO] running `Command { std: "docker" "start" "-a" "a77acaa32a09a617cb423526ad2eded3209dba299c2626646f121d35efe39ff4", kill_on_drop: false }`
[INFO] [stderr]    Compiling proc-macro2 v1.0.93
[INFO] [stderr]    Compiling unicode-ident v1.0.14
[INFO] [stderr]    Compiling libc v0.2.169
[INFO] [stderr]    Compiling smallvec v1.13.2
[INFO] [stderr]    Compiling parking_lot_core v0.9.10
[INFO] [stderr]    Compiling bytes v1.9.0
[INFO] [stderr]    Compiling futures-core v0.3.31
[INFO] [stderr]    Compiling fnv v1.0.7
[INFO] [stderr]    Compiling generic-array v0.14.7
[INFO] [stderr]    Compiling futures-sink v0.3.31
[INFO] [stderr]    Compiling serde v1.0.217
[INFO] [stderr]    Compiling num-traits v0.2.19
[INFO] [stderr]    Compiling subtle v2.6.1
[INFO] [stderr]    Compiling equivalent v1.0.1
[INFO] [stderr]    Compiling hashbrown v0.15.2
[INFO] [stderr]    Compiling stable_deref_trait v1.2.0
[INFO] [stderr]    Compiling shlex v1.3.0
[INFO] [stderr]    Compiling writeable v0.5.5
[INFO] [stderr]    Compiling litemap v0.7.4
[INFO] [stderr]    Compiling byteorder v1.5.0
[INFO] [stderr]    Compiling time-core v0.1.2
[INFO] [stderr]    Compiling futures-channel v0.3.31
[INFO] [stderr]    Compiling num-conv v0.1.0
[INFO] [stderr]    Compiling icu_locid_transform_data v1.5.0
[INFO] [stderr]    Compiling powerfmt v0.2.0
[INFO] [stderr]    Compiling icu_properties_data v1.5.0
[INFO] [stderr]    Compiling time-macros v0.2.19
[INFO] [stderr]    Compiling cc v1.2.10
[INFO] [stderr]    Compiling spin v0.9.8
[INFO] [stderr]    Compiling utf8_iter v1.0.4
[INFO] [stderr]    Compiling httparse v1.9.5
[INFO] [stderr]    Compiling deranged v0.3.11
[INFO] [stderr]    Compiling icu_normalizer_data v1.5.0
[INFO] [stderr]    Compiling utf16_iter v1.0.5
[INFO] [stderr]    Compiling percent-encoding v2.3.1
[INFO] [stderr]    Compiling write16 v1.0.0
[INFO] [stderr]    Compiling minimal-lexical v0.2.1
[INFO] [stderr]    Compiling untrusted v0.9.0
[INFO] [stderr]    Compiling urlencoding v2.1.3
[INFO] [stderr]    Compiling base64 v0.21.7
[INFO] [stderr]    Compiling protobuf v2.28.0
[INFO] [stderr]    Compiling form_urlencoded v1.2.1
[INFO] [stderr]    Compiling http v0.2.12
[INFO] [stderr]    Compiling winnow v0.5.40
[INFO] [stderr]    Compiling alloc-no-stdlib v2.0.4
[INFO] [stderr]    Compiling quote v1.0.38
[INFO] [stderr]    Compiling nom v7.1.3
[INFO] [stderr]    Compiling toml_datetime v0.6.3
[INFO] [stderr]    Compiling indexmap v2.7.1
[INFO] [stderr]    Compiling mime v0.3.17
[INFO] [stderr]    Compiling same-file v1.0.6
[INFO] [stderr]    Compiling rustls v0.21.12
[INFO] [stderr]    Compiling walkdir v2.5.0
[INFO] [stderr]    Compiling syn v2.0.96
[INFO] [stderr]    Compiling syn v1.0.109
[INFO] [stderr]    Compiling block-buffer v0.10.4
[INFO] [stderr]    Compiling inout v0.1.3
[INFO] [stderr]    Compiling num-integer v0.1.46
[INFO] [stderr]    Compiling alloc-stdlib v0.2.2
[INFO] [stderr]    Compiling indexmap v1.9.3
[INFO] [stderr]    Compiling uncased v0.9.10
[INFO] [stderr]    Compiling bitflags v2.8.0
[INFO] [stderr]    Compiling rustix v0.38.43
[INFO] [stderr]    Compiling oid-registry v0.6.1
[INFO] [stderr]    Compiling tower-service v0.3.3
[INFO] [stderr]    Compiling data-encoding v2.7.0
[INFO] [stderr]    Compiling unsafe-libyaml v0.2.11
[INFO] [stderr]    Compiling httpdate v1.0.3
[INFO] [stderr]    Compiling prometheus v0.13.4
[INFO] [stderr]    Compiling try-lock v0.2.5
[INFO] [stderr]    Compiling arc-swap v1.7.1
[INFO] [stderr]    Compiling unicase v2.8.1
[INFO] [stderr]    Compiling time v0.3.37
[INFO] [stderr]    Compiling want v0.3.1
[INFO] [stderr]    Compiling chrono v0.4.39
[INFO] [stderr]    Compiling num-bigint v0.4.6
[INFO] [stderr]    Compiling miniz_oxide v0.8.3
[INFO] [stderr]    Compiling http-body v0.4.6
[INFO] [stderr]    Compiling mime_guess v2.0.5
[INFO] [stderr]    Compiling toml_edit v0.20.2
[INFO] [stderr]    Compiling brotli-decompressor v4.0.1
[INFO] [stderr]    Compiling ring v0.17.8
[INFO] [stderr]    Compiling ring v0.16.20
[INFO] [stderr]    Compiling getrandom v0.2.15
[INFO] [stderr]    Compiling rand_core v0.6.4
[INFO] [stderr]    Compiling signal-hook-registry v1.4.2
[INFO] [stderr]    Compiling socket2 v0.5.8
[INFO] [stderr]    Compiling crypto-common v0.1.6
[INFO] [stderr]    Compiling parking_lot v0.12.3
[INFO] [stderr]    Compiling mio v1.0.3
[INFO] [stderr]    Compiling digest v0.10.7
[INFO] [stderr]    Compiling rusticata-macros v4.1.0
[INFO] [stderr]    Compiling universal-hash v0.5.1
[INFO] [stderr]    Compiling cipher v0.4.4
[INFO] [stderr]    Compiling sha2 v0.10.8
[INFO] [stderr]    Compiling sha1 v0.10.6
[INFO] [stderr]    Compiling polyval v0.6.2
[INFO] [stderr]    Compiling hmac v0.12.1
[INFO] [stderr]    Compiling aes v0.8.4
[INFO] [stderr]    Compiling ctr v0.9.2
[INFO] [stderr]    Compiling ghash v0.5.1
[INFO] [stderr]    Compiling proc-macro-crate v2.0.2
[INFO] [stderr]    Compiling aead v0.5.2
[INFO] [stderr]    Compiling ordered-float v4.6.0
[INFO] [stderr]    Compiling rustls-pemfile v1.0.4
[INFO] [stderr]    Compiling priority-queue v1.4.0
[INFO] [stderr]    Compiling rust-embed-utils v8.5.0
[INFO] [stderr]    Compiling crc32fast v1.4.2
[INFO] [stderr]    Compiling cookie v0.17.0
[INFO] [stderr]    Compiling multer v2.1.0
[INFO] [stderr]    Compiling strsim v0.11.1
[INFO] [stderr]    Compiling untrusted v0.7.1
[INFO] [stderr]    Compiling openssl-probe v0.1.5
[INFO] [stderr]    Compiling ident_case v1.0.1
[INFO] [stderr]    Compiling base64 v0.22.1
[INFO] [stderr]    Compiling destructure_traitobject v0.2.0
[INFO] [stderr]    Compiling spin v0.5.2
[INFO] [stderr]    Compiling utf-8 v0.7.6
[INFO] [stderr]    Compiling glob v0.3.2
[INFO] [stderr]    Compiling linux-raw-sys v0.4.15
[INFO] [stderr]    Compiling hashbrown v0.12.3
[INFO] [stderr]    Compiling rustls-native-certs v0.6.3
[INFO] [stderr]    Compiling unsafe-any-ors v1.0.0
[INFO] [stderr]    Compiling aes-gcm v0.10.3
[INFO] [stderr]    Compiling flate2 v1.0.35
[INFO] [stderr]    Compiling yasna v0.5.2
[INFO] [stderr]    Compiling pem v3.0.4
[INFO] [stderr]    Compiling brotli v7.0.0
[INFO] [stderr]    Compiling hkdf v0.12.4
[INFO] [stderr]    Compiling socket2 v0.4.10
[INFO] [stderr]    Compiling headers-core v0.2.0
[INFO] [stderr]    Compiling synstructure v0.12.6
[INFO] [stderr]    Compiling ordered-float v2.10.1
[INFO] [stderr]    Compiling encoding_rs v0.8.35
[INFO] [stderr]    Compiling tower-layer v0.3.3
[INFO] [stderr]    Compiling fastrand v2.3.0
[INFO] [stderr]    Compiling sha1_smol v1.0.1
[INFO] [stderr]    Compiling rfc7239 v0.1.3
[INFO] [stderr]    Compiling headers v0.3.9
[INFO] [stderr]    Compiling typemap-ors v1.0.0
[INFO] [stderr]    Compiling thread-id v4.2.2
[INFO] [stderr]    Compiling nix v0.27.1
[INFO] [stderr]    Compiling wildmatch v2.4.0
[INFO] [stderr]    Compiling humantime v2.1.0
[INFO] [stderr]    Compiling log-mdc v0.1.0
[INFO] [stderr]    Compiling hex v0.4.3
[INFO] [stderr]    Compiling yansi v0.5.1
[INFO] [stderr]    Compiling overload v0.1.1
[INFO] [stderr]    Compiling nu-ansi-term v0.46.0
[INFO] [stderr]    Compiling matchers v0.1.0
[INFO] [stderr]    Compiling itertools v0.11.0
[INFO] [stderr]    Compiling synstructure v0.13.1
[INFO] [stderr]    Compiling darling_core v0.20.10
[INFO] [stderr]    Compiling asn1-rs-impl v0.1.0
[INFO] [stderr]    Compiling asn1-rs-derive v0.4.0
[INFO] [stderr]    Compiling derivative v2.2.0
[INFO] [stderr]    Compiling sct v0.7.1
[INFO] [stderr]    Compiling rustls-webpki v0.101.7
[INFO] [stderr]    Compiling tempfile v3.15.0
[INFO] [stderr]    Compiling rcgen v0.11.3
[INFO] [stderr]    Compiling serde_derive v1.0.217
[INFO] [stderr]    Compiling displaydoc v0.2.5
[INFO] [stderr]    Compiling thiserror-impl v1.0.69
[INFO] [stderr]    Compiling zerofrom-derive v0.1.5
[INFO] [stderr]    Compiling tokio-macros v2.5.0
[INFO] [stderr]    Compiling yoke-derive v0.7.5
[INFO] [stderr]    Compiling zerovec-derive v0.10.3
[INFO] [stderr]    Compiling futures-macro v0.3.31
[INFO] [stderr]    Compiling zerocopy-derive v0.7.35
[INFO] [stderr]    Compiling icu_provider_macros v1.5.0
[INFO] [stderr]    Compiling tracing-attributes v0.1.28
[INFO] [stderr]    Compiling async-trait v0.1.85
[INFO] [stderr]    Compiling pin-project-internal v1.1.8
[INFO] [stderr]    Compiling rust-embed-impl v8.5.0
[INFO] [stderr]    Compiling darling_macro v0.20.10
[INFO] [stderr]    Compiling poem-derive v1.3.59
[INFO] [stderr]    Compiling derive_more v0.99.18
[INFO] [stderr]    Compiling tokio v1.43.0
[INFO] [stderr]    Compiling darling v0.20.10
[INFO] [stderr]    Compiling futures-util v0.3.31
[INFO] [stderr]    Compiling rust-embed v8.5.0
[INFO] [stderr]    Compiling zerocopy v0.7.35
[INFO] [stderr]    Compiling thiserror v1.0.69
[INFO] [stderr]    Compiling opentelemetry v0.21.0
[INFO] [stderr]    Compiling asn1-rs v0.5.2
[INFO] [stderr]    Compiling poem-openapi-derive v3.0.6
[INFO] [stderr]    Compiling pin-project v1.1.8
[INFO] [stderr]    Compiling tracing v0.1.41
[INFO] [stderr]    Compiling zerofrom v0.1.5
[INFO] [stderr]    Compiling ppv-lite86 v0.2.20
[INFO] [stderr]    Compiling yoke v0.7.5
[INFO] [stderr]    Compiling zerovec v0.10.4
[INFO] [stderr]    Compiling rand_chacha v0.3.1
[INFO] [stderr]    Compiling opentelemetry-http v0.10.0
[INFO] [stderr]    Compiling opentelemetry-semantic-conventions v0.13.0
[INFO] [stderr]    Compiling rand v0.8.5
[INFO] [stderr]    Compiling der-parser v8.2.0
[INFO] [stderr]    Compiling x509-parser v0.15.1
[INFO] [stderr]    Compiling tinystr v0.7.6
[INFO] [stderr]    Compiling icu_collections v1.5.0
[INFO] [stderr]    Compiling icu_locid v1.5.0
[INFO] [stderr]    Compiling futures-executor v0.3.31
[INFO] [stderr]    Compiling futures v0.3.31
[INFO] [stderr]    Compiling opentelemetry_sdk v0.21.2
[INFO] [stderr]    Compiling icu_provider v1.5.0
[INFO] [stderr]    Compiling icu_locid_transform v1.5.0
[INFO] [stderr]    Compiling log v0.4.25
[INFO] [stderr]    Compiling serde_json v1.0.137
[INFO] [stderr]    Compiling serde_yaml v0.9.34+deprecated
[INFO] [stderr]    Compiling serde-value v0.7.0
[INFO] [stderr]    Compiling quick-xml v0.30.0
[INFO] [stderr]    Compiling serde_urlencoded v0.7.1
[INFO] [stderr]    Compiling tuple v0.5.2
[INFO] [stderr]    Compiling tracing-log v0.2.0
[INFO] [stderr]    Compiling icu_properties v1.5.1
[INFO] [stderr]    Compiling tracing-subscriber v0.3.19
[INFO] [stderr]    Compiling opentelemetry-prometheus v0.14.1
[INFO] [stderr]    Compiling tokio-util v0.7.13
[INFO] [stderr]    Compiling tokio-stream v0.1.17
[INFO] [stderr]    Compiling tokio-rustls v0.24.1
[INFO] [stderr]    Compiling tokio-retry v0.3.0
[INFO] [stderr]    Compiling async-compression v0.4.18
[INFO] [stderr]    Compiling tokio-metrics v0.3.1
[INFO] [stderr]    Compiling log4rs v1.3.0
[INFO] [stderr]    Compiling h2 v0.3.26
[INFO] [stderr]    Compiling combine v4.6.7
[INFO] [stderr]    Compiling tower v0.4.13
[INFO] [stderr]    Compiling icu_normalizer v1.5.0
[INFO] [stderr]    Compiling idna_adapter v1.2.0
[INFO] [stderr]    Compiling idna v1.0.3
[INFO] [stderr]    Compiling url v2.5.4
[INFO] [stderr]    Compiling tungstenite v0.20.1
[INFO] [stderr]    Compiling north-common v0.0.3
[INFO] [stderr]    Compiling tokio-tungstenite v0.20.1
[INFO] [stderr]    Compiling hyper v0.14.32
[INFO] [stderr]    Compiling redis v0.23.3
[INFO] [stderr]    Compiling hyper-rustls v0.24.2
[INFO] [stderr]    Compiling poem v1.3.59
[INFO] [stderr]    Compiling poem-openapi v3.0.6
[INFO] [stderr]    Compiling north-derives v0.1.2
[INFO] [stderr]    Compiling north v0.1.4 (/opt/rustwide/workdir)
[INFO] [stdout] warning: unused import: `std::cell::RefCell`
[INFO] [stdout]  --> src/prelude.rs:1:9
[INFO] [stdout]   |
[INFO] [stdout] 1 | pub use std::cell::RefCell;
[INFO] [stdout]   |         ^^^^^^^^^^^^^^^^^^
[INFO] [stdout]   |
[INFO] [stdout]   = note: `#[warn(unused_imports)]` on by default
[INFO] [stdout] 
[INFO] [stdout] 
[INFO] [stdout] warning: unused import: `std::rc::Rc`
[INFO] [stdout]  --> src/prelude.rs:2:9
[INFO] [stdout]   |
[INFO] [stdout] 2 | pub use std::rc::Rc;
[INFO] [stdout]   |         ^^^^^^^^^^^
[INFO] [stdout] 
[INFO] [stdout] 
[INFO] [stdout] warning: unused import: `Itertools`
[INFO] [stdout]  --> src/prelude.rs:3:21
[INFO] [stdout]   |
[INFO] [stdout] 3 | pub use itertools::{Itertools};
[INFO] [stdout]   |                     ^^^^^^^^^
[INFO] [stdout] 
[INFO] [stdout] 
[INFO] [stdout] warning: unused imports: `MutexGuard` and `Mutex`
[INFO] [stdout]  --> src/prelude.rs:4:26
[INFO] [stdout]   |
[INFO] [stdout] 4 | pub use std::sync::{Arc, Mutex, MutexGuard};
[INFO] [stdout]   |                          ^^^^^  ^^^^^^^^^^
[INFO] [stdout] 
[INFO] [stdout] 
[INFO] [stdout] warning: unused import: `EndpointExt`
[INFO] [stdout]  --> src/prelude.rs:9:33
[INFO] [stdout]   |
[INFO] [stdout] 9 |     poem::{IntoEndpoint, Route, EndpointExt},
[INFO] [stdout]   |                                 ^^^^^^^^^^^
[INFO] [stdout] 
[INFO] [stdout] 
[INFO] [stdout] warning: unexpected `cfg` condition value: `api-actix`
[INFO] [stdout]   --> src/error.rs:35:7
[INFO] [stdout]    |
[INFO] [stdout] 35 | #[cfg(feature = "api-actix")]
[INFO] [stdout]    |       ^^^^^^^^^^^^^^^^^^^^^
[INFO] [stdout]    |
[INFO] [stdout]    = note: expected values for `feature` are: `api-native`, `api-poem`, `aragog`, `db-arango`, `db-sql`, `default`, `hyper`, `poem`, and `poem-openapi`
[INFO] [stdout]    = help: consider adding `api-actix` as a feature in `Cargo.toml`
[INFO] [stdout]    = note: see <https://doc.rust-lang.org/nightly/rustc/check-cfg/cargo-specifics.html> for more information about checking conditional configuration
[INFO] [stdout]    = note: `#[warn(unexpected_cfgs)]` on by default
[INFO] [stdout] 
[INFO] [stdout] 
[INFO] [stdout] warning: unexpected `cfg` condition value: `api-actix`
[INFO] [stdout]   --> src/helper.rs:17:7
[INFO] [stdout]    |
[INFO] [stdout] 17 | #[cfg(feature = "api-actix")]
[INFO] [stdout]    |       ^^^^^^^^^^^^^^^^^^^^^
[INFO] [stdout]    |
[INFO] [stdout]    = note: expected values for `feature` are: `api-native`, `api-poem`, `aragog`, `db-arango`, `db-sql`, `default`, `hyper`, `poem`, and `poem-openapi`
[INFO] [stdout]    = help: consider adding `api-actix` as a feature in `Cargo.toml`
[INFO] [stdout]    = note: see <https://doc.rust-lang.org/nightly/rustc/check-cfg/cargo-specifics.html> for more information about checking conditional configuration
[INFO] [stdout] 
[INFO] [stdout] 
[INFO] [stdout] warning: unexpected `cfg` condition value: `api-actix`
[INFO] [stdout]   --> src/helper.rs:34:7
[INFO] [stdout]    |
[INFO] [stdout] 34 | #[cfg(feature = "api-actix")]
[INFO] [stdout]    |       ^^^^^^^^^^^^^^^^^^^^^
[INFO] [stdout]    |
[INFO] [stdout]    = note: expected values for `feature` are: `api-native`, `api-poem`, `aragog`, `db-arango`, `db-sql`, `default`, `hyper`, `poem`, and `poem-openapi`
[INFO] [stdout]    = help: consider adding `api-actix` as a feature in `Cargo.toml`
[INFO] [stdout]    = note: see <https://doc.rust-lang.org/nightly/rustc/check-cfg/cargo-specifics.html> for more information about checking conditional configuration
[INFO] [stdout] 
[INFO] [stdout] 
[INFO] [stdout] warning: unused variable: `d`
[INFO] [stdout]   --> src/north.rs:92:13
[INFO] [stdout]    |
[INFO] [stdout] 92 |         let d = [..state];
[INFO] [stdout]    |             ^ help: if this is intentional, prefix it with an underscore: `_d`
[INFO] [stdout]    |
[INFO] [stdout]    = note: `#[warn(unused_variables)]` on by default
[INFO] [stdout] 
[INFO] [stdout] 
[INFO] [stderr]     Finished `dev` profile [unoptimized + debuginfo] target(s) in 1m 41s
[INFO] running `Command { std: "docker" "inspect" "a77acaa32a09a617cb423526ad2eded3209dba299c2626646f121d35efe39ff4", kill_on_drop: false }`
[INFO] running `Command { std: "docker" "rm" "-f" "a77acaa32a09a617cb423526ad2eded3209dba299c2626646f121d35efe39ff4", kill_on_drop: false }`
[INFO] [stdout] a77acaa32a09a617cb423526ad2eded3209dba299c2626646f121d35efe39ff4
[INFO] running `Command { std: "docker" "create" "-v" "/var/lib/crater-agent-workspace/builds/worker-2-tc2/target:/opt/rustwide/target:rw,Z" "-v" "/var/lib/crater-agent-workspace/builds/worker-2-tc2/source:/opt/rustwide/workdir:ro,Z" "-v" "/var/lib/crater-agent-workspace/cargo-home:/opt/rustwide/cargo-home:ro,Z" "-v" "/var/lib/crater-agent-workspace/rustup-home:/opt/rustwide/rustup-home:ro,Z" "-e" "SOURCE_DIR=/opt/rustwide/workdir" "-e" "CARGO_TARGET_DIR=/opt/rustwide/target" "-e" "CARGO_INCREMENTAL=0" "-e" "RUST_BACKTRACE=full" "-e" "RUSTFLAGS=--cap-lints=forbid -Zrandomize-layout" "-e" "RUSTDOCFLAGS=--cap-lints=forbid" "-e" "CARGO_HOME=/opt/rustwide/cargo-home" "-e" "RUSTUP_HOME=/opt/rustwide/rustup-home" "-w" "/opt/rustwide/workdir" "-m" "1610612736" "--user" "0:0" "--network" "none" "ghcr.io/rust-lang/crates-build-env/linux@sha256:819108c5571ea2e421544af4d832f968d213c87fbe3707a016657f43d2f853bc" "/opt/rustwide/cargo-home/bin/cargo" "+nightly-2025-01-18" "test" "--frozen" "--no-run" "--message-format=json", kill_on_drop: false }`
[INFO] [stdout] 13e8c2e203588b88c68f2442ad2d730b8b9c0c67a4ebe4036004daa9730eb0b2
[INFO] running `Command { std: "docker" "start" "-a" "13e8c2e203588b88c68f2442ad2d730b8b9c0c67a4ebe4036004daa9730eb0b2", kill_on_drop: false }`
[INFO] [stderr]    Compiling semver v1.0.25
[INFO] [stderr]    Compiling fsio v0.1.3
[INFO] [stderr]    Compiling toml v0.5.11
[INFO] [stderr]    Compiling nias v0.5.0
[INFO] [stderr]    Compiling predicates-core v1.0.9
[INFO] [stderr]    Compiling itertools v0.10.5
[INFO] [stderr]    Compiling float-cmp v0.9.0
[INFO] [stderr]    Compiling normalize-line-endings v0.3.0
[INFO] [stderr]    Compiling difflib v0.4.0
[INFO] [stderr]    Compiling termtree v0.5.1
[INFO] [stderr]    Compiling relative-path v1.9.3
[INFO] [stderr]    Compiling unicode-width v0.1.14
[INFO] [stderr]    Compiling mockall_derive v0.11.4
[INFO] [stderr]    Compiling fragile v2.0.0
[INFO] [stderr]    Compiling futures-timer v3.0.3
[INFO] [stderr]    Compiling downcast v0.11.0
[INFO] [stdout] warning: unused import: `std::cell::RefCell`
[INFO] [stdout]  --> src/prelude.rs:1:9
[INFO] [stdout]   |
[INFO] [stdout] 1 | pub use std::cell::RefCell;
[INFO] [stdout]   |         ^^^^^^^^^^^^^^^^^^
[INFO] [stdout]   |
[INFO] [stdout]   = note: `#[warn(unused_imports)]` on by default
[INFO] [stdout] 
[INFO] [stdout] 
[INFO] [stdout] warning: unused import: `std::rc::Rc`
[INFO] [stdout]  --> src/prelude.rs:2:9
[INFO] [stdout]   |
[INFO] [stdout] 2 | pub use std::rc::Rc;
[INFO] [stdout]   |         ^^^^^^^^^^^
[INFO] [stdout] 
[INFO] [stdout] 
[INFO] [stdout] warning: unused import: `Itertools`
[INFO] [stdout]  --> src/prelude.rs:3:21
[INFO] [stdout]   |
[INFO] [stdout] 3 | pub use itertools::{Itertools};
[INFO] [stdout]   |                     ^^^^^^^^^
[INFO] [stdout] 
[INFO] [stdout] 
[INFO] [stdout] warning: unused imports: `MutexGuard` and `Mutex`
[INFO] [stdout]  --> src/prelude.rs:4:26
[INFO] [stdout]   |
[INFO] [stdout] 4 | pub use std::sync::{Arc, Mutex, MutexGuard};
[INFO] [stdout]   |                          ^^^^^  ^^^^^^^^^^
[INFO] [stdout] 
[INFO] [stdout] 
[INFO] [stdout] warning: unused import: `EndpointExt`
[INFO] [stdout]  --> src/prelude.rs:9:33
[INFO] [stdout]   |
[INFO] [stdout] 9 |     poem::{IntoEndpoint, Route, EndpointExt},
[INFO] [stdout]   |                                 ^^^^^^^^^^^
[INFO] [stdout] 
[INFO] [stdout] 
[INFO] [stdout] warning: unexpected `cfg` condition value: `api-actix`
[INFO] [stdout]   --> src/error.rs:35:7
[INFO] [stdout]    |
[INFO] [stdout] 35 | #[cfg(feature = "api-actix")]
[INFO] [stdout]    |       ^^^^^^^^^^^^^^^^^^^^^
[INFO] [stdout]    |
[INFO] [stdout]    = note: expected values for `feature` are: `api-native`, `api-poem`, `aragog`, `db-arango`, `db-sql`, `default`, `hyper`, `poem`, and `poem-openapi`
[INFO] [stdout]    = help: consider adding `api-actix` as a feature in `Cargo.toml`
[INFO] [stdout]    = note: see <https://doc.rust-lang.org/nightly/rustc/check-cfg/cargo-specifics.html> for more information about checking conditional configuration
[INFO] [stdout]    = note: `#[warn(unexpected_cfgs)]` on by default
[INFO] [stdout] 
[INFO] [stdout] 
[INFO] [stdout] warning: unexpected `cfg` condition value: `api-actix`
[INFO] [stdout]   --> src/helper.rs:17:7
[INFO] [stdout]    |
[INFO] [stdout] 17 | #[cfg(feature = "api-actix")]
[INFO] [stdout]    |       ^^^^^^^^^^^^^^^^^^^^^
[INFO] [stdout]    |
[INFO] [stdout]    = note: expected values for `feature` are: `api-native`, `api-poem`, `aragog`, `db-arango`, `db-sql`, `default`, `hyper`, `poem`, and `poem-openapi`
[INFO] [stdout]    = help: consider adding `api-actix` as a feature in `Cargo.toml`
[INFO] [stdout]    = note: see <https://doc.rust-lang.org/nightly/rustc/check-cfg/cargo-specifics.html> for more information about checking conditional configuration
[INFO] [stdout] 
[INFO] [stdout] 
[INFO] [stdout] warning: unexpected `cfg` condition value: `api-actix`
[INFO] [stdout]   --> src/helper.rs:34:7
[INFO] [stdout]    |
[INFO] [stdout] 34 | #[cfg(feature = "api-actix")]
[INFO] [stdout]    |       ^^^^^^^^^^^^^^^^^^^^^
[INFO] [stdout]    |
[INFO] [stdout]    = note: expected values for `feature` are: `api-native`, `api-poem`, `aragog`, `db-arango`, `db-sql`, `default`, `hyper`, `poem`, and `poem-openapi`
[INFO] [stdout]    = help: consider adding `api-actix` as a feature in `Cargo.toml`
[INFO] [stdout]    = note: see <https://doc.rust-lang.org/nightly/rustc/check-cfg/cargo-specifics.html> for more information about checking conditional configuration
[INFO] [stdout] 
[INFO] [stdout] 
[INFO] [stdout] warning: unused variable: `d`
[INFO] [stdout]   --> src/north.rs:92:13
[INFO] [stdout]    |
[INFO] [stdout] 92 |         let d = [..state];
[INFO] [stdout]    |             ^ help: if this is intentional, prefix it with an underscore: `_d`
[INFO] [stdout]    |
[INFO] [stdout]    = note: `#[warn(unused_variables)]` on by default
[INFO] [stdout] 
[INFO] [stdout] 
[INFO] [stderr]    Compiling envmnt v0.8.4
[INFO] [stderr]    Compiling predicates-tree v1.0.12
[INFO] [stderr]    Compiling getopts v0.2.21
[INFO] [stderr]    Compiling ci_info v0.10.2
[INFO] [stderr]    Compiling rustc_version v0.4.1
[INFO] [stderr]    Compiling rstest_macros v0.18.2
[INFO] [stderr]    Compiling predicates v2.1.5
[INFO] [stderr]    Compiling rusty-hook v0.11.2
[INFO] [stderr]    Compiling mockall v0.11.4
[INFO] [stderr]    Compiling rstest v0.18.2
[INFO] [stderr]    Compiling north v0.1.4 (/opt/rustwide/workdir)
[INFO] [stdout] warning: unused import: `std::cell::RefCell`
[INFO] [stdout]  --> src/prelude.rs:1:9
[INFO] [stdout]   |
[INFO] [stdout] 1 | pub use std::cell::RefCell;
[INFO] [stdout]   |         ^^^^^^^^^^^^^^^^^^
[INFO] [stdout]   |
[INFO] [stdout]   = note: `#[warn(unused_imports)]` on by default
[INFO] [stdout] 
[INFO] [stdout] 
[INFO] [stdout] warning: unused import: `std::rc::Rc`
[INFO] [stdout]  --> src/prelude.rs:2:9
[INFO] [stdout]   |
[INFO] [stdout] 2 | pub use std::rc::Rc;
[INFO] [stdout]   |         ^^^^^^^^^^^
[INFO] [stdout] 
[INFO] [stdout] 
[INFO] [stdout] warning: unused import: `Itertools`
[INFO] [stdout]  --> src/prelude.rs:3:21
[INFO] [stdout]   |
[INFO] [stdout] 3 | pub use itertools::{Itertools};
[INFO] [stdout]   |                     ^^^^^^^^^
[INFO] [stdout] 
[INFO] [stdout] 
[INFO] [stdout] warning: unused imports: `MutexGuard` and `Mutex`
[INFO] [stdout]  --> src/prelude.rs:4:26
[INFO] [stdout]   |
[INFO] [stdout] 4 | pub use std::sync::{Arc, Mutex, MutexGuard};
[INFO] [stdout]   |                          ^^^^^  ^^^^^^^^^^
[INFO] [stdout] 
[INFO] [stdout] 
[INFO] [stdout] warning: unused import: `EndpointExt`
[INFO] [stdout]  --> src/prelude.rs:9:33
[INFO] [stdout]   |
[INFO] [stdout] 9 |     poem::{IntoEndpoint, Route, EndpointExt},
[INFO] [stdout]   |                                 ^^^^^^^^^^^
[INFO] [stdout] 
[INFO] [stdout] 
[INFO] [stdout] warning: unexpected `cfg` condition value: `api-actix`
[INFO] [stdout]   --> src/error.rs:35:7
[INFO] [stdout]    |
[INFO] [stdout] 35 | #[cfg(feature = "api-actix")]
[INFO] [stdout]    |       ^^^^^^^^^^^^^^^^^^^^^
[INFO] [stdout]    |
[INFO] [stdout]    = note: expected values for `feature` are: `api-native`, `api-poem`, `aragog`, `db-arango`, `db-sql`, `default`, `hyper`, `poem`, and `poem-openapi`
[INFO] [stdout]    = help: consider adding `api-actix` as a feature in `Cargo.toml`
[INFO] [stdout]    = note: see <https://doc.rust-lang.org/nightly/rustc/check-cfg/cargo-specifics.html> for more information about checking conditional configuration
[INFO] [stdout]    = note: `#[warn(unexpected_cfgs)]` on by default
[INFO] [stdout] 
[INFO] [stdout] 
[INFO] [stdout] warning: unexpected `cfg` condition value: `api-actix`
[INFO] [stdout]   --> src/helper.rs:17:7
[INFO] [stdout]    |
[INFO] [stdout] 17 | #[cfg(feature = "api-actix")]
[INFO] [stdout]    |       ^^^^^^^^^^^^^^^^^^^^^
[INFO] [stdout]    |
[INFO] [stdout]    = note: expected values for `feature` are: `api-native`, `api-poem`, `aragog`, `db-arango`, `db-sql`, `default`, `hyper`, `poem`, and `poem-openapi`
[INFO] [stdout]    = help: consider adding `api-actix` as a feature in `Cargo.toml`
[INFO] [stdout]    = note: see <https://doc.rust-lang.org/nightly/rustc/check-cfg/cargo-specifics.html> for more information about checking conditional configuration
[INFO] [stdout] 
[INFO] [stdout] 
[INFO] [stdout] warning: unexpected `cfg` condition value: `api-actix`
[INFO] [stdout]   --> src/helper.rs:34:7
[INFO] [stdout]    |
[INFO] [stdout] 34 | #[cfg(feature = "api-actix")]
[INFO] [stdout]    |       ^^^^^^^^^^^^^^^^^^^^^
[INFO] [stdout]    |
[INFO] [stdout]    = note: expected values for `feature` are: `api-native`, `api-poem`, `aragog`, `db-arango`, `db-sql`, `default`, `hyper`, `poem`, and `poem-openapi`
[INFO] [stdout]    = help: consider adding `api-actix` as a feature in `Cargo.toml`
[INFO] [stdout]    = note: see <https://doc.rust-lang.org/nightly/rustc/check-cfg/cargo-specifics.html> for more information about checking conditional configuration
[INFO] [stdout] 
[INFO] [stdout] 
[INFO] [stdout] warning: unexpected `cfg` condition value: `api-actix`
[INFO] [stdout]    --> src/helper.rs:140:11
[INFO] [stdout]     |
[INFO] [stdout] 140 |     #[cfg(feature = "api-actix")]
[INFO] [stdout]     |           ^^^^^^^^^^^^^^^^^^^^^
[INFO] [stdout]     |
[INFO] [stdout]     = note: expected values for `feature` are: `api-native`, `api-poem`, `aragog`, `db-arango`, `db-sql`, `default`, `hyper`, `poem`, and `poem-openapi`
[INFO] [stdout]     = help: consider adding `api-actix` as a feature in `Cargo.toml`
[INFO] [stdout]     = note: see <https://doc.rust-lang.org/nightly/rustc/check-cfg/cargo-specifics.html> for more information about checking conditional configuration
[INFO] [stdout] 
[INFO] [stdout] 
[INFO] [stdout] warning: unused variable: `d`
[INFO] [stdout]   --> src/north.rs:92:13
[INFO] [stdout]    |
[INFO] [stdout] 92 |         let d = [..state];
[INFO] [stdout]    |             ^ help: if this is intentional, prefix it with an underscore: `_d`
[INFO] [stdout]    |
[INFO] [stdout]    = note: `#[warn(unused_variables)]` on by default
[INFO] [stdout] 
[INFO] [stdout] 
[INFO] [stderr]     Finished `test` profile [unoptimized + debuginfo] target(s) in 13.31s
[INFO] running `Command { std: "docker" "inspect" "13e8c2e203588b88c68f2442ad2d730b8b9c0c67a4ebe4036004daa9730eb0b2", kill_on_drop: false }`
[INFO] running `Command { std: "docker" "rm" "-f" "13e8c2e203588b88c68f2442ad2d730b8b9c0c67a4ebe4036004daa9730eb0b2", kill_on_drop: false }`
[INFO] [stdout] 13e8c2e203588b88c68f2442ad2d730b8b9c0c67a4ebe4036004daa9730eb0b2
[INFO] running `Command { std: "docker" "create" "-v" "/var/lib/crater-agent-workspace/builds/worker-2-tc2/target:/opt/rustwide/target:rw,Z" "-v" "/var/lib/crater-agent-workspace/builds/worker-2-tc2/source:/opt/rustwide/workdir:ro,Z" "-v" "/var/lib/crater-agent-workspace/cargo-home:/opt/rustwide/cargo-home:ro,Z" "-v" "/var/lib/crater-agent-workspace/rustup-home:/opt/rustwide/rustup-home:ro,Z" "-e" "SOURCE_DIR=/opt/rustwide/workdir" "-e" "CARGO_TARGET_DIR=/opt/rustwide/target" "-e" "CARGO_INCREMENTAL=0" "-e" "RUST_BACKTRACE=full" "-e" "RUSTFLAGS=--cap-lints=forbid -Zrandomize-layout" "-e" "RUSTDOCFLAGS=--cap-lints=forbid" "-e" "CARGO_HOME=/opt/rustwide/cargo-home" "-e" "RUSTUP_HOME=/opt/rustwide/rustup-home" "-w" "/opt/rustwide/workdir" "-m" "1610612736" "--user" "0:0" "--network" "none" "ghcr.io/rust-lang/crates-build-env/linux@sha256:819108c5571ea2e421544af4d832f968d213c87fbe3707a016657f43d2f853bc" "/opt/rustwide/cargo-home/bin/cargo" "+nightly-2025-01-18" "test" "--frozen", kill_on_drop: false }`
[INFO] [stdout] a8bff09343b734a08307983a9c0dfef0c5cd3d57ede261c63ca5e2479cf79098
[INFO] running `Command { std: "docker" "start" "-a" "a8bff09343b734a08307983a9c0dfef0c5cd3d57ede261c63ca5e2479cf79098", kill_on_drop: false }`
[INFO] [stderr] warning: unused import: `std::cell::RefCell`
[INFO] [stderr]  --> src/prelude.rs:1:9
[INFO] [stderr]   |
[INFO] [stderr] 1 | pub use std::cell::RefCell;
[INFO] [stderr]   |         ^^^^^^^^^^^^^^^^^^
[INFO] [stderr]   |
[INFO] [stderr]   = note: `#[warn(unused_imports)]` on by default
[INFO] [stderr] 
[INFO] [stderr] warning: unused import: `std::rc::Rc`
[INFO] [stderr]  --> src/prelude.rs:2:9
[INFO] [stderr]   |
[INFO] [stderr] 2 | pub use std::rc::Rc;
[INFO] [stderr]   |         ^^^^^^^^^^^
[INFO] [stderr] 
[INFO] [stderr] warning: unused import: `Itertools`
[INFO] [stderr]  --> src/prelude.rs:3:21
[INFO] [stderr]   |
[INFO] [stderr] 3 | pub use itertools::{Itertools};
[INFO] [stderr]   |                     ^^^^^^^^^
[INFO] [stderr] 
[INFO] [stderr] warning: unused imports: `MutexGuard` and `Mutex`
[INFO] [stderr]  --> src/prelude.rs:4:26
[INFO] [stderr]   |
[INFO] [stderr] 4 | pub use std::sync::{Arc, Mutex, MutexGuard};
[INFO] [stderr]   |                          ^^^^^  ^^^^^^^^^^
[INFO] [stderr] 
[INFO] [stderr] warning: unused import: `EndpointExt`
[INFO] [stderr]  --> src/prelude.rs:9:33
[INFO] [stderr]   |
[INFO] [stderr] 9 |     poem::{IntoEndpoint, Route, EndpointExt},
[INFO] [stderr]   |                                 ^^^^^^^^^^^
[INFO] [stderr] 
[INFO] [stderr] warning: unexpected `cfg` condition value: `api-actix`
[INFO] [stderr]   --> src/error.rs:35:7
[INFO] [stderr]    |
[INFO] [stderr] 35 | #[cfg(feature = "api-actix")]
[INFO] [stderr]    |       ^^^^^^^^^^^^^^^^^^^^^
[INFO] [stderr]    |
[INFO] [stderr]    = note: expected values for `feature` are: `api-native`, `api-poem`, `aragog`, `db-arango`, `db-sql`, `default`, `hyper`, `poem`, and `poem-openapi`
[INFO] [stderr]    = help: consider adding `api-actix` as a feature in `Cargo.toml`
[INFO] [stderr]    = note: see <https://doc.rust-lang.org/nightly/rustc/check-cfg/cargo-specifics.html> for more information about checking conditional configuration
[INFO] [stderr]    = note: `#[warn(unexpected_cfgs)]` on by default
[INFO] [stderr] 
[INFO] [stderr] warning: unexpected `cfg` condition value: `api-actix`
[INFO] [stderr]   --> src/helper.rs:17:7
[INFO] [stderr]    |
[INFO] [stderr] 17 | #[cfg(feature = "api-actix")]
[INFO] [stderr]    |       ^^^^^^^^^^^^^^^^^^^^^
[INFO] [stderr]    |
[INFO] [stderr]    = note: expected values for `feature` are: `api-native`, `api-poem`, `aragog`, `db-arango`, `db-sql`, `default`, `hyper`, `poem`, and `poem-openapi`
[INFO] [stderr]    = help: consider adding `api-actix` as a feature in `Cargo.toml`
[INFO] [stderr]    = note: see <https://doc.rust-lang.org/nightly/rustc/check-cfg/cargo-specifics.html> for more information about checking conditional configuration
[INFO] [stderr] 
[INFO] [stderr] warning: unexpected `cfg` condition value: `api-actix`
[INFO] [stderr]   --> src/helper.rs:34:7
[INFO] [stderr]    |
[INFO] [stderr] 34 | #[cfg(feature = "api-actix")]
[INFO] [stderr]    |       ^^^^^^^^^^^^^^^^^^^^^
[INFO] [stderr]    |
[INFO] [stderr]    = note: expected values for `feature` are: `api-native`, `api-poem`, `aragog`, `db-arango`, `db-sql`, `default`, `hyper`, `poem`, and `poem-openapi`
[INFO] [stderr]    = help: consider adding `api-actix` as a feature in `Cargo.toml`
[INFO] [stderr]    = note: see <https://doc.rust-lang.org/nightly/rustc/check-cfg/cargo-specifics.html> for more information about checking conditional configuration
[INFO] [stderr] 
[INFO] [stderr] warning: unused variable: `d`
[INFO] [stderr]   --> src/north.rs:92:13
[INFO] [stderr]    |
[INFO] [stderr] 92 |         let d = [..state];
[INFO] [stderr]    |             ^ help: if this is intentional, prefix it with an underscore: `_d`
[INFO] [stderr]    |
[INFO] [stderr]    = note: `#[warn(unused_variables)]` on by default
[INFO] [stderr] 
[INFO] [stderr] warning: `north` (lib) generated 9 warnings (run `cargo fix --lib -p north` to apply 5 suggestions)
[INFO] [stderr] warning: unexpected `cfg` condition value: `api-actix`
[INFO] [stderr]    --> src/helper.rs:140:11
[INFO] [stderr]     |
[INFO] [stderr] 140 |     #[cfg(feature = "api-actix")]
[INFO] [stderr]     |           ^^^^^^^^^^^^^^^^^^^^^
[INFO] [stderr]     |
[INFO] [stderr]     = note: expected values for `feature` are: `api-native`, `api-poem`, `aragog`, `db-arango`, `db-sql`, `default`, `hyper`, `poem`, and `poem-openapi`
[INFO] [stderr]     = help: consider adding `api-actix` as a feature in `Cargo.toml`
[INFO] [stderr]     = note: see <https://doc.rust-lang.org/nightly/rustc/check-cfg/cargo-specifics.html> for more information about checking conditional configuration
[INFO] [stderr] 
[INFO] [stderr] warning: `north` (lib test) generated 10 warnings (9 duplicates)
[INFO] [stderr]     Finished `test` profile [unoptimized + debuginfo] target(s) in 0.38s
[INFO] [stderr]      Running unittests src/lib.rs (/opt/rustwide/target/debug/deps/north-d394c057d5f863eb)
[INFO] [stdout] 
[INFO] [stdout] running 1 test
[INFO] [stdout] test helper::tests::it_responds_json ... ok
[INFO] [stdout] 
[INFO] [stdout] test result: ok. 1 passed; 0 failed; 0 ignored; 0 measured; 0 filtered out; finished in 0.00s
[INFO] [stdout] 
[INFO] [stderr]    Doc-tests north
[INFO] [stdout] 
[INFO] [stdout] running 1 test
[INFO] [stdout] test src/north.rs - north::North (line 19) ... FAILED
[INFO] [stdout] 
[INFO] [stdout] failures:
[INFO] [stdout] 
[INFO] [stdout] ---- src/north.rs - north::North (line 19) stdout ----
[INFO] [stdout] error[E0277]: the trait bound `&str: OpenApi` is not satisfied
[INFO] [stdout]   --> src/north.rs:46:21
[INFO] [stdout]    |
[INFO] [stdout] 29 |         .controller("/", Api)
[INFO] [stdout]    |          ---------- ^^^ the trait `OpenApi` is not implemented for `&str`
[INFO] [stdout]    |          |
[INFO] [stdout]    |          required by a bound introduced by this call
[INFO] [stdout]    |
[INFO] [stdout]    = help: the following other types implement trait `OpenApi`:
[INFO] [stdout]              ()
[INFO] [stdout]              (T1, T2)
[INFO] [stdout]              (T1, T2, T3)
[INFO] [stdout]              (T1, T2, T3, T4)
[INFO] [stdout]              (T1, T2, T3, T4, T5)
[INFO] [stdout]              (T1, T2, T3, T4, T5, T6)
[INFO] [stdout]              (T1, T2, T3, T4, T5, T6, T7)
[INFO] [stdout]              (T1, T2, T3, T4, T5, T6, T7, T8)
[INFO] [stdout]            and 9 others
[INFO] [stdout]    = note: required for `north::service::NorthServiceBuilder<&str>` to implement `NorthServiceBuilderTrait<&str>`
[INFO] [stdout] 
[INFO] [stdout] error[E0277]: the trait bound `&str: OpenApi` is not satisfied
[INFO] [stdout]   --> src/north.rs:40:19
[INFO] [stdout]    |
[INFO] [stdout] 23 |       let service = new_service()
[INFO] [stdout]    |  ___________________^
[INFO] [stdout] 24 | |         .graceful_shutdown()
[INFO] [stdout] 25 | |         .address("localhost")
[INFO] [stdout] 26 | |         .name("Example Service")
[INFO] [stdout] 27 | |         .path_prefix("/api")
[INFO] [stdout] 28 | |         .port(8000)
[INFO] [stdout] 29 | |         .controller("/", Api)
[INFO] [stdout]    | |_____________________________^ the trait `OpenApi` is not implemented for `&str`
[INFO] [stdout]    |
[INFO] [stdout]    = help: the following other types implement trait `OpenApi`:
[INFO] [stdout]              ()
[INFO] [stdout]              (T1, T2)
[INFO] [stdout]              (T1, T2, T3)
[INFO] [stdout]              (T1, T2, T3, T4)
[INFO] [stdout]              (T1, T2, T3, T4, T5)
[INFO] [stdout]              (T1, T2, T3, T4, T5, T6)
[INFO] [stdout]              (T1, T2, T3, T4, T5, T6, T7)
[INFO] [stdout]              (T1, T2, T3, T4, T5, T6, T7, T8)
[INFO] [stdout]            and 9 others
[INFO] [stdout] note: required by a bound in `north::service::NorthServiceBuilder`
[INFO] [stdout]   --> /opt/rustwide/workdir/src/service.rs:51:44
[INFO] [stdout]    |
[INFO] [stdout] 51 | pub struct NorthServiceBuilder<T> where T: PoemOpenApi + Clone + 'static {
[INFO] [stdout]    |                                            ^^^^^^^^^^^ required by this bound in `NorthServiceBuilder`
[INFO] [stdout] 
[INFO] [stdout] error[E0277]: the trait bound `&str: OpenApi` is not satisfied
[INFO] [stdout]   --> src/north.rs:45:10
[INFO] [stdout]    |
[INFO] [stdout] 28 |         .port(8000)
[INFO] [stdout]    |          ^^^^ the trait `OpenApi` is not implemented for `&str`
[INFO] [stdout]    |
[INFO] [stdout]    = help: the following other types implement trait `OpenApi`:
[INFO] [stdout]              ()
[INFO] [stdout]              (T1, T2)
[INFO] [stdout]              (T1, T2, T3)
[INFO] [stdout]              (T1, T2, T3, T4)
[INFO] [stdout]              (T1, T2, T3, T4, T5)
[INFO] [stdout]              (T1, T2, T3, T4, T5, T6)
[INFO] [stdout]              (T1, T2, T3, T4, T5, T6, T7)
[INFO] [stdout]              (T1, T2, T3, T4, T5, T6, T7, T8)
[INFO] [stdout]            and 9 others
[INFO] [stdout]    = note: required for `north::service::NorthServiceBuilder<&str>` to implement `NorthServiceBuilderTrait<&str>`
[INFO] [stdout] 
[INFO] [stdout] error[E0277]: the trait bound `&str: OpenApi` is not satisfied
[INFO] [stdout]   --> src/north.rs:40:19
[INFO] [stdout]    |
[INFO] [stdout] 23 |       let service = new_service()
[INFO] [stdout]    |  ___________________^
[INFO] [stdout] 24 | |         .graceful_shutdown()
[INFO] [stdout] 25 | |         .address("localhost")
[INFO] [stdout] 26 | |         .name("Example Service")
[INFO] [stdout] 27 | |         .path_prefix("/api")
[INFO] [stdout] 28 | |         .port(8000)
[INFO] [stdout]    | |___________________^ the trait `OpenApi` is not implemented for `&str`
[INFO] [stdout]    |
[INFO] [stdout]    = help: the following other types implement trait `OpenApi`:
[INFO] [stdout]              ()
[INFO] [stdout]              (T1, T2)
[INFO] [stdout]              (T1, T2, T3)
[INFO] [stdout]              (T1, T2, T3, T4)
[INFO] [stdout]              (T1, T2, T3, T4, T5)
[INFO] [stdout]              (T1, T2, T3, T4, T5, T6)
[INFO] [stdout]              (T1, T2, T3, T4, T5, T6, T7)
[INFO] [stdout]              (T1, T2, T3, T4, T5, T6, T7, T8)
[INFO] [stdout]            and 9 others
[INFO] [stdout] note: required by a bound in `north::service::NorthServiceBuilder`
[INFO] [stdout]   --> /opt/rustwide/workdir/src/service.rs:51:44
[INFO] [stdout]    |
[INFO] [stdout] 51 | pub struct NorthServiceBuilder<T> where T: PoemOpenApi + Clone + 'static {
[INFO] [stdout]    |                                            ^^^^^^^^^^^ required by this bound in `NorthServiceBuilder`
[INFO] [stdout] 
[INFO] [stdout] error[E0277]: the trait bound `&str: OpenApi` is not satisfied
[INFO] [stdout]   --> src/north.rs:44:10
[INFO] [stdout]    |
[INFO] [stdout] 27 |         .path_prefix("/api")
[INFO] [stdout]    |          ^^^^^^^^^^^ the trait `OpenApi` is not implemented for `&str`
[INFO] [stdout]    |
[INFO] [stdout]    = help: the following other types implement trait `OpenApi`:
[INFO] [stdout]              ()
[INFO] [stdout]              (T1, T2)
[INFO] [stdout]              (T1, T2, T3)
[INFO] [stdout]              (T1, T2, T3, T4)
[INFO] [stdout]              (T1, T2, T3, T4, T5)
[INFO] [stdout]              (T1, T2, T3, T4, T5, T6)
[INFO] [stdout]              (T1, T2, T3, T4, T5, T6, T7)
[INFO] [stdout]              (T1, T2, T3, T4, T5, T6, T7, T8)
[INFO] [stdout]            and 9 others
[INFO] [stdout]    = note: required for `north::service::NorthServiceBuilder<&str>` to implement `NorthServiceBuilderTrait<&str>`
[INFO] [stdout] 
[INFO] [stdout] error[E0277]: the trait bound `&str: OpenApi` is not satisfied
[INFO] [stdout]   --> src/north.rs:43:10
[INFO] [stdout]    |
[INFO] [stdout] 26 |         .name("Example Service")
[INFO] [stdout]    |          ^^^^ the trait `OpenApi` is not implemented for `&str`
[INFO] [stdout]    |
[INFO] [stdout]    = help: the following other types implement trait `OpenApi`:
[INFO] [stdout]              ()
[INFO] [stdout]              (T1, T2)
[INFO] [stdout]              (T1, T2, T3)
[INFO] [stdout]              (T1, T2, T3, T4)
[INFO] [stdout]              (T1, T2, T3, T4, T5)
[INFO] [stdout]              (T1, T2, T3, T4, T5, T6)
[INFO] [stdout]              (T1, T2, T3, T4, T5, T6, T7)
[INFO] [stdout]              (T1, T2, T3, T4, T5, T6, T7, T8)
[INFO] [stdout]            and 9 others
[INFO] [stdout]    = note: required for `north::service::NorthServiceBuilder<&str>` to implement `NorthServiceBuilderTrait<&str>`
[INFO] [stdout] 
[INFO] [stdout] error[E0277]: the trait bound `&str: OpenApi` is not satisfied
[INFO] [stdout]   --> src/north.rs:42:10
[INFO] [stdout]    |
[INFO] [stdout] 25 |         .address("localhost")
[INFO] [stdout]    |          ^^^^^^^ the trait `OpenApi` is not implemented for `&str`
[INFO] [stdout]    |
[INFO] [stdout]    = help: the following other types implement trait `OpenApi`:
[INFO] [stdout]              ()
[INFO] [stdout]              (T1, T2)
[INFO] [stdout]              (T1, T2, T3)
[INFO] [stdout]              (T1, T2, T3, T4)
[INFO] [stdout]              (T1, T2, T3, T4, T5)
[INFO] [stdout]              (T1, T2, T3, T4, T5, T6)
[INFO] [stdout]              (T1, T2, T3, T4, T5, T6, T7)
[INFO] [stdout]              (T1, T2, T3, T4, T5, T6, T7, T8)
[INFO] [stdout]            and 9 others
[INFO] [stdout]    = note: required for `north::service::NorthServiceBuilder<&str>` to implement `NorthServiceBuilderTrait<&str>`
[INFO] [stdout] 
[INFO] [stdout] error[E0277]: the trait bound `&str: OpenApi` is not satisfied
[INFO] [stdout]   --> src/north.rs:41:10
[INFO] [stdout]    |
[INFO] [stdout] 24 |         .graceful_shutdown()
[INFO] [stdout]    |          ^^^^^^^^^^^^^^^^^ the trait `OpenApi` is not implemented for `&str`
[INFO] [stdout]    |
[INFO] [stdout]    = help: the following other types implement trait `OpenApi`:
[INFO] [stdout]              ()
[INFO] [stdout]              (T1, T2)
[INFO] [stdout]              (T1, T2, T3)
[INFO] [stdout]              (T1, T2, T3, T4)
[INFO] [stdout]              (T1, T2, T3, T4, T5)
[INFO] [stdout]              (T1, T2, T3, T4, T5, T6)
[INFO] [stdout]              (T1, T2, T3, T4, T5, T6, T7)
[INFO] [stdout]              (T1, T2, T3, T4, T5, T6, T7, T8)
[INFO] [stdout]            and 9 others
[INFO] [stdout]    = note: required for `north::service::NorthServiceBuilder<&str>` to implement `NorthServiceBuilderTrait<&str>`
[INFO] [stdout] 
[INFO] [stdout] error[E0061]: this method takes 1 argument but 2 arguments were supplied
[INFO] [stdout]   --> src/north.rs:46:10
[INFO] [stdout]    |
[INFO] [stdout] 29 |         .controller("/", Api)
[INFO] [stdout]    |          ^^^^^^^^^^      --- unexpected argument #2 of type `Api`
[INFO] [stdout]    |
[INFO] [stdout] note: method defined here
[INFO] [stdout]   --> /opt/rustwide/workdir/src/contracts.rs:45:8
[INFO] [stdout]    |
[INFO] [stdout] 45 |     fn controller(self, api: T) -> Self;
[INFO] [stdout]    |        ^^^^^^^^^^
[INFO] [stdout] help: remove the extra argument
[INFO] [stdout]    |
[INFO] [stdout] 29 -         .controller("/", Api)
[INFO] [stdout] 29 +         .controller("/")
[INFO] [stdout]    |
[INFO] [stdout] 
[INFO] [stdout] error[E0599]: the method `build` exists for struct `NorthServiceBuilder<&str>`, but its trait bounds were not satisfied
[INFO] [stdout]   --> src/north.rs:47:10
[INFO] [stdout]    |
[INFO] [stdout] 23 |       let service = new_service()
[INFO] [stdout]    |  ___________________-
[INFO] [stdout] 24 | |         .graceful_shutdown()
[INFO] [stdout] 25 | |         .address("localhost")
[INFO] [stdout] 26 | |         .name("Example Service")
[INFO] [stdout] ...  |
[INFO] [stdout] 29 | |         .controller("/", Api)
[INFO] [stdout] 30 | |         .build();
[INFO] [stdout]    | |         -^^^^^ method cannot be called on `NorthServiceBuilder<&str>` due to unsatisfied trait bounds
[INFO] [stdout]    | |_________|
[INFO] [stdout]    |
[INFO] [stdout]    |
[INFO] [stdout]   ::: /opt/rustwide/workdir/src/service.rs:51:1
[INFO] [stdout]    |
[INFO] [stdout] 51 |   pub struct NorthServiceBuilder<T> where T: PoemOpenApi + Clone + 'static {
[INFO] [stdout]    |   --------------------------------- doesn't satisfy `_: NorthServiceBuilderTrait<&str>`
[INFO] [stdout]    |
[INFO] [stdout]    = note: the following trait bounds were not satisfied:
[INFO] [stdout]            `&str: OpenApi`
[INFO] [stdout]            which is required by `north::service::NorthServiceBuilder<&str>: NorthServiceBuilderTrait<&str>`
[INFO] [stdout] 
[INFO] [stdout] error: aborting due to 10 previous errors
[INFO] [stdout] 
[INFO] [stdout] Some errors have detailed explanations: E0061, E0277, E0599.
[INFO] [stdout] For more information about an error, try `rustc --explain E0061`.
[INFO] [stdout] Couldn't compile the test.
[INFO] [stdout] 
[INFO] [stdout] failures:
[INFO] [stdout]     src/north.rs - north::North (line 19)
[INFO] [stdout] 
[INFO] [stdout] test result: FAILED. 0 passed; 1 failed; 0 ignored; 0 measured; 0 filtered out; finished in 0.50s
[INFO] [stdout] 
[INFO] [stderr] error: doctest failed, to rerun pass `--doc`
[INFO] running `Command { std: "docker" "inspect" "a8bff09343b734a08307983a9c0dfef0c5cd3d57ede261c63ca5e2479cf79098", kill_on_drop: false }`
[INFO] running `Command { std: "docker" "rm" "-f" "a8bff09343b734a08307983a9c0dfef0c5cd3d57ede261c63ca5e2479cf79098", kill_on_drop: false }`
[INFO] [stdout] a8bff09343b734a08307983a9c0dfef0c5cd3d57ede261c63ca5e2479cf79098
