[INFO] fetching crate noir-compute 0.2.0...
[INFO] testing noir-compute-0.2.0 against nightly-2025-01-18+rustflags=-Zrandomize-layout for randomize-layout-2
[INFO] extracting crate noir-compute 0.2.0 into /workspace/builds/worker-5-tc2/source
[INFO] validating manifest of crates.io crate noir-compute 0.2.0 on toolchain nightly-2025-01-18
[INFO] running `Command { std: CARGO_HOME="/workspace/cargo-home" RUSTUP_HOME="/workspace/rustup-home" "/workspace/cargo-home/bin/cargo" "+nightly-2025-01-18" "metadata" "--manifest-path" "Cargo.toml" "--no-deps", kill_on_drop: false }`
[INFO] started tweaking crates.io crate noir-compute 0.2.0
[INFO] removed 0 missing examples
[INFO] finished tweaking crates.io crate noir-compute 0.2.0
[INFO] tweaked toml for crates.io crate noir-compute 0.2.0 written to /workspace/builds/worker-5-tc2/source/Cargo.toml
[INFO] crate crates.io crate noir-compute 0.2.0 already has a lockfile, it will not be regenerated
[INFO] running `Command { std: CARGO_HOME="/workspace/cargo-home" RUSTUP_HOME="/workspace/rustup-home" "/workspace/cargo-home/bin/cargo" "+nightly-2025-01-18" "fetch" "--manifest-path" "Cargo.toml", kill_on_drop: false }`
[INFO] running `Command { std: "docker" "create" "-v" "/var/lib/crater-agent-workspace/builds/worker-5-tc2/target:/opt/rustwide/target:rw,Z" "-v" "/var/lib/crater-agent-workspace/builds/worker-5-tc2/source:/opt/rustwide/workdir:ro,Z" "-v" "/var/lib/crater-agent-workspace/cargo-home:/opt/rustwide/cargo-home:ro,Z" "-v" "/var/lib/crater-agent-workspace/rustup-home:/opt/rustwide/rustup-home:ro,Z" "-e" "SOURCE_DIR=/opt/rustwide/workdir" "-e" "CARGO_TARGET_DIR=/opt/rustwide/target" "-e" "CARGO_HOME=/opt/rustwide/cargo-home" "-e" "RUSTUP_HOME=/opt/rustwide/rustup-home" "-w" "/opt/rustwide/workdir" "-m" "1610612736" "--user" "0:0" "--network" "none" "ghcr.io/rust-lang/crates-build-env/linux@sha256:819108c5571ea2e421544af4d832f968d213c87fbe3707a016657f43d2f853bc" "/opt/rustwide/cargo-home/bin/cargo" "+nightly-2025-01-18" "metadata" "--no-deps" "--format-version=1", kill_on_drop: false }`
[INFO] [stdout] fbf463b9aea173cb412230ff3082d1292300de64e1edec1cd52fa5ea0dce85e0
[INFO] running `Command { std: "docker" "start" "-a" "fbf463b9aea173cb412230ff3082d1292300de64e1edec1cd52fa5ea0dce85e0", kill_on_drop: false }`
[INFO] running `Command { std: "docker" "inspect" "fbf463b9aea173cb412230ff3082d1292300de64e1edec1cd52fa5ea0dce85e0", kill_on_drop: false }`
[INFO] running `Command { std: "docker" "rm" "-f" "fbf463b9aea173cb412230ff3082d1292300de64e1edec1cd52fa5ea0dce85e0", kill_on_drop: false }`
[INFO] [stdout] fbf463b9aea173cb412230ff3082d1292300de64e1edec1cd52fa5ea0dce85e0
[INFO] running `Command { std: "docker" "create" "-v" "/var/lib/crater-agent-workspace/builds/worker-5-tc2/target:/opt/rustwide/target:rw,Z" "-v" "/var/lib/crater-agent-workspace/builds/worker-5-tc2/source:/opt/rustwide/workdir:ro,Z" "-v" "/var/lib/crater-agent-workspace/cargo-home:/opt/rustwide/cargo-home:ro,Z" "-v" "/var/lib/crater-agent-workspace/rustup-home:/opt/rustwide/rustup-home:ro,Z" "-e" "SOURCE_DIR=/opt/rustwide/workdir" "-e" "CARGO_TARGET_DIR=/opt/rustwide/target" "-e" "CARGO_INCREMENTAL=0" "-e" "RUST_BACKTRACE=full" "-e" "RUSTFLAGS=--cap-lints=forbid -Zrandomize-layout" "-e" "RUSTDOCFLAGS=--cap-lints=forbid" "-e" "CARGO_HOME=/opt/rustwide/cargo-home" "-e" "RUSTUP_HOME=/opt/rustwide/rustup-home" "-w" "/opt/rustwide/workdir" "-m" "1610612736" "--user" "0:0" "--network" "none" "ghcr.io/rust-lang/crates-build-env/linux@sha256:819108c5571ea2e421544af4d832f968d213c87fbe3707a016657f43d2f853bc" "/opt/rustwide/cargo-home/bin/cargo" "+nightly-2025-01-18" "build" "--frozen" "--message-format=json", kill_on_drop: false }`
[INFO] [stdout] 5d4d47a30c9b1c7061fb9494410865d65fc6a1dbef3c091f23dfa828602211a7
[INFO] running `Command { std: "docker" "start" "-a" "5d4d47a30c9b1c7061fb9494410865d65fc6a1dbef3c091f23dfa828602211a7", kill_on_drop: false }`
[INFO] [stderr]    Compiling proc-macro2 v1.0.79
[INFO] [stderr]    Compiling libc v0.2.153
[INFO] [stderr]    Compiling unicode-ident v1.0.12
[INFO] [stderr]    Compiling pkg-config v0.3.30
[INFO] [stderr]    Compiling cc v1.0.90
[INFO] [stderr]    Compiling lock_api v0.4.11
[INFO] [stderr]    Compiling scopeguard v1.2.0
[INFO] [stderr]    Compiling smallvec v1.13.1
[INFO] [stderr]    Compiling typenum v1.17.0
[INFO] [stderr]    Compiling generic-array v0.14.7
[INFO] [stderr]    Compiling serde v1.0.197
[INFO] [stderr]    Compiling once_cell v1.19.0
[INFO] [stderr]    Compiling parking_lot_core v0.9.9
[INFO] [stderr]    Compiling hashbrown v0.14.3
[INFO] [stderr]    Compiling utf8parse v0.2.1
[INFO] [stderr]    Compiling parking_lot_core v0.8.6
[INFO] [stderr]    Compiling anstyle-parse v0.2.3
[INFO] [stderr]    Compiling instant v0.1.12
[INFO] [stderr]    Compiling ahash v0.8.11
[INFO] [stderr]    Compiling anstyle-query v1.0.2
[INFO] [stderr]    Compiling ryu v1.0.17
[INFO] [stderr]    Compiling anstyle v1.0.6
[INFO] [stderr]    Compiling itoa v1.0.10
[INFO] [stderr]    Compiling quote v1.0.35
[INFO] [stderr]    Compiling colorchoice v1.0.0
[INFO] [stderr]    Compiling syn v1.0.109
[INFO] [stderr]    Compiling anstream v0.6.13
[INFO] [stderr]    Compiling memchr v2.7.1
[INFO] [stderr]    Compiling getrandom v0.2.12
[INFO] [stderr]    Compiling syn v2.0.52
[INFO] [stderr]    Compiling heck v0.4.1
[INFO] [stderr]    Compiling zerocopy v0.7.32
[INFO] [stderr]    Compiling thiserror v1.0.58
[INFO] [stderr]    Compiling serde_json v1.0.114
[INFO] [stderr]    Compiling strsim v0.11.0
[INFO] [stderr]    Compiling libz-sys v1.1.15
[INFO] [stderr]    Compiling openssl-sys v0.9.101
[INFO] [stderr]    Compiling libssh2-sys v0.3.0
[INFO] [stderr]    Compiling clap_lex v0.7.0
[INFO] [stderr]    Compiling anyhow v1.0.81
[INFO] [stderr]    Compiling clap_builder v4.5.2
[INFO] [stderr]    Compiling csv-core v0.1.11
[INFO] [stderr]    Compiling parking_lot v0.11.2
[INFO] [stderr]    Compiling crypto-common v0.1.6
[INFO] [stderr]    Compiling block-buffer v0.10.4
[INFO] [stderr]    Compiling parking_lot v0.12.1
[INFO] [stderr]    Compiling digest v0.10.7
[INFO] [stderr]    Compiling nanorand v0.7.0
[INFO] [stderr]    Compiling indexmap v2.2.5
[INFO] [stderr]    Compiling tracing-core v0.1.32
[INFO] [stderr]    Compiling spin v0.9.8
[INFO] [stderr]    Compiling log v0.4.21
[INFO] [stderr]    Compiling unsafe-libyaml v0.2.10
[INFO] [stderr]    Compiling cpufeatures v0.2.12
[INFO] [stderr]    Compiling rand_core v0.6.4
[INFO] [stderr]    Compiling futures-core v0.3.30
[INFO] [stderr]    Compiling futures-sink v0.3.30
[INFO] [stderr]    Compiling pin-project-lite v0.2.13
[INFO] [stderr]    Compiling byteorder v1.5.0
[INFO] [stderr]    Compiling either v1.10.0
[INFO] [stderr]    Compiling flume v0.11.0
[INFO] [stderr]    Compiling itertools v0.12.1
[INFO] [stderr]    Compiling fxhash v0.2.1
[INFO] [stderr]    Compiling wyhash v0.5.0
[INFO] [stderr]    Compiling sha2 v0.10.8
[INFO] [stderr]    Compiling quick_cache v0.4.1
[INFO] [stderr]    Compiling dashmap v5.5.3
[INFO] [stderr]    Compiling coarsetime v0.1.34
[INFO] [stderr]    Compiling typemap_rev v0.3.0
[INFO] [stderr]    Compiling base64 v0.22.0
[INFO] [stderr]    Compiling glidesort v0.1.2
[INFO] [stderr]    Compiling whoami v1.5.1
[INFO] [stderr]    Compiling shell-escape v0.1.5
[INFO] [stderr]    Compiling lazy-init v0.5.1
[INFO] [stderr]    Compiling derivative v2.2.0
[INFO] [stderr]    Compiling serde_derive v1.0.197
[INFO] [stderr]    Compiling tracing-attributes v0.1.27
[INFO] [stderr]    Compiling clap_derive v4.5.0
[INFO] [stderr]    Compiling thiserror-impl v1.0.58
[INFO] [stderr]    Compiling tracing v0.1.40
[INFO] [stderr]    Compiling ssh2 v0.9.4
[INFO] [stderr]    Compiling clap v4.5.2
[INFO] [stderr]    Compiling bincode v1.3.3
[INFO] [stderr]    Compiling csv v1.3.0
[INFO] [stderr]    Compiling serde_yaml v0.9.32
[INFO] [stderr]    Compiling noir-compute v0.2.0 (/opt/rustwide/workdir)
[INFO] [stdout] warning: trait `Sink` is never used
[INFO] [stdout]   --> src/operator/sink/mod.rs:17:18
[INFO] [stdout]    |
[INFO] [stdout] 17 | pub(crate) trait Sink: Operator<Out = ()> {}
[INFO] [stdout]    |                  ^^^^
[INFO] [stdout]    |
[INFO] [stdout]    = note: `#[warn(dead_code)]` on by default
[INFO] [stdout] 
[INFO] [stdout] 
[INFO] [stdout] warning: method `cached_replicas` is never used
[INFO] [stdout]   --> src/operator/start/mod.rs:36:8
[INFO] [stdout]    |
[INFO] [stdout] 24 | pub(crate) trait StartReceiver: Clone {
[INFO] [stdout]    |                  ------------- method in this trait
[INFO] [stdout] ...
[INFO] [stdout] 36 |     fn cached_replicas(&self) -> usize;
[INFO] [stdout]    |        ^^^^^^^^^^^^^^^
[INFO] [stdout] 
[INFO] [stdout] 
[INFO] [stdout] warning: creating a mutable reference to mutable static is discouraged
[INFO] [stdout]    --> src/profiler/mod.rs:131:18
[INFO] [stdout]     |
[INFO] [stdout] 131 |         unsafe { &mut PROFILER }
[INFO] [stdout]     |                  ^^^^^^^^^^^^^ mutable reference to mutable static
[INFO] [stdout]     |
[INFO] [stdout]     = note: for more information, see <https://doc.rust-lang.org/nightly/edition-guide/rust-2024/static-mut-references.html>
[INFO] [stdout]     = note: mutable references to mutable statics are dangerous; it's undefined behavior if any other pointer to the static is used or if any other reference is created for the static while the mutable reference lives
[INFO] [stdout]     = note: `#[warn(static_mut_refs)]` on by default
[INFO] [stdout] help: use `&raw mut` instead to create a raw pointer
[INFO] [stdout]     |
[INFO] [stdout] 131 |         unsafe { &raw mut PROFILER }
[INFO] [stdout]     |                  ~~~~~~~~
[INFO] [stdout] 
[INFO] [stdout] 
[INFO] [stderr]     Finished `dev` profile [unoptimized + debuginfo] target(s) in 1m 09s
[INFO] running `Command { std: "docker" "inspect" "5d4d47a30c9b1c7061fb9494410865d65fc6a1dbef3c091f23dfa828602211a7", kill_on_drop: false }`
[INFO] running `Command { std: "docker" "rm" "-f" "5d4d47a30c9b1c7061fb9494410865d65fc6a1dbef3c091f23dfa828602211a7", kill_on_drop: false }`
[INFO] [stdout] 5d4d47a30c9b1c7061fb9494410865d65fc6a1dbef3c091f23dfa828602211a7
[INFO] running `Command { std: "docker" "create" "-v" "/var/lib/crater-agent-workspace/builds/worker-5-tc2/target:/opt/rustwide/target:rw,Z" "-v" "/var/lib/crater-agent-workspace/builds/worker-5-tc2/source:/opt/rustwide/workdir:ro,Z" "-v" "/var/lib/crater-agent-workspace/cargo-home:/opt/rustwide/cargo-home:ro,Z" "-v" "/var/lib/crater-agent-workspace/rustup-home:/opt/rustwide/rustup-home:ro,Z" "-e" "SOURCE_DIR=/opt/rustwide/workdir" "-e" "CARGO_TARGET_DIR=/opt/rustwide/target" "-e" "CARGO_INCREMENTAL=0" "-e" "RUST_BACKTRACE=full" "-e" "RUSTFLAGS=--cap-lints=forbid -Zrandomize-layout" "-e" "RUSTDOCFLAGS=--cap-lints=forbid" "-e" "CARGO_HOME=/opt/rustwide/cargo-home" "-e" "RUSTUP_HOME=/opt/rustwide/rustup-home" "-w" "/opt/rustwide/workdir" "-m" "1610612736" "--user" "0:0" "--network" "none" "ghcr.io/rust-lang/crates-build-env/linux@sha256:819108c5571ea2e421544af4d832f968d213c87fbe3707a016657f43d2f853bc" "/opt/rustwide/cargo-home/bin/cargo" "+nightly-2025-01-18" "test" "--frozen" "--no-run" "--message-format=json", kill_on_drop: false }`
[INFO] [stdout] aa724a814642a0293ea16d6d5ad2b12914ed6e59eaecf827ee449c6268269375
[INFO] running `Command { std: "docker" "start" "-a" "aa724a814642a0293ea16d6d5ad2b12914ed6e59eaecf827ee449c6268269375", kill_on_drop: false }`
[INFO] [stderr]    Compiling serde v1.0.197
[INFO] [stderr]    Compiling getrandom v0.2.12
[INFO] [stderr]    Compiling memchr v2.7.1
[INFO] [stderr]    Compiling crossbeam-utils v0.8.19
[INFO] [stderr]    Compiling log v0.4.21
[INFO] [stderr]    Compiling regex-syntax v0.8.2
[INFO] [stderr]    Compiling tracing-core v0.1.32
[INFO] [stderr]    Compiling num-traits v0.2.18
[INFO] [stderr]    Compiling ppv-lite86 v0.2.17
[INFO] [stderr]    Compiling rand_core v0.6.4
[INFO] [stderr]    Compiling rayon-core v1.12.1
[INFO] [stderr]    Compiling libmimalloc-sys v0.1.35
[INFO] [stderr]    Compiling rand_chacha v0.3.1
[INFO] [stderr]    Compiling half v2.4.0
[INFO] [stderr]    Compiling crossbeam-epoch v0.9.18
[INFO] [stderr]    Compiling aho-corasick v1.1.2
[INFO] [stderr]    Compiling plotters-backend v0.3.5
[INFO] [stderr]    Compiling rustix v0.38.31
[INFO] [stderr]    Compiling crossbeam-deque v0.8.5
[INFO] [stderr]    Compiling ciborium-io v0.2.2
[INFO] [stderr]    Compiling lazy_static v1.4.0
[INFO] [stderr]    Compiling ciborium-ll v0.2.2
[INFO] [stderr]    Compiling plotters-svg v0.3.5
[INFO] [stderr]    Compiling ahash v0.8.11
[INFO] [stderr]    Compiling rand v0.8.5
[INFO] [stderr]    Compiling csv-core v0.1.11
[INFO] [stderr]    Compiling nanorand v0.7.0
[INFO] [stderr]    Compiling itertools v0.10.5
[INFO] [stderr]    Compiling regex-automata v0.4.6
[INFO] [stderr]    Compiling thread_local v1.1.8
[INFO] [stderr]    Compiling linux-raw-sys v0.4.13
[INFO] [stderr]    Compiling serde_json v1.0.114
[INFO] [stderr]    Compiling cast v0.3.0
[INFO] [stderr]    Compiling overload v0.1.1
[INFO] [stderr]    Compiling same-file v1.0.6
[INFO] [stderr]    Compiling bitflags v2.4.2
[INFO] [stderr]    Compiling walkdir v2.5.0
[INFO] [stderr]    Compiling tracing v0.1.40
[INFO] [stderr]    Compiling tinytemplate v1.2.1
[INFO] [stderr]    Compiling criterion-plot v0.5.0
[INFO] [stderr]    Compiling nu-ansi-term v0.46.0
[INFO] [stderr]    Compiling serde_yaml v0.9.32
[INFO] [stderr]    Compiling flume v0.11.0
[INFO] [stderr]    Compiling bincode v1.3.3
[INFO] [stderr]    Compiling csv v1.3.0
[INFO] [stderr]    Compiling ciborium v0.2.2
[INFO] [stderr]    Compiling plotters v0.3.5
[INFO] [stderr]    Compiling rayon v1.9.0
[INFO] [stderr]    Compiling regex v1.10.3
[INFO] [stderr]    Compiling quick_cache v0.4.1
[INFO] [stderr]    Compiling env_filter v0.1.0
[INFO] [stderr]    Compiling sharded-slab v0.1.7
[INFO] [stderr]    Compiling tracing-log v0.2.0
[INFO] [stderr]    Compiling wyhash v0.5.0
[INFO] [stderr]    Compiling is-terminal v0.4.12
[INFO] [stderr]    Compiling oorandom v11.1.3
[INFO] [stderr]    Compiling static_assertions v1.1.0
[INFO] [stderr]    Compiling deunicode v1.4.3
[INFO] [stderr]    Compiling fastrand v2.0.1
[INFO] [stderr]    Compiling anes v0.1.6
[INFO] [stderr]    Compiling humantime v2.1.0
[INFO] [stderr]    Compiling tempfile v3.10.1
[INFO] [stderr]    Compiling tracing-subscriber v0.3.18
[INFO] [stderr]    Compiling fake v2.9.2
[INFO] [stderr]    Compiling env_logger v0.11.3
[INFO] [stderr]    Compiling kstring v2.0.0
[INFO] [stderr]    Compiling mimalloc v0.1.39
[INFO] [stderr]    Compiling nexmark v0.2.0
[INFO] [stderr]    Compiling micrometer v0.2.7
[INFO] [stderr]    Compiling crossbeam-channel v0.5.12
[INFO] [stderr]    Compiling noir-compute v0.2.0 (/opt/rustwide/workdir)
[INFO] [stderr]    Compiling criterion v0.5.1
[INFO] [stdout] warning: trait `Sink` is never used
[INFO] [stdout]   --> src/operator/sink/mod.rs:17:18
[INFO] [stdout]    |
[INFO] [stdout] 17 | pub(crate) trait Sink: Operator<Out = ()> {}
[INFO] [stdout]    |                  ^^^^
[INFO] [stdout]    |
[INFO] [stdout]    = note: `#[warn(dead_code)]` on by default
[INFO] [stdout] 
[INFO] [stdout] 
[INFO] [stdout] warning: method `cached_replicas` is never used
[INFO] [stdout]   --> src/operator/start/mod.rs:36:8
[INFO] [stdout]    |
[INFO] [stdout] 24 | pub(crate) trait StartReceiver: Clone {
[INFO] [stdout]    |                  ------------- method in this trait
[INFO] [stdout] ...
[INFO] [stdout] 36 |     fn cached_replicas(&self) -> usize;
[INFO] [stdout]    |        ^^^^^^^^^^^^^^^
[INFO] [stdout] 
[INFO] [stdout] 
[INFO] [stdout] warning: creating a mutable reference to mutable static is discouraged
[INFO] [stdout]    --> src/profiler/mod.rs:131:18
[INFO] [stdout]     |
[INFO] [stdout] 131 |         unsafe { &mut PROFILER }
[INFO] [stdout]     |                  ^^^^^^^^^^^^^ mutable reference to mutable static
[INFO] [stdout]     |
[INFO] [stdout]     = note: for more information, see <https://doc.rust-lang.org/nightly/edition-guide/rust-2024/static-mut-references.html>
[INFO] [stdout]     = note: mutable references to mutable statics are dangerous; it's undefined behavior if any other pointer to the static is used or if any other reference is created for the static while the mutable reference lives
[INFO] [stdout]     = note: `#[warn(static_mut_refs)]` on by default
[INFO] [stdout] help: use `&raw mut` instead to create a raw pointer
[INFO] [stdout]     |
[INFO] [stdout] 131 |         unsafe { &raw mut PROFILER }
[INFO] [stdout]     |                  ~~~~~~~~
[INFO] [stdout] 
[INFO] [stdout] 
[INFO] [stdout] warning: trait `Sink` is never used
[INFO] [stdout]   --> src/operator/sink/mod.rs:17:18
[INFO] [stdout]    |
[INFO] [stdout] 17 | pub(crate) trait Sink: Operator<Out = ()> {}
[INFO] [stdout]    |                  ^^^^
[INFO] [stdout]    |
[INFO] [stdout]    = note: `#[warn(dead_code)]` on by default
[INFO] [stdout] 
[INFO] [stdout] 
[INFO] [stdout] warning: method `cached_replicas` is never used
[INFO] [stdout]   --> src/operator/start/mod.rs:36:8
[INFO] [stdout]    |
[INFO] [stdout] 24 | pub(crate) trait StartReceiver: Clone {
[INFO] [stdout]    |                  ------------- method in this trait
[INFO] [stdout] ...
[INFO] [stdout] 36 |     fn cached_replicas(&self) -> usize;
[INFO] [stdout]    |        ^^^^^^^^^^^^^^^
[INFO] [stdout] 
[INFO] [stdout] 
[INFO] [stdout] warning: creating a mutable reference to mutable static is discouraged
[INFO] [stdout]    --> src/profiler/mod.rs:131:18
[INFO] [stdout]     |
[INFO] [stdout] 131 |         unsafe { &mut PROFILER }
[INFO] [stdout]     |                  ^^^^^^^^^^^^^ mutable reference to mutable static
[INFO] [stdout]     |
[INFO] [stdout]     = note: for more information, see <https://doc.rust-lang.org/nightly/edition-guide/rust-2024/static-mut-references.html>
[INFO] [stdout]     = note: mutable references to mutable statics are dangerous; it's undefined behavior if any other pointer to the static is used or if any other reference is created for the static while the mutable reference lives
[INFO] [stdout]     = note: `#[warn(static_mut_refs)]` on by default
[INFO] [stdout] help: use `&raw mut` instead to create a raw pointer
[INFO] [stdout]     |
[INFO] [stdout] 131 |         unsafe { &raw mut PROFILER }
[INFO] [stdout]     |                  ~~~~~~~~
[INFO] [stdout] 
[INFO] [stdout] 
[INFO] [stderr]     Finished `test` profile [unoptimized + debuginfo] target(s) in 5m 27s
[INFO] running `Command { std: "docker" "inspect" "aa724a814642a0293ea16d6d5ad2b12914ed6e59eaecf827ee449c6268269375", kill_on_drop: false }`
[INFO] running `Command { std: "docker" "rm" "-f" "aa724a814642a0293ea16d6d5ad2b12914ed6e59eaecf827ee449c6268269375", kill_on_drop: false }`
[INFO] [stdout] aa724a814642a0293ea16d6d5ad2b12914ed6e59eaecf827ee449c6268269375
[INFO] running `Command { std: "docker" "create" "-v" "/var/lib/crater-agent-workspace/builds/worker-5-tc2/target:/opt/rustwide/target:rw,Z" "-v" "/var/lib/crater-agent-workspace/builds/worker-5-tc2/source:/opt/rustwide/workdir:ro,Z" "-v" "/var/lib/crater-agent-workspace/cargo-home:/opt/rustwide/cargo-home:ro,Z" "-v" "/var/lib/crater-agent-workspace/rustup-home:/opt/rustwide/rustup-home:ro,Z" "-e" "SOURCE_DIR=/opt/rustwide/workdir" "-e" "CARGO_TARGET_DIR=/opt/rustwide/target" "-e" "CARGO_INCREMENTAL=0" "-e" "RUST_BACKTRACE=full" "-e" "RUSTFLAGS=--cap-lints=forbid -Zrandomize-layout" "-e" "RUSTDOCFLAGS=--cap-lints=forbid" "-e" "CARGO_HOME=/opt/rustwide/cargo-home" "-e" "RUSTUP_HOME=/opt/rustwide/rustup-home" "-w" "/opt/rustwide/workdir" "-m" "1610612736" "--user" "0:0" "--network" "none" "ghcr.io/rust-lang/crates-build-env/linux@sha256:819108c5571ea2e421544af4d832f968d213c87fbe3707a016657f43d2f853bc" "/opt/rustwide/cargo-home/bin/cargo" "+nightly-2025-01-18" "test" "--frozen", kill_on_drop: false }`
[INFO] [stdout] 6c5eda707508ad12294e18f5dab0b252caca79e2e4fd75a168da0e7d3a117de0
[INFO] running `Command { std: "docker" "start" "-a" "6c5eda707508ad12294e18f5dab0b252caca79e2e4fd75a168da0e7d3a117de0", kill_on_drop: false }`
[INFO] [stderr] warning: trait `Sink` is never used
[INFO] [stderr]   --> src/operator/sink/mod.rs:17:18
[INFO] [stderr]    |
[INFO] [stderr] 17 | pub(crate) trait Sink: Operator<Out = ()> {}
[INFO] [stderr]    |                  ^^^^
[INFO] [stderr]    |
[INFO] [stderr]    = note: `#[warn(dead_code)]` on by default
[INFO] [stderr] 
[INFO] [stderr] warning: method `cached_replicas` is never used
[INFO] [stderr]   --> src/operator/start/mod.rs:36:8
[INFO] [stderr]    |
[INFO] [stderr] 24 | pub(crate) trait StartReceiver: Clone {
[INFO] [stderr]    |                  ------------- method in this trait
[INFO] [stderr] ...
[INFO] [stderr] 36 |     fn cached_replicas(&self) -> usize;
[INFO] [stderr]    |        ^^^^^^^^^^^^^^^
[INFO] [stderr] 
[INFO] [stderr] warning: creating a mutable reference to mutable static is discouraged
[INFO] [stderr]    --> src/profiler/mod.rs:131:18
[INFO] [stderr]     |
[INFO] [stderr] 131 |         unsafe { &mut PROFILER }
[INFO] [stderr]     |                  ^^^^^^^^^^^^^ mutable reference to mutable static
[INFO] [stderr]     |
[INFO] [stderr]     = note: for more information, see <https://doc.rust-lang.org/nightly/edition-guide/rust-2024/static-mut-references.html>
[INFO] [stderr]     = note: mutable references to mutable statics are dangerous; it's undefined behavior if any other pointer to the static is used or if any other reference is created for the static while the mutable reference lives
[INFO] [stderr]     = note: `#[warn(static_mut_refs)]` on by default
[INFO] [stderr] help: use `&raw mut` instead to create a raw pointer
[INFO] [stderr]     |
[INFO] [stderr] 131 |         unsafe { &raw mut PROFILER }
[INFO] [stderr]     |                  ~~~~~~~~
[INFO] [stderr] 
[INFO] [stderr] warning: `noir-compute` (lib) generated 3 warnings
[INFO] [stderr] warning: `noir-compute` (lib test) generated 3 warnings (3 duplicates)
[INFO] [stderr]     Finished `test` profile [unoptimized + debuginfo] target(s) in 0.47s
[INFO] [stderr]      Running unittests src/lib.rs (/opt/rustwide/target/debug/deps/noir_compute-118e656a07d36453)
[INFO] [stdout] 
[INFO] [stdout] running 54 tests
[INFO] [stdout] test block::structure::tests::test_data_type_clean ... ok
[INFO] [stdout] test network::sync::remote::tests::header_size ... ok
[INFO] [stdout] test channel::tests::test_recv_local ... ok
[INFO] [stdout] test operator::add_timestamps::tests::add_timestamps ... ok
[INFO] [stdout] test channel::tests::test_select_local ... ok
[INFO] [stdout] test operator::batch_mode::tests::batch_mode_adaptive ... ok
[INFO] [stdout] test network::topology::tests::test_multiple_output_types ... ok
[INFO] [stdout] test network::topology::tests::test_local_topology ... ok
[INFO] [stdout] test operator::batch_mode::tests::batch_mode_fixed ... ok
[INFO] [stdout] test operator::filter::tests::test_filter ... ok
[INFO] [stdout] test operator::batch_mode::tests::batch_inherit_from_previous ... ok
[INFO] [stdout] test operator::flat_map::tests::test_flat_map_timestamped ... ok
[INFO] [stdout] test operator::flatten::tests::test_flatten_no_timestamps ... ok
[INFO] [stdout] test operator::flatten::tests::test_flatten_timestamped ... ok
[INFO] [stdout] test operator::fold::tests::test_fold_iter_end ... ok
[INFO] [stdout] test operator::fold::tests::test_fold_timestamped ... ok
[INFO] [stdout] test operator::fold::tests::test_fold_without_timestamps ... ok
[INFO] [stdout] test operator::key_by::tests::test_key_by ... ok
[INFO] [stdout] test operator::keyed_fold::tests::test_keyed_fold_no_timestamp ... ok
[INFO] [stdout] test operator::keyed_fold::tests::test_keyed_fold_timestamp ... ok
[INFO] [stdout] test channel::tests::test_select_fairness ... ok
[INFO] [stdout] test operator::map::tests::map_stream ... ok
[INFO] [stdout] test operator::replication::tests::test_replication ... ok
[INFO] [stdout] test operator::flat_map::tests::test_flat_map_no_timestamps ... ok
[INFO] [stdout] test operator::reorder::tests::reorder ... ok
[INFO] [stdout] test operator::sink::collect::qtests::collect_set ... ok
[INFO] [stdout] test operator::sink::collect_count::tests::collect_vec ... ok
[INFO] [stdout] test operator::sink::collect_channel::tests::collect_channel ... ok
[INFO] [stdout] test operator::sink::collect::qtests::collect_vec ... ok
[INFO] [stdout] test operator::keyed_fold::tests::test_keyed_fold_end_iter ... ok
[INFO] [stdout] test operator::sink::for_each::tests::for_each ... ok
[INFO] [stdout] test operator::sink::collect_vec::tests::collect_vec ... ok
[INFO] [stdout] test operator::route::tests::test_route ... ok
[INFO] [stdout] test operator::start::tests::test_multiple_cache_other_side ... ok
[INFO] [stdout] test operator::start::tests::test_multiple_cache ... ok
[INFO] [stdout] test network::topology::tests::test_remote_topology ... ok
[INFO] [stdout] test channel::tests::test_select_timeout_local ... ok
[INFO] [stdout] test channel::tests::test_recv_timeout_local ... ok
[INFO] [stdout] test operator::sink::for_each::tests::for_each_keyed ... ok
[INFO] [stdout] test operator::window::aggr::join::tests::product_iterator ... ok
[INFO] [stdout] test operator::window::descr::count::tests::count_window_timestamped ... ok
[INFO] [stdout] test operator::window::descr::event_time::tests::event_time_window_spars ... ok
[INFO] [stdout] test operator::window::descr::event_time::tests::event_time_window ... ok
[INFO] [stdout] test operator::window::descr::processing_time::tests::processing_time_window ... ignored
[INFO] [stdout] test operator::zip::tests::zip ... ok
[INFO] [stdout] test operator::window::descr::session::tests::event_time_window ... ok
[INFO] [stdout] test operator::window::descr::count::tests::count_window ... ok
[INFO] [stdout] test operator::start::tests::test_multiple_no_cache ... ok
[INFO] [stdout] test operator::start::tests::test_single ... ok
[INFO] [stdout] test operator::start::tests::test_single_watermark ... ok
[INFO] [stdout] test scheduler::tests::test_scheduler_panic_on_missing_sink - should panic ... ok
[INFO] [stdout] test scheduler::tests::test_scheduler_panic_on_missing_sink_shuffle - should panic ... ok
[INFO] [stdout] test operator::source::csv::tests::csv_without_headers ... ok
[INFO] [stdout] test operator::source::csv::tests::csv_with_headers ... ok
[INFO] [stdout] 
[INFO] [stdout] test result: ok. 53 passed; 0 failed; 1 ignored; 0 measured; 0 filtered out; finished in 4.01s
[INFO] [stdout] 
[INFO] [stderr]      Running tests/aggregators.rs (/opt/rustwide/target/debug/deps/aggregators-e8a229ea64725367)
[INFO] [stdout] 
[INFO] [stdout] running 5 tests
[INFO] [stdout] test group_by_max_element ... ok
[INFO] [stdout] test group_by_min_element ... ok
[INFO] [stdout] test group_by_sum ... ok
[INFO] [stdout] test group_by_count ... ok
[INFO] [stdout] test group_by_avg ... ok
[INFO] [stdout] 
[INFO] [stdout] test result: ok. 5 passed; 0 failed; 0 ignored; 0 measured; 0 filtered out; finished in 0.19s
[INFO] [stdout] 
[INFO] [stderr]      Running tests/broadcast.rs (/opt/rustwide/target/debug/deps/broadcast-27e25245e9de24e9)
[INFO] [stdout] 
[INFO] [stdout] running 1 test
[INFO] [stdout] test broadcast_test ... ok
[INFO] [stdout] 
[INFO] [stdout] test result: ok. 1 passed; 0 failed; 0 ignored; 0 measured; 0 filtered out; finished in 0.13s
[INFO] [stdout] 
[INFO] [stderr]      Running tests/filter.rs (/opt/rustwide/target/debug/deps/filter-cbb747920af43766)
[INFO] [stdout] 
[INFO] [stdout] running 2 tests
[INFO] [stdout] test filter_stream ... ok
[INFO] [stdout] test filter_keyed_stream ... ok
[INFO] [stderr]      Running tests/filter_map.rs (/opt/rustwide/target/debug/deps/filter_map-b947b1b06a68f0d2)
[INFO] [stdout] 
[INFO] [stdout] test result: ok. 2 passed; 0 failed; 0 ignored; 0 measured; 0 filtered out; finished in 0.09s
[INFO] [stdout] 
[INFO] [stdout] 
[INFO] [stdout] running 2 tests
[INFO] [stdout] test filter_map_stream ... ok
[INFO] [stdout] test filter_map_keyed_stream ... ok
[INFO] [stdout] 
[INFO] [stdout] test result: ok. 2 passed; 0 failed; 0 ignored; 0 measured; 0 filtered out; finished in 0.07s
[INFO] [stdout] 
[INFO] [stderr]      Running tests/flatten.rs (/opt/rustwide/target/debug/deps/flatten-1f13bd393b313d7c)
[INFO] [stdout] 
[INFO] [stdout] running 6 tests
[INFO] [stdout] test flatten_not_serializable_stream ... ok
[INFO] [stdout] test flat_map_not_serializable_stream ... ok
[INFO] [stdout] test flat_map_stream ... ok
[INFO] [stdout] test flat_map_keyed_stream ... ok
[INFO] [stdout] test flatten_keyed_stream ... ok
[INFO] [stdout] test flatten_stream ... ok
[INFO] [stdout] 
[INFO] [stdout] test result: ok. 6 passed; 0 failed; 0 ignored; 0 measured; 0 filtered out; finished in 0.10s
[INFO] [stdout] 
[INFO] [stderr]      Running tests/fold.rs (/opt/rustwide/target/debug/deps/fold-092b04dbab5c9bb8)
[INFO] [stdout] 
[INFO] [stdout] running 4 tests
[INFO] [stdout] test fold_assoc_stream ... ok
[INFO] [stdout] test fold_stream ... ok
[INFO] [stdout] test fold_assoc_shuffled_stream ... ok
[INFO] [stdout] test fold_shuffled_stream ... ok
[INFO] [stdout] 
[INFO] [stdout] test result: ok. 4 passed; 0 failed; 0 ignored; 0 measured; 0 filtered out; finished in 0.12s
[INFO] [stdout] 
[INFO] [stderr]      Running tests/group_by.rs (/opt/rustwide/target/debug/deps/group_by-5d5584b78ac4dada)
[INFO] [stdout] 
[INFO] [stdout] running 1 test
[INFO] [stdout] test group_by_stream ... ok
[INFO] [stdout] 
[INFO] [stdout] test result: ok. 1 passed; 0 failed; 0 ignored; 0 measured; 0 filtered out; finished in 0.06s
[INFO] [stdout] 
[INFO] [stderr]      Running tests/interval_join.rs (/opt/rustwide/target/debug/deps/interval_join-cf92482b216f09bd)
[INFO] [stdout] 
[INFO] [stdout] running 2 tests
[INFO] [stdout] test interval_join_stream ... ok
[INFO] [stdout] test interval_join_keyed_stream ... ok
[INFO] [stdout] 
[INFO] [stdout] test result: ok. 2 passed; 0 failed; 0 ignored; 0 measured; 0 filtered out; finished in 0.15s
[INFO] [stdout] 
[INFO] [stderr]      Running tests/join.rs (/opt/rustwide/target/debug/deps/join-4a035a181b926dec)
[INFO] [stdout] 
[INFO] [stdout] running 19 tests
[INFO] [stdout] test join_bc_sort_merge_left ... ok
[INFO] [stdout] test join_bc_hash_inner ... ok
[INFO] [stdout] test join_bc_sort_merge_inner ... ok
[INFO] [stdout] test join_bc_hash_left ... ok
[INFO] [stdout] test join_hash_hash_left ... ok
[INFO] [stdout] test join_hash_hash_outer1 ... ok
[INFO] [stdout] test join_hash_sort_merge_inner ... ok
[INFO] [stdout] test join_hash_hash_outer2 ... ok
[INFO] [stdout] test join_hash_hash_inner ... ok
[INFO] [stdout] test join_hash_hash_inner_big ... ok
[INFO] [stdout] test join_hash_sort_merge_left ... ok
[INFO] [stdout] test join_hash_sort_merge_outer2 ... ok
[INFO] [stdout] test join_shortcut ... ok
[INFO] [stdout] test join_hash_sort_merge_inner_big ... ok
[INFO] [stdout] test join_hash_sort_merge_outer1 ... ok
[INFO] [stdout] test outer_join_shortcut ... ok
[INFO] [stdout] test left_join_shortcut ... ok
[INFO] [stdout] test self_join ... ok
[INFO] [stdout] test join_in_loop ... ok
[INFO] [stdout] 
[INFO] [stdout] test result: ok. 19 passed; 0 failed; 0 ignored; 0 measured; 0 filtered out; finished in 1.61s
[INFO] [stdout] 
[INFO] [stderr]      Running tests/key_by.rs (/opt/rustwide/target/debug/deps/key_by-f37d7b0e9bcd508a)
[INFO] [stdout] 
[INFO] [stdout] running 2 tests
[INFO] [stdout] test key_by_stream ... ok
[INFO] [stderr]      Running tests/keyed_fold.rs (/opt/rustwide/target/debug/deps/keyed_fold-cc93a1fab54fc041)
[INFO] [stdout] test key_by_stream2 ... ok
[INFO] [stdout] 
[INFO] [stdout] test result: ok. 2 passed; 0 failed; 0 ignored; 0 measured; 0 filtered out; finished in 0.12s
[INFO] [stdout] 
[INFO] [stdout] 
[INFO] [stdout] running 4 tests
[INFO] [stdout] test group_by_fold_shuffled_stream ... ok
[INFO] [stdout] test group_by_fold_stream ... ok
[INFO] [stdout] test fold_keyed_stream ... ok
[INFO] [stdout] test fold_shuffled_keyed_stream ... ok
[INFO] [stdout] 
[INFO] [stdout] test result: ok. 4 passed; 0 failed; 0 ignored; 0 measured; 0 filtered out; finished in 0.24s
[INFO] [stdout] 
[INFO] [stderr]      Running tests/keyed_reduce.rs (/opt/rustwide/target/debug/deps/keyed_reduce-faf5426718cd4cd3)
[INFO] [stdout] 
[INFO] [stdout] running 2 tests
[INFO] [stdout] test group_by_reduce_stream ... ok
[INFO] [stdout] test reduce_keyed_stream ... ok
[INFO] [stdout] 
[INFO] [stdout] test result: ok. 2 passed; 0 failed; 0 ignored; 0 measured; 0 filtered out; finished in 0.07s
[INFO] [stdout] 
[INFO] [stderr]      Running tests/map.rs (/opt/rustwide/target/debug/deps/map-afd6e18ea69de629)
[INFO] [stdout] 
[INFO] [stdout] running 2 tests
[INFO] [stdout] test map_stream ... ok
[INFO] [stdout] test map_keyed_stream ... ok
[INFO] [stdout] 
[INFO] [stdout] test result: ok. 2 passed; 0 failed; 0 ignored; 0 measured; 0 filtered out; finished in 0.08s
[INFO] [stdout] 
[INFO] [stderr]      Running tests/map_memo.rs (/opt/rustwide/target/debug/deps/map_memo-c7d39c1d724a8ffa)
[INFO] [stdout] 
[INFO] [stdout] running 2 tests
[INFO] [stdout] test map_memo_stream ... ok
[INFO] [stdout] test map_memo_by_stream ... ok
[INFO] [stdout] 
[INFO] [stdout] test result: ok. 2 passed; 0 failed; 0 ignored; 0 measured; 0 filtered out; finished in 0.15s
[INFO] [stdout] 
[INFO] [stderr]      Running tests/merge.rs (/opt/rustwide/target/debug/deps/merge-8243597134a6ce38)
[INFO] [stdout] 
[INFO] [stdout] running 6 tests
[INFO] [stdout] test merge_empty_with_empty ... ok
[INFO] [stdout] test merge_stream_with_empty ... ok
[INFO] [stdout] test merge_keyed_stream ... ok
[INFO] [stdout] test merge_stream_with_empty_other_way ... ok
[INFO] [stdout] test merge_with_timestamps ... ok
[INFO] [stdout] test merge_stream ... ok
[INFO] [stdout] 
[INFO] [stdout] test result: ok. 6 passed; 0 failed; 0 ignored; 0 measured; 0 filtered out; finished in 0.34s
[INFO] [stdout] 
[INFO] [stderr]      Running tests/mod.rs (/opt/rustwide/target/debug/deps/mod-76b920c85470ad1b)
[INFO] [stdout] 
[INFO] [stdout] running 23 tests
[INFO] [stdout] test iteration::iterate::test_iterate_no_blocks_in_between ... ok
[INFO] [stdout] test iteration::replay::test_replay_nested_no_shuffle ... ok
[INFO] [stdout] test iteration::replay::test_replay_nested_shuffle_outer ... ok
[INFO] [stdout] test iteration::iterate::test_iterate_with_shuffle ... ok
[INFO] [stdout] test iteration::iterate::test_iterate_side_input ... ok
[INFO] [stdout] test iteration::replay::test_replay_nested_shuffle_inner ... ok
[INFO] [stdout] test iteration::replay::test_replay_nested_shuffle_both ... ok
[INFO] [stdout] test iteration::iterate::test_iterate_primes ... ok
[INFO] [stdout] test window::aggregator::test_fold_window ... ok
[INFO] [stdout] test window::aggregator::test_map_window ... ok
[INFO] [stdout] test window::aggregator::test_first_window ... ok
[INFO] [stdout] test window::aggregator::test_max_window ... ok
[INFO] [stdout] test iteration::replay::test_replay_no_blocks_in_between ... ok
[INFO] [stdout] test window::aggregator::test_sum_window ... ok
[INFO] [stdout] test window::aggregator_keyed::test_map_window_keyed ... ok
[INFO] [stdout] test window::aggregator::test_min_window ... ok
[INFO] [stdout] test window::aggregator_keyed::test_fold_window_keyed ... ok
[INFO] [stdout] test window::aggregator_keyed::test_max_window_keyed ... ok
[INFO] [stdout] test window::aggregator_keyed::test_first_window_keyed ... ok
[INFO] [stdout] test window::aggregator_keyed::test_sum_window_keyed ... ok
[INFO] [stdout] test window::aggregator_keyed::test_min_window_keyed ... ok
[INFO] [stdout] test iteration::replay::test_replay_with_shuffle ... ok
[INFO] [stdout] test window::processing_time::tumbling_processing_time ... ok
[INFO] [stdout] 
[INFO] [stdout] test result: ok. 23 passed; 0 failed; 0 ignored; 0 measured; 0 filtered out; finished in 3.77s
[INFO] [stdout] 
[INFO] [stderr]      Running tests/parallel_iterator.rs (/opt/rustwide/target/debug/deps/parallel_iterator-84345324b0173558)
[INFO] [stdout] 
[INFO] [stdout] running 1 test
[INFO] [stdout] test parallel_iterator ... ok
[INFO] [stdout] 
[INFO] [stdout] test result: ok. 1 passed; 0 failed; 0 ignored; 0 measured; 0 filtered out; finished in 0.15s
[INFO] [stdout] 
[INFO] [stderr]      Running tests/reduce.rs (/opt/rustwide/target/debug/deps/reduce-70c9db345b2c1168)
[INFO] [stdout] 
[INFO] [stdout] running 4 tests
[INFO] [stdout] test reduce_assoc_stream ... ok
[INFO] [stdout] test reduce_stream ... ok
[INFO] [stdout] test reduce_assoc_shuffled_stream ... ok
[INFO] [stdout] test reduce_shuffled_stream ... ok
[INFO] [stdout] 
[INFO] [stdout] test result: ok. 4 passed; 0 failed; 0 ignored; 0 measured; 0 filtered out; finished in 0.12s
[INFO] [stdout] 
[INFO] [stderr]      Running tests/rich_filter_map.rs (/opt/rustwide/target/debug/deps/rich_filter_map-139fb213dea11397)
[INFO] [stdout] 
[INFO] [stdout] running 2 tests
[INFO] [stdout] test rich_filter_map_stream ... ok
[INFO] [stdout] test rich_filter_map_keyed_stream ... ok
[INFO] [stdout] 
[INFO] [stdout] test result: ok. 2 passed; 0 failed; 0 ignored; 0 measured; 0 filtered out; finished in 0.10s
[INFO] [stdout] 
[INFO] [stderr]      Running tests/rich_flat_map.rs (/opt/rustwide/target/debug/deps/rich_flat_map-fd7e297c7d20fdb2)
[INFO] [stdout] 
[INFO] [stdout] running 2 tests
[INFO] [stdout] test rich_flat_map_stream ... ok
[INFO] [stdout] test rich_flat_map_keyed_stream ... ok
[INFO] [stdout] 
[INFO] [stdout] test result: ok. 2 passed; 0 failed; 0 ignored; 0 measured; 0 filtered out; finished in 0.06s
[INFO] [stdout] 
[INFO] [stderr]      Running tests/rich_map.rs (/opt/rustwide/target/debug/deps/rich_map-c9820fa4edeffade)
[INFO] [stdout] 
[INFO] [stdout] running 2 tests
[INFO] [stdout] test rich_map_stream ... ok
[INFO] [stdout] test rich_map_keyed_stream ... ok
[INFO] [stdout] 
[INFO] [stderr]      Running tests/shuffle.rs (/opt/rustwide/target/debug/deps/shuffle-0ba1c063941d06de)
[INFO] [stdout] test result: ok. 2 passed; 0 failed; 0 ignored; 0 measured; 0 filtered out; finished in 0.08s
[INFO] [stdout] 
[INFO] [stdout] 
[INFO] [stdout] running 1 test
[INFO] [stdout] test shuffle_stream ... ok
[INFO] [stdout] 
[INFO] [stdout] test result: ok. 1 passed; 0 failed; 0 ignored; 0 measured; 0 filtered out; finished in 0.29s
[INFO] [stdout] 
[INFO] [stderr]      Running tests/split.rs (/opt/rustwide/target/debug/deps/split-7d77b08f86ec15e3)
[INFO] [stdout] 
[INFO] [stdout] running 2 tests
[INFO] [stdout] test split_stream ... ok
[INFO] [stdout] test double_split_stream ... ok
[INFO] [stdout] 
[INFO] [stdout] test result: ok. 2 passed; 0 failed; 0 ignored; 0 measured; 0 filtered out; finished in 0.20s
[INFO] [stdout] 
[INFO] [stderr]      Running tests/unkey.rs (/opt/rustwide/target/debug/deps/unkey-14428129c4ffec38)
[INFO] [stdout] 
[INFO] [stdout] running 2 tests
[INFO] [stdout] test drop_key_keyed_stream ... ok
[INFO] [stdout] test unkey_keyed_stream ... ok
[INFO] [stdout] 
[INFO] [stdout] test result: ok. 2 passed; 0 failed; 0 ignored; 0 measured; 0 filtered out; finished in 0.10s
[INFO] [stdout] 
[INFO] [stderr]      Running tests/utils.rs (/opt/rustwide/target/debug/deps/utils-d0875318a25a7ca9)
[INFO] [stdout] 
[INFO] [stdout] running 0 tests
[INFO] [stdout] 
[INFO] [stdout] test result: ok. 0 passed; 0 failed; 0 ignored; 0 measured; 0 filtered out; finished in 0.00s
[INFO] [stdout] 
[INFO] [stderr]      Running tests/zip.rs (/opt/rustwide/target/debug/deps/zip-cdb779cbe907e76a)
[INFO] [stdout] 
[INFO] [stdout] running 3 tests
[INFO] [stdout] test test_zip_no_shuffle ... ok
[INFO] [stdout] test test_zip_balanced ... ok
[INFO] [stdout] test test_zip_unbalanced ... ok
[INFO] [stderr]    Doc-tests noir_compute
[INFO] [stdout] 
[INFO] [stdout] test result: ok. 3 passed; 0 failed; 0 ignored; 0 measured; 0 filtered out; finished in 0.13s
[INFO] [stdout] 
[INFO] [stdout] 
[INFO] [stdout] running 83 tests
[INFO] [stdout] test src/config.rs - config::RuntimeConfig (line 71) - compile ... ok
[INFO] [stdout] test src/lib.rs - (line 60) - compile ... ok
[INFO] [stdout] test src/lib.rs - (line 21) - compile ... ok
[INFO] [stdout] test src/config.rs - config::RuntimeConfig (line 38) ... ok
[INFO] [stdout] test src/config.rs - config::RuntimeConfig (line 46) ... FAILED
[INFO] [stdout] test src/operator/join/mod.rs - operator::join::Stream<OperatorChain>::join_with (line 259) ... ok
[INFO] [stdout] test src/operator/join/mod.rs - operator::join::Stream<OperatorChain>::join_with (line 250) ... ok
[INFO] [stdout] test src/operator/merge.rs - operator::merge::Stream<Op>::merge (line 27) ... ok
[INFO] [stdout] test src/operator/iteration/replay.rs - operator::iteration::replay::Stream<OperatorChain>::replay (line 238) ... ok
[INFO] [stdout] test src/operator/join/mod.rs - operator::join::Stream<OperatorChain>::left_join (line 149) ... ok
[INFO] [stdout] test src/operator/iteration/iterate.rs - operator::iteration::iterate::Stream<OperatorChain>::iterate (line 341) ... ok
[INFO] [stdout] test src/operator/join/mod.rs - operator::join::Stream<OperatorChain>::outer_join (line 198) ... ok
[INFO] [stdout] test src/operator/mod.rs - operator::KeyedStream<Op>::add_timestamps (line 2090) ... ok
[INFO] [stdout] test src/operator/join/mod.rs - operator::join::Stream<OperatorChain>::join (line 101) ... ok
[INFO] [stdout] test src/operator/mod.rs - operator::KeyedStream<Op>::batch_mode (line 2129) ... ok
[INFO] [stdout] test src/operator/mod.rs - operator::KeyedStream<Op>::collect (line 2729) ... ok
[INFO] [stdout] test src/operator/mod.rs - operator::KeyedStream<Op>::collect_channel (line 2612) ... ok
[INFO] [stdout] test src/operator/mod.rs - operator::KeyedStream<Op>::collect_channel_parallel (line 2639) ... ok
[INFO] [stdout] test src/operator/mod.rs - operator::KeyedStream<Op>::collect_all (line 2757) ... ok
[INFO] [stdout] test src/operator/mod.rs - operator::KeyedStream<Op>::drop_key (line 2463) ... ok
[INFO] [stdout] test src/operator/mod.rs - operator::KeyedStream<Op>::collect_vec (line 2670) ... ok
[INFO] [stdout] test src/operator/mod.rs - operator::KeyedStream<Op>::collect_vec_all (line 2700) ... ok
[INFO] [stdout] test src/operator/mod.rs - operator::KeyedStream<Op>::filter (line 2179) ... ok
[INFO] [stdout] test src/operator/mod.rs - operator::KeyedStream<Op>::flat_map (line 2206) ... ok
[INFO] [stdout] test src/operator/mod.rs - operator::KeyedStream<Op>::for_each (line 2484) ... ok
[INFO] [stdout] test src/operator/mod.rs - operator::KeyedStream<Op>::filter_map (line 2150) ... ok
[INFO] [stdout] test src/operator/mod.rs - operator::KeyedStream<Op>::flatten (line 2790) ... ok
[INFO] [stdout] test src/operator/mod.rs - operator::KeyedStream<Op>::inspect (line 2234) ... ok
[INFO] [stdout] test src/operator/mod.rs - operator::Stream<Op>::add_timestamps (line 311) ... ok
[INFO] [stdout] test src/operator/mod.rs - operator::Stream<Op>::batch_mode (line 347) ... ok
[INFO] [stdout] test src/operator/mod.rs - operator::KeyedStream<Op>::fold (line 2272) ... ok
[INFO] [stdout] test src/operator/mod.rs - operator::KeyedStream<Op>::shuffle (line 2589) ... ok
[INFO] [stdout] test src/operator/mod.rs - operator::KeyedStream<Op>::map (line 2350) ... ok
[INFO] [stdout] test src/operator/mod.rs - operator::Stream<Op>::broadcast (line 1102) ... ok
[INFO] [stdout] test src/operator/mod.rs - operator::KeyedStream<Op>::unkey (line 2441) ... ok
[INFO] [stdout] test src/operator/mod.rs - operator::KeyedStream<Op>::reduce (line 2317) ... ok
[INFO] [stdout] test src/operator/mod.rs - operator::Stream<Op>::collect (line 1941) ... ok
[INFO] [stdout] test src/operator/mod.rs - operator::Stream<Op>::collect_all (line 1970) ... ok
[INFO] [stdout] test src/operator/mod.rs - operator::KeyedStream<Op>::merge (line 2544) ... ok
[INFO] [stdout] test src/operator/mod.rs - operator::Stream<Op>::collect_channel (line 1787) ... ok
[INFO] [stdout] test src/operator/mod.rs - operator::Stream<Op>::collect_channel_parallel (line 1818) ... ok
[INFO] [stdout] test src/operator/mod.rs - operator::Stream<Op>::collect_count (line 1850) ... ok
[INFO] [stdout] test src/operator/mod.rs - operator::Stream<Op>::collect_vec_all (line 1911) ... ok
[INFO] [stdout] test src/operator/mod.rs - operator::Stream<Op>::flat_map (line 1015) ... ok
[INFO] [stdout] test src/operator/mod.rs - operator::Stream<Op>::filter (line 393) ... ok
[INFO] [stdout] test src/operator/mod.rs - operator::Stream<Op>::filter_map (line 368) ... ok
[INFO] [stdout] test src/operator/mod.rs - operator::Stream<Op>::collect_vec (line 1881) ... ok
[INFO] [stdout] test src/operator/mod.rs - operator::Stream<Op>::for_each (line 1040) ... ok
[INFO] [stdout] test src/operator/mod.rs - operator::Stream<Op>::flatten (line 1063) ... ok
[INFO] [stdout] test src/operator/mod.rs - operator::Stream<Op>::group_by (line 1128) ... ok
[INFO] [stdout] test src/operator/mod.rs - operator::Stream<Op>::fold (line 710) ... ok
[INFO] [stdout] test src/operator/mod.rs - operator::Stream<Op>::fold_assoc (line 756) ... ok
[INFO] [stdout] test src/operator/mod.rs - operator::Stream<Op>::inspect (line 919) ... ok
[INFO] [stdout] test src/operator/mod.rs - operator::Stream<Op>::group_by_fold (line 803) ... ok
[INFO] [stdout] test src/operator/mod.rs - operator::Stream<Op>::group_by_count (line 1337) ... ok
[INFO] [stdout] test src/operator/mod.rs - operator::Stream<Op>::group_by_avg (line 1274) ... ok
[INFO] [stdout] test src/operator/mod.rs - operator::Stream<Op>::group_by_max_element (line 1161) ... ok
[INFO] [stdout] test src/operator/mod.rs - operator::Stream<Op>::key_by (line 894) ... ok
[INFO] [stdout] test src/operator/mod.rs - operator::Stream<Op>::group_by_min_element (line 1379) ... ok
[INFO] [stdout] test src/operator/mod.rs - operator::Stream<Op>::group_by_sum (line 1210) ... ok
[INFO] [stdout] test src/operator/mod.rs - operator::Stream<Op>::group_by_reduce (line 1436) ... ok
[INFO] [stdout] test src/operator/mod.rs - operator::Stream<Op>::map (line 535) ... ok
[INFO] [stdout] test src/operator/mod.rs - operator::Stream<Op>::map_memo_by (line 662) ... ok
[INFO] [stdout] test src/operator/mod.rs - operator::Stream<Op>::map_memo (line 2044) ... ok
[INFO] [stdout] test src/operator/mod.rs - operator::Stream<Op>::reduce (line 1577) ... ok
[INFO] [stdout] test src/operator/mod.rs - operator::Stream<Op>::rich_filter_map (line 435) ... ok
[INFO] [stdout] test src/operator/mod.rs - operator::Stream<Op>::rich_map (line 502) ... ok
[INFO] [stdout] test src/operator/mod.rs - operator::Stream<Op>::rich_map (line 481) ... ok
[INFO] [stdout] test src/operator/mod.rs - operator::Stream<Op>::reduce_assoc (line 1622) ... ok
[INFO] [stdout] test src/operator/mod.rs - operator::Stream<Op>::shuffle (line 1693) ... ok
[INFO] [stdout] test src/operator/mod.rs - operator::Stream<Op>::rich_flat_map (line 951) ... ok
[INFO] [stdout] test src/operator/source/channel.rs - operator::source::channel::ChannelSource<Out>::new (line 41) ... ok
[INFO] [stdout] test src/operator/source/iterator.rs - operator::source::iterator::IteratorSource<It>::new (line 48) ... ok
[INFO] [stdout] test src/operator/source/file.rs - operator::source::file::FileSource::new (line 48) ... ok
[INFO] [stdout] test src/operator/mod.rs - operator::Stream<Op>::route (line 1663) ... ok
[INFO] [stdout] test src/operator/source/csv.rs - operator::source::csv::CsvSource<Out>::new (line 128) ... ok
[INFO] [stdout] test src/operator/mod.rs - operator::Stream<Op>::split (line 1712) ... ok
[INFO] [stdout] test src/operator/source/parallel_iterator.rs - operator::source::parallel_iterator::crate::StreamContext::stream_par_iter (line 207) ... ok
[INFO] [stdout] test src/operator/source/parallel_iterator.rs - operator::source::parallel_iterator::ParallelIteratorSource<S>::new (line 257) ... ok
[INFO] [stdout] test src/operator/window/mod.rs - operator::window::Stream<OperatorChain>::window_all (line 336) ... ok
[INFO] [stdout] test src/operator/window/mod.rs - operator::window::KeyedStream<OperatorChain>::window (line 293) ... ok
[INFO] [stdout] test src/operator/window/aggr/fold.rs - operator::window::aggr::fold::WindowedStream<OperatorChain,Out,WindowDescr>::fold (line 108) ... ok
[INFO] [stdout] test src/operator/mod.rs - operator::Stream<Op>::zip (line 1748) ... ok
[INFO] [stdout] 
[INFO] [stdout] failures:
[INFO] [stdout] 
[INFO] [stdout] ---- src/config.rs - config::RuntimeConfig (line 46) stdout ----
[INFO] [stdout] Test executable failed (exit status: 101).
[INFO] [stdout] 
[INFO] [stdout] stderr:
[INFO] [stdout] 
[INFO] [stdout] thread 'main' panicked at src/config.rs:17:44:
[INFO] [stdout] called `Result::unwrap()` on an `Err` value: Os { code: 30, kind: ReadOnlyFilesystem, message: "Read-only file system" }
[INFO] [stdout] stack backtrace:
[INFO] [stdout]    0:     0x565e95c6550a - std::backtrace_rs::backtrace::libunwind::trace::hb059275cfc8d6126
[INFO] [stdout]                                at /rustc/6067b36314ab5eb2eb47cecc464545ba58e1ad24/library/std/src/../../backtrace/src/backtrace/libunwind.rs:116:5
[INFO] [stdout]    1:     0x565e95c6550a - std::backtrace_rs::backtrace::trace_unsynchronized::h2da071e4327ce3ee
[INFO] [stdout]                                at /rustc/6067b36314ab5eb2eb47cecc464545ba58e1ad24/library/std/src/../../backtrace/src/backtrace/mod.rs:66:5
[INFO] [stdout]    2:     0x565e95c6550a - std::sys::backtrace::_print_fmt::h842a1474e6f8d23f
[INFO] [stdout]                                at /rustc/6067b36314ab5eb2eb47cecc464545ba58e1ad24/library/std/src/sys/backtrace.rs:66:9
[INFO] [stdout]    3:     0x565e95c6550a - <std::sys::backtrace::BacktraceLock::print::DisplayBacktrace as core::fmt::Display>::fmt::h71a62eb3b9696b12
[INFO] [stdout]                                at /rustc/6067b36314ab5eb2eb47cecc464545ba58e1ad24/library/std/src/sys/backtrace.rs:39:26
[INFO] [stdout]    4:     0x565e95c882b3 - core::fmt::rt::Argument::fmt::hdb6b616786b41dc1
[INFO] [stdout]                                at /rustc/6067b36314ab5eb2eb47cecc464545ba58e1ad24/library/core/src/fmt/rt.rs:177:76
[INFO] [stdout]    5:     0x565e95c882b3 - core::fmt::write::h2cc1698af7e2d686
[INFO] [stdout]                                at /rustc/6067b36314ab5eb2eb47cecc464545ba58e1ad24/library/core/src/fmt/mod.rs:1440:21
[INFO] [stdout]    6:     0x565e95c62823 - std::io::Write::write_fmt::h00c8700df393f328
[INFO] [stdout]                                at /rustc/6067b36314ab5eb2eb47cecc464545ba58e1ad24/library/std/src/io/mod.rs:1887:15
[INFO] [stdout]    7:     0x565e95c65352 - std::sys::backtrace::BacktraceLock::print::h147fe35b4ea13b08
[INFO] [stdout]                                at /rustc/6067b36314ab5eb2eb47cecc464545ba58e1ad24/library/std/src/sys/backtrace.rs:42:9
[INFO] [stdout]    8:     0x565e95c6629f - std::panicking::default_hook::{{closure}}::hbd44223dbdc0d208
[INFO] [stdout]                                at /rustc/6067b36314ab5eb2eb47cecc464545ba58e1ad24/library/std/src/panicking.rs:298:22
[INFO] [stdout]    9:     0x565e95c6610a - std::panicking::default_hook::h20f81eb0576efcec
[INFO] [stdout]                                at /rustc/6067b36314ab5eb2eb47cecc464545ba58e1ad24/library/std/src/panicking.rs:325:9
[INFO] [stdout]   10:     0x565e95c66bb2 - std::panicking::rust_panic_with_hook::h625eea43051b2edc
[INFO] [stdout]                                at /rustc/6067b36314ab5eb2eb47cecc464545ba58e1ad24/library/std/src/panicking.rs:831:13
[INFO] [stdout]   11:     0x565e95c66a4a - std::panicking::begin_panic_handler::{{closure}}::h4f9159cfbc3f6bd3
[INFO] [stdout]                                at /rustc/6067b36314ab5eb2eb47cecc464545ba58e1ad24/library/std/src/panicking.rs:704:13
[INFO] [stdout]   12:     0x565e95c65a09 - std::sys::backtrace::__rust_end_short_backtrace::h0390abce48353151
[INFO] [stdout]                                at /rustc/6067b36314ab5eb2eb47cecc464545ba58e1ad24/library/std/src/sys/backtrace.rs:168:18
[INFO] [stdout]   13:     0x565e95c666dd - rust_begin_unwind
[INFO] [stdout]                                at /rustc/6067b36314ab5eb2eb47cecc464545ba58e1ad24/library/std/src/panicking.rs:695:5
[INFO] [stdout]   14:     0x565e95c86780 - core::panicking::panic_fmt::h9e7c637e9e5f29c9
[INFO] [stdout]                                at /rustc/6067b36314ab5eb2eb47cecc464545ba58e1ad24/library/core/src/panicking.rs:75:14
[INFO] [stdout]   15:     0x565e95c86c26 - core::result::unwrap_failed::h7979f09313fe1849
[INFO] [stdout]                                at /rustc/6067b36314ab5eb2eb47cecc464545ba58e1ad24/library/core/src/result.rs:1704:5
[INFO] [stdout]   16:     0x565e95bc2e3f - rust_out::main::_doctest_main_src_config_rs_46_0::hd0328604ac09067f
[INFO] [stdout]   17:     0x565e95bc2dd6 - rust_out::main::he88f0b9b281d54e0
[INFO] [stdout]   18:     0x565e95bc29a3 - core::ops::function::FnOnce::call_once::hcf3829d8b58d0254
[INFO] [stdout]   19:     0x565e95bc28e6 - std::sys::backtrace::__rust_begin_short_backtrace::h5e1527399e8d5bd4
[INFO] [stdout]   20:     0x565e95bc28c9 - std::rt::lang_start::{{closure}}::h2c234101ed7b1b74
[INFO] [stdout]   21:     0x565e95c5ef50 - core::ops::function::impls::<impl core::ops::function::FnOnce<A> for &F>::call_once::h1b085b6c1d2518b2
[INFO] [stdout]                                at /rustc/6067b36314ab5eb2eb47cecc464545ba58e1ad24/library/core/src/ops/function.rs:284:13
[INFO] [stdout]   22:     0x565e95c5ef50 - std::panicking::try::do_call::h382f964a5a23b565
[INFO] [stdout]                                at /rustc/6067b36314ab5eb2eb47cecc464545ba58e1ad24/library/std/src/panicking.rs:587:40
[INFO] [stdout]   23:     0x565e95c5ef50 - std::panicking::try::h57f991055eb622f9
[INFO] [stdout]                                at /rustc/6067b36314ab5eb2eb47cecc464545ba58e1ad24/library/std/src/panicking.rs:550:19
[INFO] [stdout]   24:     0x565e95c5ef50 - std::panic::catch_unwind::h4d9a74ef04456343
[INFO] [stdout]                                at /rustc/6067b36314ab5eb2eb47cecc464545ba58e1ad24/library/std/src/panic.rs:358:14
[INFO] [stdout]   25:     0x565e95c5ef50 - std::rt::lang_start_internal::{{closure}}::h2faa8ae84a93f314
[INFO] [stdout]                                at /rustc/6067b36314ab5eb2eb47cecc464545ba58e1ad24/library/std/src/rt.rs:163:24
[INFO] [stdout]   26:     0x565e95c5ef50 - std::panicking::try::do_call::h0f8932bf638a9bf5
[INFO] [stdout]                                at /rustc/6067b36314ab5eb2eb47cecc464545ba58e1ad24/library/std/src/panicking.rs:587:40
[INFO] [stdout]   27:     0x565e95c5ef50 - std::panicking::try::h683416ea756b175d
[INFO] [stdout]                                at /rustc/6067b36314ab5eb2eb47cecc464545ba58e1ad24/library/std/src/panicking.rs:550:19
[INFO] [stdout]   28:     0x565e95c5ef50 - std::panic::catch_unwind::h56189fac8994979f
[INFO] [stdout]                                at /rustc/6067b36314ab5eb2eb47cecc464545ba58e1ad24/library/std/src/panic.rs:358:14
[INFO] [stdout]   29:     0x565e95c5ef50 - std::rt::lang_start_internal::h8bbc1061691274fe
[INFO] [stdout]                                at /rustc/6067b36314ab5eb2eb47cecc464545ba58e1ad24/library/std/src/rt.rs:159:5
[INFO] [stdout]   30:     0x565e95bc28b1 - std::rt::lang_start::h601b10a269c70ef7
[INFO] [stdout]   31:     0x565e95bc2fb5 - main
[INFO] [stdout]   32:     0x75030b7a6d90 - <unknown>
[INFO] [stdout]   33:     0x75030b7a6e40 - __libc_start_main
[INFO] [stdout]   34:     0x565e95bc1ac5 - _start
[INFO] [stdout]   35:                0x0 - <unknown>
[INFO] [stdout] 
[INFO] [stdout] 
[INFO] [stdout] 
[INFO] [stdout] failures:
[INFO] [stdout]     src/config.rs - config::RuntimeConfig (line 46)
[INFO] [stdout] 
[INFO] [stdout] test result: FAILED. 82 passed; 1 failed; 0 ignored; 0 measured; 0 filtered out; finished in 118.20s
[INFO] [stdout] 
[INFO] [stderr] error: doctest failed, to rerun pass `--doc`
[INFO] running `Command { std: "docker" "inspect" "6c5eda707508ad12294e18f5dab0b252caca79e2e4fd75a168da0e7d3a117de0", kill_on_drop: false }`
[INFO] running `Command { std: "docker" "rm" "-f" "6c5eda707508ad12294e18f5dab0b252caca79e2e4fd75a168da0e7d3a117de0", kill_on_drop: false }`
[INFO] [stdout] 6c5eda707508ad12294e18f5dab0b252caca79e2e4fd75a168da0e7d3a117de0
