[INFO] fetching crate mangadex-api 3.4.1...
[INFO] testing mangadex-api-3.4.1 against nightly-2025-01-18+rustflags=-Zrandomize-layout for randomize-layout-2
[INFO] extracting crate mangadex-api 3.4.1 into /workspace/builds/worker-0-tc2/source
[INFO] validating manifest of crates.io crate mangadex-api 3.4.1 on toolchain nightly-2025-01-18
[INFO] running `Command { std: CARGO_HOME="/workspace/cargo-home" RUSTUP_HOME="/workspace/rustup-home" "/workspace/cargo-home/bin/cargo" "+nightly-2025-01-18" "metadata" "--manifest-path" "Cargo.toml" "--no-deps", kill_on_drop: false }`
[INFO] started tweaking crates.io crate mangadex-api 3.4.1
[INFO] removed 0 missing examples
[INFO] finished tweaking crates.io crate mangadex-api 3.4.1
[INFO] tweaked toml for crates.io crate mangadex-api 3.4.1 written to /workspace/builds/worker-0-tc2/source/Cargo.toml
[INFO] crate crates.io crate mangadex-api 3.4.1 already has a lockfile, it will not be regenerated
[INFO] running `Command { std: CARGO_HOME="/workspace/cargo-home" RUSTUP_HOME="/workspace/rustup-home" "/workspace/cargo-home/bin/cargo" "+nightly-2025-01-18" "fetch" "--manifest-path" "Cargo.toml", kill_on_drop: false }`
[INFO] running `Command { std: "docker" "create" "-v" "/var/lib/crater-agent-workspace/builds/worker-0-tc2/target:/opt/rustwide/target:rw,Z" "-v" "/var/lib/crater-agent-workspace/builds/worker-0-tc2/source:/opt/rustwide/workdir:ro,Z" "-v" "/var/lib/crater-agent-workspace/cargo-home:/opt/rustwide/cargo-home:ro,Z" "-v" "/var/lib/crater-agent-workspace/rustup-home:/opt/rustwide/rustup-home:ro,Z" "-e" "SOURCE_DIR=/opt/rustwide/workdir" "-e" "CARGO_TARGET_DIR=/opt/rustwide/target" "-e" "CARGO_HOME=/opt/rustwide/cargo-home" "-e" "RUSTUP_HOME=/opt/rustwide/rustup-home" "-w" "/opt/rustwide/workdir" "-m" "1610612736" "--user" "0:0" "--network" "none" "ghcr.io/rust-lang/crates-build-env/linux@sha256:819108c5571ea2e421544af4d832f968d213c87fbe3707a016657f43d2f853bc" "/opt/rustwide/cargo-home/bin/cargo" "+nightly-2025-01-18" "metadata" "--no-deps" "--format-version=1", kill_on_drop: false }`
[INFO] [stdout] 79a06f908763b5ab03cd763f9a9c4effa437fc1c92ac424fb20ca2ac5b3a4dda
[INFO] running `Command { std: "docker" "start" "-a" "79a06f908763b5ab03cd763f9a9c4effa437fc1c92ac424fb20ca2ac5b3a4dda", kill_on_drop: false }`
[INFO] running `Command { std: "docker" "inspect" "79a06f908763b5ab03cd763f9a9c4effa437fc1c92ac424fb20ca2ac5b3a4dda", kill_on_drop: false }`
[INFO] running `Command { std: "docker" "rm" "-f" "79a06f908763b5ab03cd763f9a9c4effa437fc1c92ac424fb20ca2ac5b3a4dda", kill_on_drop: false }`
[INFO] [stdout] 79a06f908763b5ab03cd763f9a9c4effa437fc1c92ac424fb20ca2ac5b3a4dda
[INFO] running `Command { std: "docker" "create" "-v" "/var/lib/crater-agent-workspace/builds/worker-0-tc2/target:/opt/rustwide/target:rw,Z" "-v" "/var/lib/crater-agent-workspace/builds/worker-0-tc2/source:/opt/rustwide/workdir:ro,Z" "-v" "/var/lib/crater-agent-workspace/cargo-home:/opt/rustwide/cargo-home:ro,Z" "-v" "/var/lib/crater-agent-workspace/rustup-home:/opt/rustwide/rustup-home:ro,Z" "-e" "SOURCE_DIR=/opt/rustwide/workdir" "-e" "CARGO_TARGET_DIR=/opt/rustwide/target" "-e" "CARGO_INCREMENTAL=0" "-e" "RUST_BACKTRACE=full" "-e" "RUSTFLAGS=--cap-lints=forbid -Zrandomize-layout" "-e" "RUSTDOCFLAGS=--cap-lints=forbid" "-e" "CARGO_HOME=/opt/rustwide/cargo-home" "-e" "RUSTUP_HOME=/opt/rustwide/rustup-home" "-w" "/opt/rustwide/workdir" "-m" "1610612736" "--user" "0:0" "--network" "none" "ghcr.io/rust-lang/crates-build-env/linux@sha256:819108c5571ea2e421544af4d832f968d213c87fbe3707a016657f43d2f853bc" "/opt/rustwide/cargo-home/bin/cargo" "+nightly-2025-01-18" "build" "--frozen" "--message-format=json", kill_on_drop: false }`
[INFO] [stdout] 2eb46054dd64056b58f0122e788c6177c391de45fa93dc7443742802037f51ff
[INFO] running `Command { std: "docker" "start" "-a" "2eb46054dd64056b58f0122e788c6177c391de45fa93dc7443742802037f51ff", kill_on_drop: false }`
[INFO] [stderr]    Compiling proc-macro2 v1.0.89
[INFO] [stderr]    Compiling unicode-ident v1.0.13
[INFO] [stderr]    Compiling libc v0.2.164
[INFO] [stderr]    Compiling shlex v1.3.0
[INFO] [stderr]    Compiling stable_deref_trait v1.2.0
[INFO] [stderr]    Compiling fnv v1.0.7
[INFO] [stderr]    Compiling itoa v1.0.11
[INFO] [stderr]    Compiling bytes v1.8.0
[INFO] [stderr]    Compiling once_cell v1.20.2
[INFO] [stderr]    Compiling pin-project-lite v0.2.15
[INFO] [stderr]    Compiling cfg-if v1.0.0
[INFO] [stderr]    Compiling cc v1.2.1
[INFO] [stderr]    Compiling serde v1.0.215
[INFO] [stderr]    Compiling smallvec v1.13.2
[INFO] [stderr]    Compiling writeable v0.5.5
[INFO] [stderr]    Compiling litemap v0.7.3
[INFO] [stderr]    Compiling futures-core v0.3.31
[INFO] [stderr]    Compiling pkg-config v0.3.31
[INFO] [stderr]    Compiling vcpkg v0.2.15
[INFO] [stderr]    Compiling icu_locid_transform_data v1.5.0
[INFO] [stderr]    Compiling autocfg v1.4.0
[INFO] [stderr]    Compiling http v1.1.0
[INFO] [stderr]    Compiling quote v1.0.37
[INFO] [stderr]    Compiling slab v0.4.9
[INFO] [stderr]    Compiling syn v2.0.87
[INFO] [stderr]    Compiling mio v1.0.2
[INFO] [stderr]    Compiling socket2 v0.5.7
[INFO] [stderr]    Compiling icu_properties_data v1.5.0
[INFO] [stderr]    Compiling getrandom v0.2.15
[INFO] [stderr]    Compiling tracing-core v0.1.32
[INFO] [stderr]    Compiling tokio v1.41.1
[INFO] [stderr]    Compiling percent-encoding v2.3.1
[INFO] [stderr]    Compiling openssl-sys v0.9.104
[INFO] [stderr]    Compiling ring v0.17.8
[INFO] [stderr]    Compiling write16 v1.0.0
[INFO] [stderr]    Compiling hashbrown v0.15.1
[INFO] [stderr]    Compiling futures-task v0.3.31
[INFO] [stderr]    Compiling rustls-pki-types v1.10.0
[INFO] [stderr]    Compiling httparse v1.9.5
[INFO] [stderr]    Compiling utf8_iter v1.0.4
[INFO] [stderr]    Compiling icu_normalizer_data v1.5.0
[INFO] [stderr]    Compiling equivalent v1.0.1
[INFO] [stderr]    Compiling futures-sink v0.3.31
[INFO] [stderr]    Compiling pin-utils v0.1.0
[INFO] [stderr]    Compiling utf16_iter v1.0.5
[INFO] [stderr]    Compiling futures-util v0.3.31
[INFO] [stderr]    Compiling tracing v0.1.40
[INFO] [stderr]    Compiling indexmap v2.6.0
[INFO] [stderr]    Compiling http-body v1.0.1
[INFO] [stderr]    Compiling foreign-types-shared v0.1.1
[INFO] [stderr]    Compiling spin v0.9.8
[INFO] [stderr]    Compiling openssl v0.10.68
[INFO] [stderr]    Compiling untrusted v0.9.0
[INFO] [stderr]    Compiling strsim v0.11.1
[INFO] [stderr]    Compiling ident_case v1.0.1
[INFO] [stderr]    Compiling atomic-waker v1.1.2
[INFO] [stderr]    Compiling try-lock v0.2.5
[INFO] [stderr]    Compiling foreign-types v0.3.2
[INFO] [stderr]    Compiling want v0.3.1
[INFO] [stderr]    Compiling futures-channel v0.3.31
[INFO] [stderr]    Compiling bitflags v2.6.0
[INFO] [stderr]    Compiling rustls v0.23.17
[INFO] [stderr]    Compiling num-conv v0.1.0
[INFO] [stderr]    Compiling log v0.4.22
[INFO] [stderr]    Compiling version_check v0.9.5
[INFO] [stderr]    Compiling native-tls v0.2.12
[INFO] [stderr]    Compiling time-core v0.1.2
[INFO] [stderr]    Compiling powerfmt v0.2.0
[INFO] [stderr]    Compiling time-macros v0.2.18
[INFO] [stderr]    Compiling form_urlencoded v1.2.1
[INFO] [stderr]    Compiling openssl-probe v0.1.5
[INFO] [stderr]    Compiling cookie v0.18.1
[INFO] [stderr]    Compiling num_threads v0.1.7
[INFO] [stderr]    Compiling zeroize v1.8.1
[INFO] [stderr]    Compiling subtle v2.6.1
[INFO] [stderr]    Compiling serde_json v1.0.133
[INFO] [stderr]    Compiling unicase v2.8.0
[INFO] [stderr]    Compiling tower-service v0.3.3
[INFO] [stderr]    Compiling ryu v1.0.18
[INFO] [stderr]    Compiling psl-types v2.0.11
[INFO] [stderr]    Compiling synstructure v0.13.1
[INFO] [stderr]    Compiling darling_core v0.20.10
[INFO] [stderr]    Compiling mime_guess v2.0.5
[INFO] [stderr]    Compiling litrs v0.4.1
[INFO] [stderr]    Compiling tokio-util v0.7.12
[INFO] [stderr]    Compiling memchr v2.7.4
[INFO] [stderr]    Compiling document-features v0.2.10
[INFO] [stderr]    Compiling h2 v0.4.7
[INFO] [stderr]    Compiling http-body-util v0.1.2
[INFO] [stderr]    Compiling webpki-roots v0.26.6
[INFO] [stderr]    Compiling thiserror v2.0.3
[INFO] [stderr]    Compiling mime v0.3.17
[INFO] [stderr]    Compiling thiserror v1.0.69
[INFO] [stderr]    Compiling rustls-webpki v0.102.8
[INFO] [stderr]    Compiling rustls-pemfile v2.2.0
[INFO] [stderr]    Compiling sync_wrapper v1.0.1
[INFO] [stderr]    Compiling encoding_rs v0.8.35
[INFO] [stderr]    Compiling ipnet v2.10.1
[INFO] [stderr]    Compiling zerofrom-derive v0.1.4
[INFO] [stderr]    Compiling yoke-derive v0.7.4
[INFO] [stderr]    Compiling zerovec-derive v0.10.3
[INFO] [stderr]    Compiling displaydoc v0.2.5
[INFO] [stderr]    Compiling serde_derive v1.0.215
[INFO] [stderr]    Compiling icu_provider_macros v1.5.0
[INFO] [stderr]    Compiling openssl-macros v0.1.1
[INFO] [stderr]    Compiling zerofrom v0.1.4
[INFO] [stderr]    Compiling hyper v1.5.1
[INFO] [stderr]    Compiling darling_macro v0.20.10
[INFO] [stderr]    Compiling yoke v0.7.4
[INFO] [stderr]    Compiling thiserror-impl v2.0.3
[INFO] [stderr]    Compiling zerovec v0.10.4
[INFO] [stderr]    Compiling darling v0.20.10
[INFO] [stderr]    Compiling derive_builder_core v0.20.2
[INFO] [stderr]    Compiling tinystr v0.7.6
[INFO] [stderr]    Compiling icu_collections v1.5.0
[INFO] [stderr]    Compiling hyper-util v0.1.10
[INFO] [stderr]    Compiling icu_locid v1.5.0
[INFO] [stderr]    Compiling tokio-rustls v0.26.0
[INFO] [stderr]    Compiling derive_builder_macro v0.20.2
[INFO] [stderr]    Compiling icu_provider v1.5.0
[INFO] [stderr]    Compiling thiserror-impl v1.0.69
[INFO] [stderr]    Compiling base64 v0.22.1
[INFO] [stderr]    Compiling derive_builder v0.20.2
[INFO] [stderr]    Compiling icu_locid_transform v1.5.0
[INFO] [stderr]    Compiling hyper-rustls v0.27.3
[INFO] [stderr]    Compiling tokio-native-tls v0.3.1
[INFO] [stderr]    Compiling hyper-tls v0.6.0
[INFO] [stderr]    Compiling icu_properties v1.5.1
[INFO] [stderr]    Compiling deranged v0.3.11
[INFO] [stderr]    Compiling serde_urlencoded v0.7.1
[INFO] [stderr]    Compiling uuid v1.11.0
[INFO] [stderr]    Compiling serde_qs v0.13.0
[INFO] [stderr]    Compiling icu_normalizer v1.5.0
[INFO] [stderr]    Compiling idna_adapter v1.2.0
[INFO] [stderr]    Compiling time v0.3.36
[INFO] [stderr]    Compiling idna v1.0.3
[INFO] [stderr]    Compiling publicsuffix v2.3.0
[INFO] [stderr]    Compiling url v2.5.3
[INFO] [stderr]    Compiling cookie_store v0.21.1
[INFO] [stderr]    Compiling reqwest v0.12.9
[INFO] [stderr]    Compiling mangadex-api-types-rust v0.10.0
[INFO] [stderr]    Compiling mangadex-api-schema-rust v0.10.0
[INFO] [stderr]    Compiling mangadex-api v3.4.1 (/opt/rustwide/workdir)
[INFO] [stderr]     Finished `dev` profile [unoptimized + debuginfo] target(s) in 1m 34s
[INFO] running `Command { std: "docker" "inspect" "2eb46054dd64056b58f0122e788c6177c391de45fa93dc7443742802037f51ff", kill_on_drop: false }`
[INFO] running `Command { std: "docker" "rm" "-f" "2eb46054dd64056b58f0122e788c6177c391de45fa93dc7443742802037f51ff", kill_on_drop: false }`
[INFO] [stdout] 2eb46054dd64056b58f0122e788c6177c391de45fa93dc7443742802037f51ff
[INFO] running `Command { std: "docker" "create" "-v" "/var/lib/crater-agent-workspace/builds/worker-0-tc2/target:/opt/rustwide/target:rw,Z" "-v" "/var/lib/crater-agent-workspace/builds/worker-0-tc2/source:/opt/rustwide/workdir:ro,Z" "-v" "/var/lib/crater-agent-workspace/cargo-home:/opt/rustwide/cargo-home:ro,Z" "-v" "/var/lib/crater-agent-workspace/rustup-home:/opt/rustwide/rustup-home:ro,Z" "-e" "SOURCE_DIR=/opt/rustwide/workdir" "-e" "CARGO_TARGET_DIR=/opt/rustwide/target" "-e" "CARGO_INCREMENTAL=0" "-e" "RUST_BACKTRACE=full" "-e" "RUSTFLAGS=--cap-lints=forbid -Zrandomize-layout" "-e" "RUSTDOCFLAGS=--cap-lints=forbid" "-e" "CARGO_HOME=/opt/rustwide/cargo-home" "-e" "RUSTUP_HOME=/opt/rustwide/rustup-home" "-w" "/opt/rustwide/workdir" "-m" "1610612736" "--user" "0:0" "--network" "none" "ghcr.io/rust-lang/crates-build-env/linux@sha256:819108c5571ea2e421544af4d832f968d213c87fbe3707a016657f43d2f853bc" "/opt/rustwide/cargo-home/bin/cargo" "+nightly-2025-01-18" "test" "--frozen" "--no-run" "--message-format=json", kill_on_drop: false }`
[INFO] [stdout] 8881a490304052074f54d6917e110b3395855665f0b04f07f32bffb6e4d305f2
[INFO] running `Command { std: "docker" "start" "-a" "8881a490304052074f54d6917e110b3395855665f0b04f07f32bffb6e4d305f2", kill_on_drop: false }`
[INFO] [stderr]    Compiling memchr v2.7.4
[INFO] [stderr]    Compiling syn v2.0.87
[INFO] [stderr]    Compiling getrandom v0.2.15
[INFO] [stderr]    Compiling futures-channel v0.3.31
[INFO] [stderr]    Compiling futures-io v0.3.31
[INFO] [stderr]    Compiling futures-task v0.3.31
[INFO] [stderr]    Compiling strsim v0.11.1
[INFO] [stderr]    Compiling httpdate v1.0.3
[INFO] [stderr]    Compiling byteorder v1.5.0
[INFO] [stderr]    Compiling ring v0.17.8
[INFO] [stderr]    Compiling utf8parse v0.2.2
[INFO] [stderr]    Compiling rand_core v0.6.4
[INFO] [stderr]    Compiling colorchoice v1.0.3
[INFO] [stderr]    Compiling anstyle-parse v0.2.6
[INFO] [stderr]    Compiling regex-syntax v0.8.5
[INFO] [stderr]    Compiling anstyle v1.0.10
[INFO] [stderr]    Compiling anstyle-query v1.1.2
[INFO] [stderr]    Compiling is_terminal_polyfill v1.70.1
[INFO] [stderr]    Compiling num_cpus v1.16.0
[INFO] [stderr]    Compiling aho-corasick v1.1.3
[INFO] [stderr]    Compiling anstream v0.6.18
[INFO] [stderr]    Compiling clap_lex v0.7.3
[INFO] [stderr]    Compiling anyhow v1.0.93
[INFO] [stderr]    Compiling heck v0.5.0
[INFO] [stderr]    Compiling deadpool-runtime v0.1.4
[INFO] [stderr]    Compiling clap_builder v4.5.21
[INFO] [stderr]    Compiling deunicode v1.6.0
[INFO] [stderr]    Compiling rustls-webpki v0.102.8
[INFO] [stderr]    Compiling rustls v0.23.17
[INFO] [stderr]    Compiling regex-automata v0.4.9
[INFO] [stderr]    Compiling regex v1.11.1
[INFO] [stderr]    Compiling synstructure v0.13.1
[INFO] [stderr]    Compiling darling_core v0.20.10
[INFO] [stderr]    Compiling zerofrom-derive v0.1.4
[INFO] [stderr]    Compiling yoke-derive v0.7.4
[INFO] [stderr]    Compiling zerovec-derive v0.10.3
[INFO] [stderr]    Compiling displaydoc v0.2.5
[INFO] [stderr]    Compiling serde_derive v1.0.215
[INFO] [stderr]    Compiling tokio-macros v2.4.0
[INFO] [stderr]    Compiling icu_provider_macros v1.5.0
[INFO] [stderr]    Compiling tokio v1.41.1
[INFO] [stderr]    Compiling futures-macro v0.3.31
[INFO] [stderr]    Compiling openssl-macros v0.1.1
[INFO] [stderr]    Compiling zerocopy-derive v0.7.35
[INFO] [stderr]    Compiling openssl v0.10.68
[INFO] [stderr]    Compiling zerofrom v0.1.4
[INFO] [stderr]    Compiling yoke v0.7.4
[INFO] [stderr]    Compiling futures-util v0.3.31
[INFO] [stderr]    Compiling zerovec v0.10.4
[INFO] [stderr]    Compiling zerocopy v0.7.35
[INFO] [stderr]    Compiling darling_macro v0.20.10
[INFO] [stderr]    Compiling darling v0.20.10
[INFO] [stderr]    Compiling derive_builder_core v0.20.2
[INFO] [stderr]    Compiling thiserror-impl v1.0.69
[INFO] [stderr]    Compiling tinystr v0.7.6
[INFO] [stderr]    Compiling icu_locid v1.5.0
[INFO] [stderr]    Compiling icu_collections v1.5.0
[INFO] [stderr]    Compiling serde v1.0.215
[INFO] [stderr]    Compiling derive_builder_macro v0.20.2
[INFO] [stderr]    Compiling icu_provider v1.5.0
[INFO] [stderr]    Compiling thiserror-impl v2.0.3
[INFO] [stderr]    Compiling derive_builder v0.20.2
[INFO] [stderr]    Compiling thiserror v1.0.69
[INFO] [stderr]    Compiling ppv-lite86 v0.2.20
[INFO] [stderr]    Compiling icu_locid_transform v1.5.0
[INFO] [stderr]    Compiling native-tls v0.2.12
[INFO] [stderr]    Compiling rand_chacha v0.3.1
[INFO] [stderr]    Compiling async-trait v0.1.83
[INFO] [stderr]    Compiling tokio-util v0.7.12
[INFO] [stderr]    Compiling http-body-util v0.1.2
[INFO] [stderr]    Compiling tokio-rustls v0.26.0
[INFO] [stderr]    Compiling icu_properties v1.5.1
[INFO] [stderr]    Compiling tokio-native-tls v0.3.1
[INFO] [stderr]    Compiling thiserror v2.0.3
[INFO] [stderr]    Compiling futures-executor v0.3.31
[INFO] [stderr]    Compiling deadpool v0.10.0
[INFO] [stderr]    Compiling h2 v0.4.7
[INFO] [stderr]    Compiling futures v0.3.31
[INFO] [stderr]    Compiling rand v0.8.5
[INFO] [stderr]    Compiling clap_derive v4.5.18
[INFO] [stderr]    Compiling deranged v0.3.11
[INFO] [stderr]    Compiling serde_json v1.0.133
[INFO] [stderr]    Compiling serde_urlencoded v0.7.1
[INFO] [stderr]    Compiling uuid v1.11.0
[INFO] [stderr]    Compiling serde_qs v0.13.0
[INFO] [stderr]    Compiling fake v3.0.1
[INFO] [stderr]    Compiling time v0.3.36
[INFO] [stderr]    Compiling icu_normalizer v1.5.0
[INFO] [stderr]    Compiling assert-json-diff v2.0.2
[INFO] [stderr]    Compiling clap v4.5.21
[INFO] [stderr]    Compiling idna_adapter v1.2.0
[INFO] [stderr]    Compiling hyper v1.5.1
[INFO] [stderr]    Compiling idna v1.0.3
[INFO] [stderr]    Compiling url v2.5.3
[INFO] [stderr]    Compiling publicsuffix v2.3.0
[INFO] [stderr]    Compiling cookie v0.18.1
[INFO] [stderr]    Compiling cookie_store v0.21.1
[INFO] [stderr]    Compiling hyper-util v0.1.10
[INFO] [stderr]    Compiling hyper-rustls v0.27.3
[INFO] [stderr]    Compiling hyper-tls v0.6.0
[INFO] [stderr]    Compiling wiremock v0.6.2
[INFO] [stderr]    Compiling reqwest v0.12.9
[INFO] [stderr]    Compiling mangadex-api-types-rust v0.10.0
[INFO] [stderr]    Compiling mangadex-api-schema-rust v0.10.0
[INFO] [stderr]    Compiling mangadex-api v3.4.1 (/opt/rustwide/workdir)
[INFO] [stderr]     Finished `test` profile [unoptimized + debuginfo] target(s) in 2m 47s
[INFO] running `Command { std: "docker" "inspect" "8881a490304052074f54d6917e110b3395855665f0b04f07f32bffb6e4d305f2", kill_on_drop: false }`
[INFO] running `Command { std: "docker" "rm" "-f" "8881a490304052074f54d6917e110b3395855665f0b04f07f32bffb6e4d305f2", kill_on_drop: false }`
[INFO] [stdout] 8881a490304052074f54d6917e110b3395855665f0b04f07f32bffb6e4d305f2
[INFO] running `Command { std: "docker" "create" "-v" "/var/lib/crater-agent-workspace/builds/worker-0-tc2/target:/opt/rustwide/target:rw,Z" "-v" "/var/lib/crater-agent-workspace/builds/worker-0-tc2/source:/opt/rustwide/workdir:ro,Z" "-v" "/var/lib/crater-agent-workspace/cargo-home:/opt/rustwide/cargo-home:ro,Z" "-v" "/var/lib/crater-agent-workspace/rustup-home:/opt/rustwide/rustup-home:ro,Z" "-e" "SOURCE_DIR=/opt/rustwide/workdir" "-e" "CARGO_TARGET_DIR=/opt/rustwide/target" "-e" "CARGO_INCREMENTAL=0" "-e" "RUST_BACKTRACE=full" "-e" "RUSTFLAGS=--cap-lints=forbid -Zrandomize-layout" "-e" "RUSTDOCFLAGS=--cap-lints=forbid" "-e" "CARGO_HOME=/opt/rustwide/cargo-home" "-e" "RUSTUP_HOME=/opt/rustwide/rustup-home" "-w" "/opt/rustwide/workdir" "-m" "1610612736" "--user" "0:0" "--network" "none" "ghcr.io/rust-lang/crates-build-env/linux@sha256:819108c5571ea2e421544af4d832f968d213c87fbe3707a016657f43d2f853bc" "/opt/rustwide/cargo-home/bin/cargo" "+nightly-2025-01-18" "test" "--frozen", kill_on_drop: false }`
[INFO] [stdout] 8c4e0755c5595b01aa8f779cfbcb4d2f2100107e4fa1a74a37fcfb544b6f4b77
[INFO] running `Command { std: "docker" "start" "-a" "8c4e0755c5595b01aa8f779cfbcb4d2f2100107e4fa1a74a37fcfb544b6f4b77", kill_on_drop: false }`
[INFO] [stderr]     Finished `test` profile [unoptimized + debuginfo] target(s) in 0.31s
[INFO] [stderr]      Running unittests src/lib.rs (/opt/rustwide/target/debug/deps/mangadex_api-491d62c8744e6cbf)
[INFO] [stdout] 
[INFO] [stdout] running 175 tests
[INFO] [stdout] test v5::api_client::id::delete::tests::delete_client_fires_a_request_to_base_url ... ok
[INFO] [stdout] test v5::api_client::id::post::tests::edit_client_fires_a_request_to_base_url ... ok
[INFO] [stdout] test v5::api_client::post::tests::create_client_fires_a_request_to_base_url ... ok
[INFO] [stdout] test v5::api_client::id::get::tests::get_client_fires_a_request_to_base_url ... ok
[INFO] [stdout] test v5::api_client::id::secret::post::tests::regenerate_client_fires_a_request_to_base_url ... ok
[INFO] [stdout] test v5::api_client::id::secret::get::tests::get_client_fires_a_request_to_base_url ... ok
[INFO] [stdout] test v5::api_client::id::get::tests::get_client_handles_reference_expansion ... ok
[INFO] [stdout] test v5::api_client::get::tests::list_client_handles_400 ... ok
[INFO] [stdout] test v5::author::id::delete::tests::delete_author_fires_a_request_to_base_url ... ok
[INFO] [stdout] test v5::at_home::server::id::get::tests::activate_fires_a_request_to_base_url ... ok
[INFO] [stdout] test v5::at_home::server::id::get::tests::handle_missing_header ... ok
[INFO] [stdout] test v5::auth::check::get::tests::check_token_fires_a_request_to_base_url ... ok
[INFO] [stdout] test v5::api_client::get::tests::list_client_fires_a_request_to_base_url ... ok
[INFO] [stdout] test v5::author::get::tests::list_author_fires_a_request_to_base_url ... ok
[INFO] [stdout] test v5::author::get::tests::list_author_handles_400 ... ok
[INFO] [stdout] test v5::author::id::get::tests::get_author_fires_a_request_to_base_url ... ok
[INFO] [stdout] test v5::author::post::tests::create_author_fires_a_request_to_base_url ... ok
[INFO] [stdout] test v5::author::id::put::tests::update_author_fires_a_request_to_base_url ... ok
[INFO] [stdout] test v5::captcha::solve::post::tests::solve_captcha_fires_a_request_to_base_url ... ok
[INFO] [stdout] test v5::captcha::solve::post::tests::solve_captcha_handles_400 ... ok
[INFO] [stdout] test v5::chapter::get::tests::list_chapter_fires_a_request_to_base_url ... ok
[INFO] [stdout] test v5::chapter::id::delete::tests::delete_chapter_fires_a_request_to_base_url ... ok
[INFO] [stdout] test v5::chapter::id::get::tests::get_chapter_fires_a_request_to_base_url ... ok
[INFO] [stdout] test v5::chapter::id::put::tests::update_chapter_does_not_include_title_when_not_used ... ok
[INFO] [stdout] test v5::chapter::id::get::tests::get_chapter_handles_404 ... ok
[INFO] [stdout] test v5::chapter::id::put::tests::update_chapter_sends_null_title ... ok
[INFO] [stdout] test v5::chapter::get::tests::list_chapter_handles_400 ... ok
[INFO] [stdout] test v5::chapter::id::put::tests::update_chapter_fires_a_request_to_base_url ... ok
[INFO] [stdout] test v5::chapter::id::put::tests::update_chapter_sends_title_with_value ... ok
[INFO] [stdout] test v5::cover::cover_id::get::tests::get_chapter_handles_404 ... ok
[INFO] [stdout] test v5::cover::cover_id::get::tests::get_cover_fires_a_request_to_base_url ... ok
[INFO] [stdout] test v5::cover::cover_id::put::tests::edit_cover_fires_a_request_to_base_url ... ok
[INFO] [stdout] test v5::cover::cover_id::delete::tests::delete_cover_fires_a_request_to_base_url ... ok
[INFO] [stdout] test v5::cover::manga_id::post::tests::upload_cover_fires_a_request_to_base_url ... ok
[INFO] [stdout] test v5::cover::get::tests::list_cover_handles_400 ... ok
[INFO] [stdout] test v5::custom_list::id::batch_manga::post::tests::post_manga_by_batch_custom_list_fires_a_request_to_base_url ... ok
[INFO] [stdout] test v5::custom_list::id::batch_manga::delete::tests::delete_manga_by_batch_custom_list_fires_a_request_to_base_url ... ok
[INFO] [stdout] test v5::custom_list::id::batch_manga::post::tests::post_manga_by_batch_with_batch_custom_list_fires_a_request_to_base_url ... ok
[INFO] [stdout] test v5::cover::get::tests::list_cover_fires_a_request_to_base_url ... ok
[INFO] [stdout] test v5::custom_list::id::get::tests::get_custom_list_fires_a_request_to_base_url ... ok
[INFO] [stdout] test v5::custom_list::id::batch_manga::delete::tests::delete_manga_by_batch_with_batch_custom_list_fires_a_request_to_base_url ... ok
[INFO] [stdout] test v5::custom_list::id::follow::delete::tests::follow_custom_list_fires_a_request_to_base_url ... ok
[INFO] [stdout] test v5::custom_list::id::delete::tests::delete_custom_list_fires_a_request_to_base_url ... ok
[INFO] [stdout] test v5::custom_list::id::follow::post::tests::follow_custom_list_fires_a_request_to_base_url ... ok
[INFO] [stdout] test v5::custom_list::id::feed::get::tests::get_custom_list_manga_feed_fires_a_request_to_base_url ... ok
[INFO] [stdout] test v5::custom_list::id::get::tests::get_custom_list_handles_404 ... ok
[INFO] [stdout] test v5::custom_list::post::tests::create_custom_list_fires_a_request_to_base_url ... ok
[INFO] [stdout] test v5::custom_list::id::put::tests::update_custom_list_fires_a_request_to_base_url ... ok
[INFO] [stdout] test v5::forums::thread::post::tests::create_a_forums_thread_handle_403_error ... ok
[INFO] [stdout] test v5::legacy::mapping::post::tests::legacy_id_mapping_fires_a_request_to_base_url ... ok
[INFO] [stdout] test v5::legacy::mapping::post::tests::legacy_id_mapping_handles_400 ... ok
[INFO] [stdout] test v5::forums::thread::post::tests::create_a_forums_thread_handle_404_error ... ok
[INFO] [stdout] test v5::forums::thread::post::tests::create_a_forums_thread_handle_ok ... ok
[INFO] [stdout] test v5::manga::draft::get::tests::list_manga_drafts_fires_a_request_to_base_url ... ok
[INFO] [stdout] test v5::manga::draft::id::commit::post::tests::submit_manga_draft_fires_a_request_to_base_url ... ok
[INFO] [stdout] test v5::manga::draft::get::tests::list_manga_drafts_handles_400 ... ok
[INFO] [stdout] test v5::manga::draft::id::commit::post::tests::submit_manga_draft_requires_auth ... ok
[INFO] [stdout] test v5::manga::draft::get::tests::list_manga_drafts_requires_auth ... ok
[INFO] [stdout] test v5::manga::draft::id::get::tests::get_manga_draft_handles_reference_expansion ... ok
[INFO] [stdout] test v5::manga::get::tests::list_manga_fires_a_request_to_base_url ... ok
[INFO] [stdout] test v5::manga::draft::id::get::tests::get_manga_draft_fires_a_request_to_base_url ... ok
[INFO] [stdout] test v5::manga::id::aggregate::get::tests::manga_aggregate_fires_a_request_to_base_url ... ok
[INFO] [stdout] test v5::manga::draft::id::get::tests::get_manga_draft_requires_auth ... ok
[INFO] [stdout] test v5::manga::id::delete::tests::delete_manga_fires_a_request_to_base_url ... ok
[INFO] [stdout] test v5::manga::id::aggregate::get::tests::manga_aggregate_handles_array_volumes ... ok
[INFO] [stdout] test v5::manga::id::aggregate::get::tests::manga_aggregate_handles_array_chapters ... ok
[INFO] [stdout] test v5::manga::id::get::tests::get_manga_handles_null_available_translated_languages_element_value ... ok
[INFO] [stdout] test v5::manga::id::follow::post::tests::follow_manga_fires_a_request_to_base_url ... ok
[INFO] [stdout] test v5::manga::id::get::tests::get_manga_handles_reference_expansion ... ok
[INFO] [stdout] test v5::manga::id::feed::get::tests::get_manga_feed_fires_a_request_to_base_url ... ok
[INFO] [stdout] test v5::manga::id::list::list_id::delete::tests::remove_manga_from_custom_list_fires_a_request_to_base_url ... ok
[INFO] [stdout] test v5::manga::id::list::get::tests::get_manga_custom_lists_fires_a_request_to_base_url ... ok
[INFO] [stdout] test v5::manga::id::follow::delete::tests::unfollow_manga_fires_a_request_to_base_url ... ok
[INFO] [stdout] test v5::manga::get::tests::list_manga_handles_400 ... ok
[INFO] [stdout] test v5::manga::id::get::tests::get_manga_fires_a_request_to_base_url ... ok
[INFO] [stdout] test v5::manga::id::read::get::tests::get_manga_read_markers_fires_a_request_to_base_url ... ok
[INFO] [stdout] test v5::manga::id::list::list_id::post::tests::add_manga_to_custom_list_fires_a_request_to_base_url ... ok
[INFO] [stdout] test v5::manga::id::put::tests::update_manga_does_not_include_last_volume_when_not_used ... ok
[INFO] [stdout] test v5::manga::id::put::tests::update_chapter_fires_a_request_to_base_url ... ok
[INFO] [stdout] test v5::manga::id::put::tests::update_manga_sends_null_last_volume ... ok
[INFO] [stdout] test v5::manga::manga_id::relation::id::delete::tests::delete_manga_relation_requires_auth ... ok
[INFO] [stdout] test v5::manga::id::put::tests::update_manga_sends_last_volume_with_value ... ok
[INFO] [stdout] test v5::manga::id::status::get::tests::manga_reading_status_fires_a_request_to_base_url ... ok
[INFO] [stdout] test v5::manga::manga_id::relation::post::tests::create_manga_relation_requires_auth ... ok
[INFO] [stdout] test v5::manga::manga_id::relation::post::tests::create_manga_relation_fires_a_request_to_base_url ... ok
[INFO] [stdout] test v5::manga::id::read::post::tests::mark_manga_chapters_read_fires_a_request_to_base_url ... ok
[INFO] [stdout] test v5::manga::id::status::post::tests::update_manga_reading_status_fires_a_request_to_base_url ... ok
[INFO] [stdout] test v5::manga::id::status::post::tests::update_manga_reading_status_sets_status_to_null ... ok
[INFO] [stdout] test v5::manga::manga_id::relation::get::tests::get_manga_fires_a_request_to_base_url ... ok
[INFO] [stdout] test v5::manga::manga_id::relation::id::delete::tests::delete_manga_relation_fires_a_request_to_base_url ... ok
[INFO] [stdout] test v5::manga::post::tests::create_manga_does_not_include_last_volume_when_not_used ... ok
[INFO] [stdout] test v5::manga::random::get::tests::get_random_manga_fires_a_request_to_base_url ... ok
[INFO] [stdout] test v5::manga::post::tests::create_manga_fires_a_request_to_base_url ... ok
[INFO] [stdout] test v5::manga::post::tests::create_manga_sends_last_volume_with_value ... ok
[INFO] [stdout] test v5::manga::post::tests::create_manga_sends_null_last_volume ... ok
[INFO] [stdout] test v5::manga::random::get::tests::get_random_manga_deserialize_handles_empty_array_links_field ... ok
[INFO] [stdout] test v5::manga::random::get::tests::get_random_manga_deserialize_handles_links_field ... ok
[INFO] [stdout] test v5::oauth::refresh_token::tests::refresh_token_fires_a_request_to_base_url ... ok
[INFO] [stdout] test v5::manga::random::get::tests::get_random_manga_handles_http_503 ... ok
[INFO] [stdout] test v5::manga::read::get::tests::get_read_markers_fires_a_request_to_base_url_grouped ... ok
[INFO] [stdout] test v5::manga::read::get::tests::get_read_markers_fires_a_request_to_base_url_ungrouped ... ok
[INFO] [stdout] test v5::rating::manga_id::delete::tests::delete_manga_rating_fires_a_request_to_base_url ... ok
[INFO] [stdout] test v5::ping::get::tests::ping_fires_a_request_to_base_url ... ok
[INFO] [stdout] test v5::manga::tag::get::tests::get_manga_fires_a_request_to_base_url ... ok
[INFO] [stdout] test v5::oauth::login::tests::login_fires_a_request_to_base_url ... ok
[INFO] [stdout] test v5::manga::status::get::tests::manga_reading_status_fires_a_request_to_base_url ... ok
[INFO] [stdout] test v5::rating::manga_id::delete::tests::delete_manga_rating_requires_auth ... ok
[INFO] [stdout] test v5::rating::manga_id::post::tests::create_update_manga_rating_fires_a_request_to_base_url ... ok
[INFO] [stdout] test v5::rating::get::tests::your_manga_ratings_fires_a_request_to_base_url ... ok
[INFO] [stdout] test v5::rating::manga_id::post::tests::create_update_manga_rating_requires_auth ... ok
[INFO] [stdout] test v5::rating::get::tests::your_manga_ratings_requires_auth ... ok
[INFO] [stdout] test v5::rating::manga_id::post::tests::create_update_manga_rating_sets_rating_above_max_to_10 ... ok
[INFO] [stdout] test v5::scanlation_group::id::delete::tests::delete_group_fires_a_request_to_base_url ... ok
[INFO] [stdout] test v5::rating::manga_id::post::tests::create_update_manga_rating_sets_rating_below_min_to_1 ... ok
[INFO] [stdout] test v5::report::post::tests::create_report_reasons_fires_a_request_to_base_url ... ok
[INFO] [stdout] test v5::report::reasons::category::get::tests::list_report_reasons_fires_a_request_to_base_url ... ok
[INFO] [stdout] test v5::report::get::tests::list_reports_by_user_fires_a_request_to_base_url ... ok
[INFO] [stdout] test v5::scanlation_group::id::get::tests::get_group_fires_a_request_to_base_url ... ok
[INFO] [stdout] test v5::scanlation_group::get::tests::list_scanlation_groups_handles_400 ... ok
[INFO] [stdout] test v5::scanlation_group::id::follow::post::tests::follow_group_fires_a_request_to_base_url ... ok
[INFO] [stdout] test v5::scanlation_group::id::follow::delete::tests::unfollow_group_fires_a_request_to_base_url ... ok
[INFO] [stdout] test v5::scanlation_group::get::tests::list_scanlation_groups_fires_a_request_to_base_url ... ok
[INFO] [stdout] test v5::scanlation_group::id::put::tests::update_group_fires_a_request_to_base_url ... ok
[INFO] [stdout] test v5::settings::template::post::tests::create_settings_template_requires_auth ... ok
[INFO] [stdout] test v5::settings::get::tests::get_user_settings_requires_auth ... ok
[INFO] [stdout] test v5::settings::post::tests::create_or_update_user_settings_requires_auth ... ok
[INFO] [stdout] test v5::settings::template::get::tests::get_latest_settings_template_requires_auth ... ok
[INFO] [stdout] test v5::settings::template::post::tests::create_settings_template_requires_auth_403 ... ok
[INFO] [stdout] test v5::scanlation_group::post::tests::create_scanlation_group_fires_a_request_to_base_url ... ok
[INFO] [stdout] test v5::settings::template::version::get::tests::get_settings_template_by_version_id ... ok
[INFO] [stdout] test v5::settings::template::get::tests::get_latest_settings_template ... ok
[INFO] [stdout] test v5::statistics::chapter::id::get::tests::find_chapter_statistics_fires_a_request_to_base_url ... ok
[INFO] [stdout] test v5::settings::template::version::get::tests::get_settings_template_by_version_id_requires_auth ... ok
[INFO] [stdout] test v5::statistics::chapter::get::tests::find_group_statistics_fires_a_request_to_base_url ... ok
[INFO] [stdout] test v5::statistics::manga::id::get::tests::find_manga_statistics_fires_a_request_to_base_url ... ok
[INFO] [stdout] test v5::statistics::group::id::get::tests::find_group_statistics_fires_a_request_to_base_url ... ok
[INFO] [stdout] test v5::upload::begin::chapter_id::post::tests::start_edit_chapter_session_fires_a_request_to_base_url ... ok
[INFO] [stdout] test v5::upload::begin::post::tests::start_upload_session_fires_a_request_to_base_url ... ok
[INFO] [stdout] test v5::statistics::group::get::tests::find_group_statistics_fires_a_request_to_base_url ... ok
[INFO] [stdout] test v5::upload::check_approval_required::post::tests::check_approval_required_fires_a_request_to_base_url ... ok
[INFO] [stdout] test v5::statistics::manga::get::tests::find_manga_statistics_fires_a_request_to_base_url ... ok
[INFO] [stdout] test v5::upload::get::tests::get_upload_session_fires_a_request_to_base_url ... ok
[INFO] [stdout] test v5::upload::check_approval_required::post::tests::check_approval_required_parses_404_not_found ... ok
[INFO] [stdout] test v5::upload::upload_session_id::batch::delete::tests::delete_images_fires_a_request_to_base_url ... ok
[INFO] [stdout] test v5::upload::upload_session_id::commit::post::tests::commit_upload_session_fires_a_request_to_base_url ... ok
[INFO] [stdout] test v5::upload::upload_session_id::upload_session_file_id::delete::tests::delete_image_fires_a_request_to_base_url ... ok
[INFO] [stdout] test v5::upload::upload_session_id::delete::tests::abandon_session_fires_a_request_to_base_url ... ok
[INFO] [stdout] test v5::upload::upload_session_id::post::tests::upload_images_fires_a_request_to_base_url ... ok
[INFO] [stdout] test v5::user::follows::group::id::get::tests::scanlation_group_does_not_exist ... ok
[INFO] [stdout] test v5::user::follows::group::id::get::tests::user_does_not_follow_scanlation_group ... ok
[INFO] [stdout] test v5::user::follows::group::id::get::tests::user_follows_scanlation_group ... ok
[INFO] [stdout] test v5::user::follows::list::id::get::tests::custom_list_does_not_exist ... ok
[INFO] [stdout] test v5::user::follows::list::get::tests::get_followed_custom_lists_fires_a_request_to_base_url ... ok
[INFO] [stdout] test v5::user::follows::list::id::get::tests::user_does_not_follow_custom_list ... ok
[INFO] [stdout] test v5::user::follows::list::id::get::tests::user_follows_custom_list ... ok
[INFO] [stdout] test v5::user::follows::group::get::tests::get_followed_groups_fires_a_request_to_base_url_ungrouped ... ok
[INFO] [stdout] test v5::user::follows::manga::id::get::tests::manga_does_not_exist ... ok
[INFO] [stdout] test v5::user::follows::manga::id::get::tests::user_is_following_manga ... ok
[INFO] [stdout] test v5::user::follows::manga::id::get::tests::user_does_not_follow_manga ... ok
[INFO] [stdout] test v5::user::follows::user::id::get::tests::custom_list_does_not_exist ... ok
[INFO] [stdout] test v5::user::follows::manga::feed::get::tests::get_followed_manga_feed_fires_a_request_to_base_url ... ok
[INFO] [stdout] test v5::user::follows::user::id::get::tests::user_follows_user ... ok
[INFO] [stdout] test v5::user::get::tests::list_user_fires_a_request_to_base_url ... ok
[INFO] [stdout] test v5::user::follows::user::id::get::tests::user_does_not_follow_custom_list ... ok
[INFO] [stdout] test v5::user::follows::manga::get::tests::get_followed_manga_fires_a_request_to_base_url_ungrouped ... ok
[INFO] [stdout] test v5::user::id::list::get::tests::get_user_custom_lists_fires_a_request_to_base_url ... ok
[INFO] [stdout] test v5::user::follows::user::get::tests::get_followed_users_fires_a_request_to_base_url ... ok
[INFO] [stdout] test v5::user::id::follow::delete::tests::unfollow_user_fires_a_request_to_base_url ... ok
[INFO] [stdout] test v5::user::get::tests::list_manga_handles_400 ... ok
[INFO] [stdout] test v5::user::id::follow::post::tests::follow_user_fires_a_request_to_base_url ... ok
[INFO] [stdout] test v5::user::id::get::tests::get_user_fires_a_request_to_base_url ... ok
[INFO] [stdout] test v5::user::list::default::get::tests::get_my_default_custom_lists_fires_a_request_to_base_url ... ok
[INFO] [stdout] test v5::user::history::get::tests::get_user_history_fires_a_request_to_base_url ... ok
[INFO] [stdout] test v5::user::list::get::tests::get_my_custom_lists_fires_a_request_to_base_url ... ok
[INFO] [stdout] test v5::user::me::get::tests::get_my_details_fires_a_request_to_base_url ... ok
[INFO] [stdout] 
[INFO] [stdout] test result: ok. 175 passed; 0 failed; 0 ignored; 0 measured; 0 filtered out; finished in 17.48s
[INFO] [stdout] 
[INFO] [stderr]    Doc-tests mangadex_api
[INFO] [stdout] 
[INFO] [stdout] running 145 tests
[INFO] [stdout] test src/http_client.rs - http_client::endpoint (line 454) ... ignored
[INFO] [stdout] test src/http_client.rs - http_client::endpoint (line 470) ... ignored
[INFO] [stdout] test src/http_client.rs - http_client::endpoint (line 490) ... ignored
[INFO] [stdout] test src/lib.rs - (line 212) ... FAILED
[INFO] [stdout] test src/lib.rs - (line 465) ... FAILED
[INFO] [stdout] test src/lib.rs - (line 304) ... ok
[INFO] [stdout] test src/http_client.rs - http_client::HttpClient::builder (line 132) ... ok
[INFO] [stdout] test src/lib.rs - (line 584) ... FAILED
[INFO] [stdout] test src/lib.rs - (line 522) ... FAILED
[INFO] [stdout] test src/lib.rs - (line 605) ... FAILED
[INFO] [stdout] test src/lib.rs - (line 761) ... FAILED
[INFO] [stdout] test src/lib.rs - (line 781) ... FAILED
[INFO] [stdout] test src/lib.rs - (line 873) ... FAILED
[INFO] [stdout] test src/lib.rs - (line 861) ... FAILED
[INFO] [stdout] test src/v5.rs - v5::MangaDexClient::default (line 96) ... ok
[INFO] [stdout] test src/v5.rs - v5::MangaDexClient::new (line 116) ... ok
[INFO] [stdout] test src/v5.rs - v5::MangaDexClient::new_with_http_client (line 146) ... ok
[INFO] [stdout] test src/v5/api_client/get.rs - v5::api_client::get (line 8) ... ok
[INFO] [stdout] test src/v5/api_client/id/get.rs - v5::api_client::id::get (line 7) ... ok
[INFO] [stdout] test src/v5/api_client/id/delete.rs - v5::api_client::id::delete (line 7) ... ok
[INFO] [stdout] test src/lib.rs - (line 402) ... FAILED
[INFO] [stdout] test src/v5/api_client/id/secret/get.rs - v5::api_client::id::secret::get (line 7) ... ok
[INFO] [stdout] test src/v5/api_client/id/post.rs - v5::api_client::id::post (line 7) ... ok
[INFO] [stdout] test src/lib.rs - (line 828) ... FAILED
[INFO] [stdout] test src/v5/api_client/id/secret/post.rs - v5::api_client::id::secret::post (line 7) ... ok
[INFO] [stdout] test src/v5/at_home/server/id/get.rs - v5::at_home::server::id::get (line 7) ... ok
[INFO] [stdout] test src/v5/auth/check/get.rs - v5::auth::check::get (line 7) ... FAILED
[INFO] [stdout] test src/v5/api_client/post.rs - v5::api_client::post (line 6) ... ok
[INFO] [stdout] test src/v5/author/get.rs - v5::author::get (line 7) ... ok
[INFO] [stdout] test src/v5/author/id/delete.rs - v5::author::id::delete (line 7) ... ok
[INFO] [stdout] test src/v5/author/id/get.rs - v5::author::id::get (line 7) ... ok
[INFO] [stdout] test src/v5/author/id/put.rs - v5::author::id::put (line 7) ... ok
[INFO] [stdout] test src/v5/author/post.rs - v5::author::post (line 7) ... ok
[INFO] [stdout] test src/v5/chapter/get.rs - v5::chapter::get (line 7) ... ok
[INFO] [stdout] test src/v5/chapter/id/get.rs - v5::chapter::id::get (line 7) ... ok
[INFO] [stdout] test src/v5/captcha/solve/post.rs - v5::captcha::solve::post (line 15) ... ok
[INFO] [stdout] test src/v5/chapter/id/delete.rs - v5::chapter::id::delete (line 7) ... ok
[INFO] [stdout] test src/lib.rs - (line 358) ... FAILED
[INFO] [stdout] test src/v5/chapter/id/put.rs - v5::chapter::id::put (line 7) ... ok
[INFO] [stdout] test src/v5/cover/cover_id/put.rs - v5::cover::cover_id::put (line 7) ... FAILED
[INFO] [stdout] test src/v5/cover/cover_id/get.rs - v5::cover::cover_id::get (line 7) ... ok
[INFO] [stdout] test src/v5/cover/cover_id/delete.rs - v5::cover::cover_id::delete (line 7) ... ok
[INFO] [stdout] test src/lib.rs - (line 325) ... FAILED
[INFO] [stdout] test src/v5/cover/manga_id/post.rs - v5::cover::manga_id::post (line 5) ... ok
[INFO] [stdout] test src/v5/custom_list/id/batch_manga/post.rs - v5::custom_list::id::batch_manga::post (line 8) ... ok
[INFO] [stdout] test src/v5/cover/get.rs - v5::cover::get (line 7) ... ok
[INFO] [stdout] test src/v5/custom_list/id/batch_manga/delete.rs - v5::custom_list::id::batch_manga::delete (line 8) ... ok
[INFO] [stdout] test src/lib.rs - (line 190) ... FAILED
[INFO] [stdout] test src/v5/custom_list/id/feed/get.rs - v5::custom_list::id::feed::get (line 7) ... ok
[INFO] [stdout] test src/v5/custom_list/id/delete.rs - v5::custom_list::id::delete (line 7) ... ok
[INFO] [stdout] test src/v5/custom_list/id/follow/post.rs - v5::custom_list::id::follow::post (line 7) ... ok
[INFO] [stdout] test src/v5/custom_list/id/get.rs - v5::custom_list::id::get (line 7) ... ok
[INFO] [stdout] test src/v5/custom_list/id/follow/delete.rs - v5::custom_list::id::follow::delete (line 7) ... ok
[INFO] [stdout] test src/v5/custom_list/post.rs - v5::custom_list::post (line 7) ... ok
[INFO] [stdout] test src/v5/custom_list/id/put.rs - v5::custom_list::id::put (line 7) ... ok
[INFO] [stdout] test src/v5/legacy/mapping/post.rs - v5::legacy::mapping::post (line 7) ... ok
[INFO] [stdout] test src/v5/feed.rs - v5::feed::FeedBuilder::custom_list_manga (line 67) ... ok
[INFO] [stdout] test src/v5/manga/draft/get.rs - v5::manga::draft::get (line 9) ... ok
[INFO] [stdout] test src/v5/feed.rs - v5::feed::FeedBuilder::followed_manga (line 29) ... ok
[INFO] [stdout] test src/v5/forums/thread/post.rs - v5::forums::thread::post (line 7) ... ok
[INFO] [stdout] test src/v5/manga/draft/id/get.rs - v5::manga::draft::id::get (line 12) ... ok
[INFO] [stdout] test src/v5/manga/draft/id/commit/post.rs - v5::manga::draft::id::commit::post (line 11) ... ok
[INFO] [stdout] test src/lib.rs - (line 700) ... FAILED
[INFO] [stdout] test src/v5/manga/id/aggregate/get.rs - v5::manga::id::aggregate::get (line 7) ... ok
[INFO] [stdout] test src/v5/manga/get.rs - v5::manga::get (line 7) ... ok
[INFO] [stdout] test src/v5/manga/id/feed/get.rs - v5::manga::id::feed::get (line 7) ... ok
[INFO] [stdout] test src/v5/manga/id/delete.rs - v5::manga::id::delete (line 7) ... ok
[INFO] [stdout] test src/v5/manga/id/follow/delete.rs - v5::manga::id::follow::delete (line 7) ... ok
[INFO] [stdout] test src/v5/manga/id/list/list_id/post.rs - v5::manga::id::list::list_id::post (line 7) ... ok
[INFO] [stdout] test src/v5/manga/id/list/list_id/delete.rs - v5::manga::id::list::list_id::delete (line 7) ... ok
[INFO] [stdout] test src/v5/manga/id/list/get.rs - v5::manga::id::list::get (line 8) ... ok
[INFO] [stdout] test src/v5/manga/id/follow/post.rs - v5::manga::id::follow::post (line 7) ... ok
[INFO] [stdout] test src/v5/manga/id/get.rs - v5::manga::id::get (line 7) ... ok
[INFO] [stdout] test src/v5/manga/id/put.rs - v5::manga::id::put (line 7) ... ok
[INFO] [stdout] test src/v5/manga/id/status/get.rs - v5::manga::id::status::get (line 7) ... ok
[INFO] [stdout] test src/v5/manga/id/read/get.rs - v5::manga::id::read::get (line 7) ... ok
[INFO] [stdout] test src/v5/manga/id/read/post.rs - v5::manga::id::read::post (line 7) ... ok
[INFO] [stdout] test src/v5/manga/id/status/post.rs - v5::manga::id::status::post (line 7) ... ok
[INFO] [stdout] test src/v5/manga/manga_id/relation/id/delete.rs - v5::manga::manga_id::relation::id::delete (line 11) ... ok
[INFO] [stdout] test src/v5/manga/post.rs - v5::manga::post (line 5) ... ok
[INFO] [stdout] test src/v5/manga/manga_id/relation/get.rs - v5::manga::manga_id::relation::get (line 9) ... ok
[INFO] [stdout] test src/v5/manga/random/get.rs - v5::manga::random::get (line 7) ... ok
[INFO] [stdout] test src/v5/manga/read/get.rs - v5::manga::read::get (line 7) ... ok
[INFO] [stdout] test src/v5/manga/manga_id/relation/post.rs - v5::manga::manga_id::relation::post (line 9) ... ok
[INFO] [stdout] test src/v5/oauth/refresh_token.rs - v5::oauth::refresh_token (line 9) ... FAILED
[INFO] [stdout] test src/v5/manga/status/get.rs - v5::manga::status::get (line 7) ... ok
[INFO] [stdout] test src/v5/manga/tag/get.rs - v5::manga::tag::get (line 7) ... ok
[INFO] [stdout] test src/v5/oauth/login.rs - v5::oauth::login (line 9) ... ok
[INFO] [stdout] test src/v5/ping/get.rs - v5::ping::get (line 7) ... ok
[INFO] [stdout] test src/v5/rating/manga_id/delete.rs - v5::rating::manga_id::delete (line 9) ... ok
[INFO] [stdout] test src/v5/rating/get.rs - v5::rating::get (line 9) ... ok
[INFO] [stdout] test src/v5/rating/manga_id/post.rs - v5::rating::manga_id::post (line 9) ... ok
[INFO] [stdout] test src/v5/report/post.rs - v5::report::post (line 7) ... ok
[INFO] [stdout] test src/v5/report/get.rs - v5::report::get (line 7) ... ok
[INFO] [stdout] test src/v5/scanlation_group/id/delete.rs - v5::scanlation_group::id::delete (line 7) ... ok
[INFO] [stdout] test src/v5/report/reasons/category/get.rs - v5::report::reasons::category::get (line 7) ... ok
[INFO] [stdout] test src/v5/scanlation_group/id/get.rs - v5::scanlation_group::id::get (line 7) ... ok
[INFO] [stdout] test src/v5/scanlation_group/get.rs - v5::scanlation_group::get (line 7) ... ok
[INFO] [stdout] test src/v5/scanlation_group/id/follow/post.rs - v5::scanlation_group::id::follow::post (line 7) ... ok
[INFO] [stdout] test src/v5/scanlation_group/post.rs - v5::scanlation_group::post (line 7) ... ok
[INFO] [stdout] test src/v5/scanlation_group/id/follow/delete.rs - v5::scanlation_group::id::follow::delete (line 7) ... ok
[INFO] [stdout] test src/v5/scanlation_group/id/put.rs - v5::scanlation_group::id::put (line 7) ... ok
[INFO] [stdout] test src/v5/settings/get.rs - v5::settings::get (line 5) ... ok
[INFO] [stdout] test src/v5/search.rs - v5::search::SearchBuilder::cover (line 84) ... ok
[INFO] [stdout] test src/v5/search.rs - v5::search::SearchBuilder::chapter (line 57) ... ok
[INFO] [stdout] test src/v5/search.rs - v5::search::SearchBuilder::author (line 30) ... ok
[INFO] [stdout] test src/v5/settings/post.rs - v5::settings::post (line 5) ... ok
[INFO] [stdout] test src/v5/search.rs - v5::search::SearchBuilder::manga (line 110) ... ok
[INFO] [stdout] test src/v5/search.rs - v5::search::SearchBuilder::scanlation_group (line 137) ... ok
[INFO] [stdout] test src/v5/settings/template/version/get.rs - v5::settings::template::version::get (line 5) ... ok
[INFO] [stdout] test src/v5/settings/template/post.rs - v5::settings::template::post (line 5) ... ok
[INFO] [stdout] test src/v5/settings/template/get.rs - v5::settings::template::get (line 5) ... ok
[INFO] [stdout] test src/v5/statistics/group/get.rs - v5::statistics::group::get (line 9) ... ok
[INFO] [stdout] test src/v5/statistics/chapter/get.rs - v5::statistics::chapter::get (line 9) ... ok
[INFO] [stdout] test src/v5/statistics/chapter/id/get.rs - v5::statistics::chapter::id::get (line 9) ... ok
[INFO] [stdout] test src/v5/statistics/group/id/get.rs - v5::statistics::group::id::get (line 9) ... ok
[INFO] [stdout] test src/v5/statistics/manga/get.rs - v5::statistics::manga::get (line 9) ... ok
[INFO] [stdout] test src/v5/upload/begin/post.rs - v5::upload::begin::post (line 5) ... ok
[INFO] [stdout] test src/v5/upload/begin/chapter_id/post.rs - v5::upload::begin::chapter_id::post (line 5) ... ok
[INFO] [stdout] test src/v5/statistics/manga/id/get.rs - v5::statistics::manga::id::get (line 9) ... ok
[INFO] [stdout] test src/v5/upload/check_approval_required/post.rs - v5::upload::check_approval_required::post (line 5) ... ok
[INFO] [stdout] test src/v5/upload/upload_session_id/post.rs - v5::upload::upload_session_id::post (line 7) ... FAILED
[INFO] [stdout] test src/v5/upload/upload_session_id/delete.rs - v5::upload::upload_session_id::delete (line 7) ... ok
[INFO] [stdout] test src/v5/upload/get.rs - v5::upload::get (line 7) ... ok
[INFO] [stdout] test src/v5/upload/upload_session_id/batch/delete.rs - v5::upload::upload_session_id::batch::delete (line 7) ... ok
[INFO] [stdout] test src/v5/upload/upload_session_id/upload_session_file_id/delete.rs - v5::upload::upload_session_id::upload_session_file_id::delete (line 7) ... ok
[INFO] [stdout] test src/v5/upload/upload_session_id/commit/post.rs - v5::upload::upload_session_id::commit::post (line 7) ... ok
[INFO] [stdout] test src/v5/user/follows/group/get.rs - v5::user::follows::group::get (line 7) ... ok
[INFO] [stdout] test src/v5/user/follows/list/id/get.rs - v5::user::follows::list::id::get (line 7) ... ok
[INFO] [stdout] test src/v5/user/follows/list/get.rs - v5::user::follows::list::get (line 7) ... ok
[INFO] [stdout] test src/v5/user/follows/group/id/get.rs - v5::user::follows::group::id::get (line 7) ... ok
[INFO] [stdout] test src/v5/user/follows/manga/feed/get.rs - v5::user::follows::manga::feed::get (line 7) ... ok
[INFO] [stdout] test src/v5/user/follows/manga/get.rs - v5::user::follows::manga::get (line 7) ... ok
[INFO] [stdout] test src/v5/user/follows/user/id/get.rs - v5::user::follows::user::id::get (line 7) ... FAILED
[INFO] [stdout] test src/v5/user/follows/manga/id/get.rs - v5::user::follows::manga::id::get (line 7) ... ok
[INFO] [stdout] test src/v5/user/follows/user/get.rs - v5::user::follows::user::get (line 7) ... ok
[INFO] [stdout] test src/v5/user/id/follow/delete.rs - v5::user::id::follow::delete (line 7) ... ok
[INFO] [stdout] test src/v5/user/history/get.rs - v5::user::history::get (line 7) ... ok
[INFO] [stdout] test src/v5/user/get.rs - v5::user::get (line 9) ... ok
[INFO] [stdout] test src/v5/user/id/follow/post.rs - v5::user::id::follow::post (line 7) ... ok
[INFO] [stdout] test src/v5/user/id/get.rs - v5::user::id::get (line 7) ... ok
[INFO] [stdout] test src/v5/user/id/list/get.rs - v5::user::id::list::get (line 7) ... ok
[INFO] [stdout] test src/v5/user/list/default/get.rs - v5::user::list::default::get (line 8) ... ok
[INFO] [stdout] test src/v5/user/list/get.rs - v5::user::list::get (line 7) ... ok
[INFO] [stdout] test src/v5/user/me/get.rs - v5::user::me::get (line 7) ... ok
[INFO] [stdout] 
[INFO] [stdout] failures:
[INFO] [stdout] 
[INFO] [stdout] ---- src/lib.rs - (line 212) stdout ----
[INFO] [stdout] error[E0433]: failed to resolve: use of undeclared crate or module `mangadex_api_schema_rust`
[INFO] [stdout]  --> src/lib.rs:215:5
[INFO] [stdout]   |
[INFO] [stdout] 5 | use mangadex_api_schema_rust::v5::RelatedAttributes;
[INFO] [stdout]   |     ^^^^^^^^^^^^^^^^^^^^^^^^ use of undeclared crate or module `mangadex_api_schema_rust`
[INFO] [stdout]   |
[INFO] [stdout] help: there is a crate or module with a similar name
[INFO] [stdout]   |
[INFO] [stdout] 5 | use mangadex_api_schema::v5::RelatedAttributes;
[INFO] [stdout]   |     ~~~~~~~~~~~~~~~~~~~
[INFO] [stdout] 
[INFO] [stdout] error[E0432]: unresolved import `mangadex_api_types_rust`
[INFO] [stdout]  --> src/lib.rs:216:5
[INFO] [stdout]   |
[INFO] [stdout] 6 | use mangadex_api_types_rust::{
[INFO] [stdout]   |     ^^^^^^^^^^^^^^^^^^^^^^^ use of undeclared crate or module `mangadex_api_types_rust`
[INFO] [stdout]   |
[INFO] [stdout] help: there is a crate or module with a similar name
[INFO] [stdout]   |
[INFO] [stdout] 6 | use mangadex_api_types::{
[INFO] [stdout]   |     ~~~~~~~~~~~~~~~~~~
[INFO] [stdout] 
[INFO] [stdout] error: aborting due to 2 previous errors
[INFO] [stdout] 
[INFO] [stdout] Some errors have detailed explanations: E0432, E0433.
[INFO] [stdout] For more information about an error, try `rustc --explain E0432`.
[INFO] [stdout] Couldn't compile the test.
[INFO] [stdout] ---- src/lib.rs - (line 465) stdout ----
[INFO] [stdout] error[E0433]: failed to resolve: could not find `utils` in `mangadex_api`
[INFO] [stdout]   --> src/lib.rs:468:20
[INFO] [stdout]    |
[INFO] [stdout] 5  | use mangadex_api::{utils::download::chapter::DownloadMode, MangaDexClient};
[INFO] [stdout]    |                    ^^^^^ could not find `utils` in `mangadex_api`
[INFO] [stdout]    |
[INFO] [stdout] note: found an item that was configured out
[INFO] [stdout]   --> /opt/rustwide/workdir/src/lib.rs:18:13
[INFO] [stdout]    |
[INFO] [stdout] 18 |     pub mod utils;
[INFO] [stdout]    |             ^^^^^
[INFO] [stdout] note: the item is gated behind the `utils` feature
[INFO] [stdout]   --> /opt/rustwide/workdir/src/lib.rs:17:1
[INFO] [stdout]    |
[INFO] [stdout] 17 | / cfg_utils! {
[INFO] [stdout] 18 | |     pub mod utils;
[INFO] [stdout] 19 | | }
[INFO] [stdout]    | |_^
[INFO] [stdout]    = note: this error originates in the macro `cfg_utils` (in Nightly builds, run with -Z macro-backtrace for more info)
[INFO] [stdout] 
[INFO] [stdout] error[E0599]: no method named `download` found for struct `MangaDexClient` in the current scope
[INFO] [stdout]   --> src/lib.rs:485:10
[INFO] [stdout]    |
[INFO] [stdout] 20 |       let chapter_files = client
[INFO] [stdout]    |  _________________________-
[INFO] [stdout] 21 | |         // We use the download builder
[INFO] [stdout] 22 | |         .download()
[INFO] [stdout]    | |         -^^^^^^^^ method not found in `MangaDexClient`
[INFO] [stdout]    | |_________|
[INFO] [stdout]    |
[INFO] [stdout] 
[INFO] [stdout] error[E0277]: the size for values of type `[u8]` cannot be known at compilation time
[INFO] [stdout]   --> src/lib.rs:505:19
[INFO] [stdout]    |
[INFO] [stdout] 42 |         if let Ok(bytes) = bytes_ {
[INFO] [stdout]    |                   ^^^^^ doesn't have a size known at compile-time
[INFO] [stdout]    |
[INFO] [stdout]    = help: the trait `Sized` is not implemented for `[u8]`
[INFO] [stdout]    = note: all local variables must have a statically known size
[INFO] [stdout]    = help: unsized locals are gated as an unstable feature
[INFO] [stdout] 
[INFO] [stdout] error[E0277]: the size for values of type `[u8]` cannot be known at compilation time
[INFO] [stdout]   --> src/lib.rs:505:16
[INFO] [stdout]    |
[INFO] [stdout] 42 |         if let Ok(bytes) = bytes_ {
[INFO] [stdout]    |                ^^^^^^^^^ doesn't have a size known at compile-time
[INFO] [stdout]    |
[INFO] [stdout]    = help: the trait `Sized` is not implemented for `[u8]`
[INFO] [stdout] note: required by a bound in `std::prelude::v1::Ok`
[INFO] [stdout]   --> /rustc/6067b36314ab5eb2eb47cecc464545ba58e1ad24/library/core/src/result.rs:532:5
[INFO] [stdout] 
[INFO] [stdout] error[E0277]: the size for values of type `[u8]` cannot be known at compilation time
[INFO] [stdout]   --> src/lib.rs:504:31
[INFO] [stdout]    |
[INFO] [stdout] 41 |     for (filename, bytes_) in chapter_files {
[INFO] [stdout]    |                               ^^^^^^^^^^^^^ doesn't have a size known at compile-time
[INFO] [stdout]    |
[INFO] [stdout]    = help: the trait `Sized` is not implemented for `[u8]`
[INFO] [stdout] note: required by an implicit `Sized` bound in `Result`
[INFO] [stdout]   --> /rustc/6067b36314ab5eb2eb47cecc464545ba58e1ad24/library/core/src/result.rs:528:1
[INFO] [stdout] 
[INFO] [stdout] error[E0277]: the size for values of type `[u8]` cannot be known at compilation time
[INFO] [stdout]   --> src/lib.rs:509:23
[INFO] [stdout]    |
[INFO] [stdout] 46 |         } else if let Err(e) = bytes_ {
[INFO] [stdout]    |                       ^^^^^^ doesn't have a size known at compile-time
[INFO] [stdout]    |
[INFO] [stdout]    = help: the trait `Sized` is not implemented for `[u8]`
[INFO] [stdout] note: required by a bound in `Err`
[INFO] [stdout]   --> /rustc/6067b36314ab5eb2eb47cecc464545ba58e1ad24/library/core/src/result.rs:537:5
[INFO] [stdout] 
[INFO] [stdout] error: aborting due to 6 previous errors
[INFO] [stdout] 
[INFO] [stdout] Some errors have detailed explanations: E0277, E0433, E0599.
[INFO] [stdout] For more information about an error, try `rustc --explain E0277`.
[INFO] [stdout] Couldn't compile the test.
[INFO] [stdout] ---- src/lib.rs - (line 584) stdout ----
[INFO] [stdout] error[E0585]: found a documentation comment that doesn't document anything
[INFO] [stdout]   --> src/lib.rs:598:5
[INFO] [stdout]    |
[INFO] [stdout] 16 |     /// Some code here too
[INFO] [stdout]    |     ^^^^^^^^^^^^^^^^^^^^^^
[INFO] [stdout]    |
[INFO] [stdout]    = help: doc comments must come before what they document, if a comment was intended use `//`
[INFO] [stdout] 
[INFO] [stdout] error[E0425]: cannot find value `client` in this scope
[INFO] [stdout]  --> src/lib.rs:586:20
[INFO] [stdout]   |
[INFO] [stdout] 4 |     let download = client
[INFO] [stdout]   |                    ^^^^^^ not found in this scope
[INFO] [stdout] 
[INFO] [stdout] error[E0425]: cannot find value `chapter_id` in this scope
[INFO] [stdout]  --> src/lib.rs:588:18
[INFO] [stdout]   |
[INFO] [stdout] 6 |         .chapter(chapter_id)
[INFO] [stdout]   |                  ^^^^^^^^^^ not found in this scope
[INFO] [stdout] 
[INFO] [stdout] error[E0728]: `await` is only allowed inside `async` functions and blocks
[INFO] [stdout]   --> src/lib.rs:597:10
[INFO] [stdout]    |
[INFO] [stdout] 2  | fn main() { #[allow(non_snake_case)] fn _doctest_main_src_lib_rs_584_0() {
[INFO] [stdout]    |                                      ----------------------------------- this is not `async`
[INFO] [stdout] ...
[INFO] [stdout] 15 |         .await?;
[INFO] [stdout]    |          ^^^^^ only allowed inside `async` functions and blocks
[INFO] [stdout] 
[INFO] [stdout] error[E0433]: failed to resolve: use of undeclared type `DownloadMode`
[INFO] [stdout]  --> src/lib.rs:589:15
[INFO] [stdout]   |
[INFO] [stdout] 7 |         .mode(DownloadMode::DataSaver)
[INFO] [stdout]   |               ^^^^^^^^^^^^ use of undeclared type `DownloadMode`
[INFO] [stdout] 
[INFO] [stdout] error: aborting due to 5 previous errors
[INFO] [stdout] 
[INFO] [stdout] Some errors have detailed explanations: E0425, E0433, E0585, E0728.
[INFO] [stdout] For more information about an error, try `rustc --explain E0425`.
[INFO] [stdout] Couldn't compile the test.
[INFO] [stdout] ---- src/lib.rs - (line 522) stdout ----
[INFO] [stdout] error[E0433]: failed to resolve: could not find `utils` in `mangadex_api`
[INFO] [stdout]   --> src/lib.rs:525:20
[INFO] [stdout]    |
[INFO] [stdout] 5  | use mangadex_api::{utils::download::chapter::DownloadMode, MangaDexClient};
[INFO] [stdout]    |                    ^^^^^ could not find `utils` in `mangadex_api`
[INFO] [stdout]    |
[INFO] [stdout] note: found an item that was configured out
[INFO] [stdout]   --> /opt/rustwide/workdir/src/lib.rs:18:13
[INFO] [stdout]    |
[INFO] [stdout] 18 |     pub mod utils;
[INFO] [stdout]    |             ^^^^^
[INFO] [stdout] note: the item is gated behind the `utils` feature
[INFO] [stdout]   --> /opt/rustwide/workdir/src/lib.rs:17:1
[INFO] [stdout]    |
[INFO] [stdout] 17 | / cfg_utils! {
[INFO] [stdout] 18 | |     pub mod utils;
[INFO] [stdout] 19 | | }
[INFO] [stdout]    | |_^
[INFO] [stdout]    = note: this error originates in the macro `cfg_utils` (in Nightly builds, run with -Z macro-backtrace for more info)
[INFO] [stdout] 
[INFO] [stdout] error[E0432]: unresolved import `tokio_stream`
[INFO] [stdout]   --> src/lib.rs:531:5
[INFO] [stdout]    |
[INFO] [stdout] 11 | use tokio_stream::StreamExt;
[INFO] [stdout]    |     ^^^^^^^^^^^^ use of undeclared crate or module `tokio_stream`
[INFO] [stdout] 
[INFO] [stdout] error[E0599]: no method named `download` found for struct `MangaDexClient` in the current scope
[INFO] [stdout]   --> src/lib.rs:544:10
[INFO] [stdout]    |
[INFO] [stdout] 22 |       let download = client
[INFO] [stdout]    |  ____________________-
[INFO] [stdout] 23 | |         // We use the download builder
[INFO] [stdout] 24 | |         .download()
[INFO] [stdout]    | |         -^^^^^^^^ method not found in `MangaDexClient`
[INFO] [stdout]    | |_________|
[INFO] [stdout]    |
[INFO] [stdout] 
[INFO] [stdout] error[E0282]: type annotations needed
[INFO] [stdout]   --> src/lib.rs:560:9
[INFO] [stdout]    |
[INFO] [stdout] 40 |     let chapter_files = download.download_stream().await?;
[INFO] [stdout]    |         ^^^^^^^^^^^^^
[INFO] [stdout] ...
[INFO] [stdout] 43 |     while let Some((data, index, total)) = chapter_files.next().await {
[INFO] [stdout]    |                                                          ---- type must be known at this point
[INFO] [stdout]    |
[INFO] [stdout] help: consider giving `chapter_files` an explicit type
[INFO] [stdout]    |
[INFO] [stdout] 40 |     let chapter_files: /* Type */ = download.download_stream().await?;
[INFO] [stdout]    |                      ++++++++++++
[INFO] [stdout] 
[INFO] [stdout] error[E0277]: the size for values of type `[u8]` cannot be known at compilation time
[INFO] [stdout]   --> src/lib.rs:567:19
[INFO] [stdout]    |
[INFO] [stdout] 47 |         if let Ok(bytes) = bytes_ {
[INFO] [stdout]    |                   ^^^^^ doesn't have a size known at compile-time
[INFO] [stdout]    |
[INFO] [stdout]    = help: the trait `Sized` is not implemented for `[u8]`
[INFO] [stdout]    = note: all local variables must have a statically known size
[INFO] [stdout]    = help: unsized locals are gated as an unstable feature
[INFO] [stdout] 
[INFO] [stdout] error[E0277]: the size for values of type `[u8]` cannot be known at compilation time
[INFO] [stdout]   --> src/lib.rs:567:16
[INFO] [stdout]    |
[INFO] [stdout] 47 |         if let Ok(bytes) = bytes_ {
[INFO] [stdout]    |                ^^^^^^^^^ doesn't have a size known at compile-time
[INFO] [stdout]    |
[INFO] [stdout]    = help: the trait `Sized` is not implemented for `[u8]`
[INFO] [stdout] note: required by a bound in `std::prelude::v1::Ok`
[INFO] [stdout]   --> /rustc/6067b36314ab5eb2eb47cecc464545ba58e1ad24/library/core/src/result.rs:532:5
[INFO] [stdout] 
[INFO] [stdout] error[E0277]: the size for values of type `[u8]` cannot be known at compilation time
[INFO] [stdout]   --> src/lib.rs:563:65
[INFO] [stdout]    |
[INFO] [stdout] 43 |     while let Some((data, index, total)) = chapter_files.next().await {
[INFO] [stdout]    |                                                                 ^^^^^ doesn't have a size known at compile-time
[INFO] [stdout]    |
[INFO] [stdout]    = help: the trait `Sized` is not implemented for `[u8]`
[INFO] [stdout] note: required by an implicit `Sized` bound in `Result`
[INFO] [stdout]   --> /rustc/6067b36314ab5eb2eb47cecc464545ba58e1ad24/library/core/src/result.rs:528:1
[INFO] [stdout] 
[INFO] [stdout] error[E0277]: the size for values of type `[u8]` cannot be known at compilation time
[INFO] [stdout]   --> src/lib.rs:572:23
[INFO] [stdout]    |
[INFO] [stdout] 52 |         } else if let Err(e) = bytes_ {
[INFO] [stdout]    |                       ^^^^^^ doesn't have a size known at compile-time
[INFO] [stdout]    |
[INFO] [stdout]    = help: the trait `Sized` is not implemented for `[u8]`
[INFO] [stdout] note: required by a bound in `Err`
[INFO] [stdout]   --> /rustc/6067b36314ab5eb2eb47cecc464545ba58e1ad24/library/core/src/result.rs:537:5
[INFO] [stdout] 
[INFO] [stdout] error: aborting due to 8 previous errors
[INFO] [stdout] 
[INFO] [stdout] Some errors have detailed explanations: E0277, E0282, E0432, E0433, E0599.
[INFO] [stdout] For more information about an error, try `rustc --explain E0277`.
[INFO] [stdout] Couldn't compile the test.
[INFO] [stdout] ---- src/lib.rs - (line 605) stdout ----
[INFO] [stdout] error[E0433]: failed to resolve: could not find `utils` in `mangadex_api`
[INFO] [stdout]   --> src/lib.rs:608:20
[INFO] [stdout]    |
[INFO] [stdout] 5  | use mangadex_api::{utils::download::chapter::DownloadMode, MangaDexClient};
[INFO] [stdout]    |                    ^^^^^ could not find `utils` in `mangadex_api`
[INFO] [stdout]    |
[INFO] [stdout] note: found an item that was configured out
[INFO] [stdout]   --> /opt/rustwide/workdir/src/lib.rs:18:13
[INFO] [stdout]    |
[INFO] [stdout] 18 |     pub mod utils;
[INFO] [stdout]    |             ^^^^^
[INFO] [stdout] note: the item is gated behind the `utils` feature
[INFO] [stdout]   --> /opt/rustwide/workdir/src/lib.rs:17:1
[INFO] [stdout]    |
[INFO] [stdout] 17 | / cfg_utils! {
[INFO] [stdout] 18 | |     pub mod utils;
[INFO] [stdout] 19 | | }
[INFO] [stdout]    | |_^
[INFO] [stdout]    = note: this error originates in the macro `cfg_utils` (in Nightly builds, run with -Z macro-backtrace for more info)
[INFO] [stdout] 
[INFO] [stdout] error[E0432]: unresolved import `tokio_stream`
[INFO] [stdout]   --> src/lib.rs:614:5
[INFO] [stdout]    |
[INFO] [stdout] 11 | use tokio_stream::StreamExt;
[INFO] [stdout]    |     ^^^^^^^^^^^^ use of undeclared crate or module `tokio_stream`
[INFO] [stdout] 
[INFO] [stdout] error[E0599]: no method named `download` found for struct `MangaDexClient` in the current scope
[INFO] [stdout]   --> src/lib.rs:627:10
[INFO] [stdout]    |
[INFO] [stdout] 22 |       let download = client
[INFO] [stdout]    |  ____________________-
[INFO] [stdout] 23 | |         // We use the download builder
[INFO] [stdout] 24 | |         .download()
[INFO] [stdout]    | |         -^^^^^^^^ method not found in `MangaDexClient`
[INFO] [stdout]    | |_________|
[INFO] [stdout]    |
[INFO] [stdout] 
[INFO] [stdout] error[E0282]: type annotations needed
[INFO] [stdout]   --> src/lib.rs:643:9
[INFO] [stdout]    |
[INFO] [stdout] 40 |     let chapter_files = download
[INFO] [stdout]    |         ^^^^^^^^^^^^^
[INFO] [stdout] ...
[INFO] [stdout] 68 |     while let Some((data, index, total)) = chapter_files.next().await {
[INFO] [stdout]    |                                                          ---- type must be known at this point
[INFO] [stdout]    |
[INFO] [stdout] help: consider giving `chapter_files` an explicit type
[INFO] [stdout]    |
[INFO] [stdout] 40 |     let chapter_files: /* Type */ = download
[INFO] [stdout]    |                      ++++++++++++
[INFO] [stdout] 
[INFO] [stdout] error[E0277]: the size for values of type `[u8]` cannot be known at compilation time
[INFO] [stdout]   --> src/lib.rs:675:19
[INFO] [stdout]    |
[INFO] [stdout] 72 |         if let Ok(bytes) = bytes_ {
[INFO] [stdout]    |                   ^^^^^ doesn't have a size known at compile-time
[INFO] [stdout]    |
[INFO] [stdout]    = help: the trait `Sized` is not implemented for `[u8]`
[INFO] [stdout]    = note: all local variables must have a statically known size
[INFO] [stdout]    = help: unsized locals are gated as an unstable feature
[INFO] [stdout] 
[INFO] [stdout] error[E0277]: the size for values of type `[u8]` cannot be known at compilation time
[INFO] [stdout]   --> src/lib.rs:675:16
[INFO] [stdout]    |
[INFO] [stdout] 72 |         if let Ok(bytes) = bytes_ {
[INFO] [stdout]    |                ^^^^^^^^^ doesn't have a size known at compile-time
[INFO] [stdout]    |
[INFO] [stdout]    = help: the trait `Sized` is not implemented for `[u8]`
[INFO] [stdout] note: required by a bound in `std::prelude::v1::Ok`
[INFO] [stdout]   --> /rustc/6067b36314ab5eb2eb47cecc464545ba58e1ad24/library/core/src/result.rs:532:5
[INFO] [stdout] 
[INFO] [stdout] error[E0277]: the size for values of type `[u8]` cannot be known at compilation time
[INFO] [stdout]   --> src/lib.rs:671:65
[INFO] [stdout]    |
[INFO] [stdout] 68 |     while let Some((data, index, total)) = chapter_files.next().await {
[INFO] [stdout]    |                                                                 ^^^^^ doesn't have a size known at compile-time
[INFO] [stdout]    |
[INFO] [stdout]    = help: the trait `Sized` is not implemented for `[u8]`
[INFO] [stdout] note: required by an implicit `Sized` bound in `Result`
[INFO] [stdout]   --> /rustc/6067b36314ab5eb2eb47cecc464545ba58e1ad24/library/core/src/result.rs:528:1
[INFO] [stdout] 
[INFO] [stdout] error[E0277]: the size for values of type `[u8]` cannot be known at compilation time
[INFO] [stdout]   --> src/lib.rs:680:23
[INFO] [stdout]    |
[INFO] [stdout] 77 |         } else if let Err(e) = bytes_ {
[INFO] [stdout]    |                       ^^^^^^ doesn't have a size known at compile-time
[INFO] [stdout]    |
[INFO] [stdout]    = help: the trait `Sized` is not implemented for `[u8]`
[INFO] [stdout] note: required by a bound in `Err`
[INFO] [stdout]   --> /rustc/6067b36314ab5eb2eb47cecc464545ba58e1ad24/library/core/src/result.rs:537:5
[INFO] [stdout] 
[INFO] [stdout] error: aborting due to 8 previous errors
[INFO] [stdout] 
[INFO] [stdout] Some errors have detailed explanations: E0277, E0282, E0432, E0433, E0599.
[INFO] [stdout] For more information about an error, try `rustc --explain E0277`.
[INFO] [stdout] Couldn't compile the test.
[INFO] [stdout] ---- src/lib.rs - (line 761) stdout ----
[INFO] [stdout] error[E0432]: unresolved import `crate::MangaDexClient`
[INFO] [stdout]  --> src/lib.rs:764:9
[INFO] [stdout]   |
[INFO] [stdout] 4 |     use crate::MangaDexClient;
[INFO] [stdout]   |         ^^^^^^^^^^^^^^^^^^^^^ no `MangaDexClient` in the root
[INFO] [stdout]   |
[INFO] [stdout] help: consider importing this struct instead
[INFO] [stdout]   |
[INFO] [stdout] 4 |     use mangadex_api::MangaDexClient;
[INFO] [stdout]   |         ~~~~~~~~~~~~~~~~~~~~~~~~~~~~
[INFO] [stdout] 
[INFO] [stdout] error[E0277]: the size for values of type `[u8]` cannot be known at compilation time
[INFO] [stdout]   --> src/lib.rs:772:24
[INFO] [stdout]    |
[INFO] [stdout] 12 |         let (filename, bytes) = client.download().cover().build()?.via_cover_id(cover_id).await?;
[INFO] [stdout]    |                        ^^^^^ doesn't have a size known at compile-time
[INFO] [stdout]    |
[INFO] [stdout]    = help: the trait `Sized` is not implemented for `[u8]`
[INFO] [stdout]    = note: all local variables must have a statically known size
[INFO] [stdout]    = help: unsized locals are gated as an unstable feature
[INFO] [stdout] 
[INFO] [stdout] error[E0277]: the size for values of type `[u8]` cannot be known at compilation time
[INFO] [stdout]   --> src/lib.rs:772:33
[INFO] [stdout]    |
[INFO] [stdout] 12 |         let (filename, bytes) = client.download().cover().build()?.via_cover_id(cover_id).await?;
[INFO] [stdout]    |                                 ^^^^^^^^^^^^^^^^^^^^^^^^^^^^^^^^^^^^^^^^^^^^^^^^^^^^^^^^^^^^^^^^ doesn't have a size known at compile-time
[INFO] [stdout]    |
[INFO] [stdout]    = help: within `(_, [u8])`, the trait `Sized` is not implemented for `[u8]`
[INFO] [stdout]    = note: required because it appears within the type `(_, [u8])`
[INFO] [stdout]    = note: all local variables must have a statically known size
[INFO] [stdout]    = help: unsized locals are gated as an unstable feature
[INFO] [stdout] 
[INFO] [stdout] error: aborting due to 3 previous errors
[INFO] [stdout] 
[INFO] [stdout] Some errors have detailed explanations: E0277, E0432.
[INFO] [stdout] For more information about an error, try `rustc --explain E0277`.
[INFO] [stdout] Couldn't compile the test.
[INFO] [stdout] ---- src/lib.rs - (line 781) stdout ----
[INFO] [stdout] error[E0599]: no method named `download` found for struct `MangaDexClient` in the current scope
[INFO] [stdout]   --> src/lib.rs:797:10
[INFO] [stdout]    |
[INFO] [stdout] 17 |       let (filename, bytes) = client
[INFO] [stdout]    |  _____________________________-
[INFO] [stdout] 18 | |         .download()
[INFO] [stdout]    | |         -^^^^^^^^ method not found in `MangaDexClient`
[INFO] [stdout]    | |_________|
[INFO] [stdout]    |
[INFO] [stdout] 
[INFO] [stdout] error[E0277]: the size for values of type `[u8]` cannot be known at compilation time
[INFO] [stdout]   --> src/lib.rs:811:9
[INFO] [stdout]    |
[INFO] [stdout] 32 |     let bytes = bytes?;
[INFO] [stdout]    |         ^^^^^ doesn't have a size known at compile-time
[INFO] [stdout]    |
[INFO] [stdout]    = help: the trait `Sized` is not implemented for `[u8]`
[INFO] [stdout]    = note: all local variables must have a statically known size
[INFO] [stdout]    = help: unsized locals are gated as an unstable feature
[INFO] [stdout] 
[INFO] [stdout] error[E0277]: the size for values of type `[u8]` cannot be known at compilation time
[INFO] [stdout]   --> src/lib.rs:811:17
[INFO] [stdout]    |
[INFO] [stdout] 32 |     let bytes = bytes?;
[INFO] [stdout]    |                 ^^^^^^ doesn't have a size known at compile-time
[INFO] [stdout]    |
[INFO] [stdout]    = help: the trait `Sized` is not implemented for `[u8]`
[INFO] [stdout]    = note: all local variables must have a statically known size
[INFO] [stdout]    = help: unsized locals are gated as an unstable feature
[INFO] [stdout] 
[INFO] [stdout] error[E0277]: the size for values of type `[u8]` cannot be known at compilation time
[INFO] [stdout]   --> src/lib.rs:811:22
[INFO] [stdout]    |
[INFO] [stdout] 32 |     let bytes = bytes?;
[INFO] [stdout]    |                      ^ doesn't have a size known at compile-time
[INFO] [stdout]    |
[INFO] [stdout]    = help: the trait `Sized` is not implemented for `[u8]`
[INFO] [stdout] note: required by a bound in `Break`
[INFO] [stdout]   --> /rustc/6067b36314ab5eb2eb47cecc464545ba58e1ad24/library/core/src/ops/control_flow.rs:94:5
[INFO] [stdout] 
[INFO] [stdout] error: aborting due to 4 previous errors
[INFO] [stdout] 
[INFO] [stdout] Some errors have detailed explanations: E0277, E0599.
[INFO] [stdout] For more information about an error, try `rustc --explain E0277`.
[INFO] [stdout] Couldn't compile the test.
[INFO] [stdout] ---- src/lib.rs - (line 873) stdout ----
[INFO] [stdout] error[E0308]: mismatched types
[INFO] [stdout]   --> src/lib.rs:909:9
[INFO] [stdout]    |
[INFO] [stdout] 37 |     sleep(Duration::from_secs(<u64 as TryFrom<usize>>::try_from(
[INFO] [stdout]    |                               --------------------------------- arguments to this function are incorrect
[INFO] [stdout] 38 |         response.expires_in,
[INFO] [stdout]    |         ^^^^^^^^^^^^^^^^^^^ expected `usize`, found `u32`
[INFO] [stdout]    |
[INFO] [stdout] help: the return type of this call is `u32` due to the type of the argument passed
[INFO] [stdout]   --> src/lib.rs:908:31
[INFO] [stdout]    |
[INFO] [stdout] 37 |       sleep(Duration::from_secs(<u64 as TryFrom<usize>>::try_from(
[INFO] [stdout]    |  _______________________________^
[INFO] [stdout] 38 | |         response.expires_in,
[INFO] [stdout]    | |         ------------------- this argument influences the return type of `TryFrom`
[INFO] [stdout] 39 | |     )?))
[INFO] [stdout]    | |_____^
[INFO] [stdout] note: associated function defined here
[INFO] [stdout]   --> /rustc/6067b36314ab5eb2eb47cecc464545ba58e1ad24/library/core/src/convert/mod.rs:689:8
[INFO] [stdout] help: you can convert a `u32` to a `usize` and panic if the converted value doesn't fit
[INFO] [stdout]    |
[INFO] [stdout] 38 |         response.expires_in.try_into().unwrap(),
[INFO] [stdout]    |                            ++++++++++++++++++++
[INFO] [stdout] 
[INFO] [stdout] error: aborting due to 1 previous error
[INFO] [stdout] 
[INFO] [stdout] For more information about this error, try `rustc --explain E0308`.
[INFO] [stdout] Couldn't compile the test.
[INFO] [stdout] ---- src/lib.rs - (line 861) stdout ----
[INFO] [stdout] error: unexpected token: `...`
[INFO] [stdout]  --> src/lib.rs:862:1
[INFO] [stdout]   |
[INFO] [stdout] 3 | ...
[INFO] [stdout]   | ^^^
[INFO] [stdout]   |
[INFO] [stdout] help: use `..` for an exclusive range
[INFO] [stdout]   |
[INFO] [stdout] 3 | ..
[INFO] [stdout]   |
[INFO] [stdout] help: or `..=` for an inclusive range
[INFO] [stdout]   |
[INFO] [stdout] 3 | ..=
[INFO] [stdout]   |
[INFO] [stdout] 
[INFO] [stdout] error: unexpected token: `...`
[INFO] [stdout]  --> src/lib.rs:868:5
[INFO] [stdout]   |
[INFO] [stdout] 9 |     ...
[INFO] [stdout]   |     ^^^
[INFO] [stdout]   |
[INFO] [stdout] help: use `..` for an exclusive range
[INFO] [stdout]   |
[INFO] [stdout] 9 |     ..
[INFO] [stdout]   |
[INFO] [stdout] help: or `..=` for an inclusive range
[INFO] [stdout]   |
[INFO] [stdout] 9 |     ..=
[INFO] [stdout]   |
[INFO] [stdout] 
[INFO] [stdout] error[E0586]: inclusive range with no end
[INFO] [stdout]  --> src/lib.rs:868:5
[INFO] [stdout]   |
[INFO] [stdout] 9 |     ...
[INFO] [stdout]   |     ^^^
[INFO] [stdout]   |
[INFO] [stdout]   = note: inclusive ranges must be bounded at the end (`..=b` or `a..=b`)
[INFO] [stdout] help: use `..` instead
[INFO] [stdout]   |
[INFO] [stdout] 9 -     ...
[INFO] [stdout] 9 +     ..
[INFO] [stdout]   |
[INFO] [stdout] 
[INFO] [stdout] error[E0425]: cannot find value `client` in this scope
[INFO] [stdout]  --> src/lib.rs:863:5
[INFO] [stdout]   |
[INFO] [stdout] 4 |     client
[INFO] [stdout]   |     ^^^^^^ not found in this scope
[INFO] [stdout] 
[INFO] [stdout] error[E0728]: `await` is only allowed inside `async` functions and blocks
[INFO] [stdout]  --> src/lib.rs:867:10
[INFO] [stdout]   |
[INFO] [stdout] 2 | fn main() { #[allow(non_snake_case)] fn _doctest_main_src_lib_rs_861_0() {
[INFO] [stdout]   |                                      ----------------------------------- this is not `async`
[INFO] [stdout] ...
[INFO] [stdout] 8 |         .await?;
[INFO] [stdout]   |          ^^^^^ only allowed inside `async` functions and blocks
[INFO] [stdout] 
[INFO] [stdout] error: aborting due to 5 previous errors
[INFO] [stdout] 
[INFO] [stdout] Some errors have detailed explanations: E0425, E0586, E0728.
[INFO] [stdout] For more information about an error, try `rustc --explain E0425`.
[INFO] [stdout] Couldn't compile the test.
[INFO] [stdout] ---- src/lib.rs - (line 402) stdout ----
[INFO] [stdout] Test executable failed (exit status: 1).
[INFO] [stdout] 
[INFO] [stdout] stderr:
[INFO] [stdout] Error: failed to send a request to MangaDex: reqwest::Error { kind: Request, url: "https://api.mangadex.org/at-home/server/f2a09509-3c09-4371-a810-ecb99242bd90?forcePort443=false", source: hyper_util::client::legacy::Error(Connect, ConnectError("dns error", Custom { kind: Uncategorized, error: "failed to lookup address information: Temporary failure in name resolution" })) }
[INFO] [stdout] 
[INFO] [stdout] Caused by:
[INFO] [stdout]     0: error sending request for url (https://api.mangadex.org/at-home/server/f2a09509-3c09-4371-a810-ecb99242bd90?forcePort443=false)
[INFO] [stdout]     1: client error (Connect)
[INFO] [stdout]     2: dns error: failed to lookup address information: Temporary failure in name resolution
[INFO] [stdout]     3: failed to lookup address information: Temporary failure in name resolution
[INFO] [stdout] 
[INFO] [stdout] Stack backtrace:
[INFO] [stdout]    0: anyhow::error::<impl core::convert::From<E> for anyhow::Error>::from
[INFO] [stdout]    1: <core::result::Result<T,F> as core::ops::try_trait::FromResidual<core::result::Result<core::convert::Infallible,E>>>::from_residual
[INFO] [stdout]    2: rust_out::main::{{closure}}
[INFO] [stdout]    3: tokio::runtime::park::CachedParkThread::block_on::{{closure}}
[INFO] [stdout]    4: tokio::runtime::park::CachedParkThread::block_on
[INFO] [stdout]    5: tokio::runtime::context::blocking::BlockingRegionGuard::block_on
[INFO] [stdout]    6: tokio::runtime::scheduler::multi_thread::MultiThread::block_on::{{closure}}
[INFO] [stdout]    7: tokio::runtime::context::runtime::enter_runtime
[INFO] [stdout]    8: tokio::runtime::scheduler::multi_thread::MultiThread::block_on
[INFO] [stdout]    9: tokio::runtime::runtime::Runtime::block_on_inner
[INFO] [stdout]   10: tokio::runtime::runtime::Runtime::block_on
[INFO] [stdout]   11: rust_out::main
[INFO] [stdout]   12: core::ops::function::FnOnce::call_once
[INFO] [stdout]   13: std::sys::backtrace::__rust_begin_short_backtrace
[INFO] [stdout]   14: std::rt::lang_start::{{closure}}
[INFO] [stdout]   15: core::ops::function::impls::<impl core::ops::function::FnOnce<A> for &F>::call_once
[INFO] [stdout]              at /rustc/6067b36314ab5eb2eb47cecc464545ba58e1ad24/library/core/src/ops/function.rs:284:13
[INFO] [stdout]   16: std::panicking::try::do_call
[INFO] [stdout]              at /rustc/6067b36314ab5eb2eb47cecc464545ba58e1ad24/library/std/src/panicking.rs:587:40
[INFO] [stdout]   17: std::panicking::try
[INFO] [stdout]              at /rustc/6067b36314ab5eb2eb47cecc464545ba58e1ad24/library/std/src/panicking.rs:550:19
[INFO] [stdout]   18: std::panic::catch_unwind
[INFO] [stdout]              at /rustc/6067b36314ab5eb2eb47cecc464545ba58e1ad24/library/std/src/panic.rs:358:14
[INFO] [stdout]   19: std::rt::lang_start_internal::{{closure}}
[INFO] [stdout]              at /rustc/6067b36314ab5eb2eb47cecc464545ba58e1ad24/library/std/src/rt.rs:163:24
[INFO] [stdout]   20: std::panicking::try::do_call
[INFO] [stdout]              at /rustc/6067b36314ab5eb2eb47cecc464545ba58e1ad24/library/std/src/panicking.rs:587:40
[INFO] [stdout]   21: std::panicking::try
[INFO] [stdout]              at /rustc/6067b36314ab5eb2eb47cecc464545ba58e1ad24/library/std/src/panicking.rs:550:19
[INFO] [stdout]   22: std::panic::catch_unwind
[INFO] [stdout]              at /rustc/6067b36314ab5eb2eb47cecc464545ba58e1ad24/library/std/src/panic.rs:358:14
[INFO] [stdout]   23: std::rt::lang_start_internal
[INFO] [stdout]              at /rustc/6067b36314ab5eb2eb47cecc464545ba58e1ad24/library/std/src/rt.rs:159:5
[INFO] [stdout]   24: std::rt::lang_start
[INFO] [stdout]   25: main
[INFO] [stdout]   26: <unknown>
[INFO] [stdout]   27: __libc_start_main
[INFO] [stdout]   28: _start
[INFO] [stdout] 
[INFO] [stdout] 
[INFO] [stdout] ---- src/lib.rs - (line 828) stdout ----
[INFO] [stdout] Test executable failed (exit status: 1).
[INFO] [stdout] 
[INFO] [stdout] stderr:
[INFO] [stdout] Error: failed to send a request to MangaDex: reqwest::Error { kind: Request, url: "https://auth.mangadex.org/realms/mangadex/protocol/openid-connect/token", source: hyper_util::client::legacy::Error(Connect, ConnectError("dns error", Custom { kind: Uncategorized, error: "failed to lookup address information: Temporary failure in name resolution" })) }
[INFO] [stdout] 
[INFO] [stdout] Caused by:
[INFO] [stdout]     0: error sending request for url (https://auth.mangadex.org/realms/mangadex/protocol/openid-connect/token)
[INFO] [stdout]     1: client error (Connect)
[INFO] [stdout]     2: dns error: failed to lookup address information: Temporary failure in name resolution
[INFO] [stdout]     3: failed to lookup address information: Temporary failure in name resolution
[INFO] [stdout] 
[INFO] [stdout] Stack backtrace:
[INFO] [stdout]    0: anyhow::error::<impl core::convert::From<E> for anyhow::Error>::from
[INFO] [stdout]    1: <core::result::Result<T,F> as core::ops::try_trait::FromResidual<core::result::Result<core::convert::Infallible,E>>>::from_residual
[INFO] [stdout]    2: rust_out::main::{{closure}}
[INFO] [stdout]    3: tokio::runtime::park::CachedParkThread::block_on::{{closure}}
[INFO] [stdout]    4: tokio::runtime::park::CachedParkThread::block_on
[INFO] [stdout]    5: tokio::runtime::context::blocking::BlockingRegionGuard::block_on
[INFO] [stdout]    6: tokio::runtime::scheduler::multi_thread::MultiThread::block_on::{{closure}}
[INFO] [stdout]    7: tokio::runtime::context::runtime::enter_runtime
[INFO] [stdout]    8: tokio::runtime::scheduler::multi_thread::MultiThread::block_on
[INFO] [stdout]    9: tokio::runtime::runtime::Runtime::block_on_inner
[INFO] [stdout]   10: tokio::runtime::runtime::Runtime::block_on
[INFO] [stdout]   11: rust_out::main
[INFO] [stdout]   12: core::ops::function::FnOnce::call_once
[INFO] [stdout]   13: std::sys::backtrace::__rust_begin_short_backtrace
[INFO] [stdout]   14: std::rt::lang_start::{{closure}}
[INFO] [stdout]   15: core::ops::function::impls::<impl core::ops::function::FnOnce<A> for &F>::call_once
[INFO] [stdout]              at /rustc/6067b36314ab5eb2eb47cecc464545ba58e1ad24/library/core/src/ops/function.rs:284:13
[INFO] [stdout]   16: std::panicking::try::do_call
[INFO] [stdout]              at /rustc/6067b36314ab5eb2eb47cecc464545ba58e1ad24/library/std/src/panicking.rs:587:40
[INFO] [stdout]   17: std::panicking::try
[INFO] [stdout]              at /rustc/6067b36314ab5eb2eb47cecc464545ba58e1ad24/library/std/src/panicking.rs:550:19
[INFO] [stdout]   18: std::panic::catch_unwind
[INFO] [stdout]              at /rustc/6067b36314ab5eb2eb47cecc464545ba58e1ad24/library/std/src/panic.rs:358:14
[INFO] [stdout]   19: std::rt::lang_start_internal::{{closure}}
[INFO] [stdout]              at /rustc/6067b36314ab5eb2eb47cecc464545ba58e1ad24/library/std/src/rt.rs:163:24
[INFO] [stdout]   20: std::panicking::try::do_call
[INFO] [stdout]              at /rustc/6067b36314ab5eb2eb47cecc464545ba58e1ad24/library/std/src/panicking.rs:587:40
[INFO] [stdout]   21: std::panicking::try
[INFO] [stdout]              at /rustc/6067b36314ab5eb2eb47cecc464545ba58e1ad24/library/std/src/panicking.rs:550:19
[INFO] [stdout]   22: std::panic::catch_unwind
[INFO] [stdout]              at /rustc/6067b36314ab5eb2eb47cecc464545ba58e1ad24/library/std/src/panic.rs:358:14
[INFO] [stdout]   23: std::rt::lang_start_internal
[INFO] [stdout]              at /rustc/6067b36314ab5eb2eb47cecc464545ba58e1ad24/library/std/src/rt.rs:159:5
[INFO] [stdout]   24: std::rt::lang_start
[INFO] [stdout]   25: main
[INFO] [stdout]   26: <unknown>
[INFO] [stdout]   27: __libc_start_main
[INFO] [stdout]   28: _start
[INFO] [stdout] 
[INFO] [stdout] 
[INFO] [stdout] ---- src/v5/auth/check/get.rs - v5::auth::check::get (line 7) stdout ----
[INFO] [stdout] error[E0599]: no method named `login` found for struct `AuthBuilder` in the current scope
[INFO] [stdout]   --> src/v5/auth/check/get.rs:17:6
[INFO] [stdout]    |
[INFO] [stdout] 11 |   let _login_res = client
[INFO] [stdout]    |  __________________-
[INFO] [stdout] 12 | |     .auth()
[INFO] [stdout] 13 | |     .login()
[INFO] [stdout]    | |     -^^^^^ method not found in `AuthBuilder`
[INFO] [stdout]    | |_____|
[INFO] [stdout]    |
[INFO] [stdout] 
[INFO] [stdout] error: aborting due to 1 previous error
[INFO] [stdout] 
[INFO] [stdout] For more information about this error, try `rustc --explain E0599`.
[INFO] [stdout] Couldn't compile the test.
[INFO] [stdout] ---- src/lib.rs - (line 358) stdout ----
[INFO] [stdout] Test executable failed (exit status: 1).
[INFO] [stdout] 
[INFO] [stdout] stderr:
[INFO] [stdout] Error: failed to send a request to MangaDex: reqwest::Error { kind: Request, url: "https://api.mangadex.org/manga?title=full+metal&includes[0]=author", source: hyper_util::client::legacy::Error(Connect, ConnectError("dns error", Custom { kind: Uncategorized, error: "failed to lookup address information: Temporary failure in name resolution" })) }
[INFO] [stdout] 
[INFO] [stdout] Caused by:
[INFO] [stdout]     0: error sending request for url (https://api.mangadex.org/manga?title=full+metal&includes[0]=author)
[INFO] [stdout]     1: client error (Connect)
[INFO] [stdout]     2: dns error: failed to lookup address information: Temporary failure in name resolution
[INFO] [stdout]     3: failed to lookup address information: Temporary failure in name resolution
[INFO] [stdout] 
[INFO] [stdout] Stack backtrace:
[INFO] [stdout]    0: anyhow::error::<impl core::convert::From<E> for anyhow::Error>::from
[INFO] [stdout]    1: <core::result::Result<T,F> as core::ops::try_trait::FromResidual<core::result::Result<core::convert::Infallible,E>>>::from_residual
[INFO] [stdout]    2: rust_out::main::{{closure}}
[INFO] [stdout]    3: <core::pin::Pin<P> as core::future::future::Future>::poll
[INFO] [stdout]    4: tokio::runtime::park::CachedParkThread::block_on::{{closure}}
[INFO] [stdout]    5: tokio::runtime::park::CachedParkThread::block_on
[INFO] [stdout]    6: tokio::runtime::context::blocking::BlockingRegionGuard::block_on
[INFO] [stdout]    7: tokio::runtime::scheduler::multi_thread::MultiThread::block_on::{{closure}}
[INFO] [stdout]    8: tokio::runtime::context::runtime::enter_runtime
[INFO] [stdout]    9: tokio::runtime::scheduler::multi_thread::MultiThread::block_on
[INFO] [stdout]   10: tokio::runtime::runtime::Runtime::block_on_inner
[INFO] [stdout]   11: tokio::runtime::runtime::Runtime::block_on
[INFO] [stdout]   12: rust_out::main
[INFO] [stdout]   13: core::ops::function::FnOnce::call_once
[INFO] [stdout]   14: std::sys::backtrace::__rust_begin_short_backtrace
[INFO] [stdout]   15: std::rt::lang_start::{{closure}}
[INFO] [stdout]   16: core::ops::function::impls::<impl core::ops::function::FnOnce<A> for &F>::call_once
[INFO] [stdout]              at /rustc/6067b36314ab5eb2eb47cecc464545ba58e1ad24/library/core/src/ops/function.rs:284:13
[INFO] [stdout]   17: std::panicking::try::do_call
[INFO] [stdout]              at /rustc/6067b36314ab5eb2eb47cecc464545ba58e1ad24/library/std/src/panicking.rs:587:40
[INFO] [stdout]   18: std::panicking::try
[INFO] [stdout]              at /rustc/6067b36314ab5eb2eb47cecc464545ba58e1ad24/library/std/src/panicking.rs:550:19
[INFO] [stdout]   19: std::panic::catch_unwind
[INFO] [stdout]              at /rustc/6067b36314ab5eb2eb47cecc464545ba58e1ad24/library/std/src/panic.rs:358:14
[INFO] [stdout]   20: std::rt::lang_start_internal::{{closure}}
[INFO] [stdout]              at /rustc/6067b36314ab5eb2eb47cecc464545ba58e1ad24/library/std/src/rt.rs:163:24
[INFO] [stdout]   21: std::panicking::try::do_call
[INFO] [stdout]              at /rustc/6067b36314ab5eb2eb47cecc464545ba58e1ad24/library/std/src/panicking.rs:587:40
[INFO] [stdout]   22: std::panicking::try
[INFO] [stdout]              at /rustc/6067b36314ab5eb2eb47cecc464545ba58e1ad24/library/std/src/panicking.rs:550:19
[INFO] [stdout]   23: std::panic::catch_unwind
[INFO] [stdout]              at /rustc/6067b36314ab5eb2eb47cecc464545ba58e1ad24/library/std/src/panic.rs:358:14
[INFO] [stdout]   24: std::rt::lang_start_internal
[INFO] [stdout]              at /rustc/6067b36314ab5eb2eb47cecc464545ba58e1ad24/library/std/src/rt.rs:159:5
[INFO] [stdout]   25: std::rt::lang_start
[INFO] [stdout]   26: main
[INFO] [stdout]   27: <unknown>
[INFO] [stdout]   28: __libc_start_main
[INFO] [stdout]   29: _start
[INFO] [stdout] 
[INFO] [stdout] 
[INFO] [stdout] ---- src/v5/cover/cover_id/put.rs - v5::cover::cover_id::put (line 7) stdout ----
[INFO] [stdout] error[E0277]: the trait bound `String: From<Option<String>>` is not satisfied
[INFO] [stdout]   --> src/v5/cover/cover_id/put.rs:31:13
[INFO] [stdout]    |
[INFO] [stdout] 27 |     .volume(Some("1".to_string()))
[INFO] [stdout]    |      ------ ^^^^^^^^^^^^^^^^^^^^^ the trait `From<Option<String>>` is not implemented for `String`
[INFO] [stdout]    |      |
[INFO] [stdout]    |      required by a bound introduced by this call
[INFO] [stdout]    |
[INFO] [stdout]    = help: the following other types implement trait `From<T>`:
[INFO] [stdout]              `String` implements `From<&String>`
[INFO] [stdout]              `String` implements `From<&cookie_store::cookie_domain::CookieDomain>`
[INFO] [stdout]              `String` implements `From<&cookie_store::cookie_path::CookiePath>`
[INFO] [stdout]              `String` implements `From<&mut str>`
[INFO] [stdout]              `String` implements `From<&str>`
[INFO] [stdout]              `String` implements `From<Box<str>>`
[INFO] [stdout]              `String` implements `From<Cow<'_, str>>`
[INFO] [stdout]              `String` implements `From<Uuid>`
[INFO] [stdout]            and 3 others
[INFO] [stdout]    = note: required for `Option<String>` to implement `Into<String>`
[INFO] [stdout] note: required by a bound in `EditCoverBuilder::volume`
[INFO] [stdout]   --> /opt/rustwide/workdir/src/v5/cover/cover_id/put.rs:52:35
[INFO] [stdout]    |
[INFO] [stdout] 52 | #[derive(Debug, Serialize, Clone, Builder)]
[INFO] [stdout]    |                                   ^^^^^^^ required by this bound in `EditCoverBuilder::volume`
[INFO] [stdout] ...
[INFO] [stdout] 72 |     pub volume: String,
[INFO] [stdout]    |         ------ required by a bound in this associated function
[INFO] [stdout]    = note: this error originates in the derive macro `Builder` (in Nightly builds, run with -Z macro-backtrace for more info)
[INFO] [stdout] 
[INFO] [stdout] error: aborting due to 1 previous error
[INFO] [stdout] 
[INFO] [stdout] For more information about this error, try `rustc --explain E0277`.
[INFO] [stdout] Couldn't compile the test.
[INFO] [stdout] ---- src/lib.rs - (line 325) stdout ----
[INFO] [stdout] Test executable failed (exit status: 1).
[INFO] [stdout] 
[INFO] [stdout] stderr:
[INFO] [stdout] Error: failed to send a request to MangaDex: reqwest::Error { kind: Request, url: "https://api.mangadex.org/manga?title=full+metal", source: hyper_util::client::legacy::Error(Connect, ConnectError("dns error", Custom { kind: Uncategorized, error: "failed to lookup address information: Temporary failure in name resolution" })) }
[INFO] [stdout] 
[INFO] [stdout] Caused by:
[INFO] [stdout]     0: error sending request for url (https://api.mangadex.org/manga?title=full+metal)
[INFO] [stdout]     1: client error (Connect)
[INFO] [stdout]     2: dns error: failed to lookup address information: Temporary failure in name resolution
[INFO] [stdout]     3: failed to lookup address information: Temporary failure in name resolution
[INFO] [stdout] 
[INFO] [stdout] Stack backtrace:
[INFO] [stdout]    0: anyhow::error::<impl core::convert::From<E> for anyhow::Error>::from
[INFO] [stdout]    1: <core::result::Result<T,F> as core::ops::try_trait::FromResidual<core::result::Result<core::convert::Infallible,E>>>::from_residual
[INFO] [stdout]    2: rust_out::main::{{closure}}
[INFO] [stdout]    3: <core::pin::Pin<P> as core::future::future::Future>::poll
[INFO] [stdout]    4: tokio::runtime::park::CachedParkThread::block_on::{{closure}}
[INFO] [stdout]    5: tokio::runtime::park::CachedParkThread::block_on
[INFO] [stdout]    6: tokio::runtime::context::blocking::BlockingRegionGuard::block_on
[INFO] [stdout]    7: tokio::runtime::scheduler::multi_thread::MultiThread::block_on::{{closure}}
[INFO] [stdout]    8: tokio::runtime::context::runtime::enter_runtime
[INFO] [stdout]    9: tokio::runtime::scheduler::multi_thread::MultiThread::block_on
[INFO] [stdout]   10: tokio::runtime::runtime::Runtime::block_on_inner
[INFO] [stdout]   11: tokio::runtime::runtime::Runtime::block_on
[INFO] [stdout]   12: rust_out::main
[INFO] [stdout]   13: core::ops::function::FnOnce::call_once
[INFO] [stdout]   14: std::sys::backtrace::__rust_begin_short_backtrace
[INFO] [stdout]   15: std::rt::lang_start::{{closure}}
[INFO] [stdout]   16: core::ops::function::impls::<impl core::ops::function::FnOnce<A> for &F>::call_once
[INFO] [stdout]              at /rustc/6067b36314ab5eb2eb47cecc464545ba58e1ad24/library/core/src/ops/function.rs:284:13
[INFO] [stdout]   17: std::panicking::try::do_call
[INFO] [stdout]              at /rustc/6067b36314ab5eb2eb47cecc464545ba58e1ad24/library/std/src/panicking.rs:587:40
[INFO] [stdout]   18: std::panicking::try
[INFO] [stdout]              at /rustc/6067b36314ab5eb2eb47cecc464545ba58e1ad24/library/std/src/panicking.rs:550:19
[INFO] [stdout]   19: std::panic::catch_unwind
[INFO] [stdout]              at /rustc/6067b36314ab5eb2eb47cecc464545ba58e1ad24/library/std/src/panic.rs:358:14
[INFO] [stdout]   20: std::rt::lang_start_internal::{{closure}}
[INFO] [stdout]              at /rustc/6067b36314ab5eb2eb47cecc464545ba58e1ad24/library/std/src/rt.rs:163:24
[INFO] [stdout]   21: std::panicking::try::do_call
[INFO] [stdout]              at /rustc/6067b36314ab5eb2eb47cecc464545ba58e1ad24/library/std/src/panicking.rs:587:40
[INFO] [stdout]   22: std::panicking::try
[INFO] [stdout]              at /rustc/6067b36314ab5eb2eb47cecc464545ba58e1ad24/library/std/src/panicking.rs:550:19
[INFO] [stdout]   23: std::panic::catch_unwind
[INFO] [stdout]              at /rustc/6067b36314ab5eb2eb47cecc464545ba58e1ad24/library/std/src/panic.rs:358:14
[INFO] [stdout]   24: std::rt::lang_start_internal
[INFO] [stdout]              at /rustc/6067b36314ab5eb2eb47cecc464545ba58e1ad24/library/std/src/rt.rs:159:5
[INFO] [stdout]   25: std::rt::lang_start
[INFO] [stdout]   26: main
[INFO] [stdout]   27: <unknown>
[INFO] [stdout]   28: __libc_start_main
[INFO] [stdout]   29: _start
[INFO] [stdout] 
[INFO] [stdout] 
[INFO] [stdout] ---- src/lib.rs - (line 190) stdout ----
[INFO] [stdout] Test executable failed (exit status: 1).
[INFO] [stdout] 
[INFO] [stdout] stderr:
[INFO] [stdout] Error: failed to send a request to MangaDex: reqwest::Error { kind: Request, url: "https://api.mangadex.org/manga/random?", source: hyper_util::client::legacy::Error(Connect, ConnectError("dns error", Custom { kind: Uncategorized, error: "failed to lookup address information: Temporary failure in name resolution" })) }
[INFO] [stdout] 
[INFO] [stdout] Caused by:
[INFO] [stdout]     0: error sending request for url (https://api.mangadex.org/manga/random?)
[INFO] [stdout]     1: client error (Connect)
[INFO] [stdout]     2: dns error: failed to lookup address information: Temporary failure in name resolution
[INFO] [stdout]     3: failed to lookup address information: Temporary failure in name resolution
[INFO] [stdout] 
[INFO] [stdout] Stack backtrace:
[INFO] [stdout]    0: anyhow::error::<impl core::convert::From<E> for anyhow::Error>::from
[INFO] [stdout]    1: <core::result::Result<T,F> as core::ops::try_trait::FromResidual<core::result::Result<core::convert::Infallible,E>>>::from_residual
[INFO] [stdout]    2: rust_out::main::{{closure}}
[INFO] [stdout]    3: tokio::runtime::park::CachedParkThread::block_on::{{closure}}
[INFO] [stdout]    4: tokio::runtime::park::CachedParkThread::block_on
[INFO] [stdout]    5: tokio::runtime::context::blocking::BlockingRegionGuard::block_on
[INFO] [stdout]    6: tokio::runtime::scheduler::multi_thread::MultiThread::block_on::{{closure}}
[INFO] [stdout]    7: tokio::runtime::context::runtime::enter_runtime
[INFO] [stdout]    8: tokio::runtime::scheduler::multi_thread::MultiThread::block_on
[INFO] [stdout]    9: tokio::runtime::runtime::Runtime::block_on_inner
[INFO] [stdout]   10: tokio::runtime::runtime::Runtime::block_on
[INFO] [stdout]   11: rust_out::main
[INFO] [stdout]   12: core::ops::function::FnOnce::call_once
[INFO] [stdout]   13: std::sys::backtrace::__rust_begin_short_backtrace
[INFO] [stdout]   14: std::rt::lang_start::{{closure}}
[INFO] [stdout]   15: core::ops::function::impls::<impl core::ops::function::FnOnce<A> for &F>::call_once
[INFO] [stdout]              at /rustc/6067b36314ab5eb2eb47cecc464545ba58e1ad24/library/core/src/ops/function.rs:284:13
[INFO] [stdout]   16: std::panicking::try::do_call
[INFO] [stdout]              at /rustc/6067b36314ab5eb2eb47cecc464545ba58e1ad24/library/std/src/panicking.rs:587:40
[INFO] [stdout]   17: std::panicking::try
[INFO] [stdout]              at /rustc/6067b36314ab5eb2eb47cecc464545ba58e1ad24/library/std/src/panicking.rs:550:19
[INFO] [stdout]   18: std::panic::catch_unwind
[INFO] [stdout]              at /rustc/6067b36314ab5eb2eb47cecc464545ba58e1ad24/library/std/src/panic.rs:358:14
[INFO] [stdout]   19: std::rt::lang_start_internal::{{closure}}
[INFO] [stdout]              at /rustc/6067b36314ab5eb2eb47cecc464545ba58e1ad24/library/std/src/rt.rs:163:24
[INFO] [stdout]   20: std::panicking::try::do_call
[INFO] [stdout]              at /rustc/6067b36314ab5eb2eb47cecc464545ba58e1ad24/library/std/src/panicking.rs:587:40
[INFO] [stdout]   21: std::panicking::try
[INFO] [stdout]              at /rustc/6067b36314ab5eb2eb47cecc464545ba58e1ad24/library/std/src/panicking.rs:550:19
[INFO] [stdout]   22: std::panic::catch_unwind
[INFO] [stdout]              at /rustc/6067b36314ab5eb2eb47cecc464545ba58e1ad24/library/std/src/panic.rs:358:14
[INFO] [stdout]   23: std::rt::lang_start_internal
[INFO] [stdout]              at /rustc/6067b36314ab5eb2eb47cecc464545ba58e1ad24/library/std/src/rt.rs:159:5
[INFO] [stdout]   24: std::rt::lang_start
[INFO] [stdout]   25: main
[INFO] [stdout]   26: <unknown>
[INFO] [stdout]   27: __libc_start_main
[INFO] [stdout]   28: _start
[INFO] [stdout] 
[INFO] [stdout] 
[INFO] [stdout] ---- src/lib.rs - (line 700) stdout ----
[INFO] [stdout] Test executable failed (exit status: 1).
[INFO] [stdout] 
[INFO] [stdout] stderr:
[INFO] [stdout] Error: failed to send a request to MangaDex: reqwest::Error { kind: Request, url: "https://api.mangadex.org/manga/b4bcecd9-2e2d-4a51-9459-b37ff6f3f011?", source: hyper_util::client::legacy::Error(Connect, ConnectError("dns error", Custom { kind: Uncategorized, error: "failed to lookup address information: Temporary failure in name resolution" })) }
[INFO] [stdout] 
[INFO] [stdout] Caused by:
[INFO] [stdout]     0: error sending request for url (https://api.mangadex.org/manga/b4bcecd9-2e2d-4a51-9459-b37ff6f3f011?)
[INFO] [stdout]     1: client error (Connect)
[INFO] [stdout]     2: dns error: failed to lookup address information: Temporary failure in name resolution
[INFO] [stdout]     3: failed to lookup address information: Temporary failure in name resolution
[INFO] [stdout] 
[INFO] [stdout] Stack backtrace:
[INFO] [stdout]    0: anyhow::error::<impl core::convert::From<E> for anyhow::Error>::from
[INFO] [stdout]    1: <core::result::Result<T,F> as core::ops::try_trait::FromResidual<core::result::Result<core::convert::Infallible,E>>>::from_residual
[INFO] [stdout]    2: rust_out::main::{{closure}}
[INFO] [stdout]    3: <core::pin::Pin<P> as core::future::future::Future>::poll
[INFO] [stdout]    4: tokio::runtime::park::CachedParkThread::block_on::{{closure}}
[INFO] [stdout]    5: tokio::runtime::park::CachedParkThread::block_on
[INFO] [stdout]    6: tokio::runtime::context::blocking::BlockingRegionGuard::block_on
[INFO] [stdout]    7: tokio::runtime::scheduler::multi_thread::MultiThread::block_on::{{closure}}
[INFO] [stdout]    8: tokio::runtime::context::runtime::enter_runtime
[INFO] [stdout]    9: tokio::runtime::scheduler::multi_thread::MultiThread::block_on
[INFO] [stdout]   10: tokio::runtime::runtime::Runtime::block_on_inner
[INFO] [stdout]   11: tokio::runtime::runtime::Runtime::block_on
[INFO] [stdout]   12: rust_out::main
[INFO] [stdout]   13: core::ops::function::FnOnce::call_once
[INFO] [stdout]   14: std::sys::backtrace::__rust_begin_short_backtrace
[INFO] [stdout]   15: std::rt::lang_start::{{closure}}
[INFO] [stdout]   16: core::ops::function::impls::<impl core::ops::function::FnOnce<A> for &F>::call_once
[INFO] [stdout]              at /rustc/6067b36314ab5eb2eb47cecc464545ba58e1ad24/library/core/src/ops/function.rs:284:13
[INFO] [stdout]   17: std::panicking::try::do_call
[INFO] [stdout]              at /rustc/6067b36314ab5eb2eb47cecc464545ba58e1ad24/library/std/src/panicking.rs:587:40
[INFO] [stdout]   18: std::panicking::try
[INFO] [stdout]              at /rustc/6067b36314ab5eb2eb47cecc464545ba58e1ad24/library/std/src/panicking.rs:550:19
[INFO] [stdout]   19: std::panic::catch_unwind
[INFO] [stdout]              at /rustc/6067b36314ab5eb2eb47cecc464545ba58e1ad24/library/std/src/panic.rs:358:14
[INFO] [stdout]   20: std::rt::lang_start_internal::{{closure}}
[INFO] [stdout]              at /rustc/6067b36314ab5eb2eb47cecc464545ba58e1ad24/library/std/src/rt.rs:163:24
[INFO] [stdout]   21: std::panicking::try::do_call
[INFO] [stdout]              at /rustc/6067b36314ab5eb2eb47cecc464545ba58e1ad24/library/std/src/panicking.rs:587:40
[INFO] [stdout]   22: std::panicking::try
[INFO] [stdout]              at /rustc/6067b36314ab5eb2eb47cecc464545ba58e1ad24/library/std/src/panicking.rs:550:19
[INFO] [stdout]   23: std::panic::catch_unwind
[INFO] [stdout]              at /rustc/6067b36314ab5eb2eb47cecc464545ba58e1ad24/library/std/src/panic.rs:358:14
[INFO] [stdout]   24: std::rt::lang_start_internal
[INFO] [stdout]              at /rustc/6067b36314ab5eb2eb47cecc464545ba58e1ad24/library/std/src/rt.rs:159:5
[INFO] [stdout]   25: std::rt::lang_start
[INFO] [stdout]   26: main
[INFO] [stdout]   27: <unknown>
[INFO] [stdout]   28: __libc_start_main
[INFO] [stdout]   29: _start
[INFO] [stdout] 
[INFO] [stdout] 
[INFO] [stdout] ---- src/v5/oauth/refresh_token.rs - v5::oauth::refresh_token (line 9) stdout ----
[INFO] [stdout] error[E0308]: mismatched types
[INFO] [stdout]   --> src/v5/oauth/refresh_token.rs:37:87
[INFO] [stdout]    |
[INFO] [stdout] 31 | tokio::time::sleep(tokio::time::Duration::from_secs(<usize as TryInto<u64>>::try_into(login_res.expires_in)?)).await;
[INFO] [stdout]    |                                                     --------------------------------- ^^^^^^^^^^^^^^^^^^^^ expected `usize`, found `u32`
[INFO] [stdout]    |                                                     |
[INFO] [stdout]    |                                                     arguments to this function are incorrect
[INFO] [stdout]    |
[INFO] [stdout] help: the return type of this call is `u32` due to the type of the argument passed
[INFO] [stdout]   --> src/v5/oauth/refresh_token.rs:37:53
[INFO] [stdout]    |
[INFO] [stdout] 31 | tokio::time::sleep(tokio::time::Duration::from_secs(<usize as TryInto<u64>>::try_into(login_res.expires_in)?)).await;
[INFO] [stdout]    |                                                     ^^^^^^^^^^^^^^^^^^^^^^^^^^^^^^^^^^--------------------^
[INFO] [stdout]    |                                                                                       |
[INFO] [stdout]    |                                                                                       this argument influences the return type of `TryInto`
[INFO] [stdout] note: method defined here
[INFO] [stdout]   --> /rustc/6067b36314ab5eb2eb47cecc464545ba58e1ad24/library/core/src/convert/mod.rs:613:8
[INFO] [stdout] help: you can convert a `u32` to a `usize` and panic if the converted value doesn't fit
[INFO] [stdout]    |
[INFO] [stdout] 31 | tokio::time::sleep(tokio::time::Duration::from_secs(<usize as TryInto<u64>>::try_into(login_res.expires_in.try_into().unwrap())?)).await;
[INFO] [stdout]    |                                                                                                           ++++++++++++++++++++
[INFO] [stdout] 
[INFO] [stdout] error: aborting due to 1 previous error
[INFO] [stdout] 
[INFO] [stdout] For more information about this error, try `rustc --explain E0308`.
[INFO] [stdout] Couldn't compile the test.
[INFO] [stdout] ---- src/v5/upload/upload_session_id/post.rs - v5::upload::upload_session_id::post (line 7) stdout ----
[INFO] [stdout] error[E0277]: the trait bound `UploadImage: From<Vec<{integer}>>` is not satisfied
[INFO] [stdout]   --> src/v5/upload/upload_session_id/post.rs:37:27
[INFO] [stdout]    |
[INFO] [stdout] 33 |     .add_file(file1_bytes.into())
[INFO] [stdout]    |                           ^^^^ the trait `From<Vec<{integer}>>` is not implemented for `UploadImage`
[INFO] [stdout]    |
[INFO] [stdout]    = note: required for `Vec<{integer}>` to implement `Into<UploadImage>`
[INFO] [stdout] 
[INFO] [stdout] error[E0277]: the trait bound `UploadImage: From<Vec<{integer}>>` is not satisfied
[INFO] [stdout]   --> src/v5/upload/upload_session_id/post.rs:38:27
[INFO] [stdout]    |
[INFO] [stdout] 34 |     .add_file(file2_bytes.into())
[INFO] [stdout]    |                           ^^^^ the trait `From<Vec<{integer}>>` is not implemented for `UploadImage`
[INFO] [stdout]    |
[INFO] [stdout]    = note: required for `Vec<{integer}>` to implement `Into<UploadImage>`
[INFO] [stdout] 
[INFO] [stdout] error: aborting due to 2 previous errors
[INFO] [stdout] 
[INFO] [stdout] For more information about this error, try `rustc --explain E0277`.
[INFO] [stdout] Couldn't compile the test.
[INFO] [stdout] ---- src/v5/user/follows/user/id/get.rs - v5::user::follows::user::id::get (line 7) stdout ----
[INFO] [stdout] error[E0433]: failed to resolve: use of undeclared type `MangaDexClient`
[INFO] [stdout]   --> src/v5/user/follows/user/id/get.rs:15:14
[INFO] [stdout]    |
[INFO] [stdout] 11 | let client = MangaDexClient::default();
[INFO] [stdout]    |              ^^^^^^^^^^^^^^ use of undeclared type `MangaDexClient`
[INFO] [stdout]    |
[INFO] [stdout] help: consider importing this struct
[INFO] [stdout]    |
[INFO] [stdout] 2  + use mangadex_api::MangaDexClient;
[INFO] [stdout]    |
[INFO] [stdout] 
[INFO] [stdout] error: aborting due to 1 previous error
[INFO] [stdout] 
[INFO] [stdout] For more information about this error, try `rustc --explain E0433`.
[INFO] [stdout] Couldn't compile the test.
[INFO] [stdout] 
[INFO] [stdout] failures:
[INFO] [stdout]     src/lib.rs - (line 190)
[INFO] [stdout]     src/lib.rs - (line 212)
[INFO] [stdout]     src/lib.rs - (line 325)
[INFO] [stdout]     src/lib.rs - (line 358)
[INFO] [stdout]     src/lib.rs - (line 402)
[INFO] [stdout]     src/lib.rs - (line 465)
[INFO] [stdout]     src/lib.rs - (line 522)
[INFO] [stdout]     src/lib.rs - (line 584)
[INFO] [stdout]     src/lib.rs - (line 605)
[INFO] [stdout]     src/lib.rs - (line 700)
[INFO] [stdout]     src/lib.rs - (line 761)
[INFO] [stdout]     src/lib.rs - (line 781)
[INFO] [stdout]     src/lib.rs - (line 828)
[INFO] [stdout]     src/lib.rs - (line 861)
[INFO] [stdout]     src/lib.rs - (line 873)
[INFO] [stdout]     src/v5/auth/check/get.rs - v5::auth::check::get (line 7)
[INFO] [stdout]     src/v5/cover/cover_id/put.rs - v5::cover::cover_id::put (line 7)
[INFO] [stdout]     src/v5/oauth/refresh_token.rs - v5::oauth::refresh_token (line 9)
[INFO] [stdout]     src/v5/upload/upload_session_id/post.rs - v5::upload::upload_session_id::post (line 7)
[INFO] [stdout]     src/v5/user/follows/user/id/get.rs - v5::user::follows::user::id::get (line 7)
[INFO] [stdout] 
[INFO] [stdout] test result: FAILED. 122 passed; 20 failed; 3 ignored; 0 measured; 0 filtered out; finished in 41.03s
[INFO] [stdout] 
[INFO] [stderr] error: doctest failed, to rerun pass `--doc`
[INFO] running `Command { std: "docker" "inspect" "8c4e0755c5595b01aa8f779cfbcb4d2f2100107e4fa1a74a37fcfb544b6f4b77", kill_on_drop: false }`
[INFO] running `Command { std: "docker" "rm" "-f" "8c4e0755c5595b01aa8f779cfbcb4d2f2100107e4fa1a74a37fcfb544b6f4b77", kill_on_drop: false }`
[INFO] [stdout] 8c4e0755c5595b01aa8f779cfbcb4d2f2100107e4fa1a74a37fcfb544b6f4b77
