[INFO] fetching crate hcaptcha 3.0.5...
[INFO] testing hcaptcha-3.0.5 against nightly-2025-01-18+rustflags=-Zrandomize-layout for randomize-layout-2
[INFO] extracting crate hcaptcha 3.0.5 into /workspace/builds/worker-2-tc2/source
[INFO] validating manifest of crates.io crate hcaptcha 3.0.5 on toolchain nightly-2025-01-18
[INFO] running `Command { std: CARGO_HOME="/workspace/cargo-home" RUSTUP_HOME="/workspace/rustup-home" "/workspace/cargo-home/bin/cargo" "+nightly-2025-01-18" "metadata" "--manifest-path" "Cargo.toml" "--no-deps", kill_on_drop: false }`
[INFO] started tweaking crates.io crate hcaptcha 3.0.5
[INFO] removed 0 missing examples
[INFO] finished tweaking crates.io crate hcaptcha 3.0.5
[INFO] tweaked toml for crates.io crate hcaptcha 3.0.5 written to /workspace/builds/worker-2-tc2/source/Cargo.toml
[INFO] crate crates.io crate hcaptcha 3.0.5 already has a lockfile, it will not be regenerated
[INFO] running `Command { std: CARGO_HOME="/workspace/cargo-home" RUSTUP_HOME="/workspace/rustup-home" "/workspace/cargo-home/bin/cargo" "+nightly-2025-01-18" "fetch" "--manifest-path" "Cargo.toml", kill_on_drop: false }`
[INFO] [stderr]     Blocking waiting for file lock on package cache
[INFO] [stderr]     Blocking waiting for file lock on package cache
[INFO] running `Command { std: "docker" "create" "-v" "/var/lib/crater-agent-workspace/builds/worker-2-tc2/target:/opt/rustwide/target:rw,Z" "-v" "/var/lib/crater-agent-workspace/builds/worker-2-tc2/source:/opt/rustwide/workdir:ro,Z" "-v" "/var/lib/crater-agent-workspace/cargo-home:/opt/rustwide/cargo-home:ro,Z" "-v" "/var/lib/crater-agent-workspace/rustup-home:/opt/rustwide/rustup-home:ro,Z" "-e" "SOURCE_DIR=/opt/rustwide/workdir" "-e" "CARGO_TARGET_DIR=/opt/rustwide/target" "-e" "CARGO_HOME=/opt/rustwide/cargo-home" "-e" "RUSTUP_HOME=/opt/rustwide/rustup-home" "-w" "/opt/rustwide/workdir" "-m" "1610612736" "--user" "0:0" "--network" "none" "ghcr.io/rust-lang/crates-build-env/linux@sha256:819108c5571ea2e421544af4d832f968d213c87fbe3707a016657f43d2f853bc" "/opt/rustwide/cargo-home/bin/cargo" "+nightly-2025-01-18" "metadata" "--no-deps" "--format-version=1", kill_on_drop: false }`
[INFO] [stdout] 7fd85c55bd803be05bcbb0143dce4b63abf19c08b6b89e48c2029a1b00da3dd0
[INFO] running `Command { std: "docker" "start" "-a" "7fd85c55bd803be05bcbb0143dce4b63abf19c08b6b89e48c2029a1b00da3dd0", kill_on_drop: false }`
[INFO] running `Command { std: "docker" "inspect" "7fd85c55bd803be05bcbb0143dce4b63abf19c08b6b89e48c2029a1b00da3dd0", kill_on_drop: false }`
[INFO] running `Command { std: "docker" "rm" "-f" "7fd85c55bd803be05bcbb0143dce4b63abf19c08b6b89e48c2029a1b00da3dd0", kill_on_drop: false }`
[INFO] [stdout] 7fd85c55bd803be05bcbb0143dce4b63abf19c08b6b89e48c2029a1b00da3dd0
[INFO] running `Command { std: "docker" "create" "-v" "/var/lib/crater-agent-workspace/builds/worker-2-tc2/target:/opt/rustwide/target:rw,Z" "-v" "/var/lib/crater-agent-workspace/builds/worker-2-tc2/source:/opt/rustwide/workdir:ro,Z" "-v" "/var/lib/crater-agent-workspace/cargo-home:/opt/rustwide/cargo-home:ro,Z" "-v" "/var/lib/crater-agent-workspace/rustup-home:/opt/rustwide/rustup-home:ro,Z" "-e" "SOURCE_DIR=/opt/rustwide/workdir" "-e" "CARGO_TARGET_DIR=/opt/rustwide/target" "-e" "CARGO_INCREMENTAL=0" "-e" "RUST_BACKTRACE=full" "-e" "RUSTFLAGS=--cap-lints=forbid -Zrandomize-layout" "-e" "RUSTDOCFLAGS=--cap-lints=forbid" "-e" "CARGO_HOME=/opt/rustwide/cargo-home" "-e" "RUSTUP_HOME=/opt/rustwide/rustup-home" "-w" "/opt/rustwide/workdir" "-m" "1610612736" "--user" "0:0" "--network" "none" "ghcr.io/rust-lang/crates-build-env/linux@sha256:819108c5571ea2e421544af4d832f968d213c87fbe3707a016657f43d2f853bc" "/opt/rustwide/cargo-home/bin/cargo" "+nightly-2025-01-18" "build" "--frozen" "--message-format=json", kill_on_drop: false }`
[INFO] [stdout] 56cebc4dae4d8fbca841ab634a501c48b62bea12952905af04387a32d33684c2
[INFO] running `Command { std: "docker" "start" "-a" "56cebc4dae4d8fbca841ab634a501c48b62bea12952905af04387a32d33684c2", kill_on_drop: false }`
[INFO] [stderr]    Compiling proc-macro2 v1.0.93
[INFO] [stderr]    Compiling unicode-ident v1.0.14
[INFO] [stderr]    Compiling libc v0.2.167
[INFO] [stderr]    Compiling stable_deref_trait v1.2.0
[INFO] [stderr]    Compiling bytes v1.9.0
[INFO] [stderr]    Compiling pin-project-lite v0.2.15
[INFO] [stderr]    Compiling futures-core v0.3.31
[INFO] [stderr]    Compiling itoa v1.0.14
[INFO] [stderr]    Compiling shlex v1.3.0
[INFO] [stderr]    Compiling writeable v0.5.5
[INFO] [stderr]    Compiling litemap v0.7.4
[INFO] [stderr]    Compiling once_cell v1.20.2
[INFO] [stderr]    Compiling cfg-if v1.0.0
[INFO] [stderr]    Compiling autocfg v1.4.0
[INFO] [stderr]    Compiling smallvec v1.13.2
[INFO] [stderr]    Compiling fnv v1.0.7
[INFO] [stderr]    Compiling futures-task v0.3.31
[INFO] [stderr]    Compiling rustls-pki-types v1.10.0
[INFO] [stderr]    Compiling pin-utils v0.1.0
[INFO] [stderr]    Compiling icu_locid_transform_data v1.5.0
[INFO] [stderr]    Compiling cc v1.2.3
[INFO] [stderr]    Compiling spin v0.9.8
[INFO] [stderr]    Compiling hashbrown v0.15.2
[INFO] [stderr]    Compiling icu_properties_data v1.5.0
[INFO] [stderr]    Compiling equivalent v1.0.1
[INFO] [stderr]    Compiling futures-util v0.3.31
[INFO] [stderr]    Compiling httparse v1.9.5
[INFO] [stderr]    Compiling tracing-core v0.1.33
[INFO] [stderr]    Compiling untrusted v0.9.0
[INFO] [stderr]    Compiling futures-sink v0.3.31
[INFO] [stderr]    Compiling serde v1.0.216
[INFO] [stderr]    Compiling http v1.2.0
[INFO] [stderr]    Compiling rustls v0.23.19
[INFO] [stderr]    Compiling icu_normalizer_data v1.5.0
[INFO] [stderr]    Compiling atomic-waker v1.1.2
[INFO] [stderr]    Compiling utf8_iter v1.0.4
[INFO] [stderr]    Compiling try-lock v0.2.5
[INFO] [stderr]    Compiling write16 v1.0.0
[INFO] [stderr]    Compiling utf16_iter v1.0.5
[INFO] [stderr]    Compiling want v0.3.1
[INFO] [stderr]    Compiling futures-channel v0.3.31
[INFO] [stderr]    Compiling slab v0.4.9
[INFO] [stderr]    Compiling percent-encoding v2.3.1
[INFO] [stderr]    Compiling zeroize v1.8.1
[INFO] [stderr]    Compiling tower-service v0.3.3
[INFO] [stderr]    Compiling subtle v2.6.1
[INFO] [stderr]    Compiling form_urlencoded v1.2.1
[INFO] [stderr]    Compiling ryu v1.0.18
[INFO] [stderr]    Compiling serde_json v1.0.133
[INFO] [stderr]    Compiling indexmap v2.7.0
[INFO] [stderr]    Compiling quote v1.0.38
[INFO] [stderr]    Compiling webpki-roots v0.26.7
[INFO] [stderr]    Compiling sync_wrapper v1.0.2
[INFO] [stderr]    Compiling mio v1.0.3
[INFO] [stderr]    Compiling socket2 v0.5.8
[INFO] [stderr]    Compiling getrandom v0.2.15
[INFO] [stderr]    Compiling tracing v0.1.41
[INFO] [stderr]    Compiling memchr v2.7.4
[INFO] [stderr]    Compiling tower-layer v0.3.3
[INFO] [stderr]    Compiling thiserror v2.0.11
[INFO] [stderr]    Compiling syn v2.0.96
[INFO] [stderr]    Compiling rustls-pemfile v2.2.0
[INFO] [stderr]    Compiling ipnet v2.10.1
[INFO] [stderr]    Compiling log v0.4.25
[INFO] [stderr]    Compiling mime v0.3.17
[INFO] [stderr]    Compiling base64 v0.22.1
[INFO] [stderr]    Compiling uuid v1.12.0
[INFO] [stderr]    Compiling proc-macro-error-attr2 v2.0.0
[INFO] [stderr]    Compiling hex v0.4.3
[INFO] [stderr]    Compiling http-body v1.0.1
[INFO] [stderr]    Compiling tokio v1.42.0
[INFO] [stderr]    Compiling ring v0.17.8
[INFO] [stderr]    Compiling http-body-util v0.1.2
[INFO] [stderr]    Compiling synstructure v0.13.1
[INFO] [stderr]    Compiling proc-macro-error2 v2.0.1
[INFO] [stderr]    Compiling tokio-util v0.7.13
[INFO] [stderr]    Compiling tower v0.5.2
[INFO] [stderr]    Compiling rustls-webpki v0.102.8
[INFO] [stderr]    Compiling zerofrom-derive v0.1.5
[INFO] [stderr]    Compiling yoke-derive v0.7.5
[INFO] [stderr]    Compiling zerovec-derive v0.10.3
[INFO] [stderr]    Compiling displaydoc v0.2.5
[INFO] [stderr]    Compiling icu_provider_macros v1.5.0
[INFO] [stderr]    Compiling serde_derive v1.0.216
[INFO] [stderr]    Compiling thiserror-impl v2.0.11
[INFO] [stderr]    Compiling async-trait v0.1.85
[INFO] [stderr]    Compiling hcaptcha_derive v3.0.5
[INFO] [stderr]    Compiling h2 v0.4.7
[INFO] [stderr]    Compiling zerofrom v0.1.5
[INFO] [stderr]    Compiling yoke v0.7.5
[INFO] [stderr]    Compiling zerovec v0.10.4
[INFO] [stderr]    Compiling hyper v1.5.1
[INFO] [stderr]    Compiling tinystr v0.7.6
[INFO] [stderr]    Compiling icu_collections v1.5.0
[INFO] [stderr]    Compiling icu_locid v1.5.0
[INFO] [stderr]    Compiling icu_provider v1.5.0
[INFO] [stderr]    Compiling icu_locid_transform v1.5.0
[INFO] [stderr]    Compiling hyper-util v0.1.10
[INFO] [stderr]    Compiling tokio-rustls v0.26.1
[INFO] [stderr]    Compiling icu_properties v1.5.1
[INFO] [stderr]    Compiling hyper-rustls v0.27.3
[INFO] [stderr]    Compiling serde_urlencoded v0.7.1
[INFO] [stderr]    Compiling icu_normalizer v1.5.0
[INFO] [stderr]    Compiling idna_adapter v1.2.0
[INFO] [stderr]    Compiling idna v1.0.3
[INFO] [stderr]    Compiling url v2.5.4
[INFO] [stderr]    Compiling reqwest v0.12.12
[INFO] [stderr]    Compiling hcaptcha v3.0.5 (/opt/rustwide/workdir)
[INFO] [stderr]     Finished `dev` profile [unoptimized + debuginfo] target(s) in 33.89s
[INFO] running `Command { std: "docker" "inspect" "56cebc4dae4d8fbca841ab634a501c48b62bea12952905af04387a32d33684c2", kill_on_drop: false }`
[INFO] running `Command { std: "docker" "rm" "-f" "56cebc4dae4d8fbca841ab634a501c48b62bea12952905af04387a32d33684c2", kill_on_drop: false }`
[INFO] [stdout] 56cebc4dae4d8fbca841ab634a501c48b62bea12952905af04387a32d33684c2
[INFO] running `Command { std: "docker" "create" "-v" "/var/lib/crater-agent-workspace/builds/worker-2-tc2/target:/opt/rustwide/target:rw,Z" "-v" "/var/lib/crater-agent-workspace/builds/worker-2-tc2/source:/opt/rustwide/workdir:ro,Z" "-v" "/var/lib/crater-agent-workspace/cargo-home:/opt/rustwide/cargo-home:ro,Z" "-v" "/var/lib/crater-agent-workspace/rustup-home:/opt/rustwide/rustup-home:ro,Z" "-e" "SOURCE_DIR=/opt/rustwide/workdir" "-e" "CARGO_TARGET_DIR=/opt/rustwide/target" "-e" "CARGO_INCREMENTAL=0" "-e" "RUST_BACKTRACE=full" "-e" "RUSTFLAGS=--cap-lints=forbid -Zrandomize-layout" "-e" "RUSTDOCFLAGS=--cap-lints=forbid" "-e" "CARGO_HOME=/opt/rustwide/cargo-home" "-e" "RUSTUP_HOME=/opt/rustwide/rustup-home" "-w" "/opt/rustwide/workdir" "-m" "1610612736" "--user" "0:0" "--network" "none" "ghcr.io/rust-lang/crates-build-env/linux@sha256:819108c5571ea2e421544af4d832f968d213c87fbe3707a016657f43d2f853bc" "/opt/rustwide/cargo-home/bin/cargo" "+nightly-2025-01-18" "test" "--frozen" "--no-run" "--message-format=json", kill_on_drop: false }`
[INFO] [stdout] 6fd681eaaba2b2baefabddb200d1ca20a672ef0aae3ae747170155d0b6089ebf
[INFO] running `Command { std: "docker" "start" "-a" "6fd681eaaba2b2baefabddb200d1ca20a672ef0aae3ae747170155d0b6089ebf", kill_on_drop: false }`
[INFO] [stderr]    Compiling memchr v2.7.4
[INFO] [stderr]    Compiling log v0.4.25
[INFO] [stderr]    Compiling serde v1.0.216
[INFO] [stderr]    Compiling tracing-core v0.1.33
[INFO] [stderr]    Compiling futures-channel v0.3.31
[INFO] [stderr]    Compiling futures-io v0.3.31
[INFO] [stderr]    Compiling futures-task v0.3.31
[INFO] [stderr]    Compiling lazy_static v1.5.0
[INFO] [stderr]    Compiling getrandom v0.2.15
[INFO] [stderr]    Compiling tokio-macros v2.4.0
[INFO] [stderr]    Compiling tracing-attributes v0.1.28
[INFO] [stderr]    Compiling futures-macro v0.3.31
[INFO] [stderr]    Compiling regex-syntax v0.8.5
[INFO] [stderr]    Compiling regex-syntax v0.6.29
[INFO] [stderr]    Compiling httpdate v1.0.3
[INFO] [stderr]    Compiling overload v0.1.1
[INFO] [stderr]    Compiling nu-ansi-term v0.46.0
[INFO] [stderr]    Compiling sharded-slab v0.1.7
[INFO] [stderr]    Compiling zerocopy-derive v0.7.35
[INFO] [stderr]    Compiling thread_local v1.1.8
[INFO] [stderr]    Compiling byteorder v1.5.0
[INFO] [stderr]    Compiling num-conv v0.1.0
[INFO] [stderr]    Compiling ring v0.17.8
[INFO] [stderr]    Compiling powerfmt v0.2.0
[INFO] [stderr]    Compiling time-core v0.1.2
[INFO] [stderr]    Compiling pin-project-internal v1.1.7
[INFO] [stderr]    Compiling time-macros v0.2.19
[INFO] [stderr]    Compiling num-traits v0.2.19
[INFO] [stderr]    Compiling deranged v0.3.11
[INFO] [stderr]    Compiling tracing-log v0.2.0
[INFO] [stderr]    Compiling version_check v0.9.5
[INFO] [stderr]    Compiling tokio v1.42.0
[INFO] [stderr]    Compiling aho-corasick v1.1.3
[INFO] [stderr]    Compiling crossbeam-utils v0.8.20
[INFO] [stderr]    Compiling num_threads v0.1.7
[INFO] [stderr]    Compiling bytemuck v1.20.0
[INFO] [stderr]    Compiling futures-util v0.3.31
[INFO] [stderr]    Compiling ahash v0.8.11
[INFO] [stderr]    Compiling zerocopy v0.7.35
[INFO] [stderr]    Compiling thiserror v1.0.69
[INFO] [stderr]    Compiling rustls-webpki v0.102.8
[INFO] [stderr]    Compiling atomic v0.6.0
[INFO] [stderr]    Compiling uuid v1.12.0
[INFO] [stderr]    Compiling rand_core v0.6.4
[INFO] [stderr]    Compiling ppv-lite86 v0.2.20
[INFO] [stderr]    Compiling async-stream-impl v0.3.6
[INFO] [stderr]    Compiling tracing v0.1.41
[INFO] [stderr]    Compiling pin-project v1.1.7
[INFO] [stderr]    Compiling thiserror-impl v1.0.69
[INFO] [stderr]    Compiling num_cpus v1.16.0
[INFO] [stderr]    Compiling deadpool-runtime v0.1.4
[INFO] [stderr]    Compiling iana-time-zone v0.1.61
[INFO] [stderr]    Compiling regex-automata v0.1.10
[INFO] [stderr]    Compiling rustls v0.23.19
[INFO] [stderr]    Compiling async-stream v0.3.6
[INFO] [stderr]    Compiling rand_chacha v0.3.1
[INFO] [stderr]    Compiling regex-automata v0.4.9
[INFO] [stderr]    Compiling chrono v0.4.39
[INFO] [stderr]    Compiling crossbeam-channel v0.5.13
[INFO] [stderr]    Compiling tracing-log v0.1.4
[INFO] [stderr]    Compiling colored v2.1.0
[INFO] [stderr]    Compiling simplerand v1.5.1
[INFO] [stderr]    Compiling matchers v0.1.0
[INFO] [stderr]    Compiling time v0.3.37
[INFO] [stderr]    Compiling tracing-test-macro v0.2.5
[INFO] [stderr]    Compiling gethostname v0.2.3
[INFO] [stderr]    Compiling either v1.13.0
[INFO] [stderr]    Compiling mockd v0.4.35
[INFO] [stderr]    Compiling rand v0.8.5
[INFO] [stderr]    Compiling claims v0.8.0
[INFO] [stderr]    Compiling serde_json v1.0.133
[INFO] [stderr]    Compiling tracing-serde v0.2.0
[INFO] [stderr]    Compiling serde_urlencoded v0.7.1
[INFO] [stderr]    Compiling http-body-util v0.1.2
[INFO] [stderr]    Compiling futures-executor v0.3.31
[INFO] [stderr]    Compiling tower v0.4.13
[INFO] [stderr]    Compiling http-serde v2.1.1
[INFO] [stderr]    Compiling serde_path_to_error v0.1.16
[INFO] [stderr]    Compiling itertools v0.13.0
[INFO] [stderr]    Compiling regex v1.11.1
[INFO] [stderr]    Compiling serde_test v1.0.177
[INFO] [stderr]    Compiling futures v0.3.31
[INFO] [stderr]    Compiling assert-json-diff v2.0.2
[INFO] [stderr]    Compiling tracing-subscriber v0.3.19
[INFO] [stderr]    Compiling simple_logger v5.0.0
[INFO] [stderr]    Compiling tokio-util v0.7.13
[INFO] [stderr]    Compiling tower v0.5.2
[INFO] [stderr]    Compiling tokio-stream v0.1.17
[INFO] [stderr]    Compiling deadpool v0.10.0
[INFO] [stderr]    Compiling h2 v0.4.7
[INFO] [stderr]    Compiling tracing-bunyan-formatter v0.3.10
[INFO] [stderr]    Compiling tracing-test v0.2.5
[INFO] [stderr]    Compiling tracing-appender v0.2.3
[INFO] [stderr]    Compiling tokio-rustls v0.26.1
[INFO] [stderr]    Compiling hyper v1.5.1
[INFO] [stderr]    Compiling hyper-util v0.1.10
[INFO] [stderr]    Compiling hyper-rustls v0.27.3
[INFO] [stderr]    Compiling lambda_runtime_api_client v0.11.1
[INFO] [stderr]    Compiling wiremock v0.6.2
[INFO] [stderr]    Compiling reqwest v0.12.12
[INFO] [stderr]    Compiling lambda_runtime v0.13.0
[INFO] [stderr]    Compiling hcaptcha v3.0.5 (/opt/rustwide/workdir)
[INFO] [stderr]     Finished `test` profile [unoptimized + debuginfo] target(s) in 43.81s
[INFO] running `Command { std: "docker" "inspect" "6fd681eaaba2b2baefabddb200d1ca20a672ef0aae3ae747170155d0b6089ebf", kill_on_drop: false }`
[INFO] running `Command { std: "docker" "rm" "-f" "6fd681eaaba2b2baefabddb200d1ca20a672ef0aae3ae747170155d0b6089ebf", kill_on_drop: false }`
[INFO] [stdout] 6fd681eaaba2b2baefabddb200d1ca20a672ef0aae3ae747170155d0b6089ebf
[INFO] running `Command { std: "docker" "create" "-v" "/var/lib/crater-agent-workspace/builds/worker-2-tc2/target:/opt/rustwide/target:rw,Z" "-v" "/var/lib/crater-agent-workspace/builds/worker-2-tc2/source:/opt/rustwide/workdir:ro,Z" "-v" "/var/lib/crater-agent-workspace/cargo-home:/opt/rustwide/cargo-home:ro,Z" "-v" "/var/lib/crater-agent-workspace/rustup-home:/opt/rustwide/rustup-home:ro,Z" "-e" "SOURCE_DIR=/opt/rustwide/workdir" "-e" "CARGO_TARGET_DIR=/opt/rustwide/target" "-e" "CARGO_INCREMENTAL=0" "-e" "RUST_BACKTRACE=full" "-e" "RUSTFLAGS=--cap-lints=forbid -Zrandomize-layout" "-e" "RUSTDOCFLAGS=--cap-lints=forbid" "-e" "CARGO_HOME=/opt/rustwide/cargo-home" "-e" "RUSTUP_HOME=/opt/rustwide/rustup-home" "-w" "/opt/rustwide/workdir" "-m" "1610612736" "--user" "0:0" "--network" "none" "ghcr.io/rust-lang/crates-build-env/linux@sha256:819108c5571ea2e421544af4d832f968d213c87fbe3707a016657f43d2f853bc" "/opt/rustwide/cargo-home/bin/cargo" "+nightly-2025-01-18" "test" "--frozen", kill_on_drop: false }`
[INFO] [stdout] 5bf26c9eefbb987e1b7a3388beea60daa5ccb4f2f1ddb7a0deac595fe4bff917
[INFO] running `Command { std: "docker" "start" "-a" "5bf26c9eefbb987e1b7a3388beea60daa5ccb4f2f1ddb7a0deac595fe4bff917", kill_on_drop: false }`
[INFO] [stderr]     Finished `test` profile [unoptimized + debuginfo] target(s) in 0.41s
[INFO] [stderr]      Running unittests src/lib.rs (/opt/rustwide/target/debug/deps/hcaptcha-a31786f45493eeaa)
[INFO] [stdout] 
[INFO] [stdout] running 95 tests
[INFO] [stdout] test captcha::tests::fail_if_remoteip_not_valid_v4_or_v6_address ... ok
[INFO] [stdout] test captcha::tests::fail_if_sitekey_not_valid_uuid ... ok
[INFO] [stdout] test captcha::tests::response_cannot_be_empty_or_blank ... ok
[INFO] [stdout] test captcha::tests::test_hcaptcha_captcha_default_initialization ... ok
[INFO] [stdout] test captcha::tests::remoteip_is_optional ... ok
[INFO] [stdout] test captcha::tests::sitekey_is_optional ... ok
[INFO] [stdout] test captcha::tests::update_remoteip_with_empty_string_yields_none ... ok
[INFO] [stdout] test client::tests::test_hcaptcha_client_default_initialization ... ok
[INFO] [stdout] test client::tests::test_set_url_with_empty_string ... ok
[INFO] [stdout] test domain::client_response::tests::empty_string_is_rejected ... ok
[INFO] [stdout] test client::tests::test_set_url_with_invalid_url ... ok
[INFO] [stdout] test captcha::tests::update_sitekey_with_empty_string_yields_none ... ok
[INFO] [stdout] test captcha::tests::valid_sitekey_is_accepted ... ok
[INFO] [stdout] test captcha::tests::valid_user_id_is_accepted ... ok
[INFO] [stdout] test client::tests::test_set_url_with_valid_url ... ok
[INFO] [stdout] test client::tests::test_success_response ... ok
[INFO] [stdout] test client::tests::test_error_response ... ok
[INFO] [stdout] test client::tests::test_hcaptcha_client_default_calls_new ... ok
[INFO] [stdout] test domain::client_response::tests::error_set_contains_missing_response_error ... ok
[INFO] [stdout] test domain::client_response::tests::test_as_str ... ok
[INFO] [stdout] test domain::client_response::tests::whitespace_only_names_are_rejected ... ok
[INFO] [stdout] test domain::remoteip::tests::error_set_contains_invalid_ip_string_error ... ok
[INFO] [stdout] test domain::remoteip::tests::error_set_contains_missing_ip_string_error ... ok
[INFO] [stdout] test domain::remoteip::tests::test_ip_string_key_is_valid_ip4 ... ok
[INFO] [stdout] test domain::secret_ext::tests::error_set_contains_missing_secret_error ... ok
[INFO] [stdout] test domain::secret_ext::tests::empty_string_is_rejected ... ok
[INFO] [stdout] test domain::secret_ext::tests::test_v1_secret_key_is_valid ... ok
[INFO] [stdout] test domain::secret_ext::tests::test_v2_secret_key_is_valid ... ok
[INFO] [stdout] test domain::secret_ext::tests::whitespace_only_secrets_are_rejected ... ok
[INFO] [stdout] test domain::sitekey::tests::empty_string_is_rejected ... ok
[INFO] [stdout] test client::tests::hcaptcha_mock_with_sitekey ... ok
[INFO] [stdout] test domain::remoteip::tests::whitespace_only_ip_strings_are_rejected ... ok
[INFO] [stdout] test domain::sitekey::tests::error_set_contains_invalid_sitekey_error ... ok
[INFO] [stdout] test domain::sitekey::tests::valid_sitekey_key_is_valid ... ok
[INFO] [stdout] test domain::sitekey::tests::whitespace_only_sitekeys_are_rejected ... ok
[INFO] [stdout] test client::tests::hcaptcha_mock_verify_not_found ... ok
[INFO] [stdout] test error::tests::test_fmt_bad_request ... ok
[INFO] [stdout] test error::tests::test_fmt_invalid_already_seen ... ok
[INFO] [stdout] test client::tests::hcaptcha_mock_verify_client_response ... ok
[INFO] [stdout] test client::tests::hcaptcha_mock_verify ... ok
[INFO] [stdout] test domain::sitekey::tests::error_set_contains_missing_sitekey_error ... ok
[INFO] [stdout] test error::tests::test_fmt_invalid_secret ... ok
[INFO] [stdout] test domain::secret_ext::tests::test_parse_v2_wrong_length ... ok
[INFO] [stdout] test error::tests::test_fmt_invalid_secret_ext_no_hex ... ok
[INFO] [stdout] test error::tests::test_fmt_invalid_secret_ext_not_hex ... ok
[INFO] [stdout] test domain::secret_ext::tests::secret_longer_than_secret_len_is_rejected ... ok
[INFO] [stdout] test error::tests::test_fmt_invalid_site_key ... ok
[INFO] [stdout] test domain::secret_ext::tests::secret_that_is_not_a_valid_hex_string_is_rejected ... ok
[INFO] [stdout] test error::tests::test_fmt_invlid_secret_ext_wrong_len ... ok
[INFO] [stdout] test error::tests::test_fmt_missing_response ... ok
[INFO] [stdout] test error::tests::test_fmt_missing_secret ... ok
[INFO] [stdout] test error::tests::test_fmt_missing_site_key ... ok
[INFO] [stdout] test error::tests::test_fmt_invalid_response ... ok
[INFO] [stdout] test domain::secret_ext::tests::secret_shorter_than_secret_len_is_rejected ... ok
[INFO] [stdout] test error::tests::test_fmt_invalid_user_ip ... ok
[INFO] [stdout] test error::tests::test_fmt_missing_user_ip ... ok
[INFO] [stdout] test error::tests::test_fmt_secret_version_unknown ... ok
[INFO] [stdout] test error::tests::test_fmt_site_secret_mismatch ... ok
[INFO] [stdout] test error::tests::test_fmt_unknown_error ... ok
[INFO] [stdout] test error::tests::test_serialize_bad_request ... ok
[INFO] [stdout] test error::tests::test_serialize_invalid_already_seen ... ok
[INFO] [stdout] test error::tests::test_serialize_invalid_response ... ok
[INFO] [stdout] test error::tests::test_serialize_invalid_secret_ext_wrong_len ... ok
[INFO] [stdout] test error::tests::test_serialize_missing_secret ... ok
[INFO] [stdout] test error::tests::test_serialize_invalid_secret ... ok
[INFO] [stdout] test error::tests::test_serialize_missing_site_key ... ok
[INFO] [stdout] test error::tests::test_serialize_invalid_site_key ... ok
[INFO] [stdout] test error::tests::test_serialize_missing_response ... ok
[INFO] [stdout] test error::tests::test_serialize_site_secret_mismatch ... ok
[INFO] [stdout] test error::tests::test_serialize_secret_ext_not_hex ... ok
[INFO] [stdout] test error::tests::test_serialize_unknown_variant ... ok
[INFO] [stdout] test error::tests::test_serialize_secret_version_unknown ... ok
[INFO] [stdout] test request::tests::valid_new_from_captcha_struct ... ok
[INFO] [stdout] test error::tests::test_serialize_missing_user_ip ... ok
[INFO] [stdout] test domain::remoteip::tests::test_ip_string_key_is_valid_ip6 ... ok
[INFO] [stdout] test domain::remoteip::tests::empty_string_is_rejected ... ok
[INFO] [stdout] test domain::secret_ext::tests::error_set_contains_invalid_secret_error ... ok
[INFO] [stdout] test client::tests::hcaptcha_mock_with_remoteip ... ok
[INFO] [stdout] test error::tests::test_serialize_invalid_user_ip ... ok
[INFO] [stdout] test response::tests::credit_test ... ok
[INFO] [stdout] test response::tests::decoding_test ... ok
[INFO] [stdout] test request::tests::valid_new_from_response ... ok
[INFO] [stdout] test response::tests::hostname_test ... ok
[INFO] [stdout] test response::tests::error_codes_test ... ok
[INFO] [stdout] test response::tests::success_test ... ok
[INFO] [stdout] test response::tests::test_check_error_with_codes ... ok
[INFO] [stdout] test response::tests::test_check_error_without_codes ... ok
[INFO] [stdout] test response::tests::test_display_format_empty_fields ... ok
[INFO] [stdout] test response::tests::test_display_format_non_enterprise ... ok
[INFO] [stdout] test response::tests::test_error_codes_handling ... ok
[INFO] [stdout] test response::tests::test_successful_decoding_with_error_codes ... ok
[INFO] [stdout] test response::tests::test_success_field_decoding ... ok
[INFO] [stdout] test response::tests::timestamp_test ... ok
[INFO] [stdout] test response::tests::test_check_error_success ... ok
[INFO] [stdout] test client::tests::hcaptcha_mock_verify_client_response_not_found ... ok
[INFO] [stdout] 
[INFO] [stdout] test result: ok. 95 passed; 0 failed; 0 ignored; 0 measured; 0 filtered out; finished in 0.04s
[INFO] [stdout] 
[INFO] [stderr]    Doc-tests hcaptcha
[INFO] [stdout] 
[INFO] [stdout] running 27 tests
[INFO] [stdout] test src/captcha.rs - captcha::Captcha::remoteip (line 319) - compile ... ok
[INFO] [stdout] test src/client.rs - client::Client::set_url (line 142) - compile ... ok
[INFO] [stdout] test src/captcha.rs - captcha::Captcha::response (line 264) - compile ... ok
[INFO] [stdout] test src/client.rs - client (line 19) - compile ... ok
[INFO] [stdout] test src/captcha.rs - captcha::Captcha::sitekey (line 377) - compile ... ok
[INFO] [stdout] test src/captcha.rs - captcha::Captcha::new (line 55) - compile ... ok
[INFO] [stdout] test src/captcha.rs - captcha (line 6) - compile ... ok
[INFO] [stdout] test src/captcha.rs - captcha::Captcha::set_remoteip (line 119) - compile ... ok
[INFO] [stdout] test src/captcha.rs - captcha::Captcha::set_sitekey (line 194) - compile ... ok
[INFO] [stdout] test src/client.rs - client::Client::verify_client_response (line 176) - compile ... ok
[INFO] [stdout] test src/client.rs - client::Client::verify (line 275) - compile ... ok
[INFO] [stdout] test src/request.rs - request::Request::new (line 84) - compile ... ok
[INFO] [stdout] test src/response.rs - response (line 5) - compile ... ok
[INFO] [stdout] test src/lib.rs - (line 24) - compile ... FAILED
[INFO] [stdout] test src/response.rs - response::Response::credit (line 327) - compile ... ok
[INFO] [stdout] test src/response.rs - response::Response::hostname (line 239) - compile ... ok
[INFO] [stdout] test src/response.rs - response::Response::timestamp (line 283) - compile ... ok
[INFO] [stdout] test src/request.rs - request::Request::new_from_response (line 154) - compile ... ok
[INFO] [stdout] test src/response.rs - response::Response::error_codes (line 372) - compile ... ok
[INFO] [stdout] test src/request.rs - request::Request::set_remoteip (line 203) - compile ... ok
[INFO] [stdout] test src/response.rs - response::Response::success (line 198) - compile ... ok
[INFO] [stdout] test src/lib.rs - (line 72) - compile ... ok
[INFO] [stdout] test src/client.rs - client (line 13) ... ok
[INFO] [stdout] test src/client.rs - client::Client::new_with (line 121) ... ok
[INFO] [stdout] test src/client.rs - client::Client::new (line 98) ... ok
[INFO] [stdout] test src/request.rs - request (line 5) ... ok
[INFO] [stdout] test src/request.rs - request::Request::set_sitekey (line 264) ... ok
[INFO] [stdout] 
[INFO] [stdout] failures:
[INFO] [stdout] 
[INFO] [stdout] ---- src/lib.rs - (line 24) stdout ----
[INFO] [stdout] warning: use of deprecated method `hcaptcha::Client::verify_client_response`: please use `verify` instead
[INFO] [stdout]   --> src/lib.rs:42:27
[INFO] [stdout]    |
[INFO] [stdout] 20 |     let response = client.verify_client_response(request).await?;
[INFO] [stdout]    |                           ^^^^^^^^^^^^^^^^^^^^^^
[INFO] [stdout]    |
[INFO] [stdout]    = note: `#[warn(deprecated)]` on by default
[INFO] [stdout] 
[INFO] [stdout] error[E0599]: no method named `score` found for struct `Response` in the current scope
[INFO] [stdout]   --> src/lib.rs:44:33
[INFO] [stdout]    |
[INFO] [stdout] 22 |     let score = match &response.score() {
[INFO] [stdout]    |                                 ^^^^^ private field, not a method
[INFO] [stdout] 
[INFO] [stdout] error[E0599]: no method named `score_reason` found for struct `Response` in the current scope
[INFO] [stdout]   --> src/lib.rs:48:41
[INFO] [stdout]    |
[INFO] [stdout] 26 |     let score_reasons = match &response.score_reason() {
[INFO] [stdout]    |                                         ^^^^^^^^^^^^ private field, not a method
[INFO] [stdout] 
[INFO] [stdout] error: aborting due to 2 previous errors; 1 warning emitted
[INFO] [stdout] 
[INFO] [stdout] For more information about this error, try `rustc --explain E0599`.
[INFO] [stdout] Couldn't compile the test.
[INFO] [stdout] 
[INFO] [stdout] failures:
[INFO] [stdout]     src/lib.rs - (line 24)
[INFO] [stdout] 
[INFO] [stdout] test result: FAILED. 26 passed; 1 failed; 0 ignored; 0 measured; 0 filtered out; finished in 2.42s
[INFO] [stdout] 
[INFO] [stderr] error: doctest failed, to rerun pass `--doc`
[INFO] running `Command { std: "docker" "inspect" "5bf26c9eefbb987e1b7a3388beea60daa5ccb4f2f1ddb7a0deac595fe4bff917", kill_on_drop: false }`
[INFO] running `Command { std: "docker" "rm" "-f" "5bf26c9eefbb987e1b7a3388beea60daa5ccb4f2f1ddb7a0deac595fe4bff917", kill_on_drop: false }`
[INFO] [stdout] 5bf26c9eefbb987e1b7a3388beea60daa5ccb4f2f1ddb7a0deac595fe4bff917
