[INFO] cloning repository https://github.com/xslingcn/reg_helper
[INFO] running `Command { std: "git" "-c" "credential.helper=" "-c" "credential.helper=/workspace/cargo-home/bin/git-credential-null" "clone" "--bare" "https://github.com/xslingcn/reg_helper" "/workspace/cache/git-repos/https%3A%2F%2Fgithub.com%2Fxslingcn%2Freg_helper", kill_on_drop: false }`
[INFO] [stderr] Cloning into bare repository '/workspace/cache/git-repos/https%3A%2F%2Fgithub.com%2Fxslingcn%2Freg_helper'...
[INFO] running `Command { std: "git" "rev-parse" "HEAD", kill_on_drop: false }`
[INFO] [stdout] 71e04b1d713661d11c09d0125510b99995edb059
[INFO] testing xslingcn/reg_helper against nightly-2025-01-18 for randomize-layout-2
[INFO] running `Command { std: "git" "clone" "/workspace/cache/git-repos/https%3A%2F%2Fgithub.com%2Fxslingcn%2Freg_helper" "/workspace/builds/worker-1-tc1/source", kill_on_drop: false }`
[INFO] [stderr] Cloning into '/workspace/builds/worker-1-tc1/source'...
[INFO] [stderr] done.
[INFO] validating manifest of git repo https://github.com/xslingcn/reg_helper on toolchain nightly-2025-01-18
[INFO] running `Command { std: CARGO_HOME="/workspace/cargo-home" RUSTUP_HOME="/workspace/rustup-home" "/workspace/cargo-home/bin/cargo" "+nightly-2025-01-18" "metadata" "--manifest-path" "Cargo.toml" "--no-deps", kill_on_drop: false }`
[INFO] started tweaking git repo https://github.com/xslingcn/reg_helper
[INFO] finished tweaking git repo https://github.com/xslingcn/reg_helper
[INFO] tweaked toml for git repo https://github.com/xslingcn/reg_helper written to /workspace/builds/worker-1-tc1/source/Cargo.toml
[INFO] crate git repo https://github.com/xslingcn/reg_helper already has a lockfile, it will not be regenerated
[INFO] running `Command { std: CARGO_HOME="/workspace/cargo-home" RUSTUP_HOME="/workspace/rustup-home" "/workspace/cargo-home/bin/cargo" "+nightly-2025-01-18" "fetch" "--manifest-path" "Cargo.toml", kill_on_drop: false }`
[INFO] [stderr]     Updating crates.io index
[INFO] [stderr]     Updating git repository `https://github.com/SeleniumHQ/selenium`
[INFO] [stderr]     Blocking waiting for file lock on package cache
[INFO] [stderr]  Downloading crates ...
[INFO] [stderr]   Downloaded nt-time v0.8.1
[INFO] [stderr]   Downloaded infer v0.8.1
[INFO] [stderr]   Downloaded lzma-rust v0.1.7
[INFO] [stderr]   Downloaded filetime_creation v0.2.0
[INFO] [stderr]   Downloaded thirtyfour-macros v0.1.3
[INFO] [stderr]   Downloaded cryptographic-message-syntax v0.27.0
[INFO] [stderr]   Downloaded scroll_derive v0.12.0
[INFO] [stderr]   Downloaded apple-flat-package v0.20.0
[INFO] [stderr]   Downloaded x509-certificate v0.24.0
[INFO] [stderr]   Downloaded apple-xar v0.20.0
[INFO] [stderr]   Downloaded is_executable v1.0.4
[INFO] [stderr]   Downloaded simple-file-manifest v0.11.0
[INFO] [stderr]   Downloaded debpkg v0.6.0
[INFO] [stderr]   Downloaded scroll v0.12.0
[INFO] [stderr]   Downloaded cpio-archive v0.10.0
[INFO] [stderr]   Downloaded sevenz-rust v0.6.1
[INFO] [stderr]   Downloaded mail-parser v0.9.4
[INFO] [stderr]   Downloaded thirtyfour v0.34.0
[INFO] running `Command { std: "docker" "create" "-v" "/var/lib/crater-agent-workspace/builds/worker-1-tc1/target:/opt/rustwide/target:rw,Z" "-v" "/var/lib/crater-agent-workspace/builds/worker-1-tc1/source:/opt/rustwide/workdir:ro,Z" "-v" "/var/lib/crater-agent-workspace/cargo-home:/opt/rustwide/cargo-home:ro,Z" "-v" "/var/lib/crater-agent-workspace/rustup-home:/opt/rustwide/rustup-home:ro,Z" "-e" "SOURCE_DIR=/opt/rustwide/workdir" "-e" "CARGO_TARGET_DIR=/opt/rustwide/target" "-e" "CARGO_HOME=/opt/rustwide/cargo-home" "-e" "RUSTUP_HOME=/opt/rustwide/rustup-home" "-w" "/opt/rustwide/workdir" "-m" "1610612736" "--user" "0:0" "--network" "none" "ghcr.io/rust-lang/crates-build-env/linux@sha256:819108c5571ea2e421544af4d832f968d213c87fbe3707a016657f43d2f853bc" "/opt/rustwide/cargo-home/bin/cargo" "+nightly-2025-01-18" "metadata" "--no-deps" "--format-version=1", kill_on_drop: false }`
[INFO] [stdout] ad3a8221d3ece9f41a151a54e9136f804d93e79d4623cc24c12eebe1f90efc1a
[INFO] running `Command { std: "docker" "start" "-a" "ad3a8221d3ece9f41a151a54e9136f804d93e79d4623cc24c12eebe1f90efc1a", kill_on_drop: false }`
[INFO] running `Command { std: "docker" "inspect" "ad3a8221d3ece9f41a151a54e9136f804d93e79d4623cc24c12eebe1f90efc1a", kill_on_drop: false }`
[INFO] running `Command { std: "docker" "rm" "-f" "ad3a8221d3ece9f41a151a54e9136f804d93e79d4623cc24c12eebe1f90efc1a", kill_on_drop: false }`
[INFO] [stdout] ad3a8221d3ece9f41a151a54e9136f804d93e79d4623cc24c12eebe1f90efc1a
[INFO] running `Command { std: "docker" "create" "-v" "/var/lib/crater-agent-workspace/builds/worker-1-tc1/target:/opt/rustwide/target:rw,Z" "-v" "/var/lib/crater-agent-workspace/builds/worker-1-tc1/source:/opt/rustwide/workdir:ro,Z" "-v" "/var/lib/crater-agent-workspace/cargo-home:/opt/rustwide/cargo-home:ro,Z" "-v" "/var/lib/crater-agent-workspace/rustup-home:/opt/rustwide/rustup-home:ro,Z" "-e" "SOURCE_DIR=/opt/rustwide/workdir" "-e" "CARGO_TARGET_DIR=/opt/rustwide/target" "-e" "CARGO_INCREMENTAL=0" "-e" "RUST_BACKTRACE=full" "-e" "RUSTFLAGS=--cap-lints=forbid" "-e" "RUSTDOCFLAGS=--cap-lints=forbid" "-e" "CARGO_HOME=/opt/rustwide/cargo-home" "-e" "RUSTUP_HOME=/opt/rustwide/rustup-home" "-w" "/opt/rustwide/workdir" "-m" "1610612736" "--user" "0:0" "--network" "none" "ghcr.io/rust-lang/crates-build-env/linux@sha256:819108c5571ea2e421544af4d832f968d213c87fbe3707a016657f43d2f853bc" "/opt/rustwide/cargo-home/bin/cargo" "+nightly-2025-01-18" "build" "--frozen" "--message-format=json", kill_on_drop: false }`
[INFO] [stdout] 7e49faf31fc03a4dd465b77653b664cfa2a523e6bc7ce73f9085d20d7d2f3435
[INFO] running `Command { std: "docker" "start" "-a" "7e49faf31fc03a4dd465b77653b664cfa2a523e6bc7ce73f9085d20d7d2f3435", kill_on_drop: false }`
[INFO] [stderr]    Compiling proc-macro2 v1.0.92
[INFO] [stderr]    Compiling unicode-ident v1.0.14
[INFO] [stderr]    Compiling libc v0.2.169
[INFO] [stderr]    Compiling cfg-if v1.0.0
[INFO] [stderr]    Compiling shlex v1.3.0
[INFO] [stderr]    Compiling autocfg v1.4.0
[INFO] [stderr]    Compiling pkg-config v0.3.31
[INFO] [stderr]    Compiling log v0.4.22
[INFO] [stderr]    Compiling once_cell v1.20.2
[INFO] [stderr]    Compiling memchr v2.7.4
[INFO] [stderr]    Compiling smallvec v1.13.2
[INFO] [stderr]    Compiling pin-project-lite v0.2.16
[INFO] [stderr]    Compiling bytes v1.9.0
[INFO] [stderr]    Compiling parking_lot_core v0.9.10
[INFO] [stderr]    Compiling scopeguard v1.2.0
[INFO] [stderr]    Compiling itoa v1.0.14
[INFO] [stderr]    Compiling futures-core v0.3.31
[INFO] [stderr]    Compiling version_check v0.9.5
[INFO] [stderr]    Compiling lock_api v0.4.12
[INFO] [stderr]    Compiling serde v1.0.217
[INFO] [stderr]    Compiling vcpkg v0.2.15
[INFO] [stderr]    Compiling futures-sink v0.3.31
[INFO] [stderr]    Compiling quote v1.0.38
[INFO] [stderr]    Compiling fnv v1.0.7
[INFO] [stderr]    Compiling slab v0.4.9
[INFO] [stderr]    Compiling tracing-core v0.1.33
[INFO] [stderr]    Compiling stable_deref_trait v1.2.0
[INFO] [stderr]    Compiling bitflags v2.6.0
[INFO] [stderr]    Compiling syn v2.0.95
[INFO] [stderr]    Compiling futures-channel v0.3.31
[INFO] [stderr]    Compiling siphasher v0.3.11
[INFO] [stderr]    Compiling byteorder v1.5.0
[INFO] [stderr]    Compiling jobserver v0.1.32
[INFO] [stderr]    Compiling getrandom v0.2.15
[INFO] [stderr]    Compiling cc v1.2.7
[INFO] [stderr]    Compiling rand_core v0.6.4
[INFO] [stderr]    Compiling socket2 v0.5.8
[INFO] [stderr]    Compiling mio v1.0.3
[INFO] [stderr]    Compiling parking_lot v0.12.3
[INFO] [stderr]    Compiling signal-hook-registry v1.4.2
[INFO] [stderr]    Compiling pin-utils v0.1.0
[INFO] [stderr]    Compiling hashbrown v0.15.2
[INFO] [stderr]    Compiling futures-task v0.3.31
[INFO] [stderr]    Compiling futures-io v0.3.31
[INFO] [stderr]    Compiling equivalent v1.0.1
[INFO] [stderr]    Compiling litemap v0.7.4
[INFO] [stderr]    Compiling writeable v0.5.5
[INFO] [stderr]    Compiling typenum v1.17.0
[INFO] [stderr]    Compiling generic-array v0.14.7
[INFO] [stderr]    Compiling httparse v1.9.5
[INFO] [stderr]    Compiling phf_shared v0.11.2
[INFO] [stderr]    Compiling http v1.2.0
[INFO] [stderr]    Compiling ryu v1.0.18
[INFO] [stderr]    Compiling icu_locid_transform_data v1.5.0
[INFO] [stderr]    Compiling spin v0.9.8
[INFO] [stderr]    Compiling indexmap v2.7.0
[INFO] [stderr]    Compiling rustls-pki-types v1.10.1
[INFO] [stderr]    Compiling untrusted v0.9.0
[INFO] [stderr]    Compiling icu_properties_data v1.5.0
[INFO] [stderr]    Compiling percent-encoding v2.3.1
[INFO] [stderr]    Compiling openssl v0.10.68
[INFO] [stderr]    Compiling openssl-sys v0.9.104
[INFO] [stderr]    Compiling ring v0.17.8
[INFO] [stderr]    Compiling zstd-sys v2.0.13+zstd.1.5.6
[INFO] [stderr]    Compiling foreign-types-shared v0.1.1
[INFO] [stderr]    Compiling foreign-types v0.3.2
[INFO] [stderr]    Compiling atomic-waker v1.1.2
[INFO] [stderr]    Compiling http-body v1.0.1
[INFO] [stderr]    Compiling utf16_iter v1.0.5
[INFO] [stderr]    Compiling native-tls v0.2.12
[INFO] [stderr]    Compiling write16 v1.0.0
[INFO] [stderr]    Compiling icu_normalizer_data v1.5.0
[INFO] [stderr]    Compiling utf8_iter v1.0.4
[INFO] [stderr]    Compiling try-lock v0.2.5
[INFO] [stderr]    Compiling want v0.3.1
[INFO] [stderr]    Compiling libz-sys v1.1.20
[INFO] [stderr]    Compiling aho-corasick v1.1.3
[INFO] [stderr]    Compiling num-traits v0.2.19
[INFO] [stderr]    Compiling base64 v0.22.1
[INFO] [stderr]    Compiling rustls v0.23.20
[INFO] [stderr]    Compiling tower-service v0.3.3
[INFO] [stderr]    Compiling regex-syntax v0.8.5
[INFO] [stderr]    Compiling crypto-common v0.1.6
[INFO] [stderr]    Compiling block-buffer v0.10.4
[INFO] [stderr]    Compiling openssl-probe v0.1.5
[INFO] [stderr]    Compiling thiserror v1.0.69
[INFO] [stderr]    Compiling digest v0.10.7
[INFO] [stderr]    Compiling form_urlencoded v1.2.1
[INFO] [stderr]    Compiling encoding_rs v0.8.35
[INFO] [stderr]    Compiling adler2 v2.0.0
[INFO] [stderr]    Compiling subtle v2.6.1
[INFO] [stderr]    Compiling serde_json v1.0.134
[INFO] [stderr]    Compiling miniz_oxide v0.8.2
[INFO] [stderr]    Compiling bzip2-sys v0.1.11+1.0.8
[INFO] [stderr]    Compiling synstructure v0.13.1
[INFO] [stderr]    Compiling regex-automata v0.4.9
[INFO] [stderr]    Compiling phf_shared v0.10.0
[INFO] [stderr]    Compiling crc32fast v1.4.2
[INFO] [stderr]    Compiling mime v0.3.17
[INFO] [stderr]    Compiling iana-time-zone v0.1.61
[INFO] [stderr]    Compiling rustix v0.38.42
[INFO] [stderr]    Compiling cpufeatures v0.2.16
[INFO] [stderr]    Compiling flate2 v1.0.35
[INFO] [stderr]    Compiling lzma-sys v0.1.20
[INFO] [stderr]    Compiling webpki-roots v0.26.7
[INFO] [stderr]    Compiling sync_wrapper v1.0.2
[INFO] [stderr]    Compiling const-oid v0.9.6
[INFO] [stderr]    Compiling tower-layer v0.3.3
[INFO] [stderr]    Compiling linux-raw-sys v0.4.14
[INFO] [stderr]    Compiling powerfmt v0.2.0
[INFO] [stderr]    Compiling new_debug_unreachable v1.0.6
[INFO] [stderr]    Compiling rustls-webpki v0.102.8
[INFO] [stderr]    Compiling num-conv v0.1.0
[INFO] [stderr]    Compiling paste v1.0.15
[INFO] [stderr]    Compiling time-core v0.1.2
[INFO] [stderr]    Compiling zerocopy-derive v0.7.35
[INFO] [stderr]    Compiling serde_derive v1.0.217
[INFO] [stderr]    Compiling tokio-macros v2.4.0
[INFO] [stderr]    Compiling tracing-attributes v0.1.28
[INFO] [stderr]    Compiling zerofrom-derive v0.1.5
[INFO] [stderr]    Compiling tokio v1.42.0
[INFO] [stderr]    Compiling yoke-derive v0.7.5
[INFO] [stderr]    Compiling futures-macro v0.3.31
[INFO] [stderr]    Compiling tracing v0.1.41
[INFO] [stderr]    Compiling zerocopy v0.7.35
[INFO] [stderr]    Compiling futures-util v0.3.31
[INFO] [stderr]    Compiling zerovec-derive v0.10.3
[INFO] [stderr]    Compiling zerofrom v0.1.5
[INFO] [stderr]    Compiling yoke v0.7.5
[INFO] [stderr]    Compiling displaydoc v0.2.5
[INFO] [stderr]    Compiling ppv-lite86 v0.2.20
[INFO] [stderr]    Compiling rand_chacha v0.3.1
[INFO] [stderr]    Compiling icu_provider_macros v1.5.0
[INFO] [stderr]    Compiling zerovec v0.10.4
[INFO] [stderr]    Compiling rand v0.8.5
[INFO] [stderr]    Compiling zeroize_derive v1.4.2
[INFO] [stderr]    Compiling openssl-macros v0.1.1
[INFO] [stderr]    Compiling tinystr v0.7.6
[INFO] [stderr]    Compiling phf_generator v0.11.2
[INFO] [stderr]    Compiling icu_collections v1.5.0
[INFO] [stderr]    Compiling icu_locid v1.5.0
[INFO] [stderr]    Compiling zeroize v1.8.1
[INFO] [stderr]    Compiling thiserror-impl v1.0.69
[INFO] [stderr]    Compiling icu_provider v1.5.0
[INFO] [stderr] rustc-LLVM ERROR: IO failure on output stream: No space left on device
[INFO] [stdout] error: failed to write to `/opt/rustwide/target/debug/deps/rmeta2nPNIY/lib.rmeta`: No space left on device (os error 28)
[INFO] [stdout] 
[INFO] [stdout] 
[INFO] [stderr] error: could not compile `tokio` (lib)
[INFO] [stderr] 
[INFO] [stderr] Caused by:
[INFO] [stderr]   No space left on device (os error 28)
[INFO] [stderr] 
[INFO] [stderr] Caused by:
[INFO] [stderr]   failed to parse process output: `/opt/rustwide/rustup-home/toolchains/nightly-2025-01-18-x86_64-unknown-linux-gnu/bin/rustc --crate-name tokio --edition=2021 /opt/rustwide/cargo-home/registry/src/index.crates.io-1949cf8c6b5b557f/tokio-1.42.0/src/lib.rs --error-format=json --json=diagnostic-rendered-ansi,artifacts,future-incompat --crate-type lib --emit=dep-info,metadata,link -C embed-bitcode=no -C debuginfo=2 --cfg 'feature="bytes"' --cfg 'feature="default"' --cfg 'feature="io-util"' --cfg 'feature="libc"' --cfg 'feature="macros"' --cfg 'feature="mio"' --cfg 'feature="net"' --cfg 'feature="parking_lot"' --cfg 'feature="rt"' --cfg 'feature="rt-multi-thread"' --cfg 'feature="signal"' --cfg 'feature="signal-hook-registry"' --cfg 'feature="socket2"' --cfg 'feature="sync"' --cfg 'feature="time"' --cfg 'feature="tokio-macros"' --check-cfg 'cfg(docsrs,test)' --check-cfg 'cfg(feature, values("bytes", "default", "fs", "full", "io-std", "io-util", "libc", "macros", "mio", "net", "parking_lot", "process", "rt", "rt-multi-thread", "signal", "signal-hook-registry", "socket2", "sync", "test-util", "time", "tokio-macros", "tracing", "windows-sys"))' -C metadata=2823e92733a4202a -C extra-filename=-3e8b18cbc2cfd877 --out-dir /opt/rustwide/target/debug/deps -L dependency=/opt/rustwide/target/debug/deps --extern bytes=/opt/rustwide/target/debug/deps/libbytes-485c92da441bbc40.rmeta --extern libc=/opt/rustwide/target/debug/deps/liblibc-60646f2741300933.rmeta --extern mio=/opt/rustwide/target/debug/deps/libmio-8182d11a240a7427.rmeta --extern parking_lot=/opt/rustwide/target/debug/deps/libparking_lot-392c1d2c3cb81252.rmeta --extern pin_project_lite=/opt/rustwide/target/debug/deps/libpin_project_lite-bedc6e0acd72ff2a.rmeta --extern signal_hook_registry=/opt/rustwide/target/debug/deps/libsignal_hook_registry-3cc9fd60c2bdc8b4.rmeta --extern socket2=/opt/rustwide/target/debug/deps/libsocket2-df6f17dbfe9497f6.rmeta --extern tokio_macros=/opt/rustwide/target/debug/deps/libtokio_macros-26cff57a3ef4e243.so --cap-lints allow --cap-lints=forbid` (exit status: 101)
[INFO] [stderr] warning: build failed, waiting for other jobs to finish...
[INFO] [stderr] error: could not compile `zerocopy` (lib) due to 1 previous error
[INFO] [stderr] rustc-LLVM ERROR: IO failure on output stream: No space left on device
[INFO] [stderr] error: could not compile `icu_locid` (lib)
[INFO] [stderr] 
[INFO] [stderr] Caused by:
[INFO] [stderr]   No space left on device (os error 28)
[INFO] [stderr] 
[INFO] [stderr] Caused by:
[INFO] [stderr]   failed to parse process output: `/opt/rustwide/rustup-home/toolchains/nightly-2025-01-18-x86_64-unknown-linux-gnu/bin/rustc --crate-name icu_locid --edition=2021 /opt/rustwide/cargo-home/registry/src/index.crates.io-1949cf8c6b5b557f/icu_locid-1.5.0/src/lib.rs --error-format=json --json=diagnostic-rendered-ansi,artifacts,future-incompat --crate-type lib --emit=dep-info,metadata,link -C embed-bitcode=no -C debuginfo=2 --cfg 'feature="zerovec"' --check-cfg 'cfg(docsrs,test)' --check-cfg 'cfg(feature, values("bench", "databake", "serde", "std", "zerovec"))' -C metadata=144d64f9aa3f489f -C extra-filename=-c8b33b3de9ca775f --out-dir /opt/rustwide/target/debug/deps -L dependency=/opt/rustwide/target/debug/deps --extern displaydoc=/opt/rustwide/target/debug/deps/libdisplaydoc-c379ccf7279e60ef.so --extern litemap=/opt/rustwide/target/debug/deps/liblitemap-cecd5a7fd1787c64.rmeta --extern tinystr=/opt/rustwide/target/debug/deps/libtinystr-c6d7f39fa31f4f76.rmeta --extern writeable=/opt/rustwide/target/debug/deps/libwriteable-45c783735d88c2b0.rmeta --extern zerovec=/opt/rustwide/target/debug/deps/libzerovec-aa71f029c47a08bf.rmeta --cap-lints allow --cap-lints=forbid` (exit status: 101)
[INFO] [stderr] rustc-LLVM ERROR: IO failure on output stream: No space left on device
[INFO] [stderr] error: could not compile `icu_provider` (lib)
[INFO] [stderr] 
[INFO] [stderr] Caused by:
[INFO] [stderr]   No space left on device (os error 28)
[INFO] [stderr] 
[INFO] [stderr] Caused by:
[INFO] [stderr]   failed to parse process output: `/opt/rustwide/rustup-home/toolchains/nightly-2025-01-18-x86_64-unknown-linux-gnu/bin/rustc --crate-name icu_provider --edition=2021 /opt/rustwide/cargo-home/registry/src/index.crates.io-1949cf8c6b5b557f/icu_provider-1.5.0/src/lib.rs --error-format=json --json=diagnostic-rendered-ansi,artifacts,future-incompat --crate-type lib --emit=dep-info,metadata,link -C embed-bitcode=no -C debuginfo=2 --cfg 'feature="macros"' --check-cfg 'cfg(docsrs,test)' --check-cfg 'cfg(feature, values("bench", "datagen", "deserialize_bincode_1", "deserialize_json", "deserialize_postcard_1", "experimental", "log_error_context", "logging", "macros", "serde", "std", "sync"))' -C metadata=f9e5bb55cf539a63 -C extra-filename=-c66a6d5cdf19456a --out-dir /opt/rustwide/target/debug/deps -L dependency=/opt/rustwide/target/debug/deps --extern displaydoc=/opt/rustwide/target/debug/deps/libdisplaydoc-c379ccf7279e60ef.so --extern icu_locid=/opt/rustwide/target/debug/deps/libicu_locid-c8b33b3de9ca775f.rmeta --extern icu_provider_macros=/opt/rustwide/target/debug/deps/libicu_provider_macros-b8ba7f21d95d3c73.so --extern stable_deref_trait=/opt/rustwide/target/debug/deps/libstable_deref_trait-a2d30f30be7c468b.rmeta --extern tinystr=/opt/rustwide/target/debug/deps/libtinystr-c6d7f39fa31f4f76.rmeta --extern writeable=/opt/rustwide/target/debug/deps/libwriteable-45c783735d88c2b0.rmeta --extern yoke=/opt/rustwide/target/debug/deps/libyoke-4b957860236ddd74.rmeta --extern zerofrom=/opt/rustwide/target/debug/deps/libzerofrom-9b710294913fe9ea.rmeta --extern zerovec=/opt/rustwide/target/debug/deps/libzerovec-aa71f029c47a08bf.rmeta --cap-lints allow --cap-lints=forbid` (exit status: 101)
[INFO] [stderr] warning: zstd-sys@2.0.13+zstd.1.5.6: zstd/lib/decompress/zstd_decompress_block.c:2215:1: fatal error: error writing to /tmp/ccEMitLU.s: No space left on device
[INFO] [stderr] warning: zstd-sys@2.0.13+zstd.1.5.6:  2215 | }
[INFO] [stderr] warning: zstd-sys@2.0.13+zstd.1.5.6:       | ^
[INFO] [stderr] warning: zstd-sys@2.0.13+zstd.1.5.6: compilation terminated.
[INFO] [stderr] warning: zstd-sys@2.0.13+zstd.1.5.6: ToolExecError: Command LC_ALL="C" "cc" "-O0" "-ffunction-sections" "-fdata-sections" "-fPIC" "-gdwarf-4" "-fno-omit-frame-pointer" "-m64" "-I" "zstd/lib/" "-I" "zstd/lib/common" "-I" "zstd/lib/legacy" "-fvisibility=hidden" "-ffunction-sections" "-fdata-sections" "-fmerge-all-constants" "-DZSTD_LIB_DEPRECATED=0" "-DXXH_PRIVATE_API=" "-DZSTDLIB_VISIBILITY=" "-DZDICTLIB_VISIBILITY=" "-DZSTDERRORLIB_VISIBILITY=" "-DZSTD_LEGACY_SUPPORT=1" "-o" "/opt/rustwide/target/debug/build/zstd-sys-721a508a47837344/out/88f362f13b0528ed-zstd_decompress_block.o" "-c" "zstd/lib/decompress/zstd_decompress_block.c" with args cc did not execute successfully (status code exit status: 1).cargo:warning=zstd/lib/dictBuilder/cover.c:1261:1: fatal error: error writing to /tmp/cceF7IEU.s: No space left on device
[INFO] [stderr] warning: zstd-sys@2.0.13+zstd.1.5.6:  1261 | }
[INFO] [stderr] warning: zstd-sys@2.0.13+zstd.1.5.6:       | ^
[INFO] [stderr] warning: zstd-sys@2.0.13+zstd.1.5.6: compilation terminated.
[INFO] [stderr] warning: zstd-sys@2.0.13+zstd.1.5.6: ToolExecError: Command LC_ALL="C" "cc" "-O0" "-ffunction-sections" "-fdata-sections" "-fPIC" "-gdwarf-4" "-fno-omit-frame-pointer" "-m64" "-I" "zstd/lib/" "-I" "zstd/lib/common" "-I" "zstd/lib/legacy" "-fvisibility=hidden" "-ffunction-sections" "-fdata-sections" "-fmerge-all-constants" "-DZSTD_LIB_DEPRECATED=0" "-DXXH_PRIVATE_API=" "-DZSTDLIB_VISIBILITY=" "-DZDICTLIB_VISIBILITY=" "-DZSTDERRORLIB_VISIBILITY=" "-DZSTD_LEGACY_SUPPORT=1" "-o" "/opt/rustwide/target/debug/build/zstd-sys-721a508a47837344/out/a6c81c75fc82913a-cover.o" "-c" "zstd/lib/dictBuilder/cover.c" with args cc did not execute successfully (status code exit status: 1).
[INFO] [stderr] error: failed to run custom build command for `zstd-sys v2.0.13+zstd.1.5.6`
[INFO] [stderr] note: To improve backtraces for build dependencies, set the CARGO_PROFILE_DEV_BUILD_OVERRIDE_DEBUG=true environment variable to enable debug information generation.
[INFO] [stderr] 
[INFO] [stderr] Caused by:
[INFO] [stderr]   process didn't exit successfully: `/opt/rustwide/target/debug/build/zstd-sys-f8ba5c454f07458c/build-script-build` (exit status: 1)
[INFO] [stderr]   --- stdout
[INFO] [stderr]   cargo:rerun-if-env-changed=ZSTD_SYS_USE_PKG_CONFIG
[INFO] [stderr]   OUT_DIR = Some(/opt/rustwide/target/debug/build/zstd-sys-721a508a47837344/out)
[INFO] [stderr]   OPT_LEVEL = Some(0)
[INFO] [stderr]   TARGET = Some(x86_64-unknown-linux-gnu)
[INFO] [stderr]   HOST = Some(x86_64-unknown-linux-gnu)
[INFO] [stderr]   cargo:rerun-if-env-changed=CC_x86_64-unknown-linux-gnu
[INFO] [stderr]   CC_x86_64-unknown-linux-gnu = None
[INFO] [stderr]   cargo:rerun-if-env-changed=CC_x86_64_unknown_linux_gnu
[INFO] [stderr]   CC_x86_64_unknown_linux_gnu = None
[INFO] [stderr]   cargo:rerun-if-env-changed=HOST_CC
[INFO] [stderr]   HOST_CC = None
[INFO] [stderr]   cargo:rerun-if-env-changed=CC
[INFO] [stderr]   CC = None
[INFO] [stderr]   cargo:rerun-if-env-changed=CC_ENABLE_DEBUG_OUTPUT
[INFO] [stderr]   RUSTC_WRAPPER = None
[INFO] [stderr]   cargo:rerun-if-env-changed=CRATE_CC_NO_DEFAULTS
[INFO] [stderr]   CRATE_CC_NO_DEFAULTS = None
[INFO] [stderr]   DEBUG = Some(true)
[INFO] [stderr]   CARGO_CFG_TARGET_FEATURE = Some(fxsr,sse,sse2,x87)
[INFO] [stderr]   cargo:rerun-if-env-changed=CFLAGS_x86_64-unknown-linux-gnu
[INFO] [stderr]   CFLAGS_x86_64-unknown-linux-gnu = None
[INFO] [stderr]   cargo:rerun-if-env-changed=CFLAGS_x86_64_unknown_linux_gnu
[INFO] [stderr]   CFLAGS_x86_64_unknown_linux_gnu = None
[INFO] [stderr]   cargo:rerun-if-env-changed=HOST_CFLAGS
[INFO] [stderr]   HOST_CFLAGS = None
[INFO] [stderr]   cargo:rerun-if-env-changed=CFLAGS
[INFO] [stderr]   CFLAGS = None
[INFO] [stderr]   CARGO_ENCODED_RUSTFLAGS = Some(--cap-lints=forbid)
[INFO] [stderr]   OUT_DIR = Some(/opt/rustwide/target/debug/build/zstd-sys-721a508a47837344/out)
[INFO] [stderr]   cargo:rerun-if-env-changed=CC_ENABLE_DEBUG_OUTPUT
[INFO] [stderr]   cargo:rerun-if-env-changed=CRATE_CC_NO_DEFAULTS
[INFO] [stderr]   CRATE_CC_NO_DEFAULTS = None
[INFO] [stderr]   TARGET = Some(x86_64-unknown-linux-gnu)
[INFO] [stderr]   CARGO_CFG_TARGET_FEATURE = Some(fxsr,sse,sse2,x87)
[INFO] [stderr]   HOST = Some(x86_64-unknown-linux-gnu)
[INFO] [stderr]   cargo:rerun-if-env-changed=CFLAGS_x86_64-unknown-linux-gnu
[INFO] [stderr]   CFLAGS_x86_64-unknown-linux-gnu = None
[INFO] [stderr]   cargo:rerun-if-env-changed=CFLAGS_x86_64_unknown_linux_gnu
[INFO] [stderr]   CFLAGS_x86_64_unknown_linux_gnu = None
[INFO] [stderr]   cargo:rerun-if-env-changed=HOST_CFLAGS
[INFO] [stderr]   HOST_CFLAGS = None
[INFO] [stderr]   cargo:rerun-if-env-changed=CFLAGS
[INFO] [stderr]   CFLAGS = None
[INFO] [stderr]   OUT_DIR = Some(/opt/rustwide/target/debug/build/zstd-sys-721a508a47837344/out)
[INFO] [stderr]   cargo:rerun-if-env-changed=CC_ENABLE_DEBUG_OUTPUT
[INFO] [stderr]   cargo:rerun-if-env-changed=CRATE_CC_NO_DEFAULTS
[INFO] [stderr]   CRATE_CC_NO_DEFAULTS = None
[INFO] [stderr]   TARGET = Some(x86_64-unknown-linux-gnu)
[INFO] [stderr]   CARGO_CFG_TARGET_FEATURE = Some(fxsr,sse,sse2,x87)
[INFO] [stderr]   HOST = Some(x86_64-unknown-linux-gnu)
[INFO] [stderr]   cargo:rerun-if-env-changed=CFLAGS_x86_64-unknown-linux-gnu
[INFO] [stderr]   CFLAGS_x86_64-unknown-linux-gnu = None
[INFO] [stderr]   cargo:rerun-if-env-changed=CFLAGS_x86_64_unknown_linux_gnu
[INFO] [stderr]   CFLAGS_x86_64_unknown_linux_gnu = None
[INFO] [stderr]   cargo:rerun-if-env-changed=HOST_CFLAGS
[INFO] [stderr]   HOST_CFLAGS = None
[INFO] [stderr]   cargo:rerun-if-env-changed=CFLAGS
[INFO] [stderr]   CFLAGS = None
[INFO] [stderr]   OUT_DIR = Some(/opt/rustwide/target/debug/build/zstd-sys-721a508a47837344/out)
[INFO] [stderr]   cargo:rerun-if-env-changed=CC_ENABLE_DEBUG_OUTPUT
[INFO] [stderr]   cargo:rerun-if-env-changed=CRATE_CC_NO_DEFAULTS
[INFO] [stderr]   CRATE_CC_NO_DEFAULTS = None
[INFO] [stderr]   TARGET = Some(x86_64-unknown-linux-gnu)
[INFO] [stderr]   CARGO_CFG_TARGET_FEATURE = Some(fxsr,sse,sse2,x87)
[INFO] [stderr]   HOST = Some(x86_64-unknown-linux-gnu)
[INFO] [stderr]   cargo:rerun-if-env-changed=CFLAGS_x86_64-unknown-linux-gnu
[INFO] [stderr]   CFLAGS_x86_64-unknown-linux-gnu = None
[INFO] [stderr]   cargo:rerun-if-env-changed=CFLAGS_x86_64_unknown_linux_gnu
[INFO] [stderr]   CFLAGS_x86_64_unknown_linux_gnu = None
[INFO] [stderr]   cargo:rerun-if-env-changed=HOST_CFLAGS
[INFO] [stderr]   HOST_CFLAGS = None
[INFO] [stderr]   cargo:rerun-if-env-changed=CFLAGS
[INFO] [stderr]   CFLAGS = None
[INFO] [stderr]   exit status: 0
[INFO] [stderr]   exit status: 0
[INFO] [stderr]   exit status: 0
[INFO] [stderr]   exit status: 0
[INFO] [stderr]   exit status: 0
[INFO] [stderr]   exit status: 0
[INFO] [stderr]   exit status: 0
[INFO] [stderr]   exit status: 0
[INFO] [stderr]   exit status: 0
[INFO] [stderr]   exit status: 0
[INFO] [stderr]   exit status: 0
[INFO] [stderr]   exit status: 0
[INFO] [stderr]   exit status: 0
[INFO] [stderr]   exit status: 0
[INFO] [stderr]   exit status: 0
[INFO] [stderr]   exit status: 0
[INFO] [stderr]   cargo:warning=zstd/lib/decompress/zstd_decompress_block.c:2215:1: fatal error: error writing to /tmp/ccEMitLU.s: No space left on device
[INFO] [stderr]   cargo:warning= 2215 | }
[INFO] [stderr]   cargo:warning=      | ^
[INFO] [stderr]   cargo:warning=compilation terminated.
[INFO] [stderr]   exit status: 0
[INFO] [stderr]   exit status: 0
[INFO] [stderr]   exit status: 0
[INFO] [stderr]   exit status: 0
[INFO] [stderr]   exit status: 0
[INFO] [stderr]   exit status: 0
[INFO] [stderr]   exit status: 0
[INFO] [stderr]   exit status: 1
[INFO] [stderr]   cargo:warning=ToolExecError: Command LC_ALL="C" "cc" "-O0" "-ffunction-sections" "-fdata-sections" "-fPIC" "-gdwarf-4" "-fno-omit-frame-pointer" "-m64" "-I" "zstd/lib/" "-I" "zstd/lib/common" "-I" "zstd/lib/legacy" "-fvisibility=hidden" "-ffunction-sections" "-fdata-sections" "-fmerge-all-constants" "-DZSTD_LIB_DEPRECATED=0" "-DXXH_PRIVATE_API=" "-DZSTDLIB_VISIBILITY=" "-DZDICTLIB_VISIBILITY=" "-DZSTDERRORLIB_VISIBILITY=" "-DZSTD_LEGACY_SUPPORT=1" "-o" "/opt/rustwide/target/debug/build/zstd-sys-721a508a47837344/out/88f362f13b0528ed-zstd_decompress_block.o" "-c" "zstd/lib/decompress/zstd_decompress_block.c" with args cc did not execute successfully (status code exit status: 1).cargo:warning=zstd/lib/dictBuilder/cover.c:1261:1: fatal error: error writing to /tmp/cceF7IEU.s: No space left on device
[INFO] [stderr]   cargo:warning= 1261 | }
[INFO] [stderr]   cargo:warning=      | ^
[INFO] [stderr]   cargo:warning=compilation terminated.
[INFO] [stderr] 
[INFO] [stderr]   exit status: 1
[INFO] [stderr]   cargo:warning=ToolExecError: Command LC_ALL="C" "cc" "-O0" "-ffunction-sections" "-fdata-sections" "-fPIC" "-gdwarf-4" "-fno-omit-frame-pointer" "-m64" "-I" "zstd/lib/" "-I" "zstd/lib/common" "-I" "zstd/lib/legacy" "-fvisibility=hidden" "-ffunction-sections" "-fdata-sections" "-fmerge-all-constants" "-DZSTD_LIB_DEPRECATED=0" "-DXXH_PRIVATE_API=" "-DZSTDLIB_VISIBILITY=" "-DZDICTLIB_VISIBILITY=" "-DZSTDERRORLIB_VISIBILITY=" "-DZSTD_LEGACY_SUPPORT=1" "-o" "/opt/rustwide/target/debug/build/zstd-sys-721a508a47837344/out/a6c81c75fc82913a-cover.o" "-c" "zstd/lib/dictBuilder/cover.c" with args cc did not execute successfully (status code exit status: 1).
[INFO] [stderr]   exit status: 0
[INFO] [stderr]   exit status: 0
[INFO] [stderr]   exit status: 0
[INFO] [stderr]   exit status: 0
[INFO] [stderr]   exit status: 0
[INFO] [stderr]   exit status: 0
[INFO] [stderr]   exit status: 0
[INFO] [stderr]   exit status: 0
[INFO] [stderr]   exit status: 0
[INFO] [stderr]   exit status: 0
[INFO] [stderr]   exit status: 0
[INFO] [stderr] 
[INFO] [stderr]   --- stderr
[INFO] [stderr] 
[INFO] [stderr] 
[INFO] [stderr]   error occurred in cc-rs: Command LC_ALL="C" "cc" "-O0" "-ffunction-sections" "-fdata-sections" "-fPIC" "-gdwarf-4" "-fno-omit-frame-pointer" "-m64" "-I" "zstd/lib/" "-I" "zstd/lib/common" "-I" "zstd/lib/legacy" "-fvisibility=hidden" "-ffunction-sections" "-fdata-sections" "-fmerge-all-constants" "-DZSTD_LIB_DEPRECATED=0" "-DXXH_PRIVATE_API=" "-DZSTDLIB_VISIBILITY=" "-DZDICTLIB_VISIBILITY=" "-DZSTDERRORLIB_VISIBILITY=" "-DZSTD_LEGACY_SUPPORT=1" "-o" "/opt/rustwide/target/debug/build/zstd-sys-721a508a47837344/out/a6c81c75fc82913a-cover.o" "-c" "zstd/lib/dictBuilder/cover.c" with args cc did not execute successfully (status code exit status: 1).
[INFO] [stderr] 
[INFO] [stderr] 
[INFO] running `Command { std: "docker" "inspect" "7e49faf31fc03a4dd465b77653b664cfa2a523e6bc7ce73f9085d20d7d2f3435", kill_on_drop: false }`
[INFO] running `Command { std: "docker" "rm" "-f" "7e49faf31fc03a4dd465b77653b664cfa2a523e6bc7ce73f9085d20d7d2f3435", kill_on_drop: false }`
[INFO] [stdout] 7e49faf31fc03a4dd465b77653b664cfa2a523e6bc7ce73f9085d20d7d2f3435
