[INFO] cloning repository https://github.com/udoprog/rust-advent-of-code-2018
[INFO] running `Command { std: "git" "-c" "credential.helper=" "-c" "credential.helper=/workspace/cargo-home/bin/git-credential-null" "clone" "--bare" "https://github.com/udoprog/rust-advent-of-code-2018" "/workspace/cache/git-repos/https%3A%2F%2Fgithub.com%2Fudoprog%2Frust-advent-of-code-2018", kill_on_drop: false }`
[INFO] [stderr] Cloning into bare repository '/workspace/cache/git-repos/https%3A%2F%2Fgithub.com%2Fudoprog%2Frust-advent-of-code-2018'...
[INFO] running `Command { std: "git" "rev-parse" "HEAD", kill_on_drop: false }`
[INFO] [stdout] 93a5e6762be53b785f3e31c52e8b0fd99a4e0ac6
[INFO] testing udoprog/rust-advent-of-code-2018 against nightly-2025-01-18 for randomize-layout-2
[INFO] running `Command { std: "git" "clone" "/workspace/cache/git-repos/https%3A%2F%2Fgithub.com%2Fudoprog%2Frust-advent-of-code-2018" "/workspace/builds/worker-1-tc1/source", kill_on_drop: false }`
[INFO] [stderr] Cloning into '/workspace/builds/worker-1-tc1/source'...
[INFO] [stderr] done.
[INFO] validating manifest of git repo https://github.com/udoprog/rust-advent-of-code-2018 on toolchain nightly-2025-01-18
[INFO] running `Command { std: CARGO_HOME="/workspace/cargo-home" RUSTUP_HOME="/workspace/rustup-home" "/workspace/cargo-home/bin/cargo" "+nightly-2025-01-18" "metadata" "--manifest-path" "Cargo.toml" "--no-deps", kill_on_drop: false }`
[INFO] started tweaking git repo https://github.com/udoprog/rust-advent-of-code-2018
[INFO] finished tweaking git repo https://github.com/udoprog/rust-advent-of-code-2018
[INFO] tweaked toml for git repo https://github.com/udoprog/rust-advent-of-code-2018 written to /workspace/builds/worker-1-tc1/source/Cargo.toml
[INFO] crate git repo https://github.com/udoprog/rust-advent-of-code-2018 already has a lockfile, it will not be regenerated
[INFO] running `Command { std: CARGO_HOME="/workspace/cargo-home" RUSTUP_HOME="/workspace/rustup-home" "/workspace/cargo-home/bin/cargo" "+nightly-2025-01-18" "fetch" "--manifest-path" "Cargo.toml", kill_on_drop: false }`
[INFO] running `Command { std: "docker" "create" "-v" "/var/lib/crater-agent-workspace/builds/worker-1-tc1/target:/opt/rustwide/target:rw,Z" "-v" "/var/lib/crater-agent-workspace/builds/worker-1-tc1/source:/opt/rustwide/workdir:ro,Z" "-v" "/var/lib/crater-agent-workspace/cargo-home:/opt/rustwide/cargo-home:ro,Z" "-v" "/var/lib/crater-agent-workspace/rustup-home:/opt/rustwide/rustup-home:ro,Z" "-e" "SOURCE_DIR=/opt/rustwide/workdir" "-e" "CARGO_TARGET_DIR=/opt/rustwide/target" "-e" "CARGO_HOME=/opt/rustwide/cargo-home" "-e" "RUSTUP_HOME=/opt/rustwide/rustup-home" "-w" "/opt/rustwide/workdir" "-m" "1610612736" "--user" "0:0" "--network" "none" "ghcr.io/rust-lang/crates-build-env/linux@sha256:819108c5571ea2e421544af4d832f968d213c87fbe3707a016657f43d2f853bc" "/opt/rustwide/cargo-home/bin/cargo" "+nightly-2025-01-18" "metadata" "--no-deps" "--format-version=1", kill_on_drop: false }`
[INFO] [stdout] 9ac2de556ba78e93299dc894eba084fd5629e83d7e60fea930f94abdf068b571
[INFO] running `Command { std: "docker" "start" "-a" "9ac2de556ba78e93299dc894eba084fd5629e83d7e60fea930f94abdf068b571", kill_on_drop: false }`
[INFO] running `Command { std: "docker" "inspect" "9ac2de556ba78e93299dc894eba084fd5629e83d7e60fea930f94abdf068b571", kill_on_drop: false }`
[INFO] running `Command { std: "docker" "rm" "-f" "9ac2de556ba78e93299dc894eba084fd5629e83d7e60fea930f94abdf068b571", kill_on_drop: false }`
[INFO] [stdout] 9ac2de556ba78e93299dc894eba084fd5629e83d7e60fea930f94abdf068b571
[INFO] running `Command { std: "docker" "create" "-v" "/var/lib/crater-agent-workspace/builds/worker-1-tc1/target:/opt/rustwide/target:rw,Z" "-v" "/var/lib/crater-agent-workspace/builds/worker-1-tc1/source:/opt/rustwide/workdir:ro,Z" "-v" "/var/lib/crater-agent-workspace/cargo-home:/opt/rustwide/cargo-home:ro,Z" "-v" "/var/lib/crater-agent-workspace/rustup-home:/opt/rustwide/rustup-home:ro,Z" "-e" "SOURCE_DIR=/opt/rustwide/workdir" "-e" "CARGO_TARGET_DIR=/opt/rustwide/target" "-e" "CARGO_INCREMENTAL=0" "-e" "RUST_BACKTRACE=full" "-e" "RUSTFLAGS=--cap-lints=forbid" "-e" "RUSTDOCFLAGS=--cap-lints=forbid" "-e" "CARGO_HOME=/opt/rustwide/cargo-home" "-e" "RUSTUP_HOME=/opt/rustwide/rustup-home" "-w" "/opt/rustwide/workdir" "-m" "1610612736" "--user" "0:0" "--network" "none" "ghcr.io/rust-lang/crates-build-env/linux@sha256:819108c5571ea2e421544af4d832f968d213c87fbe3707a016657f43d2f853bc" "/opt/rustwide/cargo-home/bin/cargo" "+nightly-2025-01-18" "build" "--frozen" "--message-format=json", kill_on_drop: false }`
[INFO] [stdout] e6078837a570f2c0ef86b5158db722742e476a7254b781f6cefebb48986ef474
[INFO] running `Command { std: "docker" "start" "-a" "e6078837a570f2c0ef86b5158db722742e476a7254b781f6cefebb48986ef474", kill_on_drop: false }`
[INFO] [stderr]    Compiling autocfg v0.1.7
[INFO] [stderr]    Compiling libc v0.2.66
[INFO] [stderr]    Compiling cfg-if v0.1.10
[INFO] [stderr]    Compiling getrandom v0.1.13
[INFO] [stderr]    Compiling ppv-lite86 v0.2.6
[INFO] [stderr]    Compiling proc-macro2 v1.0.6
[INFO] [stderr]    Compiling semver-parser v0.7.0
[INFO] [stderr]    Compiling unicode-xid v0.2.0
[INFO] [stderr]    Compiling syn v1.0.11
[INFO] [stderr]    Compiling lazy_static v1.4.0
[INFO] [stderr]    Compiling typenum v1.11.2
[INFO] [stderr]    Compiling libm v0.1.4
[INFO] [stderr]    Compiling semver v0.9.0
[INFO] [stderr]    Compiling scopeguard v1.0.0
[INFO] [stderr]    Compiling pkg-config v0.3.17
[INFO] [stderr]    Compiling num-traits v0.2.10
[INFO] [stderr]    Compiling num-integer v0.1.41
[INFO] [stderr]    Compiling crossbeam-utils v0.7.0
[INFO] [stderr]    Compiling c2-chacha v0.2.3
[INFO] [stderr]    Compiling rustc_version v0.2.3
[INFO] [stderr]    Compiling num-bigint v0.2.3
[INFO] [stderr]    Compiling quote v1.0.2
[INFO] [stderr]    Compiling memoffset v0.5.3
[INFO] [stderr]    Compiling crossbeam-epoch v0.8.0
[INFO] [stderr]    Compiling num-complex v0.2.3
[INFO] [stderr]    Compiling rand_core v0.5.1
[INFO] [stderr]    Compiling num-rational v0.2.2
[INFO] [stderr]    Compiling rand_chacha v0.2.1
[INFO] [stderr]    Compiling num-iter v0.1.39
[INFO] [stderr]    Compiling rayon-core v1.6.1
[INFO] [stderr]    Compiling cc v1.0.47
[INFO] [stderr]    Compiling crossbeam-deque v0.7.2
[INFO] [stderr]    Compiling rand v0.7.2
[INFO] [stderr]    Compiling approx v0.3.2
[INFO] [stderr]    Compiling crossbeam-queue v0.2.0
[INFO] [stderr]    Compiling num_cpus v1.11.1
[INFO] [stderr]    Compiling hashbrown v0.6.3
[INFO] [stderr]    Compiling either v1.5.3
[INFO] [stderr]    Compiling rawpointer v0.2.1
[INFO] [stderr]    Compiling anyhow v1.0.25
[INFO] [stderr]    Compiling alga v0.9.2
[INFO] [stderr]    Compiling matrixmultiply v0.2.3
[INFO] [stderr]    Compiling generic-array v0.13.2
[INFO] [stderr]    Compiling rand_distr v0.2.2
[INFO] [stderr]    Compiling ncurses v5.99.0
[INFO] [stderr]    Compiling time v0.1.42
[INFO] [stderr]    Compiling itertools v0.8.2
[INFO] [stderr]    Compiling num v0.2.0
[INFO] [stderr]    Compiling nalgebra v0.19.0
[INFO] [stderr]    Compiling chrono v0.4.10
[INFO] [stderr]    Compiling rayon v1.2.1
[INFO] [stderr]    Compiling proc-macro-hack v0.5.11
[INFO] [stderr]    Compiling const-random-macro v0.1.6
[INFO] [stderr]    Compiling const-random v0.1.6
[INFO] [stderr]    Compiling ahash v0.2.18
[INFO] [stderr]    Compiling aoc2018 v0.1.0 (/opt/rustwide/workdir)
[INFO] [stdout] warning: use of deprecated function `ncurses::printw`: printw can segfault when printing string that contains % sign. Use addstr instead
[INFO] [stdout]    --> src/bin/day19.rs:402:18
[INFO] [stdout]     |
[INFO] [stdout] 402 |         ncurses::printw("Result is ");
[INFO] [stdout]     |                  ^^^^^^
[INFO] [stdout]     |
[INFO] [stdout]     = note: `#[warn(deprecated)]` on by default
[INFO] [stdout] 
[INFO] [stdout] 
[INFO] [stdout] warning: use of deprecated function `ncurses::printw`: printw can segfault when printing string that contains % sign. Use addstr instead
[INFO] [stdout]    --> src/bin/day19.rs:405:18
[INFO] [stdout]     |
[INFO] [stdout] 405 |         ncurses::printw(&a);
[INFO] [stdout]     |                  ^^^^^^
[INFO] [stdout] 
[INFO] [stdout] 
[INFO] [stdout] warning: use of deprecated function `ncurses::printw`: printw can segfault when printing string that contains % sign. Use addstr instead
[INFO] [stdout]    --> src/bin/day19.rs:408:18
[INFO] [stdout]     |
[INFO] [stdout] 408 |         ncurses::printw(", press [enter] to exit...");
[INFO] [stdout]     |                  ^^^^^^
[INFO] [stdout] 
[INFO] [stdout] 
[INFO] [stdout] warning: use of deprecated function `ncurses::printw`: printw can segfault when printing string that contains % sign. Use addstr instead
[INFO] [stdout]    --> src/bin/day19.rs:461:26
[INFO] [stdout]     |
[INFO] [stdout] 461 |                 ncurses::printw(">");
[INFO] [stdout]     |                          ^^^^^^
[INFO] [stdout] 
[INFO] [stdout] 
[INFO] [stdout] warning: use of deprecated function `ncurses::printw`: printw can segfault when printing string that contains % sign. Use addstr instead
[INFO] [stdout]    --> src/bin/day19.rs:467:22
[INFO] [stdout]     |
[INFO] [stdout] 467 |             ncurses::printw(&format!("{} {}, {}, {}", inst.op_code, a, b, c));
[INFO] [stdout]     |                      ^^^^^^
[INFO] [stdout] 
[INFO] [stdout] 
[INFO] [stdout] warning: use of deprecated function `ncurses::printw`: printw can segfault when printing string that contains % sign. Use addstr instead
[INFO] [stdout]    --> src/bin/day19.rs:482:22
[INFO] [stdout]     |
[INFO] [stdout] 482 |             ncurses::printw(&format!("{} = ", name));
[INFO] [stdout]     |                      ^^^^^^
[INFO] [stdout] 
[INFO] [stdout] 
[INFO] [stdout] warning: use of deprecated function `ncurses::printw`: printw can segfault when printing string that contains % sign. Use addstr instead
[INFO] [stdout]    --> src/bin/day19.rs:488:22
[INFO] [stdout]     |
[INFO] [stdout] 488 |             ncurses::printw(&value.to_string());
[INFO] [stdout]     |                      ^^^^^^
[INFO] [stdout] 
[INFO] [stdout] 
[INFO] [stdout] warning: use of deprecated function `ncurses::printw`: printw can segfault when printing string that contains % sign. Use addstr instead
[INFO] [stdout]    --> src/bin/day19.rs:497:22
[INFO] [stdout]     |
[INFO] [stdout] 497 |             ncurses::printw("press [space] to step...");
[INFO] [stdout]     |                      ^^^^^^
[INFO] [stdout] 
[INFO] [stdout] 
[INFO] [stdout] warning: value assigned to `prev` is never read
[INFO] [stdout]    --> src/bin/day19.rs:278:13
[INFO] [stdout]     |
[INFO] [stdout] 278 |     let mut prev = None;
[INFO] [stdout]     |             ^^^^
[INFO] [stdout]     |
[INFO] [stdout]     = help: maybe it is overwritten before being read?
[INFO] [stdout]     = note: `#[warn(unused_assignments)]` on by default
[INFO] [stdout] 
[INFO] [stdout] 
[INFO] [stdout] warning: this method call resolves to `<&[T; N] as IntoIterator>::into_iter` (due to backwards compatibility), but will resolve to `<[T; N] as IntoIterator>::into_iter` in Rust 2021
[INFO] [stdout]    --> src/bin/day19.rs:475:14
[INFO] [stdout]     |
[INFO] [stdout] 475 |             .into_iter()
[INFO] [stdout]     |              ^^^^^^^^^
[INFO] [stdout]     |
[INFO] [stdout]     = warning: this changes meaning in Rust 2021
[INFO] [stdout]     = note: for more information, see <https://doc.rust-lang.org/nightly/edition-guide/rust-2021/IntoIterator-for-arrays.html>
[INFO] [stdout]     = note: `#[warn(array_into_iter)]` on by default
[INFO] [stdout] help: use `.iter()` instead of `.into_iter()` to avoid ambiguity
[INFO] [stdout]     |
[INFO] [stdout] 475 |             .iter()
[INFO] [stdout]     |              ~~~~
[INFO] [stdout] help: or use `IntoIterator::into_iter(..)` instead of `.into_iter()` to explicitly iterate by value
[INFO] [stdout]     |
[INFO] [stdout] 474 |         for (line, (name, value)) in IntoIterator::into_iter(['0', '1', '2', '3', '4', '5'])
[INFO] [stdout]     |                                      ++++++++++++++++++++++++                              ~
[INFO] [stdout] 
[INFO] [stdout] 
[INFO] [stdout] warning: variable does not need to be mutable
[INFO] [stdout]    --> src/bin/day9.rs:163:17
[INFO] [stdout]     |
[INFO] [stdout] 163 |             let mut c = Box::<Data>::from_raw(ptr);
[INFO] [stdout]     |                 ----^
[INFO] [stdout]     |                 |
[INFO] [stdout]     |                 help: remove this `mut`
[INFO] [stdout]     |
[INFO] [stdout]     = note: `#[warn(unused_mut)]` on by default
[INFO] [stdout] 
[INFO] [stdout] 
[INFO] [stdout] warning: unused return value of `Box::<T>::from_raw` that must be used
[INFO] [stdout]    --> src/bin/day9.rs:203:17
[INFO] [stdout]     |
[INFO] [stdout] 203 |                 Box::from_raw(d);
[INFO] [stdout]     |                 ^^^^^^^^^^^^^^^^
[INFO] [stdout]     |
[INFO] [stdout]     = note: call `drop(Box::from_raw(ptr))` if you intend to drop the `Box`
[INFO] [stdout]     = note: `#[warn(unused_must_use)]` on by default
[INFO] [stdout] help: use `let _ = ...` to ignore the resulting value
[INFO] [stdout]     |
[INFO] [stdout] 203 |                 let _ = Box::from_raw(d);
[INFO] [stdout]     |                 +++++++
[INFO] [stdout] 
[INFO] [stdout] 
[INFO] [stdout] warning: unused return value of `Box::<T>::from_raw` that must be used
[INFO] [stdout]    --> src/bin/day9.rs:206:13
[INFO] [stdout]     |
[INFO] [stdout] 206 |             Box::from_raw(c);
[INFO] [stdout]     |             ^^^^^^^^^^^^^^^^
[INFO] [stdout]     |
[INFO] [stdout]     = note: call `drop(Box::from_raw(ptr))` if you intend to drop the `Box`
[INFO] [stdout] help: use `let _ = ...` to ignore the resulting value
[INFO] [stdout]     |
[INFO] [stdout] 206 |             let _ = Box::from_raw(c);
[INFO] [stdout]     |             +++++++
[INFO] [stdout] 
[INFO] [stdout] 
[INFO] [stdout] warning: this method call resolves to `<&[T; N] as IntoIterator>::into_iter` (due to backwards compatibility), but will resolve to `<[T; N] as IntoIterator>::into_iter` in Rust 2021
[INFO] [stdout]   --> src/bin/day12.rs:72:39
[INFO] [stdout]    |
[INFO] [stdout] 72 |                     [-2, -1, 0, 1, 2].into_iter().all(|t| {
[INFO] [stdout]    |                                       ^^^^^^^^^
[INFO] [stdout]    |
[INFO] [stdout]    = warning: this changes meaning in Rust 2021
[INFO] [stdout]    = note: for more information, see <https://doc.rust-lang.org/nightly/edition-guide/rust-2021/IntoIterator-for-arrays.html>
[INFO] [stdout]    = note: `#[warn(array_into_iter)]` on by default
[INFO] [stdout] help: use `.iter()` instead of `.into_iter()` to avoid ambiguity
[INFO] [stdout]    |
[INFO] [stdout] 72 |                     [-2, -1, 0, 1, 2].iter().all(|t| {
[INFO] [stdout]    |                                       ~~~~
[INFO] [stdout] help: or use `IntoIterator::into_iter(..)` instead of `.into_iter()` to explicitly iterate by value
[INFO] [stdout]    |
[INFO] [stdout] 72 |                     IntoIterator::into_iter([-2, -1, 0, 1, 2]).all(|t| {
[INFO] [stdout]    |                     ++++++++++++++++++++++++                 ~
[INFO] [stdout] 
[INFO] [stdout] 
[INFO] [stdout] warning: use of deprecated function `ncurses::printw`: printw can segfault when printing string that contains % sign. Use addstr instead
[INFO] [stdout]    --> src/bin/day18.rs:271:12
[INFO] [stdout]     |
[INFO] [stdout] 271 |         n::printw("press [enter] to exit...");
[INFO] [stdout]     |            ^^^^^^
[INFO] [stdout]     |
[INFO] [stdout]     = note: `#[warn(deprecated)]` on by default
[INFO] [stdout] 
[INFO] [stdout] 
[INFO] [stdout] warning: use of deprecated function `ncurses::printw`: printw can segfault when printing string that contains % sign. Use addstr instead
[INFO] [stdout]    --> src/bin/day18.rs:304:16
[INFO] [stdout]     |
[INFO] [stdout] 304 |             n::printw(grid.get(pos).as_str());
[INFO] [stdout]     |                ^^^^^^
[INFO] [stdout] 
[INFO] [stdout] 
[INFO] [stdout] warning: use of deprecated function `ncurses::printw`: printw can segfault when printing string that contains % sign. Use addstr instead
[INFO] [stdout]    --> src/bin/day16.rs:382:18
[INFO] [stdout]     |
[INFO] [stdout] 382 |         ncurses::printw("Result is ");
[INFO] [stdout]     |                  ^^^^^^
[INFO] [stdout]     |
[INFO] [stdout]     = note: `#[warn(deprecated)]` on by default
[INFO] [stdout] 
[INFO] [stdout] 
[INFO] [stdout] warning: use of deprecated function `ncurses::printw`: printw can segfault when printing string that contains % sign. Use addstr instead
[INFO] [stdout]    --> src/bin/day16.rs:385:18
[INFO] [stdout]     |
[INFO] [stdout] 385 |         ncurses::printw(&a);
[INFO] [stdout]     |                  ^^^^^^
[INFO] [stdout] 
[INFO] [stdout] 
[INFO] [stdout] warning: use of deprecated function `ncurses::printw`: printw can segfault when printing string that contains % sign. Use addstr instead
[INFO] [stdout]    --> src/bin/day16.rs:388:18
[INFO] [stdout]     |
[INFO] [stdout] 388 |         ncurses::printw(", press [enter] to exit...");
[INFO] [stdout]     |                  ^^^^^^
[INFO] [stdout] 
[INFO] [stdout] 
[INFO] [stdout] warning: use of deprecated function `ncurses::printw`: printw can segfault when printing string that contains % sign. Use addstr instead
[INFO] [stdout]    --> src/bin/day16.rs:441:26
[INFO] [stdout]     |
[INFO] [stdout] 441 |                 ncurses::printw(">");
[INFO] [stdout]     |                          ^^^^^^
[INFO] [stdout] 
[INFO] [stdout] 
[INFO] [stdout] warning: use of deprecated function `ncurses::printw`: printw can segfault when printing string that contains % sign. Use addstr instead
[INFO] [stdout]    --> src/bin/day16.rs:447:22
[INFO] [stdout]     |
[INFO] [stdout] 447 |             ncurses::printw(&format!("{} {}, {}, {}", op, a, b, c));
[INFO] [stdout]     |                      ^^^^^^
[INFO] [stdout] 
[INFO] [stdout] 
[INFO] [stdout] warning: use of deprecated function `ncurses::printw`: printw can segfault when printing string that contains % sign. Use addstr instead
[INFO] [stdout]    --> src/bin/day16.rs:462:22
[INFO] [stdout]     |
[INFO] [stdout] 462 |             ncurses::printw(&format!("{} = ", name));
[INFO] [stdout]     |                      ^^^^^^
[INFO] [stdout] 
[INFO] [stdout] 
[INFO] [stdout] warning: use of deprecated function `ncurses::printw`: printw can segfault when printing string that contains % sign. Use addstr instead
[INFO] [stdout]    --> src/bin/day16.rs:468:22
[INFO] [stdout]     |
[INFO] [stdout] 468 |             ncurses::printw(&value.to_string());
[INFO] [stdout]     |                      ^^^^^^
[INFO] [stdout] 
[INFO] [stdout] 
[INFO] [stdout] warning: use of deprecated function `ncurses::printw`: printw can segfault when printing string that contains % sign. Use addstr instead
[INFO] [stdout]    --> src/bin/day16.rs:479:22
[INFO] [stdout]     |
[INFO] [stdout] 479 |             ncurses::printw("Press [space] to step...");
[INFO] [stdout]     |                      ^^^^^^
[INFO] [stdout] 
[INFO] [stdout] 
[INFO] [stdout] warning: this method call resolves to `<&[T; N] as IntoIterator>::into_iter` (due to backwards compatibility), but will resolve to `<[T; N] as IntoIterator>::into_iter` in Rust 2021
[INFO] [stdout]    --> src/bin/day16.rs:455:14
[INFO] [stdout]     |
[INFO] [stdout] 455 |             .into_iter()
[INFO] [stdout]     |              ^^^^^^^^^
[INFO] [stdout]     |
[INFO] [stdout]     = warning: this changes meaning in Rust 2021
[INFO] [stdout]     = note: for more information, see <https://doc.rust-lang.org/nightly/edition-guide/rust-2021/IntoIterator-for-arrays.html>
[INFO] [stdout]     = note: `#[warn(array_into_iter)]` on by default
[INFO] [stdout] help: use `.iter()` instead of `.into_iter()` to avoid ambiguity
[INFO] [stdout]     |
[INFO] [stdout] 455 |             .iter()
[INFO] [stdout]     |              ~~~~
[INFO] [stdout] help: or use `IntoIterator::into_iter(..)` instead of `.into_iter()` to explicitly iterate by value
[INFO] [stdout]     |
[INFO] [stdout] 454 |         for (line, (name, value)) in IntoIterator::into_iter(['0', '1', '2', '3'])
[INFO] [stdout]     |                                      ++++++++++++++++++++++++                    ~
[INFO] [stdout] 
[INFO] [stdout] 
[INFO] [stdout] warning: this method call resolves to `<&[T; N] as IntoIterator>::into_iter` (due to backwards compatibility), but will resolve to `<[T; N] as IntoIterator>::into_iter` in Rust 2021
[INFO] [stdout]   --> src/bin/day6.rs:68:39
[INFO] [stdout]    |
[INFO] [stdout] 68 |                 queue.extend(neigh(c).into_iter().map(|c| (*c, d + 1)));
[INFO] [stdout]    |                                       ^^^^^^^^^
[INFO] [stdout]    |
[INFO] [stdout]    = warning: this changes meaning in Rust 2021
[INFO] [stdout]    = note: for more information, see <https://doc.rust-lang.org/nightly/edition-guide/rust-2021/IntoIterator-for-arrays.html>
[INFO] [stdout]    = note: `#[warn(array_into_iter)]` on by default
[INFO] [stdout] help: use `.iter()` instead of `.into_iter()` to avoid ambiguity
[INFO] [stdout]    |
[INFO] [stdout] 68 |                 queue.extend(neigh(c).iter().map(|c| (*c, d + 1)));
[INFO] [stdout]    |                                       ~~~~
[INFO] [stdout] help: or use `IntoIterator::into_iter(..)` instead of `.into_iter()` to explicitly iterate by value
[INFO] [stdout]    |
[INFO] [stdout] 68 |                 queue.extend(IntoIterator::into_iter(neigh(c)).map(|c| (*c, d + 1)));
[INFO] [stdout]    |                              ++++++++++++++++++++++++        ~
[INFO] [stdout] 
[INFO] [stdout] 
[INFO] [stdout] warning: this method call resolves to `<&[T; N] as IntoIterator>::into_iter` (due to backwards compatibility), but will resolve to `<[T; N] as IntoIterator>::into_iter` in Rust 2021
[INFO] [stdout]    --> src/bin/day6.rs:159:35
[INFO] [stdout]     |
[INFO] [stdout] 159 |             queue.extend(neigh(c).into_iter());
[INFO] [stdout]     |                                   ^^^^^^^^^
[INFO] [stdout]     |
[INFO] [stdout]     = warning: this changes meaning in Rust 2021
[INFO] [stdout]     = note: for more information, see <https://doc.rust-lang.org/nightly/edition-guide/rust-2021/IntoIterator-for-arrays.html>
[INFO] [stdout] help: use `.iter()` instead of `.into_iter()` to avoid ambiguity
[INFO] [stdout]     |
[INFO] [stdout] 159 |             queue.extend(neigh(c).iter());
[INFO] [stdout]     |                                   ~~~~
[INFO] [stdout] help: or use `IntoIterator::into_iter(..)` instead of `.into_iter()` to explicitly iterate by value
[INFO] [stdout]     |
[INFO] [stdout] 159 |             queue.extend(IntoIterator::into_iter(neigh(c)));
[INFO] [stdout]     |                          ++++++++++++++++++++++++        ~
[INFO] [stdout] 
[INFO] [stdout] 
[INFO] [stderr]     Finished `dev` profile [unoptimized + debuginfo] target(s) in 42.23s
[INFO] running `Command { std: "docker" "inspect" "e6078837a570f2c0ef86b5158db722742e476a7254b781f6cefebb48986ef474", kill_on_drop: false }`
[INFO] running `Command { std: "docker" "rm" "-f" "e6078837a570f2c0ef86b5158db722742e476a7254b781f6cefebb48986ef474", kill_on_drop: false }`
[INFO] [stdout] e6078837a570f2c0ef86b5158db722742e476a7254b781f6cefebb48986ef474
[INFO] running `Command { std: "docker" "create" "-v" "/var/lib/crater-agent-workspace/builds/worker-1-tc1/target:/opt/rustwide/target:rw,Z" "-v" "/var/lib/crater-agent-workspace/builds/worker-1-tc1/source:/opt/rustwide/workdir:ro,Z" "-v" "/var/lib/crater-agent-workspace/cargo-home:/opt/rustwide/cargo-home:ro,Z" "-v" "/var/lib/crater-agent-workspace/rustup-home:/opt/rustwide/rustup-home:ro,Z" "-e" "SOURCE_DIR=/opt/rustwide/workdir" "-e" "CARGO_TARGET_DIR=/opt/rustwide/target" "-e" "CARGO_INCREMENTAL=0" "-e" "RUST_BACKTRACE=full" "-e" "RUSTFLAGS=--cap-lints=forbid" "-e" "RUSTDOCFLAGS=--cap-lints=forbid" "-e" "CARGO_HOME=/opt/rustwide/cargo-home" "-e" "RUSTUP_HOME=/opt/rustwide/rustup-home" "-w" "/opt/rustwide/workdir" "-m" "1610612736" "--user" "0:0" "--network" "none" "ghcr.io/rust-lang/crates-build-env/linux@sha256:819108c5571ea2e421544af4d832f968d213c87fbe3707a016657f43d2f853bc" "/opt/rustwide/cargo-home/bin/cargo" "+nightly-2025-01-18" "test" "--frozen" "--no-run" "--message-format=json", kill_on_drop: false }`
[INFO] [stdout] dea031a0632360e2a39318ac2304b015607f69c29479ca98bbecd1672ffad03f
[INFO] running `Command { std: "docker" "start" "-a" "dea031a0632360e2a39318ac2304b015607f69c29479ca98bbecd1672ffad03f", kill_on_drop: false }`
[INFO] [stderr]    Compiling aoc2018 v0.1.0 (/opt/rustwide/workdir)
[INFO] [stdout] warning: use of deprecated function `ncurses::printw`: printw can segfault when printing string that contains % sign. Use addstr instead
[INFO] [stdout]    --> src/bin/day19.rs:402:18
[INFO] [stdout]     |
[INFO] [stdout] 402 |         ncurses::printw("Result is ");
[INFO] [stdout]     |                  ^^^^^^
[INFO] [stdout]     |
[INFO] [stdout]     = note: `#[warn(deprecated)]` on by default
[INFO] [stdout] 
[INFO] [stdout] 
[INFO] [stdout] warning: use of deprecated function `ncurses::printw`: printw can segfault when printing string that contains % sign. Use addstr instead
[INFO] [stdout]    --> src/bin/day19.rs:405:18
[INFO] [stdout]     |
[INFO] [stdout] 405 |         ncurses::printw(&a);
[INFO] [stdout]     |                  ^^^^^^
[INFO] [stdout] 
[INFO] [stdout] 
[INFO] [stdout] warning: use of deprecated function `ncurses::printw`: printw can segfault when printing string that contains % sign. Use addstr instead
[INFO] [stdout]    --> src/bin/day19.rs:408:18
[INFO] [stdout]     |
[INFO] [stdout] 408 |         ncurses::printw(", press [enter] to exit...");
[INFO] [stdout]     |                  ^^^^^^
[INFO] [stdout] 
[INFO] [stdout] 
[INFO] [stdout] warning: use of deprecated function `ncurses::printw`: printw can segfault when printing string that contains % sign. Use addstr instead
[INFO] [stdout]    --> src/bin/day19.rs:461:26
[INFO] [stdout]     |
[INFO] [stdout] 461 |                 ncurses::printw(">");
[INFO] [stdout]     |                          ^^^^^^
[INFO] [stdout] 
[INFO] [stdout] 
[INFO] [stdout] warning: use of deprecated function `ncurses::printw`: printw can segfault when printing string that contains % sign. Use addstr instead
[INFO] [stdout]    --> src/bin/day19.rs:467:22
[INFO] [stdout]     |
[INFO] [stdout] 467 |             ncurses::printw(&format!("{} {}, {}, {}", inst.op_code, a, b, c));
[INFO] [stdout]     |                      ^^^^^^
[INFO] [stdout] 
[INFO] [stdout] 
[INFO] [stdout] warning: use of deprecated function `ncurses::printw`: printw can segfault when printing string that contains % sign. Use addstr instead
[INFO] [stdout]    --> src/bin/day19.rs:482:22
[INFO] [stdout]     |
[INFO] [stdout] 482 |             ncurses::printw(&format!("{} = ", name));
[INFO] [stdout]     |                      ^^^^^^
[INFO] [stdout] 
[INFO] [stdout] 
[INFO] [stdout] warning: use of deprecated function `ncurses::printw`: printw can segfault when printing string that contains % sign. Use addstr instead
[INFO] [stdout]    --> src/bin/day19.rs:488:22
[INFO] [stdout]     |
[INFO] [stdout] 488 |             ncurses::printw(&value.to_string());
[INFO] [stdout]     |                      ^^^^^^
[INFO] [stdout] 
[INFO] [stdout] 
[INFO] [stdout] warning: use of deprecated function `ncurses::printw`: printw can segfault when printing string that contains % sign. Use addstr instead
[INFO] [stdout]    --> src/bin/day19.rs:497:22
[INFO] [stdout]     |
[INFO] [stdout] 497 |             ncurses::printw("press [space] to step...");
[INFO] [stdout]     |                      ^^^^^^
[INFO] [stdout] 
[INFO] [stdout] 
[INFO] [stdout] warning: variable does not need to be mutable
[INFO] [stdout]    --> src/bin/day9.rs:163:17
[INFO] [stdout]     |
[INFO] [stdout] 163 |             let mut c = Box::<Data>::from_raw(ptr);
[INFO] [stdout]     |                 ----^
[INFO] [stdout]     |                 |
[INFO] [stdout]     |                 help: remove this `mut`
[INFO] [stdout]     |
[INFO] [stdout]     = note: `#[warn(unused_mut)]` on by default
[INFO] [stdout] 
[INFO] [stdout] 
[INFO] [stdout] warning: unused return value of `Box::<T>::from_raw` that must be used
[INFO] [stdout]    --> src/bin/day9.rs:203:17
[INFO] [stdout]     |
[INFO] [stdout] 203 |                 Box::from_raw(d);
[INFO] [stdout]     |                 ^^^^^^^^^^^^^^^^
[INFO] [stdout]     |
[INFO] [stdout]     = note: call `drop(Box::from_raw(ptr))` if you intend to drop the `Box`
[INFO] [stdout]     = note: `#[warn(unused_must_use)]` on by default
[INFO] [stdout] help: use `let _ = ...` to ignore the resulting value
[INFO] [stdout]     |
[INFO] [stdout] 203 |                 let _ = Box::from_raw(d);
[INFO] [stdout]     |                 +++++++
[INFO] [stdout] 
[INFO] [stdout] 
[INFO] [stdout] warning: unused return value of `Box::<T>::from_raw` that must be used
[INFO] [stdout]    --> src/bin/day9.rs:206:13
[INFO] [stdout]     |
[INFO] [stdout] 206 |             Box::from_raw(c);
[INFO] [stdout]     |             ^^^^^^^^^^^^^^^^
[INFO] [stdout]     |
[INFO] [stdout]     = note: call `drop(Box::from_raw(ptr))` if you intend to drop the `Box`
[INFO] [stdout] help: use `let _ = ...` to ignore the resulting value
[INFO] [stdout]     |
[INFO] [stdout] 206 |             let _ = Box::from_raw(c);
[INFO] [stdout]     |             +++++++
[INFO] [stdout] 
[INFO] [stdout] 
[INFO] [stdout] warning: value assigned to `prev` is never read
[INFO] [stdout]    --> src/bin/day19.rs:278:13
[INFO] [stdout]     |
[INFO] [stdout] 278 |     let mut prev = None;
[INFO] [stdout]     |             ^^^^
[INFO] [stdout]     |
[INFO] [stdout]     = help: maybe it is overwritten before being read?
[INFO] [stdout]     = note: `#[warn(unused_assignments)]` on by default
[INFO] [stdout] 
[INFO] [stdout] 
[INFO] [stdout] warning: use of deprecated function `ncurses::printw`: printw can segfault when printing string that contains % sign. Use addstr instead
[INFO] [stdout]    --> src/bin/day16.rs:382:18
[INFO] [stdout]     |
[INFO] [stdout] 382 |         ncurses::printw("Result is ");
[INFO] [stdout]     |                  ^^^^^^
[INFO] [stdout]     |
[INFO] [stdout]     = note: `#[warn(deprecated)]` on by default
[INFO] [stdout] 
[INFO] [stdout] 
[INFO] [stdout] warning: use of deprecated function `ncurses::printw`: printw can segfault when printing string that contains % sign. Use addstr instead
[INFO] [stdout]    --> src/bin/day16.rs:385:18
[INFO] [stdout]     |
[INFO] [stdout] 385 |         ncurses::printw(&a);
[INFO] [stdout]     |                  ^^^^^^
[INFO] [stdout] 
[INFO] [stdout] 
[INFO] [stdout] warning: use of deprecated function `ncurses::printw`: printw can segfault when printing string that contains % sign. Use addstr instead
[INFO] [stdout]    --> src/bin/day16.rs:388:18
[INFO] [stdout]     |
[INFO] [stdout] 388 |         ncurses::printw(", press [enter] to exit...");
[INFO] [stdout]     |                  ^^^^^^
[INFO] [stdout] 
[INFO] [stdout] 
[INFO] [stdout] warning: use of deprecated function `ncurses::printw`: printw can segfault when printing string that contains % sign. Use addstr instead
[INFO] [stdout]    --> src/bin/day16.rs:441:26
[INFO] [stdout]     |
[INFO] [stdout] 441 |                 ncurses::printw(">");
[INFO] [stdout]     |                          ^^^^^^
[INFO] [stdout] 
[INFO] [stdout] 
[INFO] [stdout] warning: use of deprecated function `ncurses::printw`: printw can segfault when printing string that contains % sign. Use addstr instead
[INFO] [stdout]    --> src/bin/day16.rs:447:22
[INFO] [stdout]     |
[INFO] [stdout] 447 |             ncurses::printw(&format!("{} {}, {}, {}", op, a, b, c));
[INFO] [stdout]     |                      ^^^^^^
[INFO] [stdout] 
[INFO] [stdout] 
[INFO] [stdout] warning: use of deprecated function `ncurses::printw`: printw can segfault when printing string that contains % sign. Use addstr instead
[INFO] [stdout]    --> src/bin/day16.rs:462:22
[INFO] [stdout]     |
[INFO] [stdout] 462 |             ncurses::printw(&format!("{} = ", name));
[INFO] [stdout]     |                      ^^^^^^
[INFO] [stdout] 
[INFO] [stdout] 
[INFO] [stdout] warning: use of deprecated function `ncurses::printw`: printw can segfault when printing string that contains % sign. Use addstr instead
[INFO] [stdout]    --> src/bin/day16.rs:468:22
[INFO] [stdout]     |
[INFO] [stdout] 468 |             ncurses::printw(&value.to_string());
[INFO] [stdout]     |                      ^^^^^^
[INFO] [stdout] 
[INFO] [stdout] 
[INFO] [stdout] warning: use of deprecated function `ncurses::printw`: printw can segfault when printing string that contains % sign. Use addstr instead
[INFO] [stdout]    --> src/bin/day16.rs:479:22
[INFO] [stdout]     |
[INFO] [stdout] 479 |             ncurses::printw("Press [space] to step...");
[INFO] [stdout]     |                      ^^^^^^
[INFO] [stdout] 
[INFO] [stdout] 
[INFO] [stdout] warning: this method call resolves to `<&[T; N] as IntoIterator>::into_iter` (due to backwards compatibility), but will resolve to `<[T; N] as IntoIterator>::into_iter` in Rust 2021
[INFO] [stdout]    --> src/bin/day19.rs:475:14
[INFO] [stdout]     |
[INFO] [stdout] 475 |             .into_iter()
[INFO] [stdout]     |              ^^^^^^^^^
[INFO] [stdout]     |
[INFO] [stdout]     = warning: this changes meaning in Rust 2021
[INFO] [stdout]     = note: for more information, see <https://doc.rust-lang.org/nightly/edition-guide/rust-2021/IntoIterator-for-arrays.html>
[INFO] [stdout]     = note: `#[warn(array_into_iter)]` on by default
[INFO] [stdout] help: use `.iter()` instead of `.into_iter()` to avoid ambiguity
[INFO] [stdout]     |
[INFO] [stdout] 475 |             .iter()
[INFO] [stdout]     |              ~~~~
[INFO] [stdout] help: or use `IntoIterator::into_iter(..)` instead of `.into_iter()` to explicitly iterate by value
[INFO] [stdout]     |
[INFO] [stdout] 474 |         for (line, (name, value)) in IntoIterator::into_iter(['0', '1', '2', '3', '4', '5'])
[INFO] [stdout]     |                                      ++++++++++++++++++++++++                              ~
[INFO] [stdout] 
[INFO] [stdout] 
[INFO] [stdout] warning: this method call resolves to `<&[T; N] as IntoIterator>::into_iter` (due to backwards compatibility), but will resolve to `<[T; N] as IntoIterator>::into_iter` in Rust 2021
[INFO] [stdout]    --> src/bin/day16.rs:455:14
[INFO] [stdout]     |
[INFO] [stdout] 455 |             .into_iter()
[INFO] [stdout]     |              ^^^^^^^^^
[INFO] [stdout]     |
[INFO] [stdout]     = warning: this changes meaning in Rust 2021
[INFO] [stdout]     = note: for more information, see <https://doc.rust-lang.org/nightly/edition-guide/rust-2021/IntoIterator-for-arrays.html>
[INFO] [stdout]     = note: `#[warn(array_into_iter)]` on by default
[INFO] [stdout] help: use `.iter()` instead of `.into_iter()` to avoid ambiguity
[INFO] [stdout]     |
[INFO] [stdout] 455 |             .iter()
[INFO] [stdout]     |              ~~~~
[INFO] [stdout] help: or use `IntoIterator::into_iter(..)` instead of `.into_iter()` to explicitly iterate by value
[INFO] [stdout]     |
[INFO] [stdout] 454 |         for (line, (name, value)) in IntoIterator::into_iter(['0', '1', '2', '3'])
[INFO] [stdout]     |                                      ++++++++++++++++++++++++                    ~
[INFO] [stdout] 
[INFO] [stdout] 
[INFO] [stderr] rustc-LLVM ERROR: IO failure on output stream: No space left on device
[INFO] [stderr] rustc-LLVM ERROR: IO failure on output stream: No space left on device
[INFO] [stdout] error: couldn't create a temp dir: No space left on device (os error 28) at path "/opt/rustwide/target/debug/deps/rmetagoncWe"
[INFO] [stdout] 
[INFO] [stdout] 
[INFO] [stderr] error: could not compile `aoc2018` (bin "day5" test) due to 1 previous error
[INFO] [stderr] warning: build failed, waiting for other jobs to finish...
[INFO] [stderr] error: could not compile `aoc2018` (bin "day3" test)
[INFO] [stderr] 
[INFO] [stderr] Caused by:
[INFO] [stderr]   No space left on device (os error 28)
[INFO] [stderr] 
[INFO] [stderr] Caused by:
[INFO] [stderr]   failed to parse process output: `/opt/rustwide/rustup-home/toolchains/nightly-2025-01-18-x86_64-unknown-linux-gnu/bin/rustc --crate-name day3 --edition=2018 src/bin/day3.rs --error-format=json --json=diagnostic-rendered-ansi,artifacts,future-incompat --emit=dep-info,link -C embed-bitcode=no -C debuginfo=2 --test --check-cfg 'cfg(docsrs,test)' --check-cfg 'cfg(feature, values())' -C metadata=db9ee2745b0aea3c -C extra-filename=-ee9dd4569cf87159 --out-dir /opt/rustwide/target/debug/deps -L dependency=/opt/rustwide/target/debug/deps --extern anyhow=/opt/rustwide/target/debug/deps/libanyhow-7d67c2549490e870.rlib --extern aoc2018=/opt/rustwide/target/debug/deps/libaoc2018-e6e28fc33f165762.rlib --extern chrono=/opt/rustwide/target/debug/deps/libchrono-108aa584ed19d271.rlib --extern hashbrown=/opt/rustwide/target/debug/deps/libhashbrown-1bda5b4be6eb2cf2.rlib --extern itertools=/opt/rustwide/target/debug/deps/libitertools-c04df8960c8bf652.rlib --extern nalgebra=/opt/rustwide/target/debug/deps/libnalgebra-80682859ad5e2fce.rlib --extern ncurses=/opt/rustwide/target/debug/deps/libncurses-1429eda6849770dc.rlib --extern num=/opt/rustwide/target/debug/deps/libnum-7955d12bd03ebd1d.rlib --extern rayon=/opt/rustwide/target/debug/deps/librayon-aafb66ab7c9c105a.rlib --cap-lints=forbid -L native=/usr/lib/x86_64-linux-gnu` (exit status: 101)
[INFO] [stdout] error: linking with `cc` failed: exit status: 1
[INFO] [stdout]   |
[INFO] [stdout]   = note: LC_ALL="C" PATH="/opt/rustwide/rustup-home/toolchains/nightly-2025-01-18-x86_64-unknown-linux-gnu/lib/rustlib/x86_64-unknown-linux-gnu/bin:/opt/rustwide/rustup-home/toolchains/nightly-2025-01-18-x86_64-unknown-linux-gnu/lib/rustlib/x86_64-unknown-linux-gnu/bin/self-contained:/opt/rustwide/cargo-home/bin:/usr/local/sbin:/usr/local/bin:/usr/sbin:/usr/bin:/sbin:/bin" VSLANG="1033" "cc" "-m64" "/tmp/rustcCaqx6E/symbols.o" "<2 object files omitted>" "-Wl,--as-needed" "-Wl,-Bstatic" "/opt/rustwide/rustup-home/toolchains/nightly-2025-01-18-x86_64-unknown-linux-gnu/lib/rustlib/x86_64-unknown-linux-gnu/lib/{libtest-56d991603ff5adf3.rlib,libgetopts-0374f2ffd4fc2ee9.rlib,libunicode_width-3710af304f7a6204.rlib,librustc_std_workspace_std-b58fe15d3ae9c93b.rlib}" "/opt/rustwide/target/debug/deps/{libaoc2018-e6e28fc33f165762.rlib,libnum-7955d12bd03ebd1d.rlib,libnum_iter-aaa6b0436889a92e.rlib,libnalgebra-80682859ad5e2fce.rlib,libalga-3cb71423aad738f8.rlib,librand_distr-2136b8b5be39cd3b.rlib,librand-1d5658efb4015d8e.rlib,librand_chacha-842310baf5584955.rlib,libc2_chacha-fc3b922feb07053b.rlib,libppv_lite86-35fb164369e9b29c.rlib,librand_core-382085af89d777d4.rlib,libgetrandom-7272d0e643b32bbc.rlib,libcfg_if-7e9efee4241be1ca.rlib,libnum_rational-775824bec546ab9d.rlib,libnum_bigint-b2ffd3bd10d8c64f.rlib,libnum_complex-7a8ed324cd261de5.rlib,libmatrixmultiply-0aa0acde3f005eca.rlib,librawpointer-a726d041f28ef5ec.rlib,libgeneric_array-87bea061c877cb14.rlib,libtypenum-62fa8a96236e38d9.rlib,libapprox-557400122f8dd0ce.rlib,libitertools-c04df8960c8bf652.rlib,libeither-d5be8a455e3dc4f2.rlib,libhashbrown-1bda5b4be6eb2cf2.rlib,libahash-b3ab7628716e7c41.rlib,libconst_random-6eba0b648b8c64df.rlib,libanyhow-7d67c2549490e870.rlib,libchrono-108aa584ed19d271.rlib,libnum_integer-210ed6b9dc6fe801.rlib,libnum_traits-110c6172bd6c9690.rlib,libtime-312f742a800db821.rlib,liblibc-4a6ed3d087fb1d22.rlib}" "/opt/rustwide/rustup-home/toolchains/nightly-2025-01-18-x86_64-unknown-linux-gnu/lib/rustlib/x86_64-unknown-linux-gnu/lib/{libstd-006123e2ce67e99d.rlib,libpanic_unwind-e1447e1efa6f1e57.rlib,libobject-f6963a4916fcf097.rlib,libmemchr-49a2d9af912f4524.rlib,libaddr2line-04d19aad3936869d.rlib,libgimli-483c235edb789db0.rlib,librustc_demangle-294281af50b8f748.rlib,libstd_detect-3b08295250aabc2a.rlib,libhashbrown-4472d1e05ba0dfaf.rlib,librustc_std_workspace_alloc-2ef099fac590e457.rlib,libminiz_oxide-8a51f5e848546c29.rlib,libadler2-3d3fa22b868db521.rlib,libunwind-0ffda8b08e22dbea.rlib,libcfg_if-b08f62458fdd43b9.rlib,liblibc-559675126e63b890.rlib,liballoc-fcf21c8d1c9c7b75.rlib,librustc_std_workspace_core-e0b0460135bcf21d.rlib,libcore-d4097fdcbddd3bc7.rlib,libcompiler_builtins-fea484ac1eed7881.rlib}" "-Wl,-Bdynamic" "-lutil" "-lgcc_s" "-lutil" "-lrt" "-lpthread" "-lm" "-ldl" "-lc" "-B/opt/rustwide/rustup-home/toolchains/nightly-2025-01-18-x86_64-unknown-linux-gnu/lib/rustlib/x86_64-unknown-linux-gnu/bin/gcc-ld" "-fuse-ld=lld" "-Wl,--eh-frame-hdr" "-Wl,-z,noexecstack" "-L" "/usr/lib/x86_64-linux-gnu" "-L" "/opt/rustwide/rustup-home/toolchains/nightly-2025-01-18-x86_64-unknown-linux-gnu/lib/rustlib/x86_64-unknown-linux-gnu/lib" "-o" "/opt/rustwide/target/debug/deps/day11-ce46f00007620967" "-Wl,--gc-sections" "-pie" "-Wl,-z,relro,-z,now" "-nodefaultlibs"
[INFO] [stdout]   = note: some arguments are omitted. use `--verbose` to show all linker arguments
[INFO] [stdout]   = note: PLEASE submit a bug report to https://github.com/llvm/llvm-project/issues/ and include the crash backtrace.
[INFO] [stdout]           Stack dump:
[INFO] [stdout]           0.    Program arguments: /opt/rustwide/rustup-home/toolchains/nightly-2025-01-18-x86_64-unknown-linux-gnu/lib/rustlib/x86_64-unknown-linux-gnu/bin/rust-lld -flavor gnu -plugin /usr/lib/gcc/x86_64-linux-gnu/11/liblto_plugin.so -plugin-opt=/usr/lib/gcc/x86_64-linux-gnu/11/lto-wrapper -plugin-opt=-fresolution=/tmp/cctmP3ny.res --build-id --eh-frame-hdr -m elf_x86_64 --hash-style=gnu --as-needed -dynamic-linker /lib64/ld-linux-x86-64.so.2 -pie -z now -z relro -o /opt/rustwide/target/debug/deps/day11-ce46f00007620967 /usr/lib/gcc/x86_64-linux-gnu/11/../../../x86_64-linux-gnu/Scrt1.o /usr/lib/gcc/x86_64-linux-gnu/11/../../../x86_64-linux-gnu/crti.o /usr/lib/gcc/x86_64-linux-gnu/11/crtbeginS.o -L/usr/lib/x86_64-linux-gnu -L/opt/rustwide/rustup-home/toolchains/nightly-2025-01-18-x86_64-unknown-linux-gnu/lib/rustlib/x86_64-unknown-linux-gnu/lib -L/opt/rustwide/rustup-home/toolchains/nightly-2025-01-18-x86_64-unknown-linux-gnu/lib/rustlib/x86_64-unknown-linux-gnu/bin/gcc-ld -L/usr/lib/gcc/x86_64-linux-gnu/11 -L/usr/lib/gcc/x86_64-linux-gnu/11/../../../x86_64-linux-gnu -L/usr/lib/gcc/x86_64-linux-gnu/11/../../../../lib -L/lib/x86_64-linux-gnu -L/lib/../lib -L/usr/lib/x86_64-linux-gnu -L/usr/lib/../lib -L/usr/lib/gcc/x86_64-linux-gnu/11/../../.. /tmp/rustcCaqx6E/symbols.o /opt/rustwide/target/debug/deps/day11-ce46f00007620967.day11.f646d77214fc3997-cgu.0.rcgu.o /opt/rustwide/target/debug/deps/day11-ce46f00007620967.1nn3irxz5lvfd0pp3utom2xs6.rcgu.o --as-needed -Bstatic /opt/rustwide/rustup-home/toolchains/nightly-2025-01-18-x86_64-unknown-linux-gnu/lib/rustlib/x86_64-unknown-linux-gnu/lib/libtest-56d991603ff5adf3.rlib /opt/rustwide/rustup-home/toolchains/nightly-2025-01-18-x86_64-unknown-linux-gnu/lib/rustlib/x86_64-unknown-linux-gnu/lib/libgetopts-0374f2ffd4fc2ee9.rlib /opt/rustwide/rustup-home/toolchains/nightly-2025-01-18-x86_64-unknown-linux-gnu/lib/rustlib/x86_64-unknown-linux-gnu/lib/libunicode_width-3710af304f7a6204.rlib /opt/rustwide/rustup-home/toolchains/nightly-2025-01-18-x86_64-unknown-linux-gnu/lib/rustlib/x86_64-unknown-linux-gnu/lib/librustc_std_workspace_std-b58fe15d3ae9c93b.rlib /opt/rustwide/target/debug/deps/libaoc2018-e6e28fc33f165762.rlib /opt/rustwide/target/debug/deps/libnum-7955d12bd03ebd1d.rlib /opt/rustwide/target/debug/deps/libnum_iter-aaa6b0436889a92e.rlib /opt/rustwide/target/debug/deps/libnalgebra-80682859ad5e2fce.rlib /opt/rustwide/target/debug/deps/libalga-3cb71423aad738f8.rlib /opt/rustwide/target/debug/deps/librand_distr-2136b8b5be39cd3b.rlib /opt/rustwide/target/debug/deps/librand-1d5658efb4015d8e.rlib /opt/rustwide/target/debug/deps/librand_chacha-842310baf5584955.rlib /opt/rustwide/target/debug/deps/libc2_chacha-fc3b922feb07053b.rlib /opt/rustwide/target/debug/deps/libppv_lite86-35fb164369e9b29c.rlib /opt/rustwide/target/debug/deps/librand_core-382085af89d777d4.rlib /opt/rustwide/target/debug/deps/libgetrandom-7272d0e643b32bbc.rlib /opt/rustwide/target/debug/deps/libcfg_if-7e9efee4241be1ca.rlib /opt/rustwide/target/debug/deps/libnum_rational-775824bec546ab9d.rlib /opt/rustwide/target/debug/deps/libnum_bigint-b2ffd3bd10d8c64f.rlib /opt/rustwide/target/debug/deps/libnum_complex-7a8ed324cd261de5.rlib /opt/rustwide/target/debug/deps/libmatrixmultiply-0aa0acde3f005eca.rlib /opt/rustwide/target/debug/deps/librawpointer-a726d041f28ef5ec.rlib /opt/rustwide/target/debug/deps/libgeneric_array-87bea061c877cb14.rlib /opt/rustwide/target/debug/deps/libtypenum-62fa8a96236e38d9.rlib /opt/rustwide/target/debug/deps/libapprox-557400122f8dd0ce.rlib /opt/rustwide/target/debug/deps/libitertools-c04df8960c8bf652.rlib /opt/rustwide/target/debug/deps/libeither-d5be8a455e3dc4f2.rlib /opt/rustwide/target/debug/deps/libhashbrown-1bda5b4be6eb2cf2.rlib /opt/rustwide/target/debug/deps/libahash-b3ab7628716e7c41.rlib /opt/rustwide/target/debug/deps/libconst_random-6eba0b648b8c64df.rlib /opt/rustwide/target/debug/deps/libanyhow-7d67c2549490e870.rlib /opt/rustwide/target/debug/deps/libchrono-108aa584ed19d271.rlib /opt/rustwide/target/debug/deps/libnum_integer-210ed6b9dc6fe801.rlib /opt/rustwide/target/debug/deps/libnum_traits-110c6172bd6c9690.rlib /opt/rustwide/target/debug/deps/libtime-312f742a800db821.rlib /opt/rustwide/target/debug/deps/liblibc-4a6ed3d087fb1d22.rlib /opt/rustwide/rustup-home/toolchains/nightly-2025-01-18-x86_64-unknown-linux-gnu/lib/rustlib/x86_64-unknown-linux-gnu/lib/libstd-006123e2ce67e99d.rlib /opt/rustwide/rustup-home/toolchains/nightly-2025-01-18-x86_64-unknown-linux-gnu/lib/rustlib/x86_64-unknown-linux-gnu/lib/libpanic_unwind-e1447e1efa6f1e57.rlib /opt/rustwide/rustup-home/toolchains/nightly-2025-01-18-x86_64-unknown-linux-gnu/lib/rustlib/x86_64-unknown-linux-gnu/lib/libobject-f6963a4916fcf097.rlib /opt/rustwide/rustup-home/toolchains/nightly-2025-01-18-x86_64-unknown-linux-gnu/lib/rustlib/x86_64-unknown-linux-gnu/lib/libmemchr-49a2d9af912f4524.rlib /opt/rustwide/rustup-home/toolchains/nightly-2025-01-18-x86_64-unknown-linux-gnu/lib/rustlib/x86_64-unknown-linux-gnu/lib/libaddr2line-04d19aad3936869d.rlib /opt/rustwide/rustup-home/toolchains/nightly-2025-01-18-x86_64-unknown-linux-gnu/lib/rustlib/x86_64-unknown-linux-gnu/lib/libgimli-483c235edb789db0.rlib /opt/rustwide/rustup-home/toolchains/nightly-2025-01-18-x86_64-unknown-linux-gnu/lib/rustlib/x86_64-unknown-linux-gnu/lib/librustc_demangle-294281af50b8f748.rlib /opt/rustwide/rustup-home/toolchains/nightly-2025-01-18-x86_64-unknown-linux-gnu/lib/rustlib/x86_64-unknown-linux-gnu/lib/libstd_detect-3b08295250aabc2a.rlib /opt/rustwide/rustup-home/toolchains/nightly-2025-01-18-x86_64-unknown-linux-gnu/lib/rustlib/x86_64-unknown-linux-gnu/lib/libhashbrown-4472d1e05ba0dfaf.rlib /opt/rustwide/rustup-home/toolchains/nightly-2025-01-18-x86_64-unknown-linux-gnu/lib/rustlib/x86_64-unknown-linux-gnu/lib/librustc_std_workspace_alloc-2ef099fac590e457.rlib /opt/rustwide/rustup-home/toolchains/nightly-2025-01-18-x86_64-unknown-linux-gnu/lib/rustlib/x86_64-unknown-linux-gnu/lib/libminiz_oxide-8a51f5e848546c29.rlib /opt/rustwide/rustup-home/toolchains/nightly-2025-01-18-x86_64-unknown-linux-gnu/lib/rustlib/x86_64-unknown-linux-gnu/lib/libadler2-3d3fa22b868db521.rlib /opt/rustwide/rustup-home/toolchains/nightly-2025-01-18-x86_64-unknown-linux-gnu/lib/rustlib/x86_64-unknown-linux-gnu/lib/libunwind-0ffda8b08e22dbea.rlib /opt/rustwide/rustup-home/toolchains/nightly-2025-01-18-x86_64-unknown-linux-gnu/lib/rustlib/x86_64-unknown-linux-gnu/lib/libcfg_if-b08f62458fdd43b9.rlib /opt/rustwide/rustup-home/toolchains/nightly-2025-01-18-x86_64-unknown-linux-gnu/lib/rustlib/x86_64-unknown-linux-gnu/lib/liblibc-559675126e63b890.rlib /opt/rustwide/rustup-home/toolchains/nightly-2025-01-18-x86_64-unknown-linux-gnu/lib/rustlib/x86_64-unknown-linux-gnu/lib/liballoc-fcf21c8d1c9c7b75.rlib /opt/rustwide/rustup-home/toolchains/nightly-2025-01-18-x86_64-unknown-linux-gnu/lib/rustlib/x86_64-unknown-linux-gnu/lib/librustc_std_workspace_core-e0b0460135bcf21d.rlib /opt/rustwide/rustup-home/toolchains/nightly-2025-01-18-x86_64-unknown-linux-gnu/lib/rustlib/x86_64-unknown-linux-gnu/lib/libcore-d4097fdcbddd3bc7.rlib /opt/rustwide/rustup-home/toolchains/nightly-2025-01-18-x86_64-unknown-linux-gnu/lib/rustlib/x86_64-unknown-linux-gnu/lib/libcompiler_builtins-fea484ac1eed7881.rlib -Bdynamic -lutil -lgcc_s -lutil -lrt -lpthread -lm -ldl -lc --eh-frame-hdr -z noexecstack --gc-sections -z relro -z now /usr/lib/gcc/x86_64-linux-gnu/11/crtendS.o /usr/lib/gcc/x86_64-linux-gnu/11/../../../x86_64-linux-gnu/crtn.o
[INFO] [stdout]           LLVM ERROR: IO failure on output stream: No space left on device
[INFO] [stdout]           collect2: error: ld returned 1 exit status
[INFO] [stdout]           
[INFO] [stdout] 
[INFO] [stdout] 
[INFO] [stderr] error: could not compile `aoc2018` (bin "day16" test); 9 warnings emitted
[INFO] [stderr] 
[INFO] [stderr] Caused by:
[INFO] [stderr]   process didn't exit successfully: `/opt/rustwide/rustup-home/toolchains/nightly-2025-01-18-x86_64-unknown-linux-gnu/bin/rustc --crate-name day16 --edition=2018 src/bin/day16.rs --error-format=json --json=diagnostic-rendered-ansi,artifacts,future-incompat --emit=dep-info,link -C embed-bitcode=no -C debuginfo=2 --test --check-cfg 'cfg(docsrs,test)' --check-cfg 'cfg(feature, values())' -C metadata=1a4eaa9345737b72 -C extra-filename=-ccf7bda5e43ea375 --out-dir /opt/rustwide/target/debug/deps -L dependency=/opt/rustwide/target/debug/deps --extern anyhow=/opt/rustwide/target/debug/deps/libanyhow-7d67c2549490e870.rlib --extern aoc2018=/opt/rustwide/target/debug/deps/libaoc2018-e6e28fc33f165762.rlib --extern chrono=/opt/rustwide/target/debug/deps/libchrono-108aa584ed19d271.rlib --extern hashbrown=/opt/rustwide/target/debug/deps/libhashbrown-1bda5b4be6eb2cf2.rlib --extern itertools=/opt/rustwide/target/debug/deps/libitertools-c04df8960c8bf652.rlib --extern nalgebra=/opt/rustwide/target/debug/deps/libnalgebra-80682859ad5e2fce.rlib --extern ncurses=/opt/rustwide/target/debug/deps/libncurses-1429eda6849770dc.rlib --extern num=/opt/rustwide/target/debug/deps/libnum-7955d12bd03ebd1d.rlib --extern rayon=/opt/rustwide/target/debug/deps/librayon-aafb66ab7c9c105a.rlib --cap-lints=forbid -L native=/usr/lib/x86_64-linux-gnu` (exit status: 101)
[INFO] [stderr] error: could not compile `aoc2018` (bin "day11" test) due to 1 previous error
[INFO] [stdout] error: linking with `cc` failed: exit status: 1
[INFO] [stdout]   |
[INFO] [stdout]   = note: LC_ALL="C" PATH="/opt/rustwide/rustup-home/toolchains/nightly-2025-01-18-x86_64-unknown-linux-gnu/lib/rustlib/x86_64-unknown-linux-gnu/bin:/opt/rustwide/rustup-home/toolchains/nightly-2025-01-18-x86_64-unknown-linux-gnu/lib/rustlib/x86_64-unknown-linux-gnu/bin/self-contained:/opt/rustwide/cargo-home/bin:/usr/local/sbin:/usr/local/bin:/usr/sbin:/usr/bin:/sbin:/bin" VSLANG="1033" "cc" "-m64" "/tmp/rustcNYgrRO/symbols.o" "<2 object files omitted>" "-Wl,--as-needed" "-Wl,-Bstatic" "/opt/rustwide/target/debug/deps/{libncurses-1429eda6849770dc.rlib}" "/opt/rustwide/rustup-home/toolchains/nightly-2025-01-18-x86_64-unknown-linux-gnu/lib/rustlib/x86_64-unknown-linux-gnu/lib/{libtest-56d991603ff5adf3.rlib,libgetopts-0374f2ffd4fc2ee9.rlib,libunicode_width-3710af304f7a6204.rlib,librustc_std_workspace_std-b58fe15d3ae9c93b.rlib}" "/opt/rustwide/target/debug/deps/{libaoc2018-e6e28fc33f165762.rlib,libnum-7955d12bd03ebd1d.rlib,libnum_iter-aaa6b0436889a92e.rlib,libnalgebra-80682859ad5e2fce.rlib,libalga-3cb71423aad738f8.rlib,librand_distr-2136b8b5be39cd3b.rlib,librand-1d5658efb4015d8e.rlib,librand_chacha-842310baf5584955.rlib,libc2_chacha-fc3b922feb07053b.rlib,libppv_lite86-35fb164369e9b29c.rlib,librand_core-382085af89d777d4.rlib,libgetrandom-7272d0e643b32bbc.rlib,libcfg_if-7e9efee4241be1ca.rlib,libnum_rational-775824bec546ab9d.rlib,libnum_bigint-b2ffd3bd10d8c64f.rlib,libnum_complex-7a8ed324cd261de5.rlib,libmatrixmultiply-0aa0acde3f005eca.rlib,librawpointer-a726d041f28ef5ec.rlib,libgeneric_array-87bea061c877cb14.rlib,libtypenum-62fa8a96236e38d9.rlib,libapprox-557400122f8dd0ce.rlib,libitertools-c04df8960c8bf652.rlib,libeither-d5be8a455e3dc4f2.rlib,libhashbrown-1bda5b4be6eb2cf2.rlib,libahash-b3ab7628716e7c41.rlib,libconst_random-6eba0b648b8c64df.rlib,libanyhow-7d67c2549490e870.rlib,libchrono-108aa584ed19d271.rlib,libnum_integer-210ed6b9dc6fe801.rlib,libnum_traits-110c6172bd6c9690.rlib,libtime-312f742a800db821.rlib,liblibc-4a6ed3d087fb1d22.rlib}" "/opt/rustwide/rustup-home/toolchains/nightly-2025-01-18-x86_64-unknown-linux-gnu/lib/rustlib/x86_64-unknown-linux-gnu/lib/{libstd-006123e2ce67e99d.rlib,libpanic_unwind-e1447e1efa6f1e57.rlib,libobject-f6963a4916fcf097.rlib,libmemchr-49a2d9af912f4524.rlib,libaddr2line-04d19aad3936869d.rlib,libgimli-483c235edb789db0.rlib,librustc_demangle-294281af50b8f748.rlib,libstd_detect-3b08295250aabc2a.rlib,libhashbrown-4472d1e05ba0dfaf.rlib,librustc_std_workspace_alloc-2ef099fac590e457.rlib,libminiz_oxide-8a51f5e848546c29.rlib,libadler2-3d3fa22b868db521.rlib,libunwind-0ffda8b08e22dbea.rlib,libcfg_if-b08f62458fdd43b9.rlib,liblibc-559675126e63b890.rlib,liballoc-fcf21c8d1c9c7b75.rlib,librustc_std_workspace_core-e0b0460135bcf21d.rlib,libcore-d4097fdcbddd3bc7.rlib,libcompiler_builtins-fea484ac1eed7881.rlib}" "-Wl,-Bdynamic" "-lncurses" "-ltinfo" "-lutil" "-lgcc_s" "-lutil" "-lrt" "-lpthread" "-lm" "-ldl" "-lc" "-B/opt/rustwide/rustup-home/toolchains/nightly-2025-01-18-x86_64-unknown-linux-gnu/lib/rustlib/x86_64-unknown-linux-gnu/bin/gcc-ld" "-fuse-ld=lld" "-Wl,--eh-frame-hdr" "-Wl,-z,noexecstack" "-L" "/usr/lib/x86_64-linux-gnu" "-L" "/opt/rustwide/rustup-home/toolchains/nightly-2025-01-18-x86_64-unknown-linux-gnu/lib/rustlib/x86_64-unknown-linux-gnu/lib" "-o" "/opt/rustwide/target/debug/deps/day19-99b6fff37a33b052" "-Wl,--gc-sections" "-pie" "-Wl,-z,relro,-z,now" "-nodefaultlibs"
[INFO] [stdout]   = note: some arguments are omitted. use `--verbose` to show all linker arguments
[INFO] [stdout]   = note: PLEASE submit a bug report to https://github.com/llvm/llvm-project/issues/ and include the crash backtrace.
[INFO] [stdout]           Stack dump:
[INFO] [stdout]           0.    Program arguments: /opt/rustwide/rustup-home/toolchains/nightly-2025-01-18-x86_64-unknown-linux-gnu/lib/rustlib/x86_64-unknown-linux-gnu/bin/rust-lld -flavor gnu -plugin /usr/lib/gcc/x86_64-linux-gnu/11/liblto_plugin.so -plugin-opt=/usr/lib/gcc/x86_64-linux-gnu/11/lto-wrapper -plugin-opt=-fresolution=/tmp/cc2Jed5a.res --build-id --eh-frame-hdr -m elf_x86_64 --hash-style=gnu --as-needed -dynamic-linker /lib64/ld-linux-x86-64.so.2 -pie -z now -z relro -o /opt/rustwide/target/debug/deps/day19-99b6fff37a33b052 /usr/lib/gcc/x86_64-linux-gnu/11/../../../x86_64-linux-gnu/Scrt1.o /usr/lib/gcc/x86_64-linux-gnu/11/../../../x86_64-linux-gnu/crti.o /usr/lib/gcc/x86_64-linux-gnu/11/crtbeginS.o -L/usr/lib/x86_64-linux-gnu -L/opt/rustwide/rustup-home/toolchains/nightly-2025-01-18-x86_64-unknown-linux-gnu/lib/rustlib/x86_64-unknown-linux-gnu/lib -L/opt/rustwide/rustup-home/toolchains/nightly-2025-01-18-x86_64-unknown-linux-gnu/lib/rustlib/x86_64-unknown-linux-gnu/bin/gcc-ld -L/usr/lib/gcc/x86_64-linux-gnu/11 -L/usr/lib/gcc/x86_64-linux-gnu/11/../../../x86_64-linux-gnu -L/usr/lib/gcc/x86_64-linux-gnu/11/../../../../lib -L/lib/x86_64-linux-gnu -L/lib/../lib -L/usr/lib/x86_64-linux-gnu -L/usr/lib/../lib -L/usr/lib/gcc/x86_64-linux-gnu/11/../../.. /tmp/rustcNYgrRO/symbols.o /opt/rustwide/target/debug/deps/day19-99b6fff37a33b052.day19.2e40d246f6d7f4bb-cgu.0.rcgu.o /opt/rustwide/target/debug/deps/day19-99b6fff37a33b052.8zdh9zsdxwmb8nja4oigk0fy3.rcgu.o --as-needed -Bstatic /opt/rustwide/target/debug/deps/libncurses-1429eda6849770dc.rlib /opt/rustwide/rustup-home/toolchains/nightly-2025-01-18-x86_64-unknown-linux-gnu/lib/rustlib/x86_64-unknown-linux-gnu/lib/libtest-56d991603ff5adf3.rlib /opt/rustwide/rustup-home/toolchains/nightly-2025-01-18-x86_64-unknown-linux-gnu/lib/rustlib/x86_64-unknown-linux-gnu/lib/libgetopts-0374f2ffd4fc2ee9.rlib /opt/rustwide/rustup-home/toolchains/nightly-2025-01-18-x86_64-unknown-linux-gnu/lib/rustlib/x86_64-unknown-linux-gnu/lib/libunicode_width-3710af304f7a6204.rlib /opt/rustwide/rustup-home/toolchains/nightly-2025-01-18-x86_64-unknown-linux-gnu/lib/rustlib/x86_64-unknown-linux-gnu/lib/librustc_std_workspace_std-b58fe15d3ae9c93b.rlib /opt/rustwide/target/debug/deps/libaoc2018-e6e28fc33f165762.rlib /opt/rustwide/target/debug/deps/libnum-7955d12bd03ebd1d.rlib /opt/rustwide/target/debug/deps/libnum_iter-aaa6b0436889a92e.rlib /opt/rustwide/target/debug/deps/libnalgebra-80682859ad5e2fce.rlib /opt/rustwide/target/debug/deps/libalga-3cb71423aad738f8.rlib /opt/rustwide/target/debug/deps/librand_distr-2136b8b5be39cd3b.rlib /opt/rustwide/target/debug/deps/librand-1d5658efb4015d8e.rlib /opt/rustwide/target/debug/deps/librand_chacha-842310baf5584955.rlib /opt/rustwide/target/debug/deps/libc2_chacha-fc3b922feb07053b.rlib /opt/rustwide/target/debug/deps/libppv_lite86-35fb164369e9b29c.rlib /opt/rustwide/target/debug/deps/librand_core-382085af89d777d4.rlib /opt/rustwide/target/debug/deps/libgetrandom-7272d0e643b32bbc.rlib /opt/rustwide/target/debug/deps/libcfg_if-7e9efee4241be1ca.rlib /opt/rustwide/target/debug/deps/libnum_rational-775824bec546ab9d.rlib /opt/rustwide/target/debug/deps/libnum_bigint-b2ffd3bd10d8c64f.rlib /opt/rustwide/target/debug/deps/libnum_complex-7a8ed324cd261de5.rlib /opt/rustwide/target/debug/deps/libmatrixmultiply-0aa0acde3f005eca.rlib /opt/rustwide/target/debug/deps/librawpointer-a726d041f28ef5ec.rlib /opt/rustwide/target/debug/deps/libgeneric_array-87bea061c877cb14.rlib /opt/rustwide/target/debug/deps/libtypenum-62fa8a96236e38d9.rlib /opt/rustwide/target/debug/deps/libapprox-557400122f8dd0ce.rlib /opt/rustwide/target/debug/deps/libitertools-c04df8960c8bf652.rlib /opt/rustwide/target/debug/deps/libeither-d5be8a455e3dc4f2.rlib /opt/rustwide/target/debug/deps/libhashbrown-1bda5b4be6eb2cf2.rlib /opt/rustwide/target/debug/deps/libahash-b3ab7628716e7c41.rlib /opt/rustwide/target/debug/deps/libconst_random-6eba0b648b8c64df.rlib /opt/rustwide/target/debug/deps/libanyhow-7d67c2549490e870.rlib /opt/rustwide/target/debug/deps/libchrono-108aa584ed19d271.rlib /opt/rustwide/target/debug/deps/libnum_integer-210ed6b9dc6fe801.rlib /opt/rustwide/target/debug/deps/libnum_traits-110c6172bd6c9690.rlib /opt/rustwide/target/debug/deps/libtime-312f742a800db821.rlib /opt/rustwide/target/debug/deps/liblibc-4a6ed3d087fb1d22.rlib /opt/rustwide/rustup-home/toolchains/nightly-2025-01-18-x86_64-unknown-linux-gnu/lib/rustlib/x86_64-unknown-linux-gnu/lib/libstd-006123e2ce67e99d.rlib /opt/rustwide/rustup-home/toolchains/nightly-2025-01-18-x86_64-unknown-linux-gnu/lib/rustlib/x86_64-unknown-linux-gnu/lib/libpanic_unwind-e1447e1efa6f1e57.rlib /opt/rustwide/rustup-home/toolchains/nightly-2025-01-18-x86_64-unknown-linux-gnu/lib/rustlib/x86_64-unknown-linux-gnu/lib/libobject-f6963a4916fcf097.rlib /opt/rustwide/rustup-home/toolchains/nightly-2025-01-18-x86_64-unknown-linux-gnu/lib/rustlib/x86_64-unknown-linux-gnu/lib/libmemchr-49a2d9af912f4524.rlib /opt/rustwide/rustup-home/toolchains/nightly-2025-01-18-x86_64-unknown-linux-gnu/lib/rustlib/x86_64-unknown-linux-gnu/lib/libaddr2line-04d19aad3936869d.rlib /opt/rustwide/rustup-home/toolchains/nightly-2025-01-18-x86_64-unknown-linux-gnu/lib/rustlib/x86_64-unknown-linux-gnu/lib/libgimli-483c235edb789db0.rlib /opt/rustwide/rustup-home/toolchains/nightly-2025-01-18-x86_64-unknown-linux-gnu/lib/rustlib/x86_64-unknown-linux-gnu/lib/librustc_demangle-294281af50b8f748.rlib /opt/rustwide/rustup-home/toolchains/nightly-2025-01-18-x86_64-unknown-linux-gnu/lib/rustlib/x86_64-unknown-linux-gnu/lib/libstd_detect-3b08295250aabc2a.rlib /opt/rustwide/rustup-home/toolchains/nightly-2025-01-18-x86_64-unknown-linux-gnu/lib/rustlib/x86_64-unknown-linux-gnu/lib/libhashbrown-4472d1e05ba0dfaf.rlib /opt/rustwide/rustup-home/toolchains/nightly-2025-01-18-x86_64-unknown-linux-gnu/lib/rustlib/x86_64-unknown-linux-gnu/lib/librustc_std_workspace_alloc-2ef099fac590e457.rlib /opt/rustwide/rustup-home/toolchains/nightly-2025-01-18-x86_64-unknown-linux-gnu/lib/rustlib/x86_64-unknown-linux-gnu/lib/libminiz_oxide-8a51f5e848546c29.rlib /opt/rustwide/rustup-home/toolchains/nightly-2025-01-18-x86_64-unknown-linux-gnu/lib/rustlib/x86_64-unknown-linux-gnu/lib/libadler2-3d3fa22b868db521.rlib /opt/rustwide/rustup-home/toolchains/nightly-2025-01-18-x86_64-unknown-linux-gnu/lib/rustlib/x86_64-unknown-linux-gnu/lib/libunwind-0ffda8b08e22dbea.rlib /opt/rustwide/rustup-home/toolchains/nightly-2025-01-18-x86_64-unknown-linux-gnu/lib/rustlib/x86_64-unknown-linux-gnu/lib/libcfg_if-b08f62458fdd43b9.rlib /opt/rustwide/rustup-home/toolchains/nightly-2025-01-18-x86_64-unknown-linux-gnu/lib/rustlib/x86_64-unknown-linux-gnu/lib/liblibc-559675126e63b890.rlib /opt/rustwide/rustup-home/toolchains/nightly-2025-01-18-x86_64-unknown-linux-gnu/lib/rustlib/x86_64-unknown-linux-gnu/lib/liballoc-fcf21c8d1c9c7b75.rlib /opt/rustwide/rustup-home/toolchains/nightly-2025-01-18-x86_64-unknown-linux-gnu/lib/rustlib/x86_64-unknown-linux-gnu/lib/librustc_std_workspace_core-e0b0460135bcf21d.rlib /opt/rustwide/rustup-home/toolchains/nightly-2025-01-18-x86_64-unknown-linux-gnu/lib/rustlib/x86_64-unknown-linux-gnu/lib/libcore-d4097fdcbddd3bc7.rlib /opt/rustwide/rustup-home/toolchains/nightly-2025-01-18-x86_64-unknown-linux-gnu/lib/rustlib/x86_64-unknown-linux-gnu/lib/libcompiler_builtins-fea484ac1eed7881.rlib -Bdynamic -lncurses -ltinfo -lutil -lgcc_s -lutil -lrt -lpthread -lm -ldl -lc --eh-frame-hdr -z noexecstack --gc-sections -z relro -z now /usr/lib/gcc/x86_64-linux-gnu/11/crtendS.o /usr/lib/gcc/x86_64-linux-gnu/11/../../../x86_64-linux-gnu/crtn.o
[INFO] [stdout]           LLVM ERROR: IO failure on output stream: No space left on device
[INFO] [stdout]           collect2: error: ld returned 1 exit status
[INFO] [stdout]           
[INFO] [stdout] 
[INFO] [stdout] 
[INFO] [stdout] error: linking with `cc` failed: exit status: 1
[INFO] [stdout]   |
[INFO] [stdout]   = note: LC_ALL="C" PATH="/opt/rustwide/rustup-home/toolchains/nightly-2025-01-18-x86_64-unknown-linux-gnu/lib/rustlib/x86_64-unknown-linux-gnu/bin:/opt/rustwide/rustup-home/toolchains/nightly-2025-01-18-x86_64-unknown-linux-gnu/lib/rustlib/x86_64-unknown-linux-gnu/bin/self-contained:/opt/rustwide/cargo-home/bin:/usr/local/sbin:/usr/local/bin:/usr/sbin:/usr/bin:/sbin:/bin" VSLANG="1033" "cc" "-m64" "/tmp/rustc8tB2T7/symbols.o" "<2 object files omitted>" "-Wl,--as-needed" "-Wl,-Bstatic" "/opt/rustwide/rustup-home/toolchains/nightly-2025-01-18-x86_64-unknown-linux-gnu/lib/rustlib/x86_64-unknown-linux-gnu/lib/{libtest-56d991603ff5adf3.rlib,libgetopts-0374f2ffd4fc2ee9.rlib,libunicode_width-3710af304f7a6204.rlib,librustc_std_workspace_std-b58fe15d3ae9c93b.rlib}" "/opt/rustwide/target/debug/deps/{libaoc2018-e6e28fc33f165762.rlib,libnum-7955d12bd03ebd1d.rlib,libnum_iter-aaa6b0436889a92e.rlib,libnalgebra-80682859ad5e2fce.rlib,libalga-3cb71423aad738f8.rlib,librand_distr-2136b8b5be39cd3b.rlib,librand-1d5658efb4015d8e.rlib,librand_chacha-842310baf5584955.rlib,libc2_chacha-fc3b922feb07053b.rlib,libppv_lite86-35fb164369e9b29c.rlib,librand_core-382085af89d777d4.rlib,libgetrandom-7272d0e643b32bbc.rlib,libcfg_if-7e9efee4241be1ca.rlib,libnum_rational-775824bec546ab9d.rlib,libnum_bigint-b2ffd3bd10d8c64f.rlib,libnum_complex-7a8ed324cd261de5.rlib,libmatrixmultiply-0aa0acde3f005eca.rlib,librawpointer-a726d041f28ef5ec.rlib,libgeneric_array-87bea061c877cb14.rlib,libtypenum-62fa8a96236e38d9.rlib,libapprox-557400122f8dd0ce.rlib,libitertools-c04df8960c8bf652.rlib,libeither-d5be8a455e3dc4f2.rlib,libhashbrown-1bda5b4be6eb2cf2.rlib,libahash-b3ab7628716e7c41.rlib,libconst_random-6eba0b648b8c64df.rlib,libanyhow-7d67c2549490e870.rlib,libchrono-108aa584ed19d271.rlib,libnum_integer-210ed6b9dc6fe801.rlib,libnum_traits-110c6172bd6c9690.rlib,libtime-312f742a800db821.rlib,liblibc-4a6ed3d087fb1d22.rlib}" "/opt/rustwide/rustup-home/toolchains/nightly-2025-01-18-x86_64-unknown-linux-gnu/lib/rustlib/x86_64-unknown-linux-gnu/lib/{libstd-006123e2ce67e99d.rlib,libpanic_unwind-e1447e1efa6f1e57.rlib,libobject-f6963a4916fcf097.rlib,libmemchr-49a2d9af912f4524.rlib,libaddr2line-04d19aad3936869d.rlib,libgimli-483c235edb789db0.rlib,librustc_demangle-294281af50b8f748.rlib,libstd_detect-3b08295250aabc2a.rlib,libhashbrown-4472d1e05ba0dfaf.rlib,librustc_std_workspace_alloc-2ef099fac590e457.rlib,libminiz_oxide-8a51f5e848546c29.rlib,libadler2-3d3fa22b868db521.rlib,libunwind-0ffda8b08e22dbea.rlib,libcfg_if-b08f62458fdd43b9.rlib,liblibc-559675126e63b890.rlib,liballoc-fcf21c8d1c9c7b75.rlib,librustc_std_workspace_core-e0b0460135bcf21d.rlib,libcore-d4097fdcbddd3bc7.rlib,libcompiler_builtins-fea484ac1eed7881.rlib}" "-Wl,-Bdynamic" "-lutil" "-lgcc_s" "-lutil" "-lrt" "-lpthread" "-lm" "-ldl" "-lc" "-B/opt/rustwide/rustup-home/toolchains/nightly-2025-01-18-x86_64-unknown-linux-gnu/lib/rustlib/x86_64-unknown-linux-gnu/bin/gcc-ld" "-fuse-ld=lld" "-Wl,--eh-frame-hdr" "-Wl,-z,noexecstack" "-L" "/usr/lib/x86_64-linux-gnu" "-L" "/opt/rustwide/rustup-home/toolchains/nightly-2025-01-18-x86_64-unknown-linux-gnu/lib/rustlib/x86_64-unknown-linux-gnu/lib" "-o" "/opt/rustwide/target/debug/deps/day10-b0f6d6b714939eb2" "-Wl,--gc-sections" "-pie" "-Wl,-z,relro,-z,now" "-nodefaultlibs"
[INFO] [stdout]   = note: some arguments are omitted. use `--verbose` to show all linker arguments
[INFO] [stdout]   = note: collect2: fatal error: ld terminated with signal 7 [Bus error], core dumped
[INFO] [stdout]           compilation terminated.
[INFO] [stdout]           
[INFO] [stdout] 
[INFO] [stdout] 
[INFO] [stderr] error: could not compile `aoc2018` (bin "day10" test) due to 1 previous error
[INFO] [stderr] error: could not compile `aoc2018` (bin "day19" test) due to 1 previous error; 10 warnings emitted
[INFO] [stdout] warning: this method call resolves to `<&[T; N] as IntoIterator>::into_iter` (due to backwards compatibility), but will resolve to `<[T; N] as IntoIterator>::into_iter` in Rust 2021
[INFO] [stdout]   --> src/bin/day6.rs:68:39
[INFO] [stdout]    |
[INFO] [stdout] 68 |                 queue.extend(neigh(c).into_iter().map(|c| (*c, d + 1)));
[INFO] [stdout]    |                                       ^^^^^^^^^
[INFO] [stdout]    |
[INFO] [stdout]    = warning: this changes meaning in Rust 2021
[INFO] [stdout]    = note: for more information, see <https://doc.rust-lang.org/nightly/edition-guide/rust-2021/IntoIterator-for-arrays.html>
[INFO] [stdout]    = note: `#[warn(array_into_iter)]` on by default
[INFO] [stdout] help: use `.iter()` instead of `.into_iter()` to avoid ambiguity
[INFO] [stdout]    |
[INFO] [stdout] 68 |                 queue.extend(neigh(c).iter().map(|c| (*c, d + 1)));
[INFO] [stdout]    |                                       ~~~~
[INFO] [stdout] help: or use `IntoIterator::into_iter(..)` instead of `.into_iter()` to explicitly iterate by value
[INFO] [stdout]    |
[INFO] [stdout] 68 |                 queue.extend(IntoIterator::into_iter(neigh(c)).map(|c| (*c, d + 1)));
[INFO] [stdout]    |                              ++++++++++++++++++++++++        ~
[INFO] [stdout] 
[INFO] [stdout] 
[INFO] [stdout] warning: this method call resolves to `<&[T; N] as IntoIterator>::into_iter` (due to backwards compatibility), but will resolve to `<[T; N] as IntoIterator>::into_iter` in Rust 2021
[INFO] [stdout]    --> src/bin/day6.rs:159:35
[INFO] [stdout]     |
[INFO] [stdout] 159 |             queue.extend(neigh(c).into_iter());
[INFO] [stdout]     |                                   ^^^^^^^^^
[INFO] [stdout]     |
[INFO] [stdout]     = warning: this changes meaning in Rust 2021
[INFO] [stdout]     = note: for more information, see <https://doc.rust-lang.org/nightly/edition-guide/rust-2021/IntoIterator-for-arrays.html>
[INFO] [stdout] help: use `.iter()` instead of `.into_iter()` to avoid ambiguity
[INFO] [stdout]     |
[INFO] [stdout] 159 |             queue.extend(neigh(c).iter());
[INFO] [stdout]     |                                   ~~~~
[INFO] [stdout] help: or use `IntoIterator::into_iter(..)` instead of `.into_iter()` to explicitly iterate by value
[INFO] [stdout]     |
[INFO] [stdout] 159 |             queue.extend(IntoIterator::into_iter(neigh(c)));
[INFO] [stdout]     |                          ++++++++++++++++++++++++        ~
[INFO] [stdout] 
[INFO] [stdout] 
[INFO] [stdout] warning: this method call resolves to `<&[T; N] as IntoIterator>::into_iter` (due to backwards compatibility), but will resolve to `<[T; N] as IntoIterator>::into_iter` in Rust 2021
[INFO] [stdout]   --> src/bin/day12.rs:72:39
[INFO] [stdout]    |
[INFO] [stdout] 72 |                     [-2, -1, 0, 1, 2].into_iter().all(|t| {
[INFO] [stdout]    |                                       ^^^^^^^^^
[INFO] [stdout]    |
[INFO] [stdout]    = warning: this changes meaning in Rust 2021
[INFO] [stdout]    = note: for more information, see <https://doc.rust-lang.org/nightly/edition-guide/rust-2021/IntoIterator-for-arrays.html>
[INFO] [stdout]    = note: `#[warn(array_into_iter)]` on by default
[INFO] [stdout] help: use `.iter()` instead of `.into_iter()` to avoid ambiguity
[INFO] [stdout]    |
[INFO] [stdout] 72 |                     [-2, -1, 0, 1, 2].iter().all(|t| {
[INFO] [stdout]    |                                       ~~~~
[INFO] [stdout] help: or use `IntoIterator::into_iter(..)` instead of `.into_iter()` to explicitly iterate by value
[INFO] [stdout]    |
[INFO] [stdout] 72 |                     IntoIterator::into_iter([-2, -1, 0, 1, 2]).all(|t| {
[INFO] [stdout]    |                     ++++++++++++++++++++++++                 ~
[INFO] [stdout] 
[INFO] [stdout] 
[INFO] [stderr] rustc-LLVM ERROR: IO failure on output stream: No space left on device
[INFO] [stderr] rustc-LLVM ERROR: IO failure on output stream: No space left on device
[INFO] [stderr] error: could not compile `aoc2018` (bin "day6" test); 2 warnings emitted
[INFO] [stderr] 
[INFO] [stderr] Caused by:
[INFO] [stderr]   process didn't exit successfully: `/opt/rustwide/rustup-home/toolchains/nightly-2025-01-18-x86_64-unknown-linux-gnu/bin/rustc --crate-name day6 --edition=2018 src/bin/day6.rs --error-format=json --json=diagnostic-rendered-ansi,artifacts,future-incompat --emit=dep-info,link -C embed-bitcode=no -C debuginfo=2 --test --check-cfg 'cfg(docsrs,test)' --check-cfg 'cfg(feature, values())' -C metadata=b7d9c564e5d2bf6f -C extra-filename=-6f8207453282596e --out-dir /opt/rustwide/target/debug/deps -L dependency=/opt/rustwide/target/debug/deps --extern anyhow=/opt/rustwide/target/debug/deps/libanyhow-7d67c2549490e870.rlib --extern aoc2018=/opt/rustwide/target/debug/deps/libaoc2018-e6e28fc33f165762.rlib --extern chrono=/opt/rustwide/target/debug/deps/libchrono-108aa584ed19d271.rlib --extern hashbrown=/opt/rustwide/target/debug/deps/libhashbrown-1bda5b4be6eb2cf2.rlib --extern itertools=/opt/rustwide/target/debug/deps/libitertools-c04df8960c8bf652.rlib --extern nalgebra=/opt/rustwide/target/debug/deps/libnalgebra-80682859ad5e2fce.rlib --extern ncurses=/opt/rustwide/target/debug/deps/libncurses-1429eda6849770dc.rlib --extern num=/opt/rustwide/target/debug/deps/libnum-7955d12bd03ebd1d.rlib --extern rayon=/opt/rustwide/target/debug/deps/librayon-aafb66ab7c9c105a.rlib --cap-lints=forbid -L native=/usr/lib/x86_64-linux-gnu` (exit status: 101)
[INFO] [stderr] error: could not compile `aoc2018` (bin "day12" test); 1 warning emitted
[INFO] [stderr] 
[INFO] [stderr] Caused by:
[INFO] [stderr]   process didn't exit successfully: `/opt/rustwide/rustup-home/toolchains/nightly-2025-01-18-x86_64-unknown-linux-gnu/bin/rustc --crate-name day12 --edition=2018 src/bin/day12.rs --error-format=json --json=diagnostic-rendered-ansi,artifacts,future-incompat --emit=dep-info,link -C embed-bitcode=no -C debuginfo=2 --test --check-cfg 'cfg(docsrs,test)' --check-cfg 'cfg(feature, values())' -C metadata=56d482c6004a4c24 -C extra-filename=-f1268626654056dd --out-dir /opt/rustwide/target/debug/deps -L dependency=/opt/rustwide/target/debug/deps --extern anyhow=/opt/rustwide/target/debug/deps/libanyhow-7d67c2549490e870.rlib --extern aoc2018=/opt/rustwide/target/debug/deps/libaoc2018-e6e28fc33f165762.rlib --extern chrono=/opt/rustwide/target/debug/deps/libchrono-108aa584ed19d271.rlib --extern hashbrown=/opt/rustwide/target/debug/deps/libhashbrown-1bda5b4be6eb2cf2.rlib --extern itertools=/opt/rustwide/target/debug/deps/libitertools-c04df8960c8bf652.rlib --extern nalgebra=/opt/rustwide/target/debug/deps/libnalgebra-80682859ad5e2fce.rlib --extern ncurses=/opt/rustwide/target/debug/deps/libncurses-1429eda6849770dc.rlib --extern num=/opt/rustwide/target/debug/deps/libnum-7955d12bd03ebd1d.rlib --extern rayon=/opt/rustwide/target/debug/deps/librayon-aafb66ab7c9c105a.rlib --cap-lints=forbid -L native=/usr/lib/x86_64-linux-gnu` (exit status: 101)
[INFO] running `Command { std: "docker" "inspect" "dea031a0632360e2a39318ac2304b015607f69c29479ca98bbecd1672ffad03f", kill_on_drop: false }`
[INFO] running `Command { std: "docker" "rm" "-f" "dea031a0632360e2a39318ac2304b015607f69c29479ca98bbecd1672ffad03f", kill_on_drop: false }`
[INFO] [stdout] dea031a0632360e2a39318ac2304b015607f69c29479ca98bbecd1672ffad03f
