[INFO] cloning repository https://github.com/shenxiang11/CRM
[INFO] running `Command { std: "git" "-c" "credential.helper=" "-c" "credential.helper=/workspace/cargo-home/bin/git-credential-null" "clone" "--bare" "https://github.com/shenxiang11/CRM" "/workspace/cache/git-repos/https%3A%2F%2Fgithub.com%2Fshenxiang11%2FCRM", kill_on_drop: false }`
[INFO] [stderr] Cloning into bare repository '/workspace/cache/git-repos/https%3A%2F%2Fgithub.com%2Fshenxiang11%2FCRM'...
[INFO] running `Command { std: "git" "rev-parse" "HEAD", kill_on_drop: false }`
[INFO] [stdout] b4d1668e768ad14cfbb863b0291e60f1b2134991
[INFO] testing shenxiang11/CRM against nightly-2025-01-18 for randomize-layout-2
[INFO] running `Command { std: "git" "clone" "/workspace/cache/git-repos/https%3A%2F%2Fgithub.com%2Fshenxiang11%2FCRM" "/workspace/builds/worker-1-tc1/source", kill_on_drop: false }`
[INFO] [stderr] Cloning into '/workspace/builds/worker-1-tc1/source'...
[INFO] [stderr] done.
[INFO] validating manifest of git repo https://github.com/shenxiang11/CRM on toolchain nightly-2025-01-18
[INFO] running `Command { std: CARGO_HOME="/workspace/cargo-home" RUSTUP_HOME="/workspace/rustup-home" "/workspace/cargo-home/bin/cargo" "+nightly-2025-01-18" "metadata" "--manifest-path" "Cargo.toml" "--no-deps", kill_on_drop: false }`
[INFO] started tweaking git repo https://github.com/shenxiang11/CRM
[INFO] finished tweaking git repo https://github.com/shenxiang11/CRM
[INFO] tweaked toml for git repo https://github.com/shenxiang11/CRM written to /workspace/builds/worker-1-tc1/source/Cargo.toml
[INFO] crate git repo https://github.com/shenxiang11/CRM already has a lockfile, it will not be regenerated
[INFO] running `Command { std: CARGO_HOME="/workspace/cargo-home" RUSTUP_HOME="/workspace/rustup-home" "/workspace/cargo-home/bin/cargo" "+nightly-2025-01-18" "fetch" "--manifest-path" "Cargo.toml", kill_on_drop: false }`
[INFO] [stderr]     Updating crates.io index
[INFO] [stderr]     Blocking waiting for file lock on package cache
[INFO] [stderr]  Downloading crates ...
[INFO] [stderr]   Downloaded dummy v0.7.0
[INFO] [stderr]   Downloaded proto-builder-trait v0.6.1
[INFO] [stderr]   Downloaded boring v4.6.0
[INFO] [stderr]   Downloaded boring-sys v4.6.0
[INFO] running `Command { std: "docker" "create" "-v" "/var/lib/crater-agent-workspace/builds/worker-1-tc1/target:/opt/rustwide/target:rw,Z" "-v" "/var/lib/crater-agent-workspace/builds/worker-1-tc1/source:/opt/rustwide/workdir:ro,Z" "-v" "/var/lib/crater-agent-workspace/cargo-home:/opt/rustwide/cargo-home:ro,Z" "-v" "/var/lib/crater-agent-workspace/rustup-home:/opt/rustwide/rustup-home:ro,Z" "-e" "SOURCE_DIR=/opt/rustwide/workdir" "-e" "CARGO_TARGET_DIR=/opt/rustwide/target" "-e" "CARGO_HOME=/opt/rustwide/cargo-home" "-e" "RUSTUP_HOME=/opt/rustwide/rustup-home" "-w" "/opt/rustwide/workdir" "-m" "1610612736" "--user" "0:0" "--network" "none" "ghcr.io/rust-lang/crates-build-env/linux@sha256:819108c5571ea2e421544af4d832f968d213c87fbe3707a016657f43d2f853bc" "/opt/rustwide/cargo-home/bin/cargo" "+nightly-2025-01-18" "metadata" "--no-deps" "--format-version=1", kill_on_drop: false }`
[INFO] [stdout] 047a478a3d9a65c726cd4c7803152d02e6307f855336e36f0ae9013032d12bf5
[INFO] running `Command { std: "docker" "start" "-a" "047a478a3d9a65c726cd4c7803152d02e6307f855336e36f0ae9013032d12bf5", kill_on_drop: false }`
[INFO] running `Command { std: "docker" "inspect" "047a478a3d9a65c726cd4c7803152d02e6307f855336e36f0ae9013032d12bf5", kill_on_drop: false }`
[INFO] running `Command { std: "docker" "rm" "-f" "047a478a3d9a65c726cd4c7803152d02e6307f855336e36f0ae9013032d12bf5", kill_on_drop: false }`
[INFO] [stdout] 047a478a3d9a65c726cd4c7803152d02e6307f855336e36f0ae9013032d12bf5
[INFO] running `Command { std: "docker" "create" "-v" "/var/lib/crater-agent-workspace/builds/worker-1-tc1/target:/opt/rustwide/target:rw,Z" "-v" "/var/lib/crater-agent-workspace/builds/worker-1-tc1/source:/opt/rustwide/workdir:ro,Z" "-v" "/var/lib/crater-agent-workspace/cargo-home:/opt/rustwide/cargo-home:ro,Z" "-v" "/var/lib/crater-agent-workspace/rustup-home:/opt/rustwide/rustup-home:ro,Z" "-e" "SOURCE_DIR=/opt/rustwide/workdir" "-e" "CARGO_TARGET_DIR=/opt/rustwide/target" "-e" "CARGO_INCREMENTAL=0" "-e" "RUST_BACKTRACE=full" "-e" "RUSTFLAGS=--cap-lints=forbid" "-e" "RUSTDOCFLAGS=--cap-lints=forbid" "-e" "CARGO_HOME=/opt/rustwide/cargo-home" "-e" "RUSTUP_HOME=/opt/rustwide/rustup-home" "-w" "/opt/rustwide/workdir" "-m" "1610612736" "--user" "0:0" "--network" "none" "ghcr.io/rust-lang/crates-build-env/linux@sha256:819108c5571ea2e421544af4d832f968d213c87fbe3707a016657f43d2f853bc" "/opt/rustwide/cargo-home/bin/cargo" "+nightly-2025-01-18" "build" "--frozen" "--message-format=json", kill_on_drop: false }`
[INFO] [stdout] 5818a1f0bce2dede1b716a43eef716641ab9593a8226c4d752a20a8afa392df1
[INFO] running `Command { std: "docker" "start" "-a" "5818a1f0bce2dede1b716a43eef716641ab9593a8226c4d752a20a8afa392df1", kill_on_drop: false }`
[INFO] [stderr]    Compiling libc v0.2.154
[INFO] [stderr]    Compiling proc-macro2 v1.0.81
[INFO] [stderr]    Compiling unicode-ident v1.0.12
[INFO] [stderr]    Compiling cfg-if v1.0.0
[INFO] [stderr]    Compiling version_check v0.9.4
[INFO] [stderr]    Compiling once_cell v1.19.0
[INFO] [stderr]    Compiling bytes v1.6.0
[INFO] [stderr]    Compiling typenum v1.17.0
[INFO] [stderr]    Compiling autocfg v1.3.0
[INFO] [stderr]    Compiling serde v1.0.200
[INFO] [stderr]    Compiling pin-project-lite v0.2.14
[INFO] [stderr]    Compiling zeroize v1.7.0
[INFO] [stderr]    Compiling zerocopy v0.7.33
[INFO] [stderr]    Compiling allocator-api2 v0.2.18
[INFO] [stderr]    Compiling memchr v2.7.2
[INFO] [stderr]    Compiling subtle v2.5.0
[INFO] [stderr]    Compiling ahash v0.8.11
[INFO] [stderr]    Compiling equivalent v1.0.1
[INFO] [stderr]    Compiling generic-array v0.14.7
[INFO] [stderr]    Compiling futures-core v0.3.30
[INFO] [stderr]    Compiling const-oid v0.9.6
[INFO] [stderr]    Compiling bitflags v2.5.0
[INFO] [stderr]    Compiling slab v0.4.9
[INFO] [stderr]    Compiling quote v1.0.36
[INFO] [stderr]    Compiling anyhow v1.0.82
[INFO] [stderr]    Compiling regex-syntax v0.8.3
[INFO] [stderr]    Compiling syn v2.0.60
[INFO] [stderr]    Compiling getrandom v0.2.14
[INFO] [stderr]    Compiling jobserver v0.1.31
[INFO] [stderr]    Compiling socket2 v0.5.7
[INFO] [stderr]    Compiling mio v0.8.11
[INFO] [stderr]    Compiling cc v1.0.96
[INFO] [stderr]    Compiling rand_core v0.6.4
[INFO] [stderr]    Compiling hashbrown v0.14.5
[INFO] [stderr]    Compiling pin-utils v0.1.0
[INFO] [stderr]    Compiling itoa v1.0.11
[INFO] [stderr]    Compiling futures-task v0.3.30
[INFO] [stderr]    Compiling indexmap v2.2.6
[INFO] [stderr]    Compiling futures-io v0.3.30
[INFO] [stderr]    Compiling rustix v0.38.34
[INFO] [stderr]    Compiling log v0.4.21
[INFO] [stderr]    Compiling linux-raw-sys v0.4.13
[INFO] [stderr]    Compiling block-buffer v0.10.4
[INFO] [stderr]    Compiling crypto-common v0.1.6
[INFO] [stderr]    Compiling digest v0.10.7
[INFO] [stderr]    Compiling minimal-lexical v0.2.1
[INFO] [stderr]    Compiling fnv v1.0.7
[INFO] [stderr]    Compiling fastrand v2.1.0
[INFO] [stderr]    Compiling futures-sink v0.3.30
[INFO] [stderr]    Compiling untrusted v0.9.0
[INFO] [stderr]    Compiling nom v7.1.3
[INFO] [stderr]    Compiling spin v0.9.8
[INFO] [stderr]    Compiling num_cpus v1.16.0
[INFO] [stderr]    Compiling futures-channel v0.3.30
[INFO] [stderr]    Compiling ring v0.17.8
[INFO] [stderr]    Compiling num-traits v0.2.19
[INFO] [stderr]    Compiling ppv-lite86 v0.2.17
[INFO] [stderr]    Compiling cpufeatures v0.2.12
[INFO] [stderr]    Compiling regex-automata v0.4.6
[INFO] [stderr]    Compiling prettyplease v0.2.19
[INFO] [stderr]    Compiling rand_chacha v0.3.1
[INFO] [stderr]    Compiling tracing-core v0.1.32
[INFO] [stderr]    Compiling tempfile v3.10.1
[INFO] [stderr]    Compiling regex v1.10.4
[INFO] [stderr]    Compiling fixedbitset v0.4.2
[INFO] [stderr]    Compiling tinyvec_macros v0.1.1
[INFO] [stderr]    Compiling tinyvec v1.6.0
[INFO] [stderr]    Compiling petgraph v0.6.4
[INFO] [stderr]    Compiling hmac v0.12.1
[INFO] [stderr]    Compiling lock_api v0.4.12
[INFO] [stderr]    Compiling parking_lot_core v0.9.10
[INFO] [stderr]    Compiling percent-encoding v2.3.1
[INFO] [stderr]    Compiling heck v0.5.0
[INFO] [stderr]    Compiling smallvec v1.13.2
[INFO] [stderr]    Compiling multimap v0.10.0
[INFO] [stderr]    Compiling unicode-normalization v0.1.23
[INFO] [stderr]    Compiling ryu v1.0.17
[INFO] [stderr]    Compiling iana-time-zone v0.1.60
[INFO] [stderr]    Compiling crossbeam-utils v0.8.19
[INFO] [stderr]    Compiling thiserror v1.0.59
[INFO] [stderr]    Compiling scopeguard v1.2.0
[INFO] [stderr]    Compiling unicode-bidi v0.3.15
[INFO] [stderr]    Compiling serde_json v1.0.116
[INFO] [stderr]    Compiling hkdf v0.12.4
[INFO] [stderr]    Compiling base64 v0.21.7
[INFO] [stderr]    Compiling rustls v0.21.12
[INFO] [stderr]    Compiling paste v1.0.14
[INFO] [stderr]    Compiling rustversion v1.0.15
[INFO] [stderr]    Compiling idna v0.5.0
[INFO] [stderr]    Compiling parking_lot v0.12.2
[INFO] [stderr]    Compiling form_urlencoded v1.2.1
[INFO] [stderr]    Compiling unicode_categories v0.1.1
[INFO] [stderr]    Compiling ident_case v1.0.1
[INFO] [stderr]    Compiling strsim v0.10.0
[INFO] [stderr]    Compiling crc-catalog v2.4.0
[INFO] [stderr]    Compiling lazy_static v1.4.0
[INFO] [stderr]    Compiling crc v3.2.1
[INFO] [stderr]    Compiling futures-intrusive v0.5.0
[INFO] [stderr]    Compiling crossbeam-queue v0.3.11
[INFO] [stderr]    Compiling serde_derive v1.0.200
[INFO] [stderr]    Compiling tracing-attributes v0.1.27
[INFO] [stderr]    Compiling tokio-macros v2.2.0
[INFO] [stderr]    Compiling futures-macro v0.3.30
[INFO] [stderr]    Compiling thiserror-impl v1.0.59
[INFO] [stderr]    Compiling url v2.5.0
[INFO] [stderr]    Compiling darling_core v0.20.8
[INFO] [stderr]    Compiling tokio v1.37.0
[INFO] [stderr]    Compiling futures-util v0.3.30
[INFO] [stderr]    Compiling rustls-webpki v0.101.7
[INFO] [stderr]    Compiling tracing v0.1.40
[INFO] [stderr]    Compiling sct v0.7.1
[INFO] [stderr]    Compiling rustls-pemfile v1.0.4
[INFO] [stderr]    Compiling atoi v2.0.0
[INFO] [stderr]    Compiling rand v0.8.5
[INFO] [stderr]    Compiling sha2 v0.10.8
[INFO] [stderr]    Compiling http v0.2.12
[INFO] [stderr]    Compiling hashlink v0.8.4
[INFO] [stderr]    Compiling event-listener v2.5.3
[INFO] [stderr]    Compiling hex v0.4.3
[INFO] [stderr]    Compiling byteorder v1.5.0
[INFO] [stderr]    Compiling pkg-config v0.3.30
[INFO] [stderr]    Compiling webpki-roots v0.25.4
[INFO] [stderr]    Compiling darling_macro v0.20.8
[INFO] [stderr]    Compiling httparse v1.8.0
[INFO] [stderr]    Compiling tower-service v0.3.2
[INFO] [stderr]    Compiling base64ct v1.6.0
[INFO] [stderr]    Compiling zstd-sys v2.0.10+zstd.1.5.6
[INFO] [stderr]    Compiling finl_unicode v1.2.0
[INFO] [stderr]    Compiling pem-rfc7468 v0.7.0
[INFO] [stderr]    Compiling stringprep v0.1.4
[INFO] [stderr]    Compiling darling v0.20.8
[INFO] [stderr]    Compiling http-body v0.4.6
[INFO] [stderr]    Compiling chrono v0.4.38
[INFO] [stderr]    Compiling indexmap v1.9.3
[INFO] [stderr]    Compiling tokio-util v0.7.11
[INFO] [stderr]    Compiling home v0.5.9
[INFO] [stderr]    Compiling rustls-pki-types v1.5.0
[INFO] [stderr]    Compiling try-lock v0.2.5
[INFO] [stderr]    Compiling dotenvy v0.15.7
[INFO] [stderr]    Compiling whoami v1.5.1
[INFO] [stderr]    Compiling syn v1.0.109
[INFO] [stderr]    Compiling want v0.3.1
[INFO] [stderr]    Compiling h2 v0.3.26
[INFO] [stderr]    Compiling tokio-stream v0.1.15
[INFO] [stderr]    Compiling either v1.11.0
[INFO] [stderr]    Compiling itertools v0.12.1
[INFO] [stderr]    Compiling der v0.7.9
[INFO] [stderr]    Compiling axum-core v0.3.4
[INFO] [stderr]    Compiling pin-project-internal v1.1.5
[INFO] [stderr]    Compiling md-5 v0.10.6
[INFO] [stderr]    Compiling prost-derive v0.12.4
[INFO] [stderr]    Compiling sqlformat v0.2.3
[INFO] [stderr]    Compiling unicode-segmentation v1.11.0
[INFO] [stderr]    Compiling tower-layer v0.3.2
[INFO] [stderr]    Compiling httpdate v1.0.3
[INFO] [stderr]    Compiling rustls v0.22.4
[INFO] [stderr]    Compiling zstd-safe v6.0.6
[INFO] [stderr]    Compiling hashbrown v0.12.3
[INFO] [stderr]    Compiling glob v0.3.1
[INFO] [stderr]    Compiling pin-project v1.1.5
[INFO] [stderr]    Compiling heck v0.4.1
[INFO] [stderr]    Compiling spki v0.7.3
[INFO] [stderr]    Compiling rustls-webpki v0.102.3
[INFO] [stderr]    Compiling clang-sys v1.7.0
[INFO] [stderr]    Compiling hyper v0.14.28
[INFO] [stderr]    Compiling prost v0.12.4
[INFO] [stderr]    Compiling axum v0.6.20
[INFO] [stderr]    Compiling async-trait v0.1.80
[INFO] [stderr]    Compiling prost-types v0.12.4
[INFO] [stderr]    Compiling mime v0.3.17
[INFO] [stderr]    Compiling regex-syntax v0.6.29
[INFO] [stderr]    Compiling prost-build v0.12.4
[INFO] [stderr]    Compiling tonic-build v0.11.0
[INFO] [stderr]    Compiling sqlx-core v0.7.4
[INFO] [stderr]    Compiling proto-builder-trait v0.6.1
[INFO] [stderr]    Compiling regex-automata v0.1.10
[INFO] [stderr]    Compiling tower v0.4.13
[INFO] [stderr]    Compiling pkcs8 v0.10.2
[INFO] [stderr]    Compiling tokio-io-timeout v1.2.0
[INFO] [stderr]    Compiling derive_builder_core v0.20.0
[INFO] [stderr]    Compiling async-stream-impl v0.3.5
[INFO] [stderr]    Compiling ff v0.13.0
[INFO] [stderr]    Compiling sqlx-postgres v0.7.4
[INFO] [stderr]    Compiling base16ct v0.2.0
[INFO] [stderr]    Compiling sync_wrapper v0.1.2
[INFO] [stderr]    Compiling base64 v0.22.1
[INFO] [stderr]    Compiling overload v0.1.1
[INFO] [stderr]    Compiling matchit v0.7.3
[INFO] [stderr]    Compiling bitflags v1.3.2
[INFO] [stderr]    Compiling rustls-pemfile v2.1.2
[INFO] [stderr]    Compiling derive_builder_macro v0.20.0
[INFO] [stderr]    Compiling nu-ansi-term v0.46.0
[INFO] [stderr]    Compiling async-stream v0.3.5
[INFO] [stderr]    Compiling tokio-rustls v0.25.0
[INFO] [stderr]    Compiling sec1 v0.7.3
[INFO] [stderr]    Compiling group v0.13.0
[INFO] [stderr]    Compiling zstd v0.12.4
[INFO] [stderr]    Compiling hyper-timeout v0.4.1
[INFO] [stderr]    Compiling matchers v0.1.0
[INFO] [stderr]    Compiling futures-executor v0.3.30
[INFO] [stderr]    Compiling sharded-slab v0.1.7
[INFO] [stderr]    Compiling tracing-log v0.2.0
[INFO] [stderr]    Compiling crypto-bigint v0.5.5
[INFO] [stderr]    Compiling thread_local v1.1.8
[INFO] [stderr]    Compiling libloading v0.8.3
[INFO] [stderr]    Compiling bindgen v0.68.1
[INFO] [stderr]    Compiling unsafe-libyaml v0.2.11
[INFO] [stderr]    Compiling tracing-subscriber v0.3.18
[INFO] [stderr]    Compiling serde_yaml v0.9.34+deprecated
[INFO] [stderr]    Compiling sqlx-macros-core v0.7.4
[INFO] [stderr]    Compiling elliptic-curve v0.13.8
[INFO] [stderr]    Compiling futures v0.3.30
[INFO] [stderr]    Compiling derive_builder v0.20.0
[INFO] [stderr]    Compiling tonic v0.11.0
[INFO] [stderr]    Compiling cexpr v0.6.0
[INFO] [stderr]    Compiling shlex v1.3.0
[INFO] [stderr]    Compiling peeking_take_while v0.1.2
[INFO] [stderr]    Compiling rustc-hash v1.1.0
[INFO] [stderr]    Compiling lazycell v1.3.0
[INFO] [stderr]    Compiling crm-metadata v0.1.0 (/opt/rustwide/workdir/crm-metadata)
[INFO] [stderr]    Compiling dummy v0.7.0
[INFO] [stderr]    Compiling rfc6979 v0.4.0
[INFO] [stderr]    Compiling signature v2.2.0
[INFO] [stderr]    Compiling cmake v0.1.50
[INFO] [stderr]    Compiling sqlx-macros v0.7.4
[INFO] [stderr]    Compiling fslock v0.2.1
[INFO] [stderr]    Compiling fs_extra v1.3.0
[INFO] [stderr]    Compiling deunicode v1.4.4
[INFO] [stderr]    Compiling ecdsa v0.16.9
[INFO] [stderr]    Compiling fake v2.9.2
[INFO] [stderr]    Compiling primeorder v0.13.6
[INFO] [stderr]    Compiling user-stat v0.1.0 (/opt/rustwide/workdir/user-stat)
[INFO] [stderr]    Compiling crm-send v0.1.0 (/opt/rustwide/workdir/crm-send)
[INFO] [stderr]    Compiling foreign-types-macros v0.2.3
[INFO] [stderr]    Compiling foreign-types-shared v0.3.1
[INFO] [stderr]    Compiling uuid v1.8.0
[INFO] [stderr]    Compiling ct-codecs v1.1.1
[INFO] [stderr]    Compiling constant_time_eq v0.3.0
[INFO] [stderr]    Compiling arrayvec v0.7.4
[INFO] [stderr]    Compiling sqlx v0.7.4
[INFO] [stderr]    Compiling arrayref v0.3.7
[INFO] [stderr]    Compiling ed25519-compact v2.1.1
[INFO] [stderr]    Compiling foreign-types v0.5.0
[INFO] [stderr]    Compiling p256 v0.13.2
[INFO] [stderr]    Compiling blake2b_simd v1.0.2
[INFO] [stderr]    Compiling p384 v0.13.0
[INFO] [stderr]    Compiling k256 v0.13.3
[INFO] [stderr]    Compiling crm v0.1.0 (/opt/rustwide/workdir/crm)
[INFO] [stderr]    Compiling hmac-sha256 v1.1.7
[INFO] [stderr]    Compiling hmac-sha512 v1.1.5
[INFO] [stderr]    Compiling coarsetime v0.1.34
[INFO] [stderr]    Compiling binstring v0.1.1
[INFO] [stderr]    Compiling hmac-sha1-compact v1.1.4
[INFO] [stderr]    Compiling boring-sys v4.6.0
[INFO] [stderr] error: failed to run custom build command for `boring-sys v4.6.0`
[INFO] [stderr] note: To improve backtraces for build dependencies, set the CARGO_PROFILE_DEV_BUILD_OVERRIDE_DEBUG=true environment variable to enable debug information generation.
[INFO] [stderr] 
[INFO] [stderr] Caused by:
[INFO] [stderr]   process didn't exit successfully: `/opt/rustwide/target/debug/build/boring-sys-e085b9f5b9f9369d/build-script-main` (exit status: 101)
[INFO] [stderr]   --- stdout
[INFO] [stderr]   cargo:rerun-if-env-changed=BORING_BSSL_PATH_x86_64-unknown-linux-gnu
[INFO] [stderr]   cargo:rerun-if-env-changed=BORING_BSSL_PATH_x86_64_unknown_linux_gnu
[INFO] [stderr]   cargo:rerun-if-env-changed=HOST_BORING_BSSL_PATH
[INFO] [stderr]   cargo:rerun-if-env-changed=BORING_BSSL_PATH
[INFO] [stderr]   cargo:rerun-if-env-changed=BORING_BSSL_INCLUDE_PATH_x86_64-unknown-linux-gnu
[INFO] [stderr]   cargo:rerun-if-env-changed=BORING_BSSL_INCLUDE_PATH_x86_64_unknown_linux_gnu
[INFO] [stderr]   cargo:rerun-if-env-changed=HOST_BORING_BSSL_INCLUDE_PATH
[INFO] [stderr]   cargo:rerun-if-env-changed=BORING_BSSL_INCLUDE_PATH
[INFO] [stderr]   cargo:rerun-if-env-changed=BORING_BSSL_SOURCE_PATH_x86_64-unknown-linux-gnu
[INFO] [stderr]   cargo:rerun-if-env-changed=BORING_BSSL_SOURCE_PATH_x86_64_unknown_linux_gnu
[INFO] [stderr]   cargo:rerun-if-env-changed=HOST_BORING_BSSL_SOURCE_PATH
[INFO] [stderr]   cargo:rerun-if-env-changed=BORING_BSSL_SOURCE_PATH
[INFO] [stderr]   cargo:rerun-if-env-changed=BORING_BSSL_PRECOMPILED_BCM_O_x86_64-unknown-linux-gnu
[INFO] [stderr]   cargo:rerun-if-env-changed=BORING_BSSL_PRECOMPILED_BCM_O_x86_64_unknown_linux_gnu
[INFO] [stderr]   cargo:rerun-if-env-changed=HOST_BORING_BSSL_PRECOMPILED_BCM_O
[INFO] [stderr]   cargo:rerun-if-env-changed=BORING_BSSL_PRECOMPILED_BCM_O
[INFO] [stderr]   cargo:rerun-if-env-changed=BORING_BSSL_ASSUME_PATCHED_x86_64-unknown-linux-gnu
[INFO] [stderr]   cargo:rerun-if-env-changed=BORING_BSSL_ASSUME_PATCHED_x86_64_unknown_linux_gnu
[INFO] [stderr]   cargo:rerun-if-env-changed=HOST_BORING_BSSL_ASSUME_PATCHED
[INFO] [stderr]   cargo:rerun-if-env-changed=BORING_BSSL_ASSUME_PATCHED
[INFO] [stderr]   cargo:rerun-if-env-changed=BORING_BSSL_SYSROOT_x86_64-unknown-linux-gnu
[INFO] [stderr]   cargo:rerun-if-env-changed=BORING_BSSL_SYSROOT_x86_64_unknown_linux_gnu
[INFO] [stderr]   cargo:rerun-if-env-changed=HOST_BORING_BSSL_SYSROOT
[INFO] [stderr]   cargo:rerun-if-env-changed=BORING_BSSL_SYSROOT
[INFO] [stderr]   cargo:rerun-if-env-changed=BORING_BSSL_COMPILER_EXTERNAL_TOOLCHAIN_x86_64-unknown-linux-gnu
[INFO] [stderr]   cargo:rerun-if-env-changed=BORING_BSSL_COMPILER_EXTERNAL_TOOLCHAIN_x86_64_unknown_linux_gnu
[INFO] [stderr]   cargo:rerun-if-env-changed=HOST_BORING_BSSL_COMPILER_EXTERNAL_TOOLCHAIN
[INFO] [stderr]   cargo:rerun-if-env-changed=BORING_BSSL_COMPILER_EXTERNAL_TOOLCHAIN
[INFO] [stderr]   cargo:rerun-if-env-changed=DEBUG_x86_64-unknown-linux-gnu
[INFO] [stderr]   cargo:rerun-if-env-changed=DEBUG_x86_64_unknown_linux_gnu
[INFO] [stderr]   cargo:rerun-if-env-changed=HOST_DEBUG
[INFO] [stderr]   cargo:rerun-if-env-changed=DEBUG
[INFO] [stderr]   cargo:rerun-if-env-changed=OPT_LEVEL_x86_64-unknown-linux-gnu
[INFO] [stderr]   cargo:rerun-if-env-changed=OPT_LEVEL_x86_64_unknown_linux_gnu
[INFO] [stderr]   cargo:rerun-if-env-changed=HOST_OPT_LEVEL
[INFO] [stderr]   cargo:rerun-if-env-changed=OPT_LEVEL
[INFO] [stderr]   cargo:rerun-if-env-changed=ANDROID_NDK_HOME_x86_64-unknown-linux-gnu
[INFO] [stderr]   cargo:rerun-if-env-changed=ANDROID_NDK_HOME_x86_64_unknown_linux_gnu
[INFO] [stderr]   cargo:rerun-if-env-changed=HOST_ANDROID_NDK_HOME
[INFO] [stderr]   cargo:rerun-if-env-changed=ANDROID_NDK_HOME
[INFO] [stderr]   cargo:rerun-if-env-changed=CMAKE_TOOLCHAIN_FILE_x86_64-unknown-linux-gnu
[INFO] [stderr]   cargo:rerun-if-env-changed=CMAKE_TOOLCHAIN_FILE_x86_64_unknown_linux_gnu
[INFO] [stderr]   cargo:rerun-if-env-changed=HOST_CMAKE_TOOLCHAIN_FILE
[INFO] [stderr]   cargo:rerun-if-env-changed=CMAKE_TOOLCHAIN_FILE
[INFO] [stderr]   Initialized empty Git repository in /opt/rustwide/target/debug/build/boring-sys-c34a31d00e642473/out/boringssl/.git/
[INFO] [stderr] 
[INFO] [stderr]   CMAKE_TOOLCHAIN_FILE_x86_64-unknown-linux-gnu = None
[INFO] [stderr]   CMAKE_TOOLCHAIN_FILE_x86_64_unknown_linux_gnu = None
[INFO] [stderr]   HOST_CMAKE_TOOLCHAIN_FILE = None
[INFO] [stderr]   CMAKE_TOOLCHAIN_FILE = None
[INFO] [stderr]   CMAKE_GENERATOR_x86_64-unknown-linux-gnu = None
[INFO] [stderr]   CMAKE_GENERATOR_x86_64_unknown_linux_gnu = None
[INFO] [stderr]   HOST_CMAKE_GENERATOR = None
[INFO] [stderr]   CMAKE_GENERATOR = None
[INFO] [stderr]   CMAKE_PREFIX_PATH_x86_64-unknown-linux-gnu = None
[INFO] [stderr]   CMAKE_PREFIX_PATH_x86_64_unknown_linux_gnu = None
[INFO] [stderr]   HOST_CMAKE_PREFIX_PATH = None
[INFO] [stderr]   CMAKE_PREFIX_PATH = None
[INFO] [stderr]   CMAKE_x86_64-unknown-linux-gnu = None
[INFO] [stderr]   CMAKE_x86_64_unknown_linux_gnu = None
[INFO] [stderr]   HOST_CMAKE = None
[INFO] [stderr]   CMAKE = None
[INFO] [stderr]   running: cd "/opt/rustwide/target/debug/build/boring-sys-c34a31d00e642473/out/build" && CMAKE_PREFIX_PATH="" "cmake" "/opt/rustwide/target/debug/build/boring-sys-c34a31d00e642473/out/boringssl" "-DCMAKE_INSTALL_PREFIX=/opt/rustwide/target/debug/build/boring-sys-c34a31d00e642473/out" "-DCMAKE_C_FLAGS= -ffunction-sections -fdata-sections -fPIC -m64" "-DCMAKE_C_COMPILER=/usr/bin/cc" "-DCMAKE_CXX_FLAGS= -ffunction-sections -fdata-sections -fPIC -m64" "-DCMAKE_CXX_COMPILER=/usr/bin/c++" "-DCMAKE_ASM_FLAGS= -ffunction-sections -fdata-sections -fPIC -m64" "-DCMAKE_ASM_COMPILER=/usr/bin/cc" "-DCMAKE_BUILD_TYPE=Debug"
[INFO] [stderr]   -- The C compiler identification is GNU 11.4.0
[INFO] [stderr]   -- The CXX compiler identification is GNU 11.4.0
[INFO] [stderr]   -- Detecting C compiler ABI info
[INFO] [stderr]   -- Detecting C compiler ABI info - done
[INFO] [stderr]   -- Check for working C compiler: /usr/bin/cc - skipped
[INFO] [stderr]   -- Detecting C compile features
[INFO] [stderr]   -- Detecting C compile features - done
[INFO] [stderr]   -- Detecting CXX compiler ABI info
[INFO] [stderr]   -- Detecting CXX compiler ABI info - done
[INFO] [stderr]   -- Check for working CXX compiler: /usr/bin/c++ - skipped
[INFO] [stderr]   -- Detecting CXX compile features
[INFO] [stderr]   -- Detecting CXX compile features - done
[INFO] [stderr]   -- The ASM compiler identification is GNU
[INFO] [stderr]   -- Found assembler: /usr/bin/cc
[INFO] [stderr]   -- Looking for pthread.h
[INFO] [stderr]   -- Looking for pthread.h - found
[INFO] [stderr]   -- Performing Test CMAKE_HAVE_LIBC_PTHREAD
[INFO] [stderr]   -- Performing Test CMAKE_HAVE_LIBC_PTHREAD - Success
[INFO] [stderr]   -- Found Threads: TRUE  
[INFO] [stderr]   -- Configuring done
[INFO] [stderr]   -- Generating done
[INFO] [stderr]   -- Build files have been written to: /opt/rustwide/target/debug/build/boring-sys-c34a31d00e642473/out/build
[INFO] [stderr]   running: cd "/opt/rustwide/target/debug/build/boring-sys-c34a31d00e642473/out/build" && MAKEFLAGS="-j --jobserver-fds=8,9 --jobserver-auth=8,9" "cmake" "--build" "." "--target" "ssl" "--config" "Debug"
[INFO] [stderr]   Scanning dependencies of target crypto
[INFO] [stderr]   [  0%] Building ASM object CMakeFiles/crypto.dir/apple-aarch64/crypto/chacha/chacha-armv8-apple.S.o
[INFO] [stderr]   [  0%] Building ASM object CMakeFiles/crypto.dir/apple-aarch64/crypto/cipher_extra/chacha20_poly1305_armv8-apple.S.o
[INFO] [stderr]   [  1%] Building ASM object CMakeFiles/crypto.dir/apple-aarch64/crypto/fipsmodule/aesv8-armv8-apple.S.o
[INFO] [stderr]   [  1%] Building ASM object CMakeFiles/crypto.dir/apple-aarch64/crypto/fipsmodule/aesv8-gcm-armv8-apple.S.o
[INFO] [stderr]   [  1%] Building ASM object CMakeFiles/crypto.dir/apple-aarch64/crypto/fipsmodule/armv8-mont-apple.S.o
[INFO] [stderr]   [  1%] Building ASM object CMakeFiles/crypto.dir/apple-aarch64/crypto/fipsmodule/bn-armv8-apple.S.o
[INFO] [stderr]   [  2%] Building ASM object CMakeFiles/crypto.dir/apple-aarch64/crypto/fipsmodule/ghash-neon-armv8-apple.S.o
[INFO] [stderr]   [  2%] Building ASM object CMakeFiles/crypto.dir/apple-aarch64/crypto/fipsmodule/ghashv8-armv8-apple.S.o
[INFO] [stderr]   [  2%] Building ASM object CMakeFiles/crypto.dir/apple-aarch64/crypto/fipsmodule/p256-armv8-asm-apple.S.o
[INFO] [stderr]   [  2%] Building ASM object CMakeFiles/crypto.dir/apple-aarch64/crypto/fipsmodule/p256_beeu-armv8-asm-apple.S.o
[INFO] [stderr]   [  2%] Building ASM object CMakeFiles/crypto.dir/apple-aarch64/crypto/fipsmodule/sha1-armv8-apple.S.o
[INFO] [stderr]   [  3%] Building ASM object CMakeFiles/crypto.dir/apple-aarch64/crypto/fipsmodule/sha256-armv8-apple.S.o
[INFO] [stderr]   [  3%] Building ASM object CMakeFiles/crypto.dir/apple-aarch64/crypto/fipsmodule/sha512-armv8-apple.S.o
[INFO] [stderr]   [  3%] Building ASM object CMakeFiles/crypto.dir/apple-aarch64/crypto/fipsmodule/vpaes-armv8-apple.S.o
[INFO] [stderr]   [  3%] Building ASM object CMakeFiles/crypto.dir/apple-aarch64/crypto/test/trampoline-armv8-apple.S.o
[INFO] [stderr]   [  3%] Building ASM object CMakeFiles/crypto.dir/apple-arm/crypto/fipsmodule/aesv8-armv7-apple.S.o
[INFO] [stderr]   [  4%] Building ASM object CMakeFiles/crypto.dir/apple-arm/crypto/chacha/chacha-armv4-apple.S.o
[INFO] [stderr]   [  5%] Building ASM object CMakeFiles/crypto.dir/apple-arm/crypto/fipsmodule/ghash-armv4-apple.S.o
[INFO] [stderr]   [  5%] Building ASM object CMakeFiles/crypto.dir/apple-arm/crypto/fipsmodule/armv4-mont-apple.S.o
[INFO] [stderr]   [  5%] Building ASM object CMakeFiles/crypto.dir/apple-arm/crypto/fipsmodule/bsaes-armv7-apple.S.o
[INFO] [stderr]   [  5%] Building ASM object CMakeFiles/crypto.dir/apple-arm/crypto/fipsmodule/ghashv8-armv7-apple.S.o
[INFO] [stderr]   [  6%] Building ASM object CMakeFiles/crypto.dir/apple-arm/crypto/fipsmodule/sha512-armv4-apple.S.o
[INFO] [stderr]   [  6%] Building ASM object CMakeFiles/crypto.dir/apple-arm/crypto/fipsmodule/sha1-armv4-large-apple.S.o
[INFO] [stderr]   [  6%] Building ASM object CMakeFiles/crypto.dir/apple-arm/crypto/fipsmodule/sha256-armv4-apple.S.o
[INFO] [stderr]   [  6%] Building ASM object CMakeFiles/crypto.dir/apple-arm/crypto/test/trampoline-armv4-apple.S.o
[INFO] [stderr]   [  6%] Building ASM object CMakeFiles/crypto.dir/apple-arm/crypto/fipsmodule/vpaes-armv7-apple.S.o
[INFO] [stderr]   [  6%] Building ASM object CMakeFiles/crypto.dir/apple-x86/crypto/chacha/chacha-x86-apple.S.o
[INFO] [stderr]   [  7%] Building ASM object CMakeFiles/crypto.dir/apple-x86/crypto/fipsmodule/aesni-x86-apple.S.o
[INFO] [stderr]   [  7%] Building ASM object CMakeFiles/crypto.dir/apple-x86/crypto/fipsmodule/bn-586-apple.S.o
[INFO] [stderr]   [  7%] Building ASM object CMakeFiles/crypto.dir/apple-x86/crypto/fipsmodule/co-586-apple.S.o
[INFO] [stderr]   [  7%] Building ASM object CMakeFiles/crypto.dir/apple-x86/crypto/fipsmodule/ghash-ssse3-x86-apple.S.o
[INFO] [stderr]   [  8%] Building ASM object CMakeFiles/crypto.dir/apple-x86/crypto/fipsmodule/ghash-x86-apple.S.o
[INFO] [stderr]   [  8%] Building ASM object CMakeFiles/crypto.dir/apple-x86/crypto/fipsmodule/md5-586-apple.S.o
[INFO] [stderr]   [  8%] Building ASM object CMakeFiles/crypto.dir/apple-x86/crypto/fipsmodule/sha1-586-apple.S.o
[INFO] [stderr]   [  9%] Building ASM object CMakeFiles/crypto.dir/apple-x86/crypto/fipsmodule/sha512-586-apple.S.o
[INFO] [stderr]   [  9%] Building ASM object CMakeFiles/crypto.dir/apple-x86/crypto/fipsmodule/sha256-586-apple.S.o
[INFO] [stderr]   [  9%] Building ASM object CMakeFiles/crypto.dir/apple-x86/crypto/fipsmodule/vpaes-x86-apple.S.o
[INFO] [stderr]   [  9%] Building ASM object CMakeFiles/crypto.dir/apple-x86/crypto/fipsmodule/x86-mont-apple.S.o
[INFO] [stderr]   [  9%] Building ASM object CMakeFiles/crypto.dir/apple-x86/crypto/test/trampoline-x86-apple.S.o
[INFO] [stderr]   [  9%] Building ASM object CMakeFiles/crypto.dir/apple-x86_64/crypto/chacha/chacha-x86_64-apple.S.o
[INFO] [stderr]   [ 10%] Building ASM object CMakeFiles/crypto.dir/apple-x86_64/crypto/cipher_extra/aes128gcmsiv-x86_64-apple.S.o
[INFO] [stderr]   [ 10%] Building ASM object CMakeFiles/crypto.dir/apple-x86_64/crypto/cipher_extra/chacha20_poly1305_x86_64-apple.S.o
[INFO] [stderr]   [ 10%] Building ASM object CMakeFiles/crypto.dir/apple-x86_64/crypto/fipsmodule/aesni-gcm-x86_64-apple.S.o
[INFO] [stderr]   [ 10%] Building ASM object CMakeFiles/crypto.dir/apple-x86_64/crypto/fipsmodule/aesni-x86_64-apple.S.o
[INFO] [stderr]   [ 11%] Building ASM object CMakeFiles/crypto.dir/apple-x86_64/crypto/fipsmodule/ghash-ssse3-x86_64-apple.S.o
[INFO] [stderr]   [ 11%] Building ASM object CMakeFiles/crypto.dir/apple-x86_64/crypto/fipsmodule/ghash-x86_64-apple.S.o
[INFO] [stderr]   [ 11%] Building ASM object CMakeFiles/crypto.dir/apple-x86_64/crypto/fipsmodule/p256-x86_64-asm-apple.S.o
[INFO] [stderr]   [ 11%] Building ASM object CMakeFiles/crypto.dir/apple-x86_64/crypto/fipsmodule/md5-x86_64-apple.S.o
[INFO] [stderr]   [ 11%] Building ASM object CMakeFiles/crypto.dir/apple-x86_64/crypto/fipsmodule/rdrand-x86_64-apple.S.o
[INFO] [stderr]   [ 12%] Building ASM object CMakeFiles/crypto.dir/apple-x86_64/crypto/fipsmodule/p256_beeu-x86_64-asm-apple.S.o
[INFO] [stderr]   [ 12%] Building ASM object CMakeFiles/crypto.dir/apple-x86_64/crypto/fipsmodule/rsaz-avx2-apple.S.o
[INFO] [stderr]   [ 12%] Building ASM object CMakeFiles/crypto.dir/apple-x86_64/crypto/fipsmodule/sha1-x86_64-apple.S.o
[INFO] [stderr]   [ 13%] Building ASM object CMakeFiles/crypto.dir/apple-x86_64/crypto/fipsmodule/sha256-x86_64-apple.S.o
[INFO] [stderr]   [ 13%] Building ASM object CMakeFiles/crypto.dir/apple-x86_64/crypto/fipsmodule/sha512-x86_64-apple.S.o
[INFO] [stderr]   [ 13%] Building ASM object CMakeFiles/crypto.dir/apple-x86_64/crypto/fipsmodule/vpaes-x86_64-apple.S.o
[INFO] [stderr]   [ 13%] Building ASM object CMakeFiles/crypto.dir/apple-x86_64/crypto/fipsmodule/x86_64-mont-apple.S.o
[INFO] [stderr]   [ 14%] Building ASM object CMakeFiles/crypto.dir/apple-x86_64/crypto/fipsmodule/x86_64-mont5-apple.S.o
[INFO] [stderr]   [ 14%] Building ASM object CMakeFiles/crypto.dir/linux-aarch64/crypto/chacha/chacha-armv8-linux.S.o
[INFO] [stderr]   [ 14%] Building ASM object CMakeFiles/crypto.dir/apple-x86_64/crypto/test/trampoline-x86_64-apple.S.o
[INFO] [stderr]   [ 14%] Building ASM object CMakeFiles/crypto.dir/linux-aarch64/crypto/cipher_extra/chacha20_poly1305_armv8-linux.S.o
[INFO] [stderr]   [ 14%] Building ASM object CMakeFiles/crypto.dir/linux-aarch64/crypto/fipsmodule/aesv8-gcm-armv8-linux.S.o
[INFO] [stderr]   [ 15%] Building ASM object CMakeFiles/crypto.dir/linux-aarch64/crypto/fipsmodule/aesv8-armv8-linux.S.o
[INFO] [stderr]   [ 15%] Building ASM object CMakeFiles/crypto.dir/linux-aarch64/crypto/fipsmodule/bn-armv8-linux.S.o
[INFO] [stderr]   [ 15%] Building ASM object CMakeFiles/crypto.dir/linux-aarch64/crypto/fipsmodule/armv8-mont-linux.S.o
[INFO] [stderr]   [ 16%] Building ASM object CMakeFiles/crypto.dir/linux-aarch64/crypto/fipsmodule/ghash-neon-armv8-linux.S.o
[INFO] [stderr]   [ 16%] Building ASM object CMakeFiles/crypto.dir/linux-aarch64/crypto/fipsmodule/ghashv8-armv8-linux.S.o
[INFO] [stderr]   [ 16%] Building ASM object CMakeFiles/crypto.dir/linux-aarch64/crypto/fipsmodule/p256_beeu-armv8-asm-linux.S.o
[INFO] [stderr]   [ 16%] Building ASM object CMakeFiles/crypto.dir/linux-aarch64/crypto/fipsmodule/sha1-armv8-linux.S.o
[INFO] [stderr]   [ 17%] Building ASM object CMakeFiles/crypto.dir/linux-aarch64/crypto/fipsmodule/sha256-armv8-linux.S.o
[INFO] [stderr]   [ 17%] Building ASM object CMakeFiles/crypto.dir/linux-aarch64/crypto/fipsmodule/p256-armv8-asm-linux.S.o
[INFO] [stderr]   [ 17%] Building ASM object CMakeFiles/crypto.dir/linux-aarch64/crypto/fipsmodule/vpaes-armv8-linux.S.o
[INFO] [stderr]   [ 17%] Building ASM object CMakeFiles/crypto.dir/linux-aarch64/crypto/fipsmodule/sha512-armv8-linux.S.o
[INFO] [stderr]   [ 17%] Building ASM object CMakeFiles/crypto.dir/linux-aarch64/crypto/test/trampoline-armv8-linux.S.o
[INFO] [stderr]   [ 17%] Building ASM object CMakeFiles/crypto.dir/linux-arm/crypto/fipsmodule/bsaes-armv7-linux.S.o
[INFO] [stderr]   [ 17%] Building ASM object CMakeFiles/crypto.dir/linux-arm/crypto/fipsmodule/aesv8-armv7-linux.S.o
[INFO] [stderr]   [ 17%] Building ASM object CMakeFiles/crypto.dir/linux-arm/crypto/fipsmodule/armv4-mont-linux.S.o
[INFO] [stderr]   [ 18%] Building ASM object CMakeFiles/crypto.dir/linux-arm/crypto/fipsmodule/ghash-armv4-linux.S.o
[INFO] [stderr]   [ 19%] Building ASM object CMakeFiles/crypto.dir/linux-arm/crypto/chacha/chacha-armv4-linux.S.o
[INFO] [stderr]   [ 19%] Building ASM object CMakeFiles/crypto.dir/linux-arm/crypto/fipsmodule/ghashv8-armv7-linux.S.o
[INFO] [stderr]   [ 19%] Building ASM object CMakeFiles/crypto.dir/linux-arm/crypto/fipsmodule/sha256-armv4-linux.S.o
[INFO] [stderr]   [ 19%] Building ASM object CMakeFiles/crypto.dir/linux-arm/crypto/fipsmodule/sha1-armv4-large-linux.S.o
[INFO] [stderr]   [ 20%] Building ASM object CMakeFiles/crypto.dir/linux-arm/crypto/fipsmodule/sha512-armv4-linux.S.o
[INFO] [stderr]   [ 20%] Building ASM object CMakeFiles/crypto.dir/linux-arm/crypto/test/trampoline-armv4-linux.S.o
[INFO] [stderr]   [ 20%] Building ASM object CMakeFiles/crypto.dir/linux-arm/crypto/fipsmodule/vpaes-armv7-linux.S.o
[INFO] [stderr]   [ 20%] Building ASM object CMakeFiles/crypto.dir/linux-x86/crypto/chacha/chacha-x86-linux.S.o
[INFO] [stderr]   [ 21%] Building ASM object CMakeFiles/crypto.dir/linux-x86/crypto/fipsmodule/aesni-x86-linux.S.o
[INFO] [stderr]   [ 21%] Building ASM object CMakeFiles/crypto.dir/linux-x86/crypto/fipsmodule/bn-586-linux.S.o
[INFO] [stderr]   [ 21%] Building ASM object CMakeFiles/crypto.dir/linux-x86/crypto/fipsmodule/co-586-linux.S.o
[INFO] [stderr]   [ 21%] Building ASM object CMakeFiles/crypto.dir/linux-x86/crypto/fipsmodule/ghash-ssse3-x86-linux.S.o
[INFO] [stderr]   [ 22%] Building ASM object CMakeFiles/crypto.dir/linux-x86/crypto/fipsmodule/ghash-x86-linux.S.o
[INFO] [stderr]   [ 22%] Building ASM object CMakeFiles/crypto.dir/linux-x86/crypto/fipsmodule/md5-586-linux.S.o
[INFO] [stderr]   [ 22%] Building ASM object CMakeFiles/crypto.dir/linux-x86/crypto/fipsmodule/sha1-586-linux.S.o
[INFO] [stderr]   [ 22%] Building ASM object CMakeFiles/crypto.dir/linux-x86/crypto/fipsmodule/sha256-586-linux.S.o
[INFO] [stderr]   [ 22%] Building ASM object CMakeFiles/crypto.dir/linux-x86/crypto/fipsmodule/sha512-586-linux.S.o
[INFO] [stderr]   [ 23%] Building ASM object CMakeFiles/crypto.dir/linux-x86/crypto/fipsmodule/vpaes-x86-linux.S.o
[INFO] [stderr]   [ 23%] Building ASM object CMakeFiles/crypto.dir/linux-x86/crypto/fipsmodule/x86-mont-linux.S.o
[INFO] [stderr]   [ 23%] Building ASM object CMakeFiles/crypto.dir/linux-x86/crypto/test/trampoline-x86-linux.S.o
[INFO] [stderr]   [ 23%] Building ASM object CMakeFiles/crypto.dir/linux-x86_64/crypto/chacha/chacha-x86_64-linux.S.o
[INFO] [stderr]   [ 23%] Building ASM object CMakeFiles/crypto.dir/linux-x86_64/crypto/fipsmodule/aesni-gcm-x86_64-linux.S.o
[INFO] [stderr]   [ 23%] Building ASM object CMakeFiles/crypto.dir/linux-x86_64/crypto/cipher_extra/chacha20_poly1305_x86_64-linux.S.o
[INFO] [stderr]   [ 25%] Building ASM object CMakeFiles/crypto.dir/linux-x86_64/crypto/cipher_extra/aes128gcmsiv-x86_64-linux.S.o
[INFO] [stderr]   [ 25%] Building ASM object CMakeFiles/crypto.dir/linux-x86_64/crypto/fipsmodule/aesni-x86_64-linux.S.o
[INFO] [stderr]   [ 25%] Building ASM object CMakeFiles/crypto.dir/linux-x86_64/crypto/fipsmodule/md5-x86_64-linux.S.o
[INFO] [stderr]   [ 25%] Building ASM object CMakeFiles/crypto.dir/linux-x86_64/crypto/fipsmodule/ghash-x86_64-linux.S.o
[INFO] [stderr]   [ 25%] Building ASM object CMakeFiles/crypto.dir/linux-x86_64/crypto/fipsmodule/p256-x86_64-asm-linux.S.o
[INFO] [stderr]   [ 26%] Building ASM object CMakeFiles/crypto.dir/linux-x86_64/crypto/fipsmodule/p256_beeu-x86_64-asm-linux.S.o
[INFO] [stderr]   [ 27%] Building ASM object CMakeFiles/crypto.dir/linux-x86_64/crypto/fipsmodule/ghash-ssse3-x86_64-linux.S.o
[INFO] [stderr]   [ 27%] Building ASM object CMakeFiles/crypto.dir/linux-x86_64/crypto/fipsmodule/sha1-x86_64-linux.S.o
[INFO] [stderr]   [ 27%] Building ASM object CMakeFiles/crypto.dir/linux-x86_64/crypto/fipsmodule/rdrand-x86_64-linux.S.o
[INFO] [stderr]   [ 27%] Building ASM object CMakeFiles/crypto.dir/linux-x86_64/crypto/fipsmodule/rsaz-avx2-linux.S.o
[INFO] [stderr]   [ 28%] Building ASM object CMakeFiles/crypto.dir/linux-x86_64/crypto/fipsmodule/sha256-x86_64-linux.S.o
[INFO] [stderr]   [ 28%] Building ASM object CMakeFiles/crypto.dir/linux-x86_64/crypto/fipsmodule/sha512-x86_64-linux.S.o
[INFO] [stderr]   [ 28%] Building ASM object CMakeFiles/crypto.dir/linux-x86_64/crypto/fipsmodule/vpaes-x86_64-linux.S.o
[INFO] [stderr]   [ 28%] Building ASM object CMakeFiles/crypto.dir/linux-x86_64/crypto/fipsmodule/x86_64-mont-linux.S.o
[INFO] [stderr]   [ 28%] Building ASM object CMakeFiles/crypto.dir/linux-x86_64/crypto/test/trampoline-x86_64-linux.S.o
[INFO] [stderr]   [ 29%] Building ASM object CMakeFiles/crypto.dir/linux-x86_64/crypto/fipsmodule/x86_64-mont5-linux.S.o
[INFO] [stderr]   [ 29%] Building ASM object CMakeFiles/crypto.dir/src/crypto/curve25519/asm/x25519-asm-arm.S.o
[INFO] [stderr]   [ 29%] Building ASM object CMakeFiles/crypto.dir/src/crypto/hrss/asm/poly_rq_mul.S.o
[INFO] [stderr]   [ 29%] Building ASM object CMakeFiles/crypto.dir/win-aarch64/crypto/chacha/chacha-armv8-win.S.o
[INFO] [stderr]   [ 30%] Building ASM object CMakeFiles/crypto.dir/src/crypto/poly1305/poly1305_arm_asm.S.o
[INFO] [stderr]   [ 30%] Building ASM object CMakeFiles/crypto.dir/win-aarch64/crypto/cipher_extra/chacha20_poly1305_armv8-win.S.o
[INFO] [stderr]   [ 30%] Building ASM object CMakeFiles/crypto.dir/win-aarch64/crypto/fipsmodule/aesv8-armv8-win.S.o
[INFO] [stderr]   [ 30%] Building ASM object CMakeFiles/crypto.dir/win-aarch64/crypto/fipsmodule/aesv8-gcm-armv8-win.S.o
[INFO] [stderr]   [ 31%] Building ASM object CMakeFiles/crypto.dir/win-aarch64/crypto/fipsmodule/armv8-mont-win.S.o
[INFO] [stderr]   [ 31%] Building ASM object CMakeFiles/crypto.dir/win-aarch64/crypto/fipsmodule/bn-armv8-win.S.o
[INFO] [stderr]   [ 31%] Building ASM object CMakeFiles/crypto.dir/win-aarch64/crypto/fipsmodule/ghashv8-armv8-win.S.o
[INFO] [stderr]   [ 31%] Building ASM object CMakeFiles/crypto.dir/win-aarch64/crypto/fipsmodule/ghash-neon-armv8-win.S.o
[INFO] [stderr]   [ 32%] Building ASM object CMakeFiles/crypto.dir/win-aarch64/crypto/fipsmodule/p256-armv8-asm-win.S.o
[INFO] [stderr]   [ 32%] Building ASM object CMakeFiles/crypto.dir/win-aarch64/crypto/fipsmodule/p256_beeu-armv8-asm-win.S.o
[INFO] [stderr]   [ 32%] Building ASM object CMakeFiles/crypto.dir/win-aarch64/crypto/fipsmodule/sha1-armv8-win.S.o
[INFO] [stderr]   [ 32%] Building ASM object CMakeFiles/crypto.dir/win-aarch64/crypto/fipsmodule/sha256-armv8-win.S.o
[INFO] [stderr]   [ 33%] Building ASM object CMakeFiles/crypto.dir/win-aarch64/crypto/fipsmodule/sha512-armv8-win.S.o
[INFO] [stderr]   [ 33%] Building ASM object CMakeFiles/crypto.dir/win-aarch64/crypto/fipsmodule/vpaes-armv8-win.S.o
[INFO] [stderr]   [ 33%] Building ASM object CMakeFiles/crypto.dir/win-aarch64/crypto/test/trampoline-armv8-win.S.o
[INFO] [stderr]   [ 33%] Building C object CMakeFiles/crypto.dir/err_data.c.o
[INFO] [stderr]   [ 34%] Building C object CMakeFiles/crypto.dir/src/crypto/asn1/a_bitstr.c.o
[INFO] [stderr]   [ 34%] Building C object CMakeFiles/crypto.dir/src/crypto/asn1/a_bool.c.o
[INFO] [stderr]   [ 34%] Building C object CMakeFiles/crypto.dir/src/crypto/asn1/a_d2i_fp.c.o
[INFO] [stderr]   [ 34%] Building C object CMakeFiles/crypto.dir/src/crypto/asn1/a_dup.c.o
[INFO] [stderr]   [ 34%] Building C object CMakeFiles/crypto.dir/src/crypto/asn1/a_i2d_fp.c.o
[INFO] [stderr]   [ 35%] Building C object CMakeFiles/crypto.dir/src/crypto/asn1/a_gentm.c.o
[INFO] [stderr]   [ 35%] Building C object CMakeFiles/crypto.dir/src/crypto/asn1/a_int.c.o
[INFO] [stderr]   [ 35%] Building C object CMakeFiles/crypto.dir/src/crypto/asn1/a_mbstr.c.o
[INFO] [stderr]   [ 36%] Building C object CMakeFiles/crypto.dir/src/crypto/asn1/a_object.c.o
[INFO] [stderr]   [ 36%] Building C object CMakeFiles/crypto.dir/src/crypto/asn1/a_octet.c.o
[INFO] [stderr]   [ 36%] Building C object CMakeFiles/crypto.dir/src/crypto/asn1/a_strex.c.o
[INFO] [stderr]   [ 36%] Building C object CMakeFiles/crypto.dir/src/crypto/asn1/a_strnid.c.o
[INFO] [stderr]   [ 37%] Building C object CMakeFiles/crypto.dir/src/crypto/asn1/a_time.c.o
[INFO] [stderr]   [ 37%] Building C object CMakeFiles/crypto.dir/src/crypto/asn1/a_utctm.c.o
[INFO] [stderr]   [ 37%] Building C object CMakeFiles/crypto.dir/src/crypto/asn1/a_type.c.o
[INFO] [stderr]   [ 37%] Building C object CMakeFiles/crypto.dir/src/crypto/asn1/asn1_lib.c.o
[INFO] [stderr]   [ 37%] Building C object CMakeFiles/crypto.dir/src/crypto/asn1/asn1_par.c.o
[INFO] [stderr]   [ 38%] Building C object CMakeFiles/crypto.dir/src/crypto/asn1/asn_pack.c.o
[INFO] [stderr]   [ 38%] Building C object CMakeFiles/crypto.dir/src/crypto/asn1/f_int.c.o
[INFO] [stderr]   [ 38%] Building C object CMakeFiles/crypto.dir/src/crypto/asn1/posix_time.c.o
[INFO] [stderr]   [ 38%] Building C object CMakeFiles/crypto.dir/src/crypto/asn1/f_string.c.o
[INFO] [stderr]   [ 39%] Building C object CMakeFiles/crypto.dir/src/crypto/asn1/tasn_dec.c.o
[INFO] [stderr]   [ 39%] Building C object CMakeFiles/crypto.dir/src/crypto/asn1/tasn_enc.c.o
[INFO] [stderr]   [ 39%] Building C object CMakeFiles/crypto.dir/src/crypto/asn1/tasn_fre.c.o
[INFO] [stderr]   [ 39%] Building C object CMakeFiles/crypto.dir/src/crypto/asn1/tasn_new.c.o
[INFO] [stderr]   [ 40%] Building C object CMakeFiles/crypto.dir/src/crypto/asn1/tasn_typ.c.o
[INFO] [stderr]   [ 40%] Building C object CMakeFiles/crypto.dir/src/crypto/asn1/tasn_utl.c.o
[INFO] [stderr]   [ 40%] Building C object CMakeFiles/crypto.dir/src/crypto/base64/base64.c.o
[INFO] [stderr]   [ 40%] Building C object CMakeFiles/crypto.dir/src/crypto/bio/bio.c.o
[INFO] [stderr]   [ 41%] Building C object CMakeFiles/crypto.dir/src/crypto/bio/bio_mem.c.o
[INFO] [stderr]   [ 41%] Building C object CMakeFiles/crypto.dir/src/crypto/bio/fd.c.o
[INFO] [stderr]   [ 41%] Building C object CMakeFiles/crypto.dir/src/crypto/bio/connect.c.o
[INFO] [stderr]   [ 41%] Building C object CMakeFiles/crypto.dir/src/crypto/bio/file.c.o
[INFO] [stderr]   [ 42%] Building C object CMakeFiles/crypto.dir/src/crypto/bio/hexdump.c.o
[INFO] [stderr]   [ 42%] Building C object CMakeFiles/crypto.dir/src/crypto/bio/pair.c.o
[INFO] [stderr]   [ 42%] Building C object CMakeFiles/crypto.dir/src/crypto/bio/printf.c.o
[INFO] [stderr]   [ 42%] Building C object CMakeFiles/crypto.dir/src/crypto/bio/socket.c.o
[INFO] [stderr]   [ 42%] Building C object CMakeFiles/crypto.dir/src/crypto/blake2/blake2.c.o
[INFO] [stderr]   [ 43%] Building C object CMakeFiles/crypto.dir/src/crypto/bio/socket_helper.c.o
[INFO] [stderr]   [ 43%] Building C object CMakeFiles/crypto.dir/src/crypto/bn_extra/bn_asn1.c.o
[INFO] [stderr]   [ 43%] Building C object CMakeFiles/crypto.dir/src/crypto/buf/buf.c.o
[INFO] [stderr]   [ 43%] Building C object CMakeFiles/crypto.dir/src/crypto/bn_extra/convert.c.o
[INFO] [stderr]   [ 43%] Building C object CMakeFiles/crypto.dir/src/crypto/bytestring/ber.c.o
[INFO] [stderr]   [ 44%] Building C object CMakeFiles/crypto.dir/src/crypto/bytestring/asn1_compat.c.o
[INFO] [stderr]   [ 44%] Building C object CMakeFiles/crypto.dir/src/crypto/bytestring/cbb.c.o
[INFO] [stderr]   [ 44%] Building C object CMakeFiles/crypto.dir/src/crypto/bytestring/cbs.c.o
[INFO] [stderr]   [ 44%] Building C object CMakeFiles/crypto.dir/src/crypto/cipher_extra/cipher_extra.c.o
[INFO] [stderr]   [ 44%] Building C object CMakeFiles/crypto.dir/src/crypto/chacha/chacha.c.o
[INFO] [stderr]   [ 45%] Building C object CMakeFiles/crypto.dir/src/crypto/bytestring/unicode.c.o
[INFO] [stderr]   [ 45%] Building C object CMakeFiles/crypto.dir/src/crypto/cipher_extra/derive_key.c.o
[INFO] [stderr]   [ 46%] Building C object CMakeFiles/crypto.dir/src/crypto/cipher_extra/e_aesctrhmac.c.o
[INFO] [stderr]   [ 46%] Building C object CMakeFiles/crypto.dir/src/crypto/cipher_extra/e_aesgcmsiv.c.o
[INFO] [stderr]   [ 46%] Building C object CMakeFiles/crypto.dir/src/crypto/cipher_extra/e_chacha20poly1305.c.o
[INFO] [stderr]   [ 47%] Building C object CMakeFiles/crypto.dir/src/crypto/cipher_extra/e_null.c.o
[INFO] [stderr]   [ 47%] Building C object CMakeFiles/crypto.dir/src/crypto/cipher_extra/e_des.c.o
[INFO] [stderr]   [ 47%] Building C object CMakeFiles/crypto.dir/src/crypto/cipher_extra/e_rc2.c.o
[INFO] [stderr]   [ 47%] Building C object CMakeFiles/crypto.dir/src/crypto/cipher_extra/e_rc4.c.o
[INFO] [stderr]   [ 47%] Building C object CMakeFiles/crypto.dir/src/crypto/cipher_extra/e_tls.c.o
[INFO] [stderr]   [ 48%] Building C object CMakeFiles/crypto.dir/src/crypto/cipher_extra/tls_cbc.c.o
[INFO] [stderr]   [ 48%] Building C object CMakeFiles/crypto.dir/src/crypto/conf/conf.c.o
[INFO] [stderr]   [ 48%] Building C object CMakeFiles/crypto.dir/src/crypto/cpu_aarch64_apple.c.o
[INFO] [stderr]   [ 50%] Building C object CMakeFiles/crypto.dir/src/crypto/cpu_aarch64_fuchsia.c.o
[INFO] [stderr]   [ 50%] Building C object CMakeFiles/crypto.dir/src/crypto/cpu_aarch64_linux.c.o
[INFO] [stderr]   [ 50%] Building C object CMakeFiles/crypto.dir/src/crypto/cpu_aarch64_freebsd.c.o
[INFO] [stderr]   [ 50%] Building C object CMakeFiles/crypto.dir/src/crypto/cpu_aarch64_win.c.o
[INFO] [stderr]   [ 50%] Building C object CMakeFiles/crypto.dir/src/crypto/cpu_arm.c.o
[INFO] [stderr]   [ 51%] Building C object CMakeFiles/crypto.dir/src/crypto/cpu_arm_freebsd.c.o
[INFO] [stderr]   [ 51%] Building C object CMakeFiles/crypto.dir/src/crypto/cpu_arm_linux.c.o
[INFO] [stderr]   [ 51%] Building C object CMakeFiles/crypto.dir/src/crypto/crypto.c.o
[INFO] [stderr]   [ 51%] Building C object CMakeFiles/crypto.dir/src/crypto/curve25519/curve25519.c.o
[INFO] [stderr]   [ 51%] Building C object CMakeFiles/crypto.dir/src/crypto/cpu_intel.c.o
[INFO] [stderr]   [ 51%] Building C object CMakeFiles/crypto.dir/src/crypto/des/des.c.o
[INFO] [stderr]   [ 52%] Building C object CMakeFiles/crypto.dir/src/crypto/curve25519/spake25519.c.o
[INFO] [stderr]   [ 52%] Building C object CMakeFiles/crypto.dir/src/crypto/dh_extra/params.c.o
[INFO] [stderr]   [ 53%] Building C object CMakeFiles/crypto.dir/src/crypto/digest_extra/digest_extra.c.o
[INFO] [stderr]   [ 53%] Building C object CMakeFiles/crypto.dir/src/crypto/dh_extra/dh_asn1.c.o
[INFO] [stderr]   [ 53%] Building C object CMakeFiles/crypto.dir/src/crypto/dsa/dsa.c.o
[INFO] [stderr]   [ 53%] Building C object CMakeFiles/crypto.dir/src/crypto/dsa/dsa_asn1.c.o
[INFO] [stderr]   [ 54%] Building C object CMakeFiles/crypto.dir/src/crypto/ec_extra/ec_derive.c.o
[INFO] [stderr]   [ 54%] Building C object CMakeFiles/crypto.dir/src/crypto/ec_extra/ec_asn1.c.o
[INFO] [stderr]   [ 54%] Building C object CMakeFiles/crypto.dir/src/crypto/ec_extra/hash_to_curve.c.o
[INFO] [stderr]   [ 54%] Building C object CMakeFiles/crypto.dir/src/crypto/ecdh_extra/ecdh_extra.c.o
[INFO] [stderr]   [ 54%] Building C object CMakeFiles/crypto.dir/src/crypto/ecdsa_extra/ecdsa_asn1.c.o
[INFO] [stderr]   [ 55%] Building C object CMakeFiles/crypto.dir/src/crypto/engine/engine.c.o
[INFO] [stderr]   [ 55%] Building C object CMakeFiles/crypto.dir/src/crypto/evp/evp.c.o
[INFO] [stderr]   [ 55%] Building C object CMakeFiles/crypto.dir/src/crypto/err/err.c.o
[INFO] [stderr]   [ 55%] Building C object CMakeFiles/crypto.dir/src/crypto/evp/evp_asn1.c.o
[INFO] [stderr]   [ 56%] Building C object CMakeFiles/crypto.dir/src/crypto/evp/evp_ctx.c.o
[INFO] [stderr]   [ 56%] Building C object CMakeFiles/crypto.dir/src/crypto/evp/p_dsa_asn1.c.o
[INFO] [stderr]   [ 56%] Building C object CMakeFiles/crypto.dir/src/crypto/evp/p_ec.c.o
[INFO] [stderr]   [ 56%] Building C object CMakeFiles/crypto.dir/src/crypto/evp/p_ec_asn1.c.o
[INFO] [stderr]   [ 56%] Building C object CMakeFiles/crypto.dir/src/crypto/evp/p_ed25519_asn1.c.o
[INFO] [stderr]   [ 57%] Building C object CMakeFiles/crypto.dir/src/crypto/evp/p_ed25519.c.o
[INFO] [stderr]   [ 57%] Building C object CMakeFiles/crypto.dir/src/crypto/evp/p_rsa.c.o
[INFO] [stderr]   [ 58%] Building C object CMakeFiles/crypto.dir/src/crypto/evp/p_rsa_asn1.c.o
[INFO] [stderr]   [ 58%] Building C object CMakeFiles/crypto.dir/src/crypto/evp/p_hkdf.c.o
[INFO] [stderr]   [ 58%] Building C object CMakeFiles/crypto.dir/src/crypto/evp/p_x25519.c.o
[INFO] [stderr]   [ 58%] Building C object CMakeFiles/crypto.dir/src/crypto/evp/p_x25519_asn1.c.o
[INFO] [stderr]   [ 58%] Building C object CMakeFiles/crypto.dir/src/crypto/evp/pbkdf.c.o
[INFO] [stderr]   [ 59%] Building C object CMakeFiles/crypto.dir/src/crypto/evp/scrypt.c.o
[INFO] [stderr]   [ 59%] Building C object CMakeFiles/crypto.dir/src/crypto/evp/print.c.o
[INFO] [stderr]   [ 59%] Building C object CMakeFiles/crypto.dir/src/crypto/evp/sign.c.o
[INFO] [stderr]   [ 59%] Building C object CMakeFiles/crypto.dir/src/crypto/ex_data.c.o
[INFO] [stderr]   [ 60%] Building C object CMakeFiles/crypto.dir/src/crypto/fipsmodule/fips_shared_support.c.o
[INFO] [stderr]   [ 60%] Building C object CMakeFiles/crypto.dir/src/crypto/fipsmodule/bcm.c.o
[INFO] [stderr]   [ 60%] Building C object CMakeFiles/crypto.dir/src/crypto/hrss/hrss.c.o
[INFO] [stderr]   [ 60%] Building C object CMakeFiles/crypto.dir/src/crypto/kyber/keccak.c.o
[INFO] [stderr]   [ 60%] Building C object CMakeFiles/crypto.dir/src/crypto/hpke/hpke.c.o
[INFO] [stderr]   [ 61%] Building C object CMakeFiles/crypto.dir/src/crypto/kyber/kyber.c.o
[INFO] [stderr]   [ 61%] Building C object CMakeFiles/crypto.dir/src/crypto/lhash/lhash.c.o
[INFO] [stderr]   [ 61%] Building C object CMakeFiles/crypto.dir/src/crypto/mem.c.o
[INFO] [stderr]   [ 61%] Building C object CMakeFiles/crypto.dir/src/crypto/obj/obj.c.o
[INFO] [stderr]   [ 62%] Building C object CMakeFiles/crypto.dir/src/crypto/obj/obj_xref.c.o
[INFO] [stderr]   [ 62%] Building C object CMakeFiles/crypto.dir/src/crypto/pem/pem_all.c.o
[INFO] [stderr]   [ 62%] Building C object CMakeFiles/crypto.dir/src/crypto/pem/pem_info.c.o
[INFO] [stderr]   [ 63%] Building C object CMakeFiles/crypto.dir/src/crypto/pem/pem_oth.c.o
[INFO] [stderr]   [ 63%] Building C object CMakeFiles/crypto.dir/src/crypto/pem/pem_lib.c.o
[INFO] [stderr]   [ 63%] Building C object CMakeFiles/crypto.dir/src/crypto/pem/pem_pk8.c.o
[INFO] [stderr]   [ 63%] Building C object CMakeFiles/crypto.dir/src/crypto/pem/pem_pkey.c.o
[INFO] [stderr]   [ 63%] Building C object CMakeFiles/crypto.dir/src/crypto/pem/pem_x509.c.o
[INFO] [stderr]   [ 64%] Building C object CMakeFiles/crypto.dir/src/crypto/pem/pem_xaux.c.o
[INFO] [stderr]   [ 64%] Building C object CMakeFiles/crypto.dir/src/crypto/pkcs7/pkcs7.c.o
[INFO] [stderr]   [ 64%] Building C object CMakeFiles/crypto.dir/src/crypto/pkcs7/pkcs7_x509.c.o
[INFO] [stderr]   [ 64%] Building C object CMakeFiles/crypto.dir/src/crypto/pkcs8/p5_pbev2.c.o
[INFO] [stderr]   [ 64%] Building C object CMakeFiles/crypto.dir/src/crypto/pkcs8/pkcs8.c.o
[INFO] [stderr]   [ 64%] Building C object CMakeFiles/crypto.dir/src/crypto/poly1305/poly1305.c.o
[INFO] [stderr]   [ 65%] Building C object CMakeFiles/crypto.dir/src/crypto/pkcs8/pkcs8_x509.c.o
[INFO] [stderr]   [ 65%] Building C object CMakeFiles/crypto.dir/src/crypto/poly1305/poly1305_arm.c.o
[INFO] [stderr]   [ 66%] Building C object CMakeFiles/crypto.dir/src/crypto/pool/pool.c.o
[INFO] [stderr]   [ 66%] Building C object CMakeFiles/crypto.dir/src/crypto/poly1305/poly1305_vec.c.o
[INFO] [stderr]   [ 66%] Building C object CMakeFiles/crypto.dir/src/crypto/rand_extra/deterministic.c.o
[INFO] [stderr]   [ 66%] Building C object CMakeFiles/crypto.dir/src/crypto/rand_extra/forkunsafe.c.o
[INFO] [stderr]   [ 66%] Building C object CMakeFiles/crypto.dir/src/crypto/rand_extra/fuchsia.c.o
[INFO] [stderr]   [ 66%] Building C object CMakeFiles/crypto.dir/src/crypto/rand_extra/rand_extra.c.o
[INFO] [stderr]   [ 67%] Building C object CMakeFiles/crypto.dir/src/crypto/rand_extra/passive.c.o
[INFO] [stderr]   [ 67%] Building C object CMakeFiles/crypto.dir/src/crypto/rand_extra/windows.c.o
[INFO] [stderr]   [ 67%] Building C object CMakeFiles/crypto.dir/src/crypto/rc4/rc4.c.o
[INFO] [stderr]   [ 68%] Building C object CMakeFiles/crypto.dir/src/crypto/refcount_c11.c.o
[INFO] [stderr]   [ 68%] Building C object CMakeFiles/crypto.dir/src/crypto/refcount_lock.c.o
[INFO] [stderr]   [ 67%] Building C object CMakeFiles/crypto.dir/src/crypto/rsa_extra/rsa_asn1.c.o
[INFO] [stderr]   [ 68%] Building C object CMakeFiles/crypto.dir/src/crypto/rsa_extra/rsa_crypt.c.o
[INFO] [stderr]   [ 69%] Building C object CMakeFiles/crypto.dir/src/crypto/rsa_extra/rsa_print.c.o
[INFO] [stderr]   [ 69%] Building C object CMakeFiles/crypto.dir/src/crypto/siphash/siphash.c.o
[INFO] [stderr]   [ 69%] Building C object CMakeFiles/crypto.dir/src/crypto/stack/stack.c.o
[INFO] [stderr]   [ 69%] Building C object CMakeFiles/crypto.dir/src/crypto/thread.c.o
[INFO] [stderr]   [ 70%] Building C object CMakeFiles/crypto.dir/src/crypto/thread_none.c.o
[INFO] [stderr]   [ 70%] Building C object CMakeFiles/crypto.dir/src/crypto/thread_pthread.c.o
[INFO] [stderr]   [ 70%] Building C object CMakeFiles/crypto.dir/src/crypto/thread_win.c.o
[INFO] [stderr]   [ 70%] Building C object CMakeFiles/crypto.dir/src/crypto/trust_token/pmbtoken.c.o
[INFO] [stderr]   [ 71%] Building C object CMakeFiles/crypto.dir/src/crypto/trust_token/trust_token.c.o
[INFO] [stderr]   [ 71%] Building C object CMakeFiles/crypto.dir/src/crypto/trust_token/voprf.c.o
[INFO] [stderr]   [ 71%] Building C object CMakeFiles/crypto.dir/src/crypto/x509/a_digest.c.o
[INFO] [stderr]   [ 71%] Building C object CMakeFiles/crypto.dir/src/crypto/x509/a_verify.c.o
[INFO] [stderr]   [ 71%] Building C object CMakeFiles/crypto.dir/src/crypto/x509/a_sign.c.o
[INFO] [stderr]   [ 72%] Building C object CMakeFiles/crypto.dir/src/crypto/x509/algorithm.c.o
[INFO] [stderr]   [ 72%] Building C object CMakeFiles/crypto.dir/src/crypto/x509/asn1_gen.c.o
[INFO] [stderr]   [ 72%] Building C object CMakeFiles/crypto.dir/src/crypto/x509/by_dir.c.o
[INFO] [stderr]   [ 72%] Building C object CMakeFiles/crypto.dir/src/crypto/x509/by_file.c.o
[INFO] [stderr]   [ 73%] Building C object CMakeFiles/crypto.dir/src/crypto/x509/i2d_pr.c.o
[INFO] [stderr]   [ 73%] Building C object CMakeFiles/crypto.dir/src/crypto/x509/name_print.c.o
[INFO] [stderr]   [ 73%] Building C object CMakeFiles/crypto.dir/src/crypto/x509/policy.c.o
[INFO] [stderr]   [ 73%] Building C object CMakeFiles/crypto.dir/src/crypto/x509/rsa_pss.c.o
[INFO] [stderr]   [ 75%] Building C object CMakeFiles/crypto.dir/src/crypto/x509/t_crl.c.o
[INFO] [stderr]   [ 75%] Building C object CMakeFiles/crypto.dir/src/crypto/x509/t_req.c.o
[INFO] [stderr]   [ 75%] Building C object CMakeFiles/crypto.dir/src/crypto/x509/t_x509.c.o
[INFO] [stderr]   [ 75%] Building C object CMakeFiles/crypto.dir/src/crypto/x509/t_x509a.c.o
[INFO] [stderr]   [ 76%] Building C object CMakeFiles/crypto.dir/src/crypto/x509/x509.c.o
[INFO] [stderr]   [ 76%] Building C object CMakeFiles/crypto.dir/src/crypto/x509/x509_att.c.o
[INFO] [stderr]   [ 76%] Building C object CMakeFiles/crypto.dir/src/crypto/x509/x509_cmp.c.o
[INFO] [stderr]   [ 76%] Building C object CMakeFiles/crypto.dir/src/crypto/x509/x509_d2.c.o
[INFO] [stderr]   [ 77%] Building C object CMakeFiles/crypto.dir/src/crypto/x509/x509_def.c.o
[INFO] [stderr]   [ 77%] Building C object CMakeFiles/crypto.dir/src/crypto/x509/x509_ext.c.o
[INFO] [stderr]   [ 77%] Building C object CMakeFiles/crypto.dir/src/crypto/x509/x509_lu.c.o
[INFO] [stderr]   [ 77%] Building C object CMakeFiles/crypto.dir/src/crypto/x509/x509_obj.c.o
[INFO] [stderr]   [ 78%] Building C object CMakeFiles/crypto.dir/src/crypto/x509/x509_req.c.o
[INFO] [stderr]   [ 78%] Building C object CMakeFiles/crypto.dir/src/crypto/x509/x509_set.c.o
[INFO] [stderr]   [ 78%] Building C object CMakeFiles/crypto.dir/src/crypto/x509/x509_txt.c.o
[INFO] [stderr]   [ 78%] Building C object CMakeFiles/crypto.dir/src/crypto/x509/x509_trs.c.o
[INFO] [stderr]   [ 79%] Building C object CMakeFiles/crypto.dir/src/crypto/x509/x509_v3.c.o
[INFO] [stderr]   [ 79%] Building C object CMakeFiles/crypto.dir/src/crypto/x509/x509_vfy.c.o
[INFO] [stderr]   [ 79%] Building C object CMakeFiles/crypto.dir/src/crypto/x509/x509_vpm.c.o
[INFO] [stderr]   [ 79%] Building C object CMakeFiles/crypto.dir/src/crypto/x509/x509name.c.o
[INFO] [stderr]   [ 79%] Building C object CMakeFiles/crypto.dir/src/crypto/x509/x509cset.c.o
[INFO] [stderr]   [ 80%] Building C object CMakeFiles/crypto.dir/src/crypto/x509/x509rset.c.o
[INFO] [stderr]   [ 80%] Building C object CMakeFiles/crypto.dir/src/crypto/x509/x509spki.c.o
[INFO] [stderr]   [ 80%] Building C object CMakeFiles/crypto.dir/src/crypto/x509/x_algor.c.o
[INFO] [stderr]   [ 80%] Building C object CMakeFiles/crypto.dir/src/crypto/x509/x_all.c.o
[INFO] [stderr]   [ 81%] Building C object CMakeFiles/crypto.dir/src/crypto/x509/x_attrib.c.o
[INFO] [stderr]   [ 81%] Building C object CMakeFiles/crypto.dir/src/crypto/x509/x_crl.c.o
[INFO] [stderr]   [ 81%] Building C object CMakeFiles/crypto.dir/src/crypto/x509/x_exten.c.o
[INFO] [stderr]   [ 81%] Building C object CMakeFiles/crypto.dir/src/crypto/x509/x_info.c.o
[INFO] [stderr]   [ 82%] Building C object CMakeFiles/crypto.dir/src/crypto/x509/x_name.c.o
[INFO] [stderr] 
[INFO] [stderr]   --- stderr
[INFO] [stderr]   hint: Using 'master' as the name for the initial branch. This default branch name
[INFO] [stderr]   hint: is subject to change. To configure the initial branch name to use in all
[INFO] [stderr]   hint: of your new repositories, which will suppress this warning, call:
[INFO] [stderr]   hint: 
[INFO] [stderr]   hint: 	git config --global init.defaultBranch <name>
[INFO] [stderr]   hint: 
[INFO] [stderr]   hint: Names commonly chosen instead of 'master' are 'main', 'trunk' and
[INFO] [stderr]   hint: 'development'. The just-created branch can be renamed via this command:
[INFO] [stderr]   hint: 
[INFO] [stderr]   hint: 	git branch -m <name>
[INFO] [stderr] 
[INFO] [stderr]   /opt/rustwide/target/debug/build/boring-sys-c34a31d00e642473/out/boringssl/src/crypto/x509/x_attrib.c:97:1: fatal error: error writing to /tmp/ccWGeVvz.s: No space left on device
[INFO] [stderr]      97 | }
[INFO] [stderr]         | ^
[INFO] [stderr]   compilation terminated.
[INFO] [stderr]   gmake[3]: *** [CMakeFiles/crypto.dir/build.make:4450: CMakeFiles/crypto.dir/src/crypto/x509/x_attrib.c.o] Error 1
[INFO] [stderr]   gmake[3]: *** Waiting for unfinished jobs....
[INFO] [stderr]   /tmp/cc2U3hnk.s: Assembler messages:
[INFO] [stderr]   /tmp/cc2U3hnk.s: Fatal error: can't write 41 bytes to section .text.X509_INFO_new of CMakeFiles/crypto.dir/src/crypto/x509/x_info.c.o: 'No space left on device'
[INFO] [stderr]   /tmp/cc2U3hnk.s: Fatal error: CMakeFiles/crypto.dir/src/crypto/x509/x_info.c.o: No space left on device
[INFO] [stderr]   gmake[3]: *** [CMakeFiles/crypto.dir/build.make:4492: CMakeFiles/crypto.dir/src/crypto/x509/x_info.c.o] Error 1
[INFO] [stderr]   /opt/rustwide/target/debug/build/boring-sys-c34a31d00e642473/out/boringssl/src/crypto/x509/x_crl.c:478:1: fatal error: error writing to /tmp/ccteZX2M.s: No space left on device
[INFO] [stderr]     478 | }
[INFO] [stderr]         | ^
[INFO] [stderr]   compilation terminated.
[INFO] [stderr]   /opt/rustwide/target/debug/build/boring-sys-c34a31d00e642473/out/boringssl/src/crypto/x509/x_name.c:528:1: fatal error: error writing to /tmp/ccCfQ5Qf.s: No space left on device
[INFO] [stderr]     528 | }
[INFO] [stderr]         | ^
[INFO] [stderr]   compilation terminated.
[INFO] [stderr]   /opt/rustwide/target/debug/build/boring-sys-c34a31d00e642473/out/boringssl/src/crypto/x509/x509_vfy.c:2270:1: fatal error: error writing to /tmp/ccWo27y7.s: No space left on device
[INFO] [stderr]    2270 | }
[INFO] [stderr]         | ^
[INFO] [stderr]   compilation terminated.
[INFO] [stderr]   gmake[3]: *** [CMakeFiles/crypto.dir/build.make:4506: CMakeFiles/crypto.dir/src/crypto/x509/x_name.c.o] Error 1
[INFO] [stderr]   gmake[3]: *** [CMakeFiles/crypto.dir/build.make:4464: CMakeFiles/crypto.dir/src/crypto/x509/x_crl.c.o] Error 1
[INFO] [stderr]   gmake[3]: *** [CMakeFiles/crypto.dir/build.make:4338: CMakeFiles/crypto.dir/src/crypto/x509/x509_vfy.c.o] Error 1
[INFO] [stderr]   /opt/rustwide/target/debug/build/boring-sys-c34a31d00e642473/out/boringssl/src/crypto/x509/x_all.c:356:1: fatal error: error writing to /tmp/ccVkK4cL.s: No space left on device
[INFO] [stderr]     356 | IMPLEMENT_I2D_BIO(const DH, i2d_DHparams_bio, i2d_DHparams)
[INFO] [stderr]         | ^~~~~~~~~~~~~~~~~
[INFO] [stderr]   compilation terminated.
[INFO] [stderr]   gmake[3]: *** [CMakeFiles/crypto.dir/build.make:4436: CMakeFiles/crypto.dir/src/crypto/x509/x_all.c.o] Error 1
[INFO] [stderr]   /opt/rustwide/target/debug/build/boring-sys-c34a31d00e642473/out/boringssl/src/crypto/fipsmodule/bcm.c:109: fatal error: error writing to /tmp/ccMhoqx8.s: No space left on device
[INFO] [stderr]     109 | 
[INFO] [stderr]         | 
[INFO] [stderr]   compilation terminated.
[INFO] [stderr]   gmake[3]: *** [CMakeFiles/crypto.dir/build.make:3274: CMakeFiles/crypto.dir/src/crypto/fipsmodule/bcm.c.o] Error 1
[INFO] [stderr]   gmake[2]: *** [CMakeFiles/Makefile2:87: CMakeFiles/crypto.dir/all] Error 2
[INFO] [stderr]   gmake[1]: *** [CMakeFiles/Makefile2:120: CMakeFiles/ssl.dir/rule] Error 2
[INFO] [stderr]   gmake: *** [Makefile:137: ssl] Error 2
[INFO] [stderr] 
[INFO] [stderr]   thread 'main' panicked at /opt/rustwide/cargo-home/registry/src/index.crates.io-1949cf8c6b5b557f/cmake-0.1.50/src/lib.rs:1098:5:
[INFO] [stderr] 
[INFO] [stderr]   command did not execute successfully, got: exit status: 2
[INFO] [stderr] 
[INFO] [stderr]   build script failed, must exit now
[INFO] [stderr]   stack backtrace:
[INFO] [stderr]      0:     0x5a21a14aa24a - std::backtrace_rs::backtrace::libunwind::trace::hb059275cfc8d6126
[INFO] [stderr]                                  at /rustc/6067b36314ab5eb2eb47cecc464545ba58e1ad24/library/std/src/../../backtrace/src/backtrace/libunwind.rs:116:5
[INFO] [stderr]      1:     0x5a21a14aa24a - std::backtrace_rs::backtrace::trace_unsynchronized::h2da071e4327ce3ee
[INFO] [stderr]                                  at /rustc/6067b36314ab5eb2eb47cecc464545ba58e1ad24/library/std/src/../../backtrace/src/backtrace/mod.rs:66:5
[INFO] [stderr]      2:     0x5a21a14aa24a - std::sys::backtrace::_print_fmt::h842a1474e6f8d23f
[INFO] [stderr]                                  at /rustc/6067b36314ab5eb2eb47cecc464545ba58e1ad24/library/std/src/sys/backtrace.rs:66:9
[INFO] [stderr]      3:     0x5a21a14aa24a - <std::sys::backtrace::BacktraceLock::print::DisplayBacktrace as core::fmt::Display>::fmt::h71a62eb3b9696b12
[INFO] [stderr]                                  at /rustc/6067b36314ab5eb2eb47cecc464545ba58e1ad24/library/std/src/sys/backtrace.rs:39:26
[INFO] [stderr]      4:     0x5a21a14d56c3 - core::fmt::rt::Argument::fmt::hdb6b616786b41dc1
[INFO] [stderr]                                  at /rustc/6067b36314ab5eb2eb47cecc464545ba58e1ad24/library/core/src/fmt/rt.rs:177:76
[INFO] [stderr]      5:     0x5a21a14d56c3 - core::fmt::write::h2cc1698af7e2d686
[INFO] [stderr]                                  at /rustc/6067b36314ab5eb2eb47cecc464545ba58e1ad24/library/core/src/fmt/mod.rs:1440:21
[INFO] [stderr]      6:     0x5a21a14a6453 - std::io::Write::write_fmt::h00c8700df393f328
[INFO] [stderr]                                  at /rustc/6067b36314ab5eb2eb47cecc464545ba58e1ad24/library/std/src/io/mod.rs:1887:15
[INFO] [stderr]      7:     0x5a21a14aa092 - std::sys::backtrace::BacktraceLock::print::h147fe35b4ea13b08
[INFO] [stderr]                                  at /rustc/6067b36314ab5eb2eb47cecc464545ba58e1ad24/library/std/src/sys/backtrace.rs:42:9
[INFO] [stderr]      8:     0x5a21a14ab21f - std::panicking::default_hook::{{closure}}::hbd44223dbdc0d208
[INFO] [stderr]                                  at /rustc/6067b36314ab5eb2eb47cecc464545ba58e1ad24/library/std/src/panicking.rs:298:22
[INFO] [stderr]      9:     0x5a21a14ab08a - std::panicking::default_hook::h20f81eb0576efcec
[INFO] [stderr]                                  at /rustc/6067b36314ab5eb2eb47cecc464545ba58e1ad24/library/std/src/panicking.rs:325:9
[INFO] [stderr]     10:     0x5a21a14abc42 - std::panicking::rust_panic_with_hook::h625eea43051b2edc
[INFO] [stderr]                                  at /rustc/6067b36314ab5eb2eb47cecc464545ba58e1ad24/library/std/src/panicking.rs:831:13
[INFO] [stderr]     11:     0x5a21a14ab9ca - std::panicking::begin_panic_handler::{{closure}}::h4f9159cfbc3f6bd3
[INFO] [stderr]                                  at /rustc/6067b36314ab5eb2eb47cecc464545ba58e1ad24/library/std/src/panicking.rs:704:13
[INFO] [stderr]     12:     0x5a21a14aa749 - std::sys::backtrace::__rust_end_short_backtrace::h0390abce48353151
[INFO] [stderr]                                  at /rustc/6067b36314ab5eb2eb47cecc464545ba58e1ad24/library/std/src/sys/backtrace.rs:168:18
[INFO] [stderr]     13:     0x5a21a14ab65d - rust_begin_unwind
[INFO] [stderr]                                  at /rustc/6067b36314ab5eb2eb47cecc464545ba58e1ad24/library/std/src/panicking.rs:695:5
[INFO] [stderr]     14:     0x5a21a14d3980 - core::panicking::panic_fmt::h9e7c637e9e5f29c9
[INFO] [stderr]                                  at /rustc/6067b36314ab5eb2eb47cecc464545ba58e1ad24/library/core/src/panicking.rs:75:14
[INFO] [stderr]     15:     0x5a21a1421aef - cmake::fail::heedbe340a69e794c
[INFO] [stderr]     16:     0x5a21a142136a - cmake::run::h5b75e6843e6a6613
[INFO] [stderr]     17:     0x5a21a141dee8 - cmake::Config::build::h1ca7be8df9d4f190
[INFO] [stderr]     18:     0x5a21a0f56874 - build_script_main::built_boring_source_path::{{closure}}::hcb3bf93ebcde077d
[INFO] [stderr]     19:     0x5a21a0f64d17 - std::sync::once_lock::OnceLock<T>::get_or_init::{{closure}}::hd48a7a67d251acc5
[INFO] [stderr]     20:     0x5a21a0f64b79 - std::sync::once_lock::OnceLock<T>::initialize::{{closure}}::h4e46ded50cae8eec
[INFO] [stderr]     21:     0x5a21a0f5f880 - std::sync::poison::once::Once::call_once_force::{{closure}}::hfafc460b5d69a259
[INFO] [stderr]     22:     0x5a21a14b57a4 - std::sys::sync::once::futex::Once::call::h815b83ce02d0388e
[INFO] [stderr]                                  at /rustc/6067b36314ab5eb2eb47cecc464545ba58e1ad24/library/std/src/sys/sync/once/futex.rs:176:21
[INFO] [stderr]     23:     0x5a21a0f5f61f - std::sync::poison::once::Once::call_once_force::h4bd43782ae428df2
[INFO] [stderr]     24:     0x5a21a0f64b36 - std::sync::once_lock::OnceLock<T>::initialize::he5bd4dc49c2f33f2
[INFO] [stderr]     25:     0x5a21a0f64e6c - std::sync::once_lock::OnceLock<T>::get_or_try_init::h4697f5640e6e7e4e
[INFO] [stderr]     26:     0x5a21a0f64ca6 - std::sync::once_lock::OnceLock<T>::get_or_init::h52232f05037767fb
[INFO] [stderr]     27:     0x5a21a0f56534 - build_script_main::built_boring_source_path::hd32972a51a25b1cb
[INFO] [stderr]     28:     0x5a21a0f5745f - build_script_main::main::h55ed2b00de87325b
[INFO] [stderr]     29:     0x5a21a0f59b33 - core::ops::function::FnOnce::call_once::h37f150ca4de58378
[INFO] [stderr]     30:     0x5a21a0f5f566 - std::sys::backtrace::__rust_begin_short_backtrace::hcc59ed3cffbb7843
[INFO] [stderr]     31:     0x5a21a0f64619 - std::rt::lang_start::{{closure}}::h80b67cd14896c2f3
[INFO] [stderr]     32:     0x5a21a14a10b0 - core::ops::function::impls::<impl core::ops::function::FnOnce<A> for &F>::call_once::h1b085b6c1d2518b2
[INFO] [stderr]                                  at /rustc/6067b36314ab5eb2eb47cecc464545ba58e1ad24/library/core/src/ops/function.rs:284:13
[INFO] [stderr]     33:     0x5a21a14a10b0 - std::panicking::try::do_call::h382f964a5a23b565
[INFO] [stderr]                                  at /rustc/6067b36314ab5eb2eb47cecc464545ba58e1ad24/library/std/src/panicking.rs:587:40
[INFO] [stderr]     34:     0x5a21a14a10b0 - std::panicking::try::h57f991055eb622f9
[INFO] [stderr]                                  at /rustc/6067b36314ab5eb2eb47cecc464545ba58e1ad24/library/std/src/panicking.rs:550:19
[INFO] [stderr]     35:     0x5a21a14a10b0 - std::panic::catch_unwind::h4d9a74ef04456343
[INFO] [stderr]                                  at /rustc/6067b36314ab5eb2eb47cecc464545ba58e1ad24/library/std/src/panic.rs:358:14
[INFO] [stderr]     36:     0x5a21a14a10b0 - std::rt::lang_start_internal::{{closure}}::h2faa8ae84a93f314
[INFO] [stderr]                                  at /rustc/6067b36314ab5eb2eb47cecc464545ba58e1ad24/library/std/src/rt.rs:163:24
[INFO] [stderr]     37:     0x5a21a14a10b0 - std::panicking::try::do_call::h0f8932bf638a9bf5
[INFO] [stderr]                                  at /rustc/6067b36314ab5eb2eb47cecc464545ba58e1ad24/library/std/src/panicking.rs:587:40
[INFO] [stderr]     38:     0x5a21a14a10b0 - std::panicking::try::h683416ea756b175d
[INFO] [stderr]                                  at /rustc/6067b36314ab5eb2eb47cecc464545ba58e1ad24/library/std/src/panicking.rs:550:19
[INFO] [stderr]     39:     0x5a21a14a10b0 - std::panic::catch_unwind::h56189fac8994979f
[INFO] [stderr]                                  at /rustc/6067b36314ab5eb2eb47cecc464545ba58e1ad24/library/std/src/panic.rs:358:14
[INFO] [stderr]     40:     0x5a21a14a10b0 - std::rt::lang_start_internal::h8bbc1061691274fe
[INFO] [stderr]                                  at /rustc/6067b36314ab5eb2eb47cecc464545ba58e1ad24/library/std/src/rt.rs:159:5
[INFO] [stderr]     41:     0x5a21a0f64601 - std::rt::lang_start::h87004398f6a1c2ca
[INFO] [stderr]     42:     0x5a21a0f58965 - main
[INFO] [stderr]     43:     0x7cf1527c8d90 - <unknown>
[INFO] [stderr]     44:     0x7cf1527c8e40 - __libc_start_main
[INFO] [stderr]     45:     0x5a21a0f4e665 - _start
[INFO] [stderr]     46:                0x0 - <unknown>
[INFO] running `Command { std: "docker" "inspect" "5818a1f0bce2dede1b716a43eef716641ab9593a8226c4d752a20a8afa392df1", kill_on_drop: false }`
[INFO] running `Command { std: "docker" "rm" "-f" "5818a1f0bce2dede1b716a43eef716641ab9593a8226c4d752a20a8afa392df1", kill_on_drop: false }`
[INFO] [stdout] 5818a1f0bce2dede1b716a43eef716641ab9593a8226c4d752a20a8afa392df1
