[INFO] cloning repository https://github.com/rust-osdev/ovmf-prebuilt
[INFO] running `Command { std: "git" "-c" "credential.helper=" "-c" "credential.helper=/workspace/cargo-home/bin/git-credential-null" "clone" "--bare" "https://github.com/rust-osdev/ovmf-prebuilt" "/workspace/cache/git-repos/https%3A%2F%2Fgithub.com%2Frust-osdev%2Fovmf-prebuilt", kill_on_drop: false }`
[INFO] [stderr] Cloning into bare repository '/workspace/cache/git-repos/https%3A%2F%2Fgithub.com%2Frust-osdev%2Fovmf-prebuilt'...
[INFO] running `Command { std: "git" "rev-parse" "HEAD", kill_on_drop: false }`
[INFO] [stdout] 99638f0326a0880da22c048c90d657a125760d47
[INFO] testing rust-osdev/ovmf-prebuilt against nightly-2025-01-18+rustflags=-Zrandomize-layout for randomize-layout-2
[INFO] running `Command { std: "git" "clone" "/workspace/cache/git-repos/https%3A%2F%2Fgithub.com%2Frust-osdev%2Fovmf-prebuilt" "/workspace/builds/worker-7-tc2/source", kill_on_drop: false }`
[INFO] [stderr] Cloning into '/workspace/builds/worker-7-tc2/source'...
[INFO] [stderr] done.
[INFO] validating manifest of git repo https://github.com/rust-osdev/ovmf-prebuilt on toolchain nightly-2025-01-18
[INFO] running `Command { std: CARGO_HOME="/workspace/cargo-home" RUSTUP_HOME="/workspace/rustup-home" "/workspace/cargo-home/bin/cargo" "+nightly-2025-01-18" "metadata" "--manifest-path" "Cargo.toml" "--no-deps", kill_on_drop: false }`
[INFO] started tweaking git repo https://github.com/rust-osdev/ovmf-prebuilt
[INFO] finished tweaking git repo https://github.com/rust-osdev/ovmf-prebuilt
[INFO] tweaked toml for git repo https://github.com/rust-osdev/ovmf-prebuilt written to /workspace/builds/worker-7-tc2/source/Cargo.toml
[INFO] crate git repo https://github.com/rust-osdev/ovmf-prebuilt already has a lockfile, it will not be regenerated
[INFO] running `Command { std: CARGO_HOME="/workspace/cargo-home" RUSTUP_HOME="/workspace/rustup-home" "/workspace/cargo-home/bin/cargo" "+nightly-2025-01-18" "fetch" "--manifest-path" "Cargo.toml", kill_on_drop: false }`
[INFO] running `Command { std: "docker" "create" "-v" "/var/lib/crater-agent-workspace/builds/worker-7-tc2/target:/opt/rustwide/target:rw,Z" "-v" "/var/lib/crater-agent-workspace/builds/worker-7-tc2/source:/opt/rustwide/workdir:ro,Z" "-v" "/var/lib/crater-agent-workspace/cargo-home:/opt/rustwide/cargo-home:ro,Z" "-v" "/var/lib/crater-agent-workspace/rustup-home:/opt/rustwide/rustup-home:ro,Z" "-e" "SOURCE_DIR=/opt/rustwide/workdir" "-e" "CARGO_TARGET_DIR=/opt/rustwide/target" "-e" "CARGO_HOME=/opt/rustwide/cargo-home" "-e" "RUSTUP_HOME=/opt/rustwide/rustup-home" "-w" "/opt/rustwide/workdir" "-m" "1610612736" "--user" "0:0" "--network" "none" "ghcr.io/rust-lang/crates-build-env/linux@sha256:819108c5571ea2e421544af4d832f968d213c87fbe3707a016657f43d2f853bc" "/opt/rustwide/cargo-home/bin/cargo" "+nightly-2025-01-18" "metadata" "--no-deps" "--format-version=1", kill_on_drop: false }`
[INFO] [stdout] a3daab685ccd0997df2971c0259e68bb81d72fd32a2d6896c2dc95ed282b5595
[INFO] running `Command { std: "docker" "start" "-a" "a3daab685ccd0997df2971c0259e68bb81d72fd32a2d6896c2dc95ed282b5595", kill_on_drop: false }`
[INFO] running `Command { std: "docker" "inspect" "a3daab685ccd0997df2971c0259e68bb81d72fd32a2d6896c2dc95ed282b5595", kill_on_drop: false }`
[INFO] running `Command { std: "docker" "rm" "-f" "a3daab685ccd0997df2971c0259e68bb81d72fd32a2d6896c2dc95ed282b5595", kill_on_drop: false }`
[INFO] [stdout] a3daab685ccd0997df2971c0259e68bb81d72fd32a2d6896c2dc95ed282b5595
[INFO] running `Command { std: "docker" "create" "-v" "/var/lib/crater-agent-workspace/builds/worker-7-tc2/target:/opt/rustwide/target:rw,Z" "-v" "/var/lib/crater-agent-workspace/builds/worker-7-tc2/source:/opt/rustwide/workdir:ro,Z" "-v" "/var/lib/crater-agent-workspace/cargo-home:/opt/rustwide/cargo-home:ro,Z" "-v" "/var/lib/crater-agent-workspace/rustup-home:/opt/rustwide/rustup-home:ro,Z" "-e" "SOURCE_DIR=/opt/rustwide/workdir" "-e" "CARGO_TARGET_DIR=/opt/rustwide/target" "-e" "CARGO_INCREMENTAL=0" "-e" "RUST_BACKTRACE=full" "-e" "RUSTFLAGS=--cap-lints=forbid -Zrandomize-layout" "-e" "RUSTDOCFLAGS=--cap-lints=forbid" "-e" "CARGO_HOME=/opt/rustwide/cargo-home" "-e" "RUSTUP_HOME=/opt/rustwide/rustup-home" "-w" "/opt/rustwide/workdir" "-m" "1610612736" "--user" "0:0" "--network" "none" "ghcr.io/rust-lang/crates-build-env/linux@sha256:819108c5571ea2e421544af4d832f968d213c87fbe3707a016657f43d2f853bc" "/opt/rustwide/cargo-home/bin/cargo" "+nightly-2025-01-18" "build" "--frozen" "--message-format=json", kill_on_drop: false }`
[INFO] [stdout] eb02a2b46daaa8e2da1d6c59d655e626ad963727bb61b1c57c3eb2f0c864ead5
[INFO] running `Command { std: "docker" "start" "-a" "eb02a2b46daaa8e2da1d6c59d655e626ad963727bb61b1c57c3eb2f0c864ead5", kill_on_drop: false }`
[INFO] [stderr]    Compiling proc-macro2 v1.0.93
[INFO] [stderr]    Compiling unicode-ident v1.0.14
[INFO] [stderr]    Compiling stable_deref_trait v1.2.0
[INFO] [stderr]    Compiling cfg-if v1.0.0
[INFO] [stderr]    Compiling writeable v0.5.5
[INFO] [stderr]    Compiling litemap v0.7.4
[INFO] [stderr]    Compiling libc v0.2.169
[INFO] [stderr]    Compiling shlex v1.3.0
[INFO] [stderr]    Compiling version_check v0.9.5
[INFO] [stderr]    Compiling icu_locid_transform_data v1.5.0
[INFO] [stderr]    Compiling typenum v1.17.0
[INFO] [stderr]    Compiling icu_properties_data v1.5.0
[INFO] [stderr]    Compiling write16 v1.0.0
[INFO] [stderr]    Compiling cc v1.2.9
[INFO] [stderr]    Compiling icu_normalizer_data v1.5.0
[INFO] [stderr]    Compiling utf8_iter v1.0.4
[INFO] [stderr]    Compiling smallvec v1.13.2
[INFO] [stderr]    Compiling utf16_iter v1.0.5
[INFO] [stderr]    Compiling rustix v0.38.43
[INFO] [stderr]    Compiling spin v0.9.8
[INFO] [stderr]    Compiling generic-array v0.14.7
[INFO] [stderr]    Compiling untrusted v0.9.0
[INFO] [stderr]    Compiling utf8parse v0.2.2
[INFO] [stderr]    Compiling rustls-pki-types v1.10.1
[INFO] [stderr]    Compiling anstyle v1.0.10
[INFO] [stderr]    Compiling anstyle-parse v0.2.6
[INFO] [stderr]    Compiling quote v1.0.38
[INFO] [stderr]    Compiling bitflags v2.8.0
[INFO] [stderr]    Compiling linux-raw-sys v0.4.15
[INFO] [stderr]    Compiling getrandom v0.2.15
[INFO] [stderr]    Compiling rustls v0.23.21
[INFO] [stderr]    Compiling syn v2.0.96
[INFO] [stderr]    Compiling colorchoice v1.0.3
[INFO] [stderr]    Compiling anstyle-query v1.1.2
[INFO] [stderr]    Compiling adler2 v2.0.0
[INFO] [stderr]    Compiling is_terminal_polyfill v1.70.1
[INFO] [stderr]    Compiling percent-encoding v2.3.1
[INFO] [stderr]    Compiling anstream v0.6.18
[INFO] [stderr]    Compiling miniz_oxide v0.8.3
[INFO] [stderr]    Compiling crc32fast v1.4.2
[INFO] [stderr]    Compiling form_urlencoded v1.2.1
[INFO] [stderr]    Compiling clap_lex v0.7.4
[INFO] [stderr]    Compiling subtle v2.6.1
[INFO] [stderr]    Compiling log v0.4.25
[INFO] [stderr]    Compiling block-buffer v0.10.4
[INFO] [stderr]    Compiling crypto-common v0.1.6
[INFO] [stderr]    Compiling zeroize v1.8.1
[INFO] [stderr]    Compiling crc-catalog v2.4.0
[INFO] [stderr]    Compiling heck v0.5.0
[INFO] [stderr]    Compiling once_cell v1.20.2
[INFO] [stderr]    Compiling anyhow v1.0.95
[INFO] [stderr]    Compiling strsim v0.11.1
[INFO] [stderr]    Compiling ring v0.17.8
[INFO] [stderr]    Compiling digest v0.10.7
[INFO] [stderr]    Compiling crc v3.2.1
[INFO] [stderr]    Compiling flate2 v1.0.35
[INFO] [stderr]    Compiling clap_builder v4.5.26
[INFO] [stderr]    Compiling webpki-roots v0.26.7
[INFO] [stderr]    Compiling filetime v0.2.25
[INFO] [stderr]    Compiling base64 v0.22.1
[INFO] [stderr]    Compiling cpufeatures v0.2.16
[INFO] [stderr]    Compiling byteorder v1.5.0
[INFO] [stderr]    Compiling sha2 v0.10.8
[INFO] [stderr]    Compiling lzma-rs v0.3.0
[INFO] [stderr]    Compiling xattr v1.4.0
[INFO] [stderr]    Compiling tar v0.4.43
[INFO] [stderr]    Compiling synstructure v0.13.1
[INFO] [stderr]    Compiling zerofrom-derive v0.1.5
[INFO] [stderr]    Compiling yoke-derive v0.7.5
[INFO] [stderr]    Compiling zerovec-derive v0.10.3
[INFO] [stderr]    Compiling displaydoc v0.2.5
[INFO] [stderr]    Compiling icu_provider_macros v1.5.0
[INFO] [stderr]    Compiling clap_derive v4.5.24
[INFO] [stderr]    Compiling zerofrom v0.1.5
[INFO] [stderr]    Compiling yoke v0.7.5
[INFO] [stderr]    Compiling zerovec v0.10.4
[INFO] [stderr]    Compiling clap v4.5.26
[INFO] [stderr]    Compiling rustls-webpki v0.102.8
[INFO] [stderr]    Compiling build-edk2 v0.0.0 (/opt/rustwide/workdir/build-edk2)
[INFO] [stderr]    Compiling tinystr v0.7.6
[INFO] [stderr]    Compiling icu_collections v1.5.0
[INFO] [stderr]    Compiling icu_locid v1.5.0
[INFO] [stderr]    Compiling icu_provider v1.5.0
[INFO] [stderr]    Compiling icu_locid_transform v1.5.0
[INFO] [stderr]    Compiling icu_properties v1.5.1
[INFO] [stderr]    Compiling icu_normalizer v1.5.0
[INFO] [stderr]    Compiling idna_adapter v1.2.0
[INFO] [stderr]    Compiling idna v1.0.3
[INFO] [stderr]    Compiling url v2.5.4
[INFO] [stderr]    Compiling ureq v2.12.1
[INFO] [stderr]    Compiling ovmf-prebuilt v0.2.1 (/opt/rustwide/workdir/ovmf-prebuilt)
[INFO] [stderr]     Finished `dev` profile [unoptimized + debuginfo] target(s) in 52.79s
[INFO] running `Command { std: "docker" "inspect" "eb02a2b46daaa8e2da1d6c59d655e626ad963727bb61b1c57c3eb2f0c864ead5", kill_on_drop: false }`
[INFO] running `Command { std: "docker" "rm" "-f" "eb02a2b46daaa8e2da1d6c59d655e626ad963727bb61b1c57c3eb2f0c864ead5", kill_on_drop: false }`
[INFO] [stdout] eb02a2b46daaa8e2da1d6c59d655e626ad963727bb61b1c57c3eb2f0c864ead5
[INFO] running `Command { std: "docker" "create" "-v" "/var/lib/crater-agent-workspace/builds/worker-7-tc2/target:/opt/rustwide/target:rw,Z" "-v" "/var/lib/crater-agent-workspace/builds/worker-7-tc2/source:/opt/rustwide/workdir:ro,Z" "-v" "/var/lib/crater-agent-workspace/cargo-home:/opt/rustwide/cargo-home:ro,Z" "-v" "/var/lib/crater-agent-workspace/rustup-home:/opt/rustwide/rustup-home:ro,Z" "-e" "SOURCE_DIR=/opt/rustwide/workdir" "-e" "CARGO_TARGET_DIR=/opt/rustwide/target" "-e" "CARGO_INCREMENTAL=0" "-e" "RUST_BACKTRACE=full" "-e" "RUSTFLAGS=--cap-lints=forbid -Zrandomize-layout" "-e" "RUSTDOCFLAGS=--cap-lints=forbid" "-e" "CARGO_HOME=/opt/rustwide/cargo-home" "-e" "RUSTUP_HOME=/opt/rustwide/rustup-home" "-w" "/opt/rustwide/workdir" "-m" "1610612736" "--user" "0:0" "--network" "none" "ghcr.io/rust-lang/crates-build-env/linux@sha256:819108c5571ea2e421544af4d832f968d213c87fbe3707a016657f43d2f853bc" "/opt/rustwide/cargo-home/bin/cargo" "+nightly-2025-01-18" "test" "--frozen" "--no-run" "--message-format=json", kill_on_drop: false }`
[INFO] [stdout] fa6cedef289ada901ae6ae10d516cb98c2f19ec9d2073c7b803ae96089efc5be
[INFO] running `Command { std: "docker" "start" "-a" "fa6cedef289ada901ae6ae10d516cb98c2f19ec9d2073c7b803ae96089efc5be", kill_on_drop: false }`
[INFO] [stderr]    Compiling ovmf-prebuilt v0.2.1 (/opt/rustwide/workdir/ovmf-prebuilt)
[INFO] [stderr]    Compiling build-edk2 v0.0.0 (/opt/rustwide/workdir/build-edk2)
[INFO] [stderr]     Finished `test` profile [unoptimized + debuginfo] target(s) in 0.88s
[INFO] running `Command { std: "docker" "inspect" "fa6cedef289ada901ae6ae10d516cb98c2f19ec9d2073c7b803ae96089efc5be", kill_on_drop: false }`
[INFO] running `Command { std: "docker" "rm" "-f" "fa6cedef289ada901ae6ae10d516cb98c2f19ec9d2073c7b803ae96089efc5be", kill_on_drop: false }`
[INFO] [stdout] fa6cedef289ada901ae6ae10d516cb98c2f19ec9d2073c7b803ae96089efc5be
[INFO] running `Command { std: "docker" "create" "-v" "/var/lib/crater-agent-workspace/builds/worker-7-tc2/target:/opt/rustwide/target:rw,Z" "-v" "/var/lib/crater-agent-workspace/builds/worker-7-tc2/source:/opt/rustwide/workdir:ro,Z" "-v" "/var/lib/crater-agent-workspace/cargo-home:/opt/rustwide/cargo-home:ro,Z" "-v" "/var/lib/crater-agent-workspace/rustup-home:/opt/rustwide/rustup-home:ro,Z" "-e" "SOURCE_DIR=/opt/rustwide/workdir" "-e" "CARGO_TARGET_DIR=/opt/rustwide/target" "-e" "CARGO_INCREMENTAL=0" "-e" "RUST_BACKTRACE=full" "-e" "RUSTFLAGS=--cap-lints=forbid -Zrandomize-layout" "-e" "RUSTDOCFLAGS=--cap-lints=forbid" "-e" "CARGO_HOME=/opt/rustwide/cargo-home" "-e" "RUSTUP_HOME=/opt/rustwide/rustup-home" "-w" "/opt/rustwide/workdir" "-m" "1610612736" "--user" "0:0" "--network" "none" "ghcr.io/rust-lang/crates-build-env/linux@sha256:819108c5571ea2e421544af4d832f968d213c87fbe3707a016657f43d2f853bc" "/opt/rustwide/cargo-home/bin/cargo" "+nightly-2025-01-18" "test" "--frozen", kill_on_drop: false }`
[INFO] [stdout] bf24feed8fd8d8867d34e534c31e0b7e57a3a5c57dcde9676a7e8fa39ee9099e
[INFO] running `Command { std: "docker" "start" "-a" "bf24feed8fd8d8867d34e534c31e0b7e57a3a5c57dcde9676a7e8fa39ee9099e", kill_on_drop: false }`
[INFO] [stderr]     Finished `test` profile [unoptimized + debuginfo] target(s) in 0.12s
[INFO] [stderr]      Running unittests src/main.rs (/opt/rustwide/target/debug/deps/build_edk2-46af5f44ad560db7)
[INFO] [stdout] 
[INFO] [stdout] running 1 test
[INFO] [stdout] test tests::test_release_from_tag ... ok
[INFO] [stdout] 
[INFO] [stdout] test result: ok. 1 passed; 0 failed; 0 ignored; 0 measured; 0 filtered out; finished in 0.00s
[INFO] [stdout] 
[INFO] [stdout] 
[INFO] [stderr]      Running unittests src/lib.rs (/opt/rustwide/target/debug/deps/ovmf_prebuilt-0388b74c137532ec)
[INFO] [stdout] running 0 tests
[INFO] [stderr]    Doc-tests ovmf_prebuilt
[INFO] [stdout] 
[INFO] [stdout] test result: ok. 0 passed; 0 failed; 0 ignored; 0 measured; 0 filtered out; finished in 0.00s
[INFO] [stdout] 
[INFO] [stdout] 
[INFO] [stdout] running 1 test
[INFO] [stdout] test ovmf-prebuilt/src/lib.rs - (line 7) ... FAILED
[INFO] [stdout] 
[INFO] [stdout] failures:
[INFO] [stdout] 
[INFO] [stdout] ---- ovmf-prebuilt/src/lib.rs - (line 7) stdout ----
[INFO] [stdout] Test executable failed (exit status: 101).
[INFO] [stdout] 
[INFO] [stdout] stderr:
[INFO] [stdout] 
[INFO] [stdout] thread 'main' panicked at ovmf-prebuilt/src/lib.rs:9:6:
[INFO] [stdout] failed to update prebuilt: Request(Transport(Transport { kind: Dns, message: Some("resolve dns name 'github.com:443'"), url: Some(Url { scheme: "https", cannot_be_a_base: false, username: "", password: None, host: Some(Domain("github.com")), port: None, path: "/rust-osdev/ovmf-prebuilt/releases/download/edk2-stable202408-r1/edk2-stable202408-r1-bin.tar.xz", query: None, fragment: None }), source: Some(Custom { kind: Uncategorized, error: "failed to lookup address information: Temporary failure in name resolution" }) }))
[INFO] [stdout] stack backtrace:
[INFO] [stdout]    0:     0x5a23bde4199a - std::backtrace_rs::backtrace::libunwind::trace::hb059275cfc8d6126
[INFO] [stdout]                                at /rustc/6067b36314ab5eb2eb47cecc464545ba58e1ad24/library/std/src/../../backtrace/src/backtrace/libunwind.rs:116:5
[INFO] [stdout]    1:     0x5a23bde4199a - std::backtrace_rs::backtrace::trace_unsynchronized::h2da071e4327ce3ee
[INFO] [stdout]                                at /rustc/6067b36314ab5eb2eb47cecc464545ba58e1ad24/library/std/src/../../backtrace/src/backtrace/mod.rs:66:5
[INFO] [stdout]    2:     0x5a23bde4199a - std::sys::backtrace::_print_fmt::h842a1474e6f8d23f
[INFO] [stdout]                                at /rustc/6067b36314ab5eb2eb47cecc464545ba58e1ad24/library/std/src/sys/backtrace.rs:66:9
[INFO] [stdout]    3:     0x5a23bde4199a - <std::sys::backtrace::BacktraceLock::print::DisplayBacktrace as core::fmt::Display>::fmt::h71a62eb3b9696b12
[INFO] [stdout]                                at /rustc/6067b36314ab5eb2eb47cecc464545ba58e1ad24/library/std/src/sys/backtrace.rs:39:26
[INFO] [stdout]    4:     0x5a23bde64b23 - core::fmt::rt::Argument::fmt::hdb6b616786b41dc1
[INFO] [stdout]                                at /rustc/6067b36314ab5eb2eb47cecc464545ba58e1ad24/library/core/src/fmt/rt.rs:177:76
[INFO] [stdout]    5:     0x5a23bde64b23 - core::fmt::write::h2cc1698af7e2d686
[INFO] [stdout]                                at /rustc/6067b36314ab5eb2eb47cecc464545ba58e1ad24/library/core/src/fmt/mod.rs:1440:21
[INFO] [stdout]    6:     0x5a23bde3d973 - std::io::Write::write_fmt::h00c8700df393f328
[INFO] [stdout]                                at /rustc/6067b36314ab5eb2eb47cecc464545ba58e1ad24/library/std/src/io/mod.rs:1887:15
[INFO] [stdout]    7:     0x5a23bde417e2 - std::sys::backtrace::BacktraceLock::print::h147fe35b4ea13b08
[INFO] [stdout]                                at /rustc/6067b36314ab5eb2eb47cecc464545ba58e1ad24/library/std/src/sys/backtrace.rs:42:9
[INFO] [stdout]    8:     0x5a23bde4273f - std::panicking::default_hook::{{closure}}::hbd44223dbdc0d208
[INFO] [stdout]                                at /rustc/6067b36314ab5eb2eb47cecc464545ba58e1ad24/library/std/src/panicking.rs:298:22
[INFO] [stdout]    9:     0x5a23bde425aa - std::panicking::default_hook::h20f81eb0576efcec
[INFO] [stdout]                                at /rustc/6067b36314ab5eb2eb47cecc464545ba58e1ad24/library/std/src/panicking.rs:325:9
[INFO] [stdout]   10:     0x5a23bde43122 - std::panicking::rust_panic_with_hook::h625eea43051b2edc
[INFO] [stdout]                                at /rustc/6067b36314ab5eb2eb47cecc464545ba58e1ad24/library/std/src/panicking.rs:831:13
[INFO] [stdout]   11:     0x5a23bde42eaa - std::panicking::begin_panic_handler::{{closure}}::h4f9159cfbc3f6bd3
[INFO] [stdout]                                at /rustc/6067b36314ab5eb2eb47cecc464545ba58e1ad24/library/std/src/panicking.rs:704:13
[INFO] [stdout]   12:     0x5a23bde41e99 - std::sys::backtrace::__rust_end_short_backtrace::h0390abce48353151
[INFO] [stdout]                                at /rustc/6067b36314ab5eb2eb47cecc464545ba58e1ad24/library/std/src/sys/backtrace.rs:168:18
[INFO] [stdout]   13:     0x5a23bde42b3d - rust_begin_unwind
[INFO] [stdout]                                at /rustc/6067b36314ab5eb2eb47cecc464545ba58e1ad24/library/std/src/panicking.rs:695:5
[INFO] [stdout]   14:     0x5a23bde63480 - core::panicking::panic_fmt::h9e7c637e9e5f29c9
[INFO] [stdout]                                at /rustc/6067b36314ab5eb2eb47cecc464545ba58e1ad24/library/core/src/panicking.rs:75:14
[INFO] [stdout]   15:     0x5a23bde638f6 - core::result::unwrap_failed::h7979f09313fe1849
[INFO] [stdout]                                at /rustc/6067b36314ab5eb2eb47cecc464545ba58e1ad24/library/core/src/result.rs:1704:5
[INFO] [stdout]   16:     0x5a23bdb1006c - core::result::Result<T,E>::expect::h04f1b46ac99921d0
[INFO] [stdout]   17:     0x5a23bdb1093f - rust_out::main::_doctest_main_ovmf_prebuilt_src_lib_rs_7_0::h75272bfc790a733b
[INFO] [stdout]   18:     0x5a23bdb108c6 - rust_out::main::he88f0b9b281d54e0
[INFO] [stdout]   19:     0x5a23bdb0fcb3 - core::ops::function::FnOnce::call_once::hcf3829d8b58d0254
[INFO] [stdout]   20:     0x5a23bdb0fbf6 - std::sys::backtrace::__rust_begin_short_backtrace::h5e1527399e8d5bd4
[INFO] [stdout]   21:     0x5a23bdb0fbd9 - std::rt::lang_start::{{closure}}::h2c234101ed7b1b74
[INFO] [stdout]   22:     0x5a23bde39db0 - core::ops::function::impls::<impl core::ops::function::FnOnce<A> for &F>::call_once::h1b085b6c1d2518b2
[INFO] [stdout]                                at /rustc/6067b36314ab5eb2eb47cecc464545ba58e1ad24/library/core/src/ops/function.rs:284:13
[INFO] [stdout]   23:     0x5a23bde39db0 - std::panicking::try::do_call::h382f964a5a23b565
[INFO] [stdout]                                at /rustc/6067b36314ab5eb2eb47cecc464545ba58e1ad24/library/std/src/panicking.rs:587:40
[INFO] [stdout]   24:     0x5a23bde39db0 - std::panicking::try::h57f991055eb622f9
[INFO] [stdout]                                at /rustc/6067b36314ab5eb2eb47cecc464545ba58e1ad24/library/std/src/panicking.rs:550:19
[INFO] [stdout]   25:     0x5a23bde39db0 - std::panic::catch_unwind::h4d9a74ef04456343
[INFO] [stdout]                                at /rustc/6067b36314ab5eb2eb47cecc464545ba58e1ad24/library/std/src/panic.rs:358:14
[INFO] [stdout]   26:     0x5a23bde39db0 - std::rt::lang_start_internal::{{closure}}::h2faa8ae84a93f314
[INFO] [stdout]                                at /rustc/6067b36314ab5eb2eb47cecc464545ba58e1ad24/library/std/src/rt.rs:163:24
[INFO] [stdout]   27:     0x5a23bde39db0 - std::panicking::try::do_call::h0f8932bf638a9bf5
[INFO] [stdout]                                at /rustc/6067b36314ab5eb2eb47cecc464545ba58e1ad24/library/std/src/panicking.rs:587:40
[INFO] [stdout]   28:     0x5a23bde39db0 - std::panicking::try::h683416ea756b175d
[INFO] [stdout]                                at /rustc/6067b36314ab5eb2eb47cecc464545ba58e1ad24/library/std/src/panicking.rs:550:19
[INFO] [stdout]   29:     0x5a23bde39db0 - std::panic::catch_unwind::h56189fac8994979f
[INFO] [stdout]                                at /rustc/6067b36314ab5eb2eb47cecc464545ba58e1ad24/library/std/src/panic.rs:358:14
[INFO] [stdout]   30:     0x5a23bde39db0 - std::rt::lang_start_internal::h8bbc1061691274fe
[INFO] [stdout]                                at /rustc/6067b36314ab5eb2eb47cecc464545ba58e1ad24/library/std/src/rt.rs:159:5
[INFO] [stdout]   31:     0x5a23bdb0fbc1 - std::rt::lang_start::h601b10a269c70ef7
[INFO] [stdout]   32:     0x5a23bdb10ab5 - main
[INFO] [stdout]   33:     0x74841a751d90 - <unknown>
[INFO] [stdout]   34:     0x74841a751e40 - __libc_start_main
[INFO] [stdout]   35:     0x5a23bdb0f8e5 - _start
[INFO] [stdout]   36:                0x0 - <unknown>
[INFO] [stdout] 
[INFO] [stdout] 
[INFO] [stdout] 
[INFO] [stdout] failures:
[INFO] [stdout]     ovmf-prebuilt/src/lib.rs - (line 7)
[INFO] [stdout] 
[INFO] [stdout] test result: FAILED. 0 passed; 1 failed; 0 ignored; 0 measured; 0 filtered out; finished in 0.80s
[INFO] [stdout] 
[INFO] [stderr] error: doctest failed, to rerun pass `-p ovmf-prebuilt --doc`
[INFO] running `Command { std: "docker" "inspect" "bf24feed8fd8d8867d34e534c31e0b7e57a3a5c57dcde9676a7e8fa39ee9099e", kill_on_drop: false }`
[INFO] running `Command { std: "docker" "rm" "-f" "bf24feed8fd8d8867d34e534c31e0b7e57a3a5c57dcde9676a7e8fa39ee9099e", kill_on_drop: false }`
[INFO] [stdout] bf24feed8fd8d8867d34e534c31e0b7e57a3a5c57dcde9676a7e8fa39ee9099e
