[INFO] cloning repository https://github.com/realaravinth/actix-https-redirect
[INFO] running `Command { std: "git" "-c" "credential.helper=" "-c" "credential.helper=/workspace/cargo-home/bin/git-credential-null" "clone" "--bare" "https://github.com/realaravinth/actix-https-redirect" "/workspace/cache/git-repos/https%3A%2F%2Fgithub.com%2Frealaravinth%2Factix-https-redirect", kill_on_drop: false }`
[INFO] [stderr] Cloning into bare repository '/workspace/cache/git-repos/https%3A%2F%2Fgithub.com%2Frealaravinth%2Factix-https-redirect'...
[INFO] running `Command { std: "git" "rev-parse" "HEAD", kill_on_drop: false }`
[INFO] [stdout] 077316c04295b2bbaf8578e863c4e545a3927863
[INFO] testing realaravinth/actix-https-redirect against nightly-2025-01-18+rustflags=-Zrandomize-layout for randomize-layout-2
[INFO] running `Command { std: "git" "clone" "/workspace/cache/git-repos/https%3A%2F%2Fgithub.com%2Frealaravinth%2Factix-https-redirect" "/workspace/builds/worker-4-tc2/source", kill_on_drop: false }`
[INFO] [stderr] Cloning into '/workspace/builds/worker-4-tc2/source'...
[INFO] [stderr] done.
[INFO] validating manifest of git repo https://github.com/realaravinth/actix-https-redirect on toolchain nightly-2025-01-18
[INFO] running `Command { std: CARGO_HOME="/workspace/cargo-home" RUSTUP_HOME="/workspace/rustup-home" "/workspace/cargo-home/bin/cargo" "+nightly-2025-01-18" "metadata" "--manifest-path" "Cargo.toml" "--no-deps", kill_on_drop: false }`
[INFO] started tweaking git repo https://github.com/realaravinth/actix-https-redirect
[INFO] finished tweaking git repo https://github.com/realaravinth/actix-https-redirect
[INFO] tweaked toml for git repo https://github.com/realaravinth/actix-https-redirect written to /workspace/builds/worker-4-tc2/source/Cargo.toml
[INFO] crate git repo https://github.com/realaravinth/actix-https-redirect already has a lockfile, it will not be regenerated
[INFO] running `Command { std: CARGO_HOME="/workspace/cargo-home" RUSTUP_HOME="/workspace/rustup-home" "/workspace/cargo-home/bin/cargo" "+nightly-2025-01-18" "fetch" "--manifest-path" "Cargo.toml", kill_on_drop: false }`
[INFO] running `Command { std: "docker" "create" "-v" "/var/lib/crater-agent-workspace/builds/worker-4-tc2/target:/opt/rustwide/target:rw,Z" "-v" "/var/lib/crater-agent-workspace/builds/worker-4-tc2/source:/opt/rustwide/workdir:ro,Z" "-v" "/var/lib/crater-agent-workspace/cargo-home:/opt/rustwide/cargo-home:ro,Z" "-v" "/var/lib/crater-agent-workspace/rustup-home:/opt/rustwide/rustup-home:ro,Z" "-e" "SOURCE_DIR=/opt/rustwide/workdir" "-e" "CARGO_TARGET_DIR=/opt/rustwide/target" "-e" "CARGO_HOME=/opt/rustwide/cargo-home" "-e" "RUSTUP_HOME=/opt/rustwide/rustup-home" "-w" "/opt/rustwide/workdir" "-m" "1610612736" "--user" "0:0" "--network" "none" "ghcr.io/rust-lang/crates-build-env/linux@sha256:819108c5571ea2e421544af4d832f968d213c87fbe3707a016657f43d2f853bc" "/opt/rustwide/cargo-home/bin/cargo" "+nightly-2025-01-18" "metadata" "--no-deps" "--format-version=1", kill_on_drop: false }`
[INFO] [stdout] dcb5028652720ff0443161d8b6f4957c9f28b6245089d62c81fde99fc34c550d
[INFO] running `Command { std: "docker" "start" "-a" "dcb5028652720ff0443161d8b6f4957c9f28b6245089d62c81fde99fc34c550d", kill_on_drop: false }`
[INFO] running `Command { std: "docker" "inspect" "dcb5028652720ff0443161d8b6f4957c9f28b6245089d62c81fde99fc34c550d", kill_on_drop: false }`
[INFO] running `Command { std: "docker" "rm" "-f" "dcb5028652720ff0443161d8b6f4957c9f28b6245089d62c81fde99fc34c550d", kill_on_drop: false }`
[INFO] [stdout] dcb5028652720ff0443161d8b6f4957c9f28b6245089d62c81fde99fc34c550d
[INFO] running `Command { std: "docker" "create" "-v" "/var/lib/crater-agent-workspace/builds/worker-4-tc2/target:/opt/rustwide/target:rw,Z" "-v" "/var/lib/crater-agent-workspace/builds/worker-4-tc2/source:/opt/rustwide/workdir:ro,Z" "-v" "/var/lib/crater-agent-workspace/cargo-home:/opt/rustwide/cargo-home:ro,Z" "-v" "/var/lib/crater-agent-workspace/rustup-home:/opt/rustwide/rustup-home:ro,Z" "-e" "SOURCE_DIR=/opt/rustwide/workdir" "-e" "CARGO_TARGET_DIR=/opt/rustwide/target" "-e" "CARGO_INCREMENTAL=0" "-e" "RUST_BACKTRACE=full" "-e" "RUSTFLAGS=--cap-lints=forbid -Zrandomize-layout" "-e" "RUSTDOCFLAGS=--cap-lints=forbid" "-e" "CARGO_HOME=/opt/rustwide/cargo-home" "-e" "RUSTUP_HOME=/opt/rustwide/rustup-home" "-w" "/opt/rustwide/workdir" "-m" "1610612736" "--user" "0:0" "--network" "none" "ghcr.io/rust-lang/crates-build-env/linux@sha256:819108c5571ea2e421544af4d832f968d213c87fbe3707a016657f43d2f853bc" "/opt/rustwide/cargo-home/bin/cargo" "+nightly-2025-01-18" "build" "--frozen" "--message-format=json", kill_on_drop: false }`
[INFO] [stdout] 7791d5e47f78c5ea2244ae33eeb4c4743f07190fb2e0aee2d9f003bfc88b1a49
[INFO] running `Command { std: "docker" "start" "-a" "7791d5e47f78c5ea2244ae33eeb4c4743f07190fb2e0aee2d9f003bfc88b1a49", kill_on_drop: false }`
[INFO] [stderr]    Compiling libc v0.2.98
[INFO] [stderr]    Compiling version_check v0.9.3
[INFO] [stderr]    Compiling cfg-if v1.0.0
[INFO] [stderr]    Compiling proc-macro2 v1.0.28
[INFO] [stderr]    Compiling unicode-xid v0.2.2
[INFO] [stderr]    Compiling autocfg v1.0.1
[INFO] [stderr]    Compiling syn v1.0.74
[INFO] [stderr]    Compiling typenum v1.13.0
[INFO] [stderr]    Compiling memchr v2.4.0
[INFO] [stderr]    Compiling pin-project-lite v0.2.7
[INFO] [stderr]    Compiling once_cell v1.8.0
[INFO] [stderr]    Compiling futures-core v0.3.16
[INFO] [stderr]    Compiling log v0.4.14
[INFO] [stderr]    Compiling generic-array v0.14.4
[INFO] [stderr]    Compiling proc-macro-hack v0.5.19
[INFO] [stderr]    Compiling bytes v1.0.1
[INFO] [stderr]    Compiling quote v1.0.9
[INFO] [stderr]    Compiling instant v0.1.10
[INFO] [stderr]    Compiling scopeguard v1.1.0
[INFO] [stderr]    Compiling smallvec v1.6.1
[INFO] [stderr]    Compiling lock_api v0.4.4
[INFO] [stderr]    Compiling jobserver v0.1.23
[INFO] [stderr]    Compiling tokio v1.9.0
[INFO] [stderr]    Compiling parking_lot_core v0.8.3
[INFO] [stderr]    Compiling cc v1.0.69
[INFO] [stderr]    Compiling futures-sink v0.3.16
[INFO] [stderr]    Compiling mio v0.7.13
[INFO] [stderr]    Compiling signal-hook-registry v1.4.0
[INFO] [stderr]    Compiling opaque-debug v0.3.0
[INFO] [stderr]    Compiling futures-macro v0.3.16
[INFO] [stderr]    Compiling parking_lot v0.11.1
[INFO] [stderr]    Compiling untrusted v0.7.1
[INFO] [stderr]    Compiling subtle v2.4.1
[INFO] [stderr]    Compiling futures-task v0.3.16
[INFO] [stderr]    Compiling proc-macro-nested v0.1.7
[INFO] [stderr]    Compiling spin v0.5.2
[INFO] [stderr]    Compiling futures-channel v0.3.16
[INFO] [stderr]    Compiling futures-util v0.3.16
[INFO] [stderr]    Compiling standback v0.2.17
[INFO] [stderr]    Compiling serde_derive v1.0.127
[INFO] [stderr]    Compiling itoa v0.4.7
[INFO] [stderr]    Compiling slab v0.4.3
[INFO] [stderr]    Compiling digest v0.9.0
[INFO] [stderr]    Compiling getrandom v0.2.3
[INFO] [stderr]    Compiling pin-utils v0.1.0
[INFO] [stderr]    Compiling serde v1.0.127
[INFO] [stderr]    Compiling futures-io v0.3.16
[INFO] [stderr]    Compiling cipher v0.2.5
[INFO] [stderr]    Compiling local-waker v0.1.1
[INFO] [stderr]    Compiling fnv v1.0.7
[INFO] [stderr]    Compiling percent-encoding v2.1.0
[INFO] [stderr]    Compiling base64 v0.13.0
[INFO] [stderr]    Compiling bitflags v1.2.1
[INFO] [stderr]    Compiling const_fn v0.4.8
[INFO] [stderr]    Compiling matches v0.1.8
[INFO] [stderr]    Compiling http v0.2.4
[INFO] [stderr]    Compiling ring v0.16.20
[INFO] [stderr]    Compiling zstd-sys v1.5.0+zstd.1.4.9
[INFO] [stderr]    Compiling brotli-sys v0.3.2
[INFO] [stderr]    Compiling rand_core v0.6.3
[INFO] [stderr]    Compiling block-buffer v0.9.0
[INFO] [stderr]    Compiling universal-hash v0.4.1
[INFO] [stderr]    Compiling miniz_oxide v0.4.4
[INFO] [stderr]    Compiling indexmap v1.7.0
[INFO] [stderr]    Compiling time v0.2.27
[INFO] [stderr]    Compiling ppv-lite86 v0.2.10
[INFO] [stderr]    Compiling paste v1.0.5
[INFO] [stderr]    Compiling ryu v1.0.5
[INFO] [stderr]    Compiling tinyvec_macros v0.1.0
[INFO] [stderr]    Compiling lazy_static v1.4.0
[INFO] [stderr]    Compiling zstd-safe v3.1.0+zstd.1.4.9
[INFO] [stderr]    Compiling cpufeatures v0.1.5
[INFO] [stderr]    Compiling crc32fast v1.2.1
[INFO] [stderr]    Compiling cpuid-bool v0.2.0
[INFO] [stderr]    Compiling polyval v0.4.5
[INFO] [stderr]    Compiling actix-service v2.0.0
[INFO] [stderr]    Compiling rand_chacha v0.3.1
[INFO] [stderr]    Compiling tracing-core v0.1.18
[INFO] [stderr]    Compiling tinyvec v1.3.1
[INFO] [stderr]    Compiling aes-soft v0.6.4
[INFO] [stderr]    Compiling actix-utils v3.0.0
[INFO] [stderr]    Compiling crypto-mac v0.10.1
[INFO] [stderr]    Compiling aho-corasick v0.7.18
[INFO] [stderr]    Compiling tokio-util v0.6.7
[INFO] [stderr]    Compiling ahash v0.7.4
[INFO] [stderr]    Compiling httparse v1.4.1
[INFO] [stderr]    Compiling regex-syntax v0.6.25
[INFO] [stderr]    Compiling convert_case v0.4.0
[INFO] [stderr]    Compiling adler v1.0.2
[INFO] [stderr]    Compiling encoding_rs v0.8.28
[INFO] [stderr]    Compiling hashbrown v0.11.2
[INFO] [stderr]    Compiling actix-codec v0.4.0
[INFO] [stderr]    Compiling aes v0.6.0
[INFO] [stderr]    Compiling hmac v0.10.1
[INFO] [stderr]    Compiling unicode-normalization v0.1.19
[INFO] [stderr]    Compiling webpki v0.21.4
[INFO] [stderr]    Compiling sct v0.6.1
[INFO] [stderr]    Compiling rustls v0.19.1
[INFO] [stderr]    Compiling webpki-roots v0.21.1
[INFO] [stderr]    Compiling tracing v0.1.26
[INFO] [stderr]    Compiling rand v0.8.4
[INFO] [stderr]    Compiling ghash v0.3.1
[INFO] [stderr]    Compiling form_urlencoded v1.0.1
[INFO] [stderr]    Compiling unicode-bidi v0.3.5
[INFO] [stderr]    Compiling ctr v0.6.0
[INFO] [stderr]    Compiling aead v0.3.2
[INFO] [stderr]    Compiling bytestring v1.0.0
[INFO] [stderr]    Compiling regex v1.5.4
[INFO] [stderr]    Compiling cookie v0.15.1
[INFO] [stderr]    Compiling serde_json v1.0.66
[INFO] [stderr]    Compiling time-macros-impl v0.1.2
[INFO] [stderr]    Compiling actix-macros v0.2.1
[INFO] [stderr]    Compiling pin-project-internal v1.0.8
[INFO] [stderr]    Compiling actix-rt v2.2.0
[INFO] [stderr]    Compiling time-macros v0.1.1
[INFO] [stderr]    Compiling tokio-rustls v0.22.0
[INFO] [stderr]    Compiling derive_more v0.99.16
[INFO] [stderr]    Compiling pin-project v1.0.8
[INFO] [stderr]    Compiling idna v0.2.3
[INFO] [stderr]    Compiling aes-gcm v0.8.0
[INFO] [stderr]    Compiling flate2 v1.0.20
[INFO] [stderr]    Compiling hkdf v0.10.0
[INFO] [stderr]    Compiling sha2 v0.9.5
[INFO] [stderr]    Compiling sha-1 v0.9.7
[INFO] [stderr]    Compiling num_cpus v1.13.0
[INFO] [stderr]    Compiling mime v0.3.16
[INFO] [stderr]    Compiling language-tags v0.3.2
[INFO] [stderr]    Compiling actix-server v2.0.0-beta.5
[INFO] [stderr]    Compiling url v2.2.2
[INFO] [stderr]    Compiling actix-web-codegen v0.5.0-beta.3
[INFO] [stderr]    Compiling local-channel v0.1.2
[INFO] [stderr]    Compiling h2 v0.3.3
[INFO] [stderr]    Compiling socket2 v0.4.1
[INFO] [stderr]    Compiling either v1.6.1
[INFO] [stderr]    Compiling futures-executor v0.3.16
[INFO] [stderr]    Compiling futures v0.3.16
[INFO] [stderr]    Compiling actix-tls v3.0.0-beta.5
[INFO] [stderr]    Compiling actix-router v0.2.7
[INFO] [stderr]    Compiling serde_urlencoded v0.7.0
[INFO] [stderr]    Compiling brotli2 v0.3.2
[INFO] [stderr]    Compiling zstd v0.7.0+zstd.1.4.9
[INFO] [stderr]    Compiling actix-http v3.0.0-beta.8
[INFO] [stderr]    Compiling actix-web v4.0.0-beta.8
[INFO] [stderr]    Compiling actix-cors v0.6.0-beta.2
[INFO] [stderr]    Compiling actix-identity v0.4.0-beta.2
[INFO] [stderr]    Compiling actix-https-redirect v0.1.0 (/opt/rustwide/workdir)
[INFO] [stderr]     Finished `dev` profile [unoptimized + debuginfo] target(s) in 1m 08s
[INFO] running `Command { std: "docker" "inspect" "7791d5e47f78c5ea2244ae33eeb4c4743f07190fb2e0aee2d9f003bfc88b1a49", kill_on_drop: false }`
[INFO] running `Command { std: "docker" "rm" "-f" "7791d5e47f78c5ea2244ae33eeb4c4743f07190fb2e0aee2d9f003bfc88b1a49", kill_on_drop: false }`
[INFO] [stdout] 7791d5e47f78c5ea2244ae33eeb4c4743f07190fb2e0aee2d9f003bfc88b1a49
[INFO] running `Command { std: "docker" "create" "-v" "/var/lib/crater-agent-workspace/builds/worker-4-tc2/target:/opt/rustwide/target:rw,Z" "-v" "/var/lib/crater-agent-workspace/builds/worker-4-tc2/source:/opt/rustwide/workdir:ro,Z" "-v" "/var/lib/crater-agent-workspace/cargo-home:/opt/rustwide/cargo-home:ro,Z" "-v" "/var/lib/crater-agent-workspace/rustup-home:/opt/rustwide/rustup-home:ro,Z" "-e" "SOURCE_DIR=/opt/rustwide/workdir" "-e" "CARGO_TARGET_DIR=/opt/rustwide/target" "-e" "CARGO_INCREMENTAL=0" "-e" "RUST_BACKTRACE=full" "-e" "RUSTFLAGS=--cap-lints=forbid -Zrandomize-layout" "-e" "RUSTDOCFLAGS=--cap-lints=forbid" "-e" "CARGO_HOME=/opt/rustwide/cargo-home" "-e" "RUSTUP_HOME=/opt/rustwide/rustup-home" "-w" "/opt/rustwide/workdir" "-m" "1610612736" "--user" "0:0" "--network" "none" "ghcr.io/rust-lang/crates-build-env/linux@sha256:819108c5571ea2e421544af4d832f968d213c87fbe3707a016657f43d2f853bc" "/opt/rustwide/cargo-home/bin/cargo" "+nightly-2025-01-18" "test" "--frozen" "--no-run" "--message-format=json", kill_on_drop: false }`
[INFO] [stdout] 0b5504b148e322a0dde824c934e9821cda04091f0351153714dbe08b318918b1
[INFO] running `Command { std: "docker" "start" "-a" "0b5504b148e322a0dde824c934e9821cda04091f0351153714dbe08b318918b1", kill_on_drop: false }`
[INFO] [stderr]    Compiling pkg-config v0.3.19
[INFO] [stderr]    Compiling foreign-types-shared v0.1.1
[INFO] [stderr]    Compiling openssl v0.10.35
[INFO] [stderr]    Compiling try-lock v0.2.3
[INFO] [stderr]    Compiling native-tls v0.2.7
[INFO] [stderr]    Compiling http-body v0.4.2
[INFO] [stderr]    Compiling openssl-probe v0.1.4
[INFO] [stderr]    Compiling httpdate v1.0.1
[INFO] [stderr]    Compiling foreign-types v0.3.2
[INFO] [stderr]    Compiling want v0.3.0
[INFO] [stderr]    Compiling tower-service v0.3.1
[INFO] [stderr]    Compiling ipnet v2.3.1
[INFO] [stderr]    Compiling hyper v0.14.11
[INFO] [stderr]    Compiling openssl-sys v0.9.65
[INFO] [stderr]    Compiling hyper-rustls v0.22.1
[INFO] [stderr]    Compiling tokio-native-tls v0.3.0
[INFO] [stderr]    Compiling hyper-tls v0.5.0
[INFO] [stderr]    Compiling reqwest v0.11.4
[INFO] [stderr]    Compiling actix-https-redirect v0.1.0 (/opt/rustwide/workdir)
[INFO] [stdout] warning: constant `KEY` is never used
[INFO] [stdout]   --> src/test.rs:25:7
[INFO] [stdout]    |
[INFO] [stdout] 25 | const KEY: &str = "key.pem";
[INFO] [stdout]    |       ^^^
[INFO] [stdout]    |
[INFO] [stdout]    = note: `#[warn(dead_code)]` on by default
[INFO] [stdout] 
[INFO] [stdout] 
[INFO] [stderr]     Finished `test` profile [unoptimized + debuginfo] target(s) in 5.76s
[INFO] running `Command { std: "docker" "inspect" "0b5504b148e322a0dde824c934e9821cda04091f0351153714dbe08b318918b1", kill_on_drop: false }`
[INFO] running `Command { std: "docker" "rm" "-f" "0b5504b148e322a0dde824c934e9821cda04091f0351153714dbe08b318918b1", kill_on_drop: false }`
[INFO] [stdout] 0b5504b148e322a0dde824c934e9821cda04091f0351153714dbe08b318918b1
[INFO] running `Command { std: "docker" "create" "-v" "/var/lib/crater-agent-workspace/builds/worker-4-tc2/target:/opt/rustwide/target:rw,Z" "-v" "/var/lib/crater-agent-workspace/builds/worker-4-tc2/source:/opt/rustwide/workdir:ro,Z" "-v" "/var/lib/crater-agent-workspace/cargo-home:/opt/rustwide/cargo-home:ro,Z" "-v" "/var/lib/crater-agent-workspace/rustup-home:/opt/rustwide/rustup-home:ro,Z" "-e" "SOURCE_DIR=/opt/rustwide/workdir" "-e" "CARGO_TARGET_DIR=/opt/rustwide/target" "-e" "CARGO_INCREMENTAL=0" "-e" "RUST_BACKTRACE=full" "-e" "RUSTFLAGS=--cap-lints=forbid -Zrandomize-layout" "-e" "RUSTDOCFLAGS=--cap-lints=forbid" "-e" "CARGO_HOME=/opt/rustwide/cargo-home" "-e" "RUSTUP_HOME=/opt/rustwide/rustup-home" "-w" "/opt/rustwide/workdir" "-m" "1610612736" "--user" "0:0" "--network" "none" "ghcr.io/rust-lang/crates-build-env/linux@sha256:819108c5571ea2e421544af4d832f968d213c87fbe3707a016657f43d2f853bc" "/opt/rustwide/cargo-home/bin/cargo" "+nightly-2025-01-18" "test" "--frozen", kill_on_drop: false }`
[INFO] [stdout] 42575d91cd126947fed426ad53876f7269b3bb37ed1fea76f50fb94abb55a1bb
[INFO] running `Command { std: "docker" "start" "-a" "42575d91cd126947fed426ad53876f7269b3bb37ed1fea76f50fb94abb55a1bb", kill_on_drop: false }`
[INFO] [stderr] warning: constant `KEY` is never used
[INFO] [stderr]   --> src/test.rs:25:7
[INFO] [stderr]    |
[INFO] [stderr] 25 | const KEY: &str = "key.pem";
[INFO] [stderr]    |       ^^^
[INFO] [stderr]    |
[INFO] [stderr]    = note: `#[warn(dead_code)]` on by default
[INFO] [stderr] 
[INFO] [stderr] warning: `actix-https-redirect` (lib test) generated 1 warning
[INFO] [stderr]     Finished `test` profile [unoptimized + debuginfo] target(s) in 0.10s
[INFO] [stderr]      Running unittests src/lib.rs (/opt/rustwide/target/debug/deps/actix_https_redirect-a64dce5f36aa2116)
[INFO] [stdout] 
[INFO] [stdout] running 1 test
[INFO] [stdout] test test::test ... FAILED
[INFO] [stdout] 
[INFO] [stdout] failures:
[INFO] [stdout] 
[INFO] [stdout] ---- test::test stdout ----
[INFO] [stdout] 
[INFO] [stdout] thread 'test::test' panicked at src/test.rs:119:5:
[INFO] [stdout] assertion `left == right` failed
[INFO] [stdout]   left: 200
[INFO] [stdout]  right: 302
[INFO] [stdout] stack backtrace:
[INFO] [stdout]    0:     0x55dfbb3d3bba - std::backtrace_rs::backtrace::libunwind::trace::hb059275cfc8d6126
[INFO] [stdout]                                at /rustc/6067b36314ab5eb2eb47cecc464545ba58e1ad24/library/std/src/../../backtrace/src/backtrace/libunwind.rs:116:5
[INFO] [stdout]    1:     0x55dfbb3d3bba - std::backtrace_rs::backtrace::trace_unsynchronized::h2da071e4327ce3ee
[INFO] [stdout]                                at /rustc/6067b36314ab5eb2eb47cecc464545ba58e1ad24/library/std/src/../../backtrace/src/backtrace/mod.rs:66:5
[INFO] [stdout]    2:     0x55dfbb3d3bba - std::sys::backtrace::_print_fmt::h842a1474e6f8d23f
[INFO] [stdout]                                at /rustc/6067b36314ab5eb2eb47cecc464545ba58e1ad24/library/std/src/sys/backtrace.rs:66:9
[INFO] [stdout]    3:     0x55dfbb3d3bba - <std::sys::backtrace::BacktraceLock::print::DisplayBacktrace as core::fmt::Display>::fmt::h71a62eb3b9696b12
[INFO] [stdout]                                at /rustc/6067b36314ab5eb2eb47cecc464545ba58e1ad24/library/std/src/sys/backtrace.rs:39:26
[INFO] [stdout]    4:     0x55dfbb3fedf3 - core::fmt::rt::Argument::fmt::hdb6b616786b41dc1
[INFO] [stdout]                                at /rustc/6067b36314ab5eb2eb47cecc464545ba58e1ad24/library/core/src/fmt/rt.rs:177:76
[INFO] [stdout]    5:     0x55dfbb3fedf3 - core::fmt::write::h2cc1698af7e2d686
[INFO] [stdout]                                at /rustc/6067b36314ab5eb2eb47cecc464545ba58e1ad24/library/core/src/fmt/mod.rs:1440:21
[INFO] [stdout]    6:     0x55dfbb3cfa43 - std::io::Write::write_fmt::hab1b4cd059a79022
[INFO] [stdout]                                at /rustc/6067b36314ab5eb2eb47cecc464545ba58e1ad24/library/std/src/io/mod.rs:1887:15
[INFO] [stdout]    7:     0x55dfbb3d3a02 - std::sys::backtrace::BacktraceLock::print::h147fe35b4ea13b08
[INFO] [stdout]                                at /rustc/6067b36314ab5eb2eb47cecc464545ba58e1ad24/library/std/src/sys/backtrace.rs:42:9
[INFO] [stdout]    8:     0x55dfbb3d4fdf - std::panicking::default_hook::{{closure}}::hbd44223dbdc0d208
[INFO] [stdout]                                at /rustc/6067b36314ab5eb2eb47cecc464545ba58e1ad24/library/std/src/panicking.rs:298:22
[INFO] [stdout]    9:     0x55dfbb3d4df8 - std::panicking::default_hook::h20f81eb0576efcec
[INFO] [stdout]                                at /rustc/6067b36314ab5eb2eb47cecc464545ba58e1ad24/library/std/src/panicking.rs:322:9
[INFO] [stdout]   10:     0x55dfbac2ff23 - <alloc::boxed::Box<F,A> as core::ops::function::Fn<Args>>::call::hdb53814c496a4d34
[INFO] [stdout]                                at /rustc/6067b36314ab5eb2eb47cecc464545ba58e1ad24/library/alloc/src/boxed.rs:2027:9
[INFO] [stdout]   11:     0x55dfbac2ff23 - test::test_main::{{closure}}::hc0a4963c59427c24
[INFO] [stdout]                                at /rustc/6067b36314ab5eb2eb47cecc464545ba58e1ad24/library/test/src/lib.rs:134:21
[INFO] [stdout]   12:     0x55dfbb3d5ad3 - <alloc::boxed::Box<F,A> as core::ops::function::Fn<Args>>::call::h591b2225413a77e9
[INFO] [stdout]                                at /rustc/6067b36314ab5eb2eb47cecc464545ba58e1ad24/library/alloc/src/boxed.rs:2027:9
[INFO] [stdout]   13:     0x55dfbb3d5ad3 - std::panicking::rust_panic_with_hook::h625eea43051b2edc
[INFO] [stdout]                                at /rustc/6067b36314ab5eb2eb47cecc464545ba58e1ad24/library/std/src/panicking.rs:839:13
[INFO] [stdout]   14:     0x55dfbb3d578a - std::panicking::begin_panic_handler::{{closure}}::h4f9159cfbc3f6bd3
[INFO] [stdout]                                at /rustc/6067b36314ab5eb2eb47cecc464545ba58e1ad24/library/std/src/panicking.rs:704:13
[INFO] [stdout]   15:     0x55dfbb3d40b9 - std::sys::backtrace::__rust_end_short_backtrace::h0390abce48353151
[INFO] [stdout]                                at /rustc/6067b36314ab5eb2eb47cecc464545ba58e1ad24/library/std/src/sys/backtrace.rs:168:18
[INFO] [stdout]   16:     0x55dfbb3d541d - rust_begin_unwind
[INFO] [stdout]                                at /rustc/6067b36314ab5eb2eb47cecc464545ba58e1ad24/library/std/src/panicking.rs:695:5
[INFO] [stdout]   17:     0x55dfbb3fd370 - core::panicking::panic_fmt::h9e7c637e9e5f29c9
[INFO] [stdout]                                at /rustc/6067b36314ab5eb2eb47cecc464545ba58e1ad24/library/core/src/panicking.rs:75:14
[INFO] [stdout]   18:     0x55dfbb3fd762 - core::panicking::assert_failed_inner::h538bec7c1374cd9c
[INFO] [stdout]   19:     0x55dfbab3a194 - core::panicking::assert_failed::hbfcc85b536a31761
[INFO] [stdout]                                at /rustc/6067b36314ab5eb2eb47cecc464545ba58e1ad24/library/core/src/panicking.rs:364:5
[INFO] [stdout]   20:     0x55dfbabf0a2d - actix_https_redirect::test::test::{{closure}}::h92739815f3e49683
[INFO] [stdout]                                at /opt/rustwide/workdir/src/test.rs:119:5
[INFO] [stdout]   21:     0x55dfbabb9060 - <tokio::task::local::RunUntil<T> as core::future::future::Future>::poll::{{closure}}::{{closure}}::h11ffb007ee884080
[INFO] [stdout]                                at /opt/rustwide/cargo-home/registry/src/index.crates.io-1949cf8c6b5b557f/tokio-1.9.0/src/task/local.rs:668:65
[INFO] [stdout]   22:     0x55dfbab7eb63 - tokio::coop::with_budget::{{closure}}::h21a37d4fac81125a
[INFO] [stdout]                                at /opt/rustwide/cargo-home/registry/src/index.crates.io-1949cf8c6b5b557f/tokio-1.9.0/src/coop.rs:106:9
[INFO] [stdout]   23:     0x55dfbabb1fd5 - std::thread::local::LocalKey<T>::try_with::h0d1527d8f2cefdbd
[INFO] [stdout]                                at /rustc/6067b36314ab5eb2eb47cecc464545ba58e1ad24/library/std/src/thread/local.rs:308:12
[INFO] [stdout]   24:     0x55dfbabb1c1a - std::thread::local::LocalKey<T>::with::he7bba194aba83e1b
[INFO] [stdout]                                at /rustc/6067b36314ab5eb2eb47cecc464545ba58e1ad24/library/std/src/thread/local.rs:272:9
[INFO] [stdout]   25:     0x55dfbabb8cb2 - tokio::coop::with_budget::hcec09a533f853ad2
[INFO] [stdout]                                at /opt/rustwide/cargo-home/registry/src/index.crates.io-1949cf8c6b5b557f/tokio-1.9.0/src/coop.rs:99:5
[INFO] [stdout]   26:     0x55dfbabb8cb2 - tokio::coop::budget::hbc623301ec37100d
[INFO] [stdout]                                at /opt/rustwide/cargo-home/registry/src/index.crates.io-1949cf8c6b5b557f/tokio-1.9.0/src/coop.rs:76:5
[INFO] [stdout]   27:     0x55dfbabb8cb2 - <tokio::task::local::RunUntil<T> as core::future::future::Future>::poll::{{closure}}::h98ae46912471b042
[INFO] [stdout]                                at /opt/rustwide/cargo-home/registry/src/index.crates.io-1949cf8c6b5b557f/tokio-1.9.0/src/task/local.rs:668:42
[INFO] [stdout]   28:     0x55dfbab9a77d - tokio::macros::scoped_tls::ScopedKey<T>::set::h839c8b9270b2ddaf
[INFO] [stdout]                                at /opt/rustwide/cargo-home/registry/src/index.crates.io-1949cf8c6b5b557f/tokio-1.9.0/src/macros/scoped_tls.rs:61:9
[INFO] [stdout]   29:     0x55dfbabb662b - tokio::task::local::LocalSet::with::hcd05a57ed43bc86a
[INFO] [stdout]                                at /opt/rustwide/cargo-home/registry/src/index.crates.io-1949cf8c6b5b557f/tokio-1.9.0/src/task/local.rs:573:9
[INFO] [stdout]   30:     0x55dfbabb88fa - <tokio::task::local::RunUntil<T> as core::future::future::Future>::poll::h40362e207e296afe
[INFO] [stdout]                                at /opt/rustwide/cargo-home/registry/src/index.crates.io-1949cf8c6b5b557f/tokio-1.9.0/src/task/local.rs:658:9
[INFO] [stdout]   31:     0x55dfbabb6a07 - tokio::task::local::LocalSet::run_until::{{closure}}::ha3d2dcb88c0567e0
[INFO] [stdout]                                at /opt/rustwide/cargo-home/registry/src/index.crates.io-1949cf8c6b5b557f/tokio-1.9.0/src/task/local.rs:516:19
[INFO] [stdout]   32:     0x55dfbab60f0d - <core::pin::Pin<P> as core::future::future::Future>::poll::h27da90cf5364a14a
[INFO] [stdout]                                at /rustc/6067b36314ab5eb2eb47cecc464545ba58e1ad24/library/core/src/future/future.rs:124:9
[INFO] [stdout]   33:     0x55dfbabacdef - tokio::runtime::basic_scheduler::Inner<P>::block_on::{{closure}}::{{closure}}::hb95c9eac6b0d22a5
[INFO] [stdout]                                at /opt/rustwide/cargo-home/registry/src/index.crates.io-1949cf8c6b5b557f/tokio-1.9.0/src/runtime/basic_scheduler.rs:208:62
[INFO] [stdout]   34:     0x55dfbab7ef23 - tokio::coop::with_budget::{{closure}}::h42005cd6c1523cc8
[INFO] [stdout]                                at /opt/rustwide/cargo-home/registry/src/index.crates.io-1949cf8c6b5b557f/tokio-1.9.0/src/coop.rs:106:9
[INFO] [stdout]   35:     0x55dfbabb2de5 - std::thread::local::LocalKey<T>::try_with::h8d3d485c49700939
[INFO] [stdout]                                at /rustc/6067b36314ab5eb2eb47cecc464545ba58e1ad24/library/std/src/thread/local.rs:308:12
[INFO] [stdout]   36:     0x55dfbabb195a - std::thread::local::LocalKey<T>::with::h6fdbfd4f866535c5
[INFO] [stdout]                                at /rustc/6067b36314ab5eb2eb47cecc464545ba58e1ad24/library/std/src/thread/local.rs:272:9
[INFO] [stdout]   37:     0x55dfbabac63a - tokio::coop::with_budget::hfb7bef5f5662059c
[INFO] [stdout]                                at /opt/rustwide/cargo-home/registry/src/index.crates.io-1949cf8c6b5b557f/tokio-1.9.0/src/coop.rs:99:5
[INFO] [stdout]   38:     0x55dfbabac63a - tokio::coop::budget::h8303aefc874018a1
[INFO] [stdout]                                at /opt/rustwide/cargo-home/registry/src/index.crates.io-1949cf8c6b5b557f/tokio-1.9.0/src/coop.rs:76:5
[INFO] [stdout]   39:     0x55dfbabac63a - tokio::runtime::basic_scheduler::Inner<P>::block_on::{{closure}}::hf555110712cfed87
[INFO] [stdout]                                at /opt/rustwide/cargo-home/registry/src/index.crates.io-1949cf8c6b5b557f/tokio-1.9.0/src/runtime/basic_scheduler.rs:208:39
[INFO] [stdout]   40:     0x55dfbabae88a - tokio::runtime::basic_scheduler::enter::{{closure}}::hb6b34430153d1213
[INFO] [stdout]                                at /opt/rustwide/cargo-home/registry/src/index.crates.io-1949cf8c6b5b557f/tokio-1.9.0/src/runtime/basic_scheduler.rs:299:29
[INFO] [stdout]   41:     0x55dfbab9a9a5 - tokio::macros::scoped_tls::ScopedKey<T>::set::hb2f2527eda5c62f4
[INFO] [stdout]                                at /opt/rustwide/cargo-home/registry/src/index.crates.io-1949cf8c6b5b557f/tokio-1.9.0/src/macros/scoped_tls.rs:61:9
[INFO] [stdout]   42:     0x55dfbabae141 - tokio::runtime::basic_scheduler::enter::h15c22d47686d1960
[INFO] [stdout]                                at /opt/rustwide/cargo-home/registry/src/index.crates.io-1949cf8c6b5b557f/tokio-1.9.0/src/runtime/basic_scheduler.rs:299:5
[INFO] [stdout]   43:     0x55dfbabab3a3 - tokio::runtime::basic_scheduler::Inner<P>::block_on::h81c81d4e07bfb100
[INFO] [stdout]                                at /opt/rustwide/cargo-home/registry/src/index.crates.io-1949cf8c6b5b557f/tokio-1.9.0/src/runtime/basic_scheduler.rs:197:9
[INFO] [stdout]   44:     0x55dfbabad089 - tokio::runtime::basic_scheduler::InnerGuard<P>::block_on::h9c59f58468ba9d46
[INFO] [stdout]                                at /opt/rustwide/cargo-home/registry/src/index.crates.io-1949cf8c6b5b557f/tokio-1.9.0/src/runtime/basic_scheduler.rs:452:9
[INFO] [stdout]   45:     0x55dfbabad50b - tokio::runtime::basic_scheduler::BasicScheduler<P>::block_on::h0cecdf2578a6986b
[INFO] [stdout]                                at /opt/rustwide/cargo-home/registry/src/index.crates.io-1949cf8c6b5b557f/tokio-1.9.0/src/runtime/basic_scheduler.rs:157:24
[INFO] [stdout]   46:     0x55dfbab40402 - tokio::runtime::Runtime::block_on::h259ad17725e82208
[INFO] [stdout]                                at /opt/rustwide/cargo-home/registry/src/index.crates.io-1949cf8c6b5b557f/tokio-1.9.0/src/runtime/mod.rs:450:46
[INFO] [stdout]   47:     0x55dfbabb66fb - tokio::task::local::LocalSet::block_on::hae3330d4f7294eee
[INFO] [stdout]                                at /opt/rustwide/cargo-home/registry/src/index.crates.io-1949cf8c6b5b557f/tokio-1.9.0/src/task/local.rs:477:9
[INFO] [stdout]   48:     0x55dfbab7acda - actix_rt::runtime::Runtime::block_on::hb4c3f13b17a9cab6
[INFO] [stdout]                                at /opt/rustwide/cargo-home/registry/src/index.crates.io-1949cf8c6b5b557f/actix-rt-2.2.0/src/runtime.rs:85:9
[INFO] [stdout]   49:     0x55dfbab6188e - actix_rt::system::SystemRunner::block_on::hc7e363b47ff6af64
[INFO] [stdout]                                at /opt/rustwide/cargo-home/registry/src/index.crates.io-1949cf8c6b5b557f/actix-rt-2.2.0/src/system.rs:186:9
[INFO] [stdout]   50:     0x55dfbabf04c4 - actix_https_redirect::test::test::h08808169427ad9cd
[INFO] [stdout]                                at /opt/rustwide/workdir/src/test.rs:108:1
[INFO] [stdout]   51:     0x55dfbabf0477 - actix_https_redirect::test::test::{{closure}}::h648187fcce0170ed
[INFO] [stdout]                                at /opt/rustwide/workdir/src/test.rs:109:16
[INFO] [stdout]   52:     0x55dfbab30f86 - core::ops::function::FnOnce::call_once::h566786b0e25bfaea
[INFO] [stdout]                                at /rustc/6067b36314ab5eb2eb47cecc464545ba58e1ad24/library/core/src/ops/function.rs:250:5
[INFO] [stdout]   53:     0x55dfbac3567b - core::ops::function::FnOnce::call_once::he27718dfdd183f43
[INFO] [stdout]                                at /rustc/6067b36314ab5eb2eb47cecc464545ba58e1ad24/library/core/src/ops/function.rs:250:5
[INFO] [stdout]   54:     0x55dfbac3567b - test::__rust_begin_short_backtrace::h4e84902998457a5d
[INFO] [stdout]                                at /rustc/6067b36314ab5eb2eb47cecc464545ba58e1ad24/library/test/src/lib.rs:632:18
[INFO] [stdout]   55:     0x55dfbac345b3 - test::run_test_in_process::{{closure}}::h7176fd18fc1feca0
[INFO] [stdout]                                at /rustc/6067b36314ab5eb2eb47cecc464545ba58e1ad24/library/test/src/lib.rs:655:60
[INFO] [stdout]   56:     0x55dfbac345b3 - <core::panic::unwind_safe::AssertUnwindSafe<F> as core::ops::function::FnOnce<()>>::call_once::hf79cff2a624d8cf7
[INFO] [stdout]                                at /rustc/6067b36314ab5eb2eb47cecc464545ba58e1ad24/library/core/src/panic/unwind_safe.rs:272:9
[INFO] [stdout]   57:     0x55dfbac345b3 - std::panicking::try::do_call::h3da0561d9ab99c25
[INFO] [stdout]                                at /rustc/6067b36314ab5eb2eb47cecc464545ba58e1ad24/library/std/src/panicking.rs:587:40
[INFO] [stdout]   58:     0x55dfbac345b3 - std::panicking::try::h41c9fa508bc61df6
[INFO] [stdout]                                at /rustc/6067b36314ab5eb2eb47cecc464545ba58e1ad24/library/std/src/panicking.rs:550:19
[INFO] [stdout]   59:     0x55dfbac345b3 - std::panic::catch_unwind::h6b3ff07bb5afad93
[INFO] [stdout]                                at /rustc/6067b36314ab5eb2eb47cecc464545ba58e1ad24/library/std/src/panic.rs:358:14
[INFO] [stdout]   60:     0x55dfbac345b3 - test::run_test_in_process::hc7253dd11b39b9f4
[INFO] [stdout]                                at /rustc/6067b36314ab5eb2eb47cecc464545ba58e1ad24/library/test/src/lib.rs:655:27
[INFO] [stdout]   61:     0x55dfbac345b3 - test::run_test::{{closure}}::hfb2007f8649c30bb
[INFO] [stdout]                                at /rustc/6067b36314ab5eb2eb47cecc464545ba58e1ad24/library/test/src/lib.rs:576:43
[INFO] [stdout]   62:     0x55dfbabf7695 - test::run_test::{{closure}}::h56a17aa7a282a9f4
[INFO] [stdout]                                at /rustc/6067b36314ab5eb2eb47cecc464545ba58e1ad24/library/test/src/lib.rs:606:41
[INFO] [stdout]   63:     0x55dfbabf7695 - std::sys::backtrace::__rust_begin_short_backtrace::hd2d2d2fb8e8c6aac
[INFO] [stdout]                                at /rustc/6067b36314ab5eb2eb47cecc464545ba58e1ad24/library/std/src/sys/backtrace.rs:152:18
[INFO] [stdout]   64:     0x55dfbabfaf7a - std::thread::Builder::spawn_unchecked_::{{closure}}::{{closure}}::h4faa3f9db6133423
[INFO] [stdout]                                at /rustc/6067b36314ab5eb2eb47cecc464545ba58e1ad24/library/std/src/thread/mod.rs:559:17
[INFO] [stdout]   65:     0x55dfbabfaf7a - <core::panic::unwind_safe::AssertUnwindSafe<F> as core::ops::function::FnOnce<()>>::call_once::hf2e855a36a4ea846
[INFO] [stdout]                                at /rustc/6067b36314ab5eb2eb47cecc464545ba58e1ad24/library/core/src/panic/unwind_safe.rs:272:9
[INFO] [stdout]   66:     0x55dfbabfaf7a - std::panicking::try::do_call::h2f73af3616c35465
[INFO] [stdout]                                at /rustc/6067b36314ab5eb2eb47cecc464545ba58e1ad24/library/std/src/panicking.rs:587:40
[INFO] [stdout]   67:     0x55dfbabfaf7a - std::panicking::try::hd1660ce9efadef5a
[INFO] [stdout]                                at /rustc/6067b36314ab5eb2eb47cecc464545ba58e1ad24/library/std/src/panicking.rs:550:19
[INFO] [stdout]   68:     0x55dfbabfaf7a - std::panic::catch_unwind::h5ee8d7823b8ca744
[INFO] [stdout]                                at /rustc/6067b36314ab5eb2eb47cecc464545ba58e1ad24/library/std/src/panic.rs:358:14
[INFO] [stdout]   69:     0x55dfbabfaf7a - std::thread::Builder::spawn_unchecked_::{{closure}}::h53c3a1894dce8407
[INFO] [stdout]                                at /rustc/6067b36314ab5eb2eb47cecc464545ba58e1ad24/library/std/src/thread/mod.rs:557:30
[INFO] [stdout]   70:     0x55dfbabfaf7a - core::ops::function::FnOnce::call_once{{vtable.shim}}::h048ce291ad4f62bf
[INFO] [stdout]                                at /rustc/6067b36314ab5eb2eb47cecc464545ba58e1ad24/library/core/src/ops/function.rs:250:5
[INFO] [stdout]   71:     0x55dfbb3d9f2b - <alloc::boxed::Box<F,A> as core::ops::function::FnOnce<Args>>::call_once::ha52bedf99a3b4981
[INFO] [stdout]                                at /rustc/6067b36314ab5eb2eb47cecc464545ba58e1ad24/library/alloc/src/boxed.rs:2013:9
[INFO] [stdout]   72:     0x55dfbb3d9f2b - <alloc::boxed::Box<F,A> as core::ops::function::FnOnce<Args>>::call_once::h567748934d80ccf8
[INFO] [stdout]                                at /rustc/6067b36314ab5eb2eb47cecc464545ba58e1ad24/library/alloc/src/boxed.rs:2013:9
[INFO] [stdout]   73:     0x55dfbb3d9f2b - std::sys::pal::unix::thread::Thread::new::thread_start::h2d970728ae887adc
[INFO] [stdout]                                at /rustc/6067b36314ab5eb2eb47cecc464545ba58e1ad24/library/std/src/sys/pal/unix/thread.rs:106:17
[INFO] [stdout]   74:     0x7aecdd2c9ac3 - <unknown>
[INFO] [stdout]   75:     0x7aecdd35aa04 - clone
[INFO] [stdout]   76:                0x0 - <unknown>
[INFO] [stdout] 
[INFO] [stdout] 
[INFO] [stdout] failures:
[INFO] [stdout]     test::test
[INFO] [stdout] 
[INFO] [stdout] test result: FAILED. 0 passed; 1 failed; 0 ignored; 0 measured; 0 filtered out; finished in 0.06s
[INFO] [stdout] 
[INFO] [stderr] error: test failed, to rerun pass `--lib`
[INFO] running `Command { std: "docker" "inspect" "42575d91cd126947fed426ad53876f7269b3bb37ed1fea76f50fb94abb55a1bb", kill_on_drop: false }`
[INFO] running `Command { std: "docker" "rm" "-f" "42575d91cd126947fed426ad53876f7269b3bb37ed1fea76f50fb94abb55a1bb", kill_on_drop: false }`
[INFO] [stdout] 42575d91cd126947fed426ad53876f7269b3bb37ed1fea76f50fb94abb55a1bb
