[INFO] cloning repository https://github.com/leekalan/ctb
[INFO] running `Command { std: "git" "-c" "credential.helper=" "-c" "credential.helper=/workspace/cargo-home/bin/git-credential-null" "clone" "--bare" "https://github.com/leekalan/ctb" "/workspace/cache/git-repos/https%3A%2F%2Fgithub.com%2Fleekalan%2Fctb", kill_on_drop: false }`
[INFO] [stderr] Cloning into bare repository '/workspace/cache/git-repos/https%3A%2F%2Fgithub.com%2Fleekalan%2Fctb'...
[INFO] running `Command { std: "git" "rev-parse" "HEAD", kill_on_drop: false }`
[INFO] [stdout] d99a22ecec2648bd8fecc65413505533ea5e1000
[INFO] testing leekalan/ctb against nightly-2025-01-18+rustflags=-Zrandomize-layout for randomize-layout-2
[INFO] running `Command { std: "git" "clone" "/workspace/cache/git-repos/https%3A%2F%2Fgithub.com%2Fleekalan%2Fctb" "/workspace/builds/worker-4-tc2/source", kill_on_drop: false }`
[INFO] [stderr] Cloning into '/workspace/builds/worker-4-tc2/source'...
[INFO] [stderr] done.
[INFO] validating manifest of git repo https://github.com/leekalan/ctb on toolchain nightly-2025-01-18
[INFO] running `Command { std: CARGO_HOME="/workspace/cargo-home" RUSTUP_HOME="/workspace/rustup-home" "/workspace/cargo-home/bin/cargo" "+nightly-2025-01-18" "metadata" "--manifest-path" "Cargo.toml" "--no-deps", kill_on_drop: false }`
[INFO] started tweaking git repo https://github.com/leekalan/ctb
[INFO] finished tweaking git repo https://github.com/leekalan/ctb
[INFO] tweaked toml for git repo https://github.com/leekalan/ctb written to /workspace/builds/worker-4-tc2/source/Cargo.toml
[INFO] crate git repo https://github.com/leekalan/ctb already has a lockfile, it will not be regenerated
[INFO] running `Command { std: CARGO_HOME="/workspace/cargo-home" RUSTUP_HOME="/workspace/rustup-home" "/workspace/cargo-home/bin/cargo" "+nightly-2025-01-18" "fetch" "--manifest-path" "Cargo.toml", kill_on_drop: false }`
[INFO] running `Command { std: "docker" "create" "-v" "/var/lib/crater-agent-workspace/builds/worker-4-tc2/target:/opt/rustwide/target:rw,Z" "-v" "/var/lib/crater-agent-workspace/builds/worker-4-tc2/source:/opt/rustwide/workdir:ro,Z" "-v" "/var/lib/crater-agent-workspace/cargo-home:/opt/rustwide/cargo-home:ro,Z" "-v" "/var/lib/crater-agent-workspace/rustup-home:/opt/rustwide/rustup-home:ro,Z" "-e" "SOURCE_DIR=/opt/rustwide/workdir" "-e" "CARGO_TARGET_DIR=/opt/rustwide/target" "-e" "CARGO_HOME=/opt/rustwide/cargo-home" "-e" "RUSTUP_HOME=/opt/rustwide/rustup-home" "-w" "/opt/rustwide/workdir" "-m" "1610612736" "--user" "0:0" "--network" "none" "ghcr.io/rust-lang/crates-build-env/linux@sha256:819108c5571ea2e421544af4d832f968d213c87fbe3707a016657f43d2f853bc" "/opt/rustwide/cargo-home/bin/cargo" "+nightly-2025-01-18" "metadata" "--no-deps" "--format-version=1", kill_on_drop: false }`
[INFO] [stdout] 4c9ce375a6ae0f7026c63513997ba2bff593f826b1aded5ccba4c5aa75537505
[INFO] running `Command { std: "docker" "start" "-a" "4c9ce375a6ae0f7026c63513997ba2bff593f826b1aded5ccba4c5aa75537505", kill_on_drop: false }`
[INFO] running `Command { std: "docker" "inspect" "4c9ce375a6ae0f7026c63513997ba2bff593f826b1aded5ccba4c5aa75537505", kill_on_drop: false }`
[INFO] running `Command { std: "docker" "rm" "-f" "4c9ce375a6ae0f7026c63513997ba2bff593f826b1aded5ccba4c5aa75537505", kill_on_drop: false }`
[INFO] [stdout] 4c9ce375a6ae0f7026c63513997ba2bff593f826b1aded5ccba4c5aa75537505
[INFO] running `Command { std: "docker" "create" "-v" "/var/lib/crater-agent-workspace/builds/worker-4-tc2/target:/opt/rustwide/target:rw,Z" "-v" "/var/lib/crater-agent-workspace/builds/worker-4-tc2/source:/opt/rustwide/workdir:ro,Z" "-v" "/var/lib/crater-agent-workspace/cargo-home:/opt/rustwide/cargo-home:ro,Z" "-v" "/var/lib/crater-agent-workspace/rustup-home:/opt/rustwide/rustup-home:ro,Z" "-e" "SOURCE_DIR=/opt/rustwide/workdir" "-e" "CARGO_TARGET_DIR=/opt/rustwide/target" "-e" "CARGO_INCREMENTAL=0" "-e" "RUST_BACKTRACE=full" "-e" "RUSTFLAGS=--cap-lints=forbid -Zrandomize-layout" "-e" "RUSTDOCFLAGS=--cap-lints=forbid" "-e" "CARGO_HOME=/opt/rustwide/cargo-home" "-e" "RUSTUP_HOME=/opt/rustwide/rustup-home" "-w" "/opt/rustwide/workdir" "-m" "1610612736" "--user" "0:0" "--network" "none" "ghcr.io/rust-lang/crates-build-env/linux@sha256:819108c5571ea2e421544af4d832f968d213c87fbe3707a016657f43d2f853bc" "/opt/rustwide/cargo-home/bin/cargo" "+nightly-2025-01-18" "build" "--frozen" "--message-format=json", kill_on_drop: false }`
[INFO] [stdout] a452902a94967b85b80032a184ab91bc380a11aee6a9e85415576015b3804902
[INFO] running `Command { std: "docker" "start" "-a" "a452902a94967b85b80032a184ab91bc380a11aee6a9e85415576015b3804902", kill_on_drop: false }`
[INFO] [stderr]    Compiling ctb v1.1.0 (/opt/rustwide/workdir)
[INFO] [stderr]     Finished `dev` profile [unoptimized + debuginfo] target(s) in 0.10s
[INFO] running `Command { std: "docker" "inspect" "a452902a94967b85b80032a184ab91bc380a11aee6a9e85415576015b3804902", kill_on_drop: false }`
[INFO] running `Command { std: "docker" "rm" "-f" "a452902a94967b85b80032a184ab91bc380a11aee6a9e85415576015b3804902", kill_on_drop: false }`
[INFO] [stdout] a452902a94967b85b80032a184ab91bc380a11aee6a9e85415576015b3804902
[INFO] running `Command { std: "docker" "create" "-v" "/var/lib/crater-agent-workspace/builds/worker-4-tc2/target:/opt/rustwide/target:rw,Z" "-v" "/var/lib/crater-agent-workspace/builds/worker-4-tc2/source:/opt/rustwide/workdir:ro,Z" "-v" "/var/lib/crater-agent-workspace/cargo-home:/opt/rustwide/cargo-home:ro,Z" "-v" "/var/lib/crater-agent-workspace/rustup-home:/opt/rustwide/rustup-home:ro,Z" "-e" "SOURCE_DIR=/opt/rustwide/workdir" "-e" "CARGO_TARGET_DIR=/opt/rustwide/target" "-e" "CARGO_INCREMENTAL=0" "-e" "RUST_BACKTRACE=full" "-e" "RUSTFLAGS=--cap-lints=forbid -Zrandomize-layout" "-e" "RUSTDOCFLAGS=--cap-lints=forbid" "-e" "CARGO_HOME=/opt/rustwide/cargo-home" "-e" "RUSTUP_HOME=/opt/rustwide/rustup-home" "-w" "/opt/rustwide/workdir" "-m" "1610612736" "--user" "0:0" "--network" "none" "ghcr.io/rust-lang/crates-build-env/linux@sha256:819108c5571ea2e421544af4d832f968d213c87fbe3707a016657f43d2f853bc" "/opt/rustwide/cargo-home/bin/cargo" "+nightly-2025-01-18" "test" "--frozen" "--no-run" "--message-format=json", kill_on_drop: false }`
[INFO] [stdout] c6951579c154a972e89b12b7e46f69aeede1d6fdae0682009821e85843346d2e
[INFO] running `Command { std: "docker" "start" "-a" "c6951579c154a972e89b12b7e46f69aeede1d6fdae0682009821e85843346d2e", kill_on_drop: false }`
[INFO] [stderr]    Compiling ctb v1.1.0 (/opt/rustwide/workdir)
[INFO] [stderr]     Finished `test` profile [unoptimized + debuginfo] target(s) in 0.16s
[INFO] running `Command { std: "docker" "inspect" "c6951579c154a972e89b12b7e46f69aeede1d6fdae0682009821e85843346d2e", kill_on_drop: false }`
[INFO] running `Command { std: "docker" "rm" "-f" "c6951579c154a972e89b12b7e46f69aeede1d6fdae0682009821e85843346d2e", kill_on_drop: false }`
[INFO] [stdout] c6951579c154a972e89b12b7e46f69aeede1d6fdae0682009821e85843346d2e
[INFO] running `Command { std: "docker" "create" "-v" "/var/lib/crater-agent-workspace/builds/worker-4-tc2/target:/opt/rustwide/target:rw,Z" "-v" "/var/lib/crater-agent-workspace/builds/worker-4-tc2/source:/opt/rustwide/workdir:ro,Z" "-v" "/var/lib/crater-agent-workspace/cargo-home:/opt/rustwide/cargo-home:ro,Z" "-v" "/var/lib/crater-agent-workspace/rustup-home:/opt/rustwide/rustup-home:ro,Z" "-e" "SOURCE_DIR=/opt/rustwide/workdir" "-e" "CARGO_TARGET_DIR=/opt/rustwide/target" "-e" "CARGO_INCREMENTAL=0" "-e" "RUST_BACKTRACE=full" "-e" "RUSTFLAGS=--cap-lints=forbid -Zrandomize-layout" "-e" "RUSTDOCFLAGS=--cap-lints=forbid" "-e" "CARGO_HOME=/opt/rustwide/cargo-home" "-e" "RUSTUP_HOME=/opt/rustwide/rustup-home" "-w" "/opt/rustwide/workdir" "-m" "1610612736" "--user" "0:0" "--network" "none" "ghcr.io/rust-lang/crates-build-env/linux@sha256:819108c5571ea2e421544af4d832f968d213c87fbe3707a016657f43d2f853bc" "/opt/rustwide/cargo-home/bin/cargo" "+nightly-2025-01-18" "test" "--frozen", kill_on_drop: false }`
[INFO] [stdout] b1a48f04df5e33e1f9b324e220c22eca6e02ef9f29bbef47f197d4d428c8b167
[INFO] running `Command { std: "docker" "start" "-a" "b1a48f04df5e33e1f9b324e220c22eca6e02ef9f29bbef47f197d4d428c8b167", kill_on_drop: false }`
[INFO] [stderr]     Finished `test` profile [unoptimized + debuginfo] target(s) in 0.01s
[INFO] [stderr]      Running unittests src/lib.rs (/opt/rustwide/target/debug/deps/ctb-11fe4f8b1fd39b15)
[INFO] [stdout] 
[INFO] [stdout] running 4 tests
[INFO] [stdout] test doc_tests::test ... ok
[INFO] [stdout] test tests::test ... ok
[INFO] [stdout] test tests::test_converters ... ok
[INFO] [stdout] test tests::test_constructors ... ok
[INFO] [stdout] 
[INFO] [stdout] test result: ok. 4 passed; 0 failed; 0 ignored; 0 measured; 0 filtered out; finished in 0.00s
[INFO] [stdout] 
[INFO] [stderr]    Doc-tests ctb
[INFO] [stdout] 
[INFO] [stdout] running 1 test
[INFO] [stdout] test src/lib.rs - (line 48) ... FAILED
[INFO] [stdout] 
[INFO] [stdout] failures:
[INFO] [stdout] 
[INFO] [stdout] ---- src/lib.rs - (line 48) stdout ----
[INFO] [stdout] error[E0432]: unresolved import `CloneOnExtract`
[INFO] [stdout]  --> src/lib.rs:49:5
[INFO] [stdout]   |
[INFO] [stdout] 3 | use CloneOnExtract::{CloneOnExtract, AsCloneOnExtract, IntoCloneOnExtract};
[INFO] [stdout]   |     ^^^^^^^^^^^^^^ help: a similar path exists: `ctb::CloneOnExtract`
[INFO] [stdout] 
[INFO] [stdout] error[E0599]: no method named `CloneOnExtract` found for type `u8` in the current scope
[INFO] [stdout]   --> src/lib.rs:104:44
[INFO] [stdout]    |
[INFO] [stdout] 58 |     assert_eq!(add_together_and_double(1u8.CloneOnExtract(), 2u8.CloneOnExtract()), 6);
[INFO] [stdout]    |                                            ^^^^^^^^^^^^^^ method not found in `u8`
[INFO] [stdout] 
[INFO] [stdout] error[E0599]: no method named `CloneOnExtract` found for type `u8` in the current scope
[INFO] [stdout]   --> src/lib.rs:104:66
[INFO] [stdout]    |
[INFO] [stdout] 58 |     assert_eq!(add_together_and_double(1u8.CloneOnExtract(), 2u8.CloneOnExtract()), 6);
[INFO] [stdout]    |                                                                  ^^^^^^^^^^^^^^ method not found in `u8`
[INFO] [stdout] 
[INFO] [stdout] error[E0599]: no method named `CloneOnExtract` found for type `i32` in the current scope
[INFO] [stdout]   --> src/lib.rs:105:45
[INFO] [stdout]    |
[INFO] [stdout] 59 |     assert_eq!(add_together_and_double(1i32.CloneOnExtract(), 2i32.CloneOnExtract()), 6);
[INFO] [stdout]    |                                             ^^^^^^^^^^^^^^ method not found in `i32`
[INFO] [stdout] 
[INFO] [stdout] error[E0599]: no method named `CloneOnExtract` found for type `i32` in the current scope
[INFO] [stdout]   --> src/lib.rs:105:68
[INFO] [stdout]    |
[INFO] [stdout] 59 |     assert_eq!(add_together_and_double(1i32.CloneOnExtract(), 2i32.CloneOnExtract()), 6);
[INFO] [stdout]    |                                                                    ^^^^^^^^^^^^^^ method not found in `i32`
[INFO] [stdout] 
[INFO] [stdout] error: aborting due to 5 previous errors
[INFO] [stdout] 
[INFO] [stdout] Some errors have detailed explanations: E0432, E0599.
[INFO] [stdout] For more information about an error, try `rustc --explain E0432`.
[INFO] [stdout] Couldn't compile the test.
[INFO] [stdout] 
[INFO] [stdout] failures:
[INFO] [stdout]     src/lib.rs - (line 48)
[INFO] [stdout] 
[INFO] [stdout] test result: FAILED. 0 passed; 1 failed; 0 ignored; 0 measured; 0 filtered out; finished in 0.05s
[INFO] [stdout] 
[INFO] [stderr] error: doctest failed, to rerun pass `--doc`
[INFO] running `Command { std: "docker" "inspect" "b1a48f04df5e33e1f9b324e220c22eca6e02ef9f29bbef47f197d4d428c8b167", kill_on_drop: false }`
[INFO] running `Command { std: "docker" "rm" "-f" "b1a48f04df5e33e1f9b324e220c22eca6e02ef9f29bbef47f197d4d428c8b167", kill_on_drop: false }`
[INFO] [stdout] b1a48f04df5e33e1f9b324e220c22eca6e02ef9f29bbef47f197d4d428c8b167
