[INFO] cloning repository https://github.com/kpcyrd/summarize-cli
[INFO] running `Command { std: "git" "-c" "credential.helper=" "-c" "credential.helper=/workspace/cargo-home/bin/git-credential-null" "clone" "--bare" "https://github.com/kpcyrd/summarize-cli" "/workspace/cache/git-repos/https%3A%2F%2Fgithub.com%2Fkpcyrd%2Fsummarize-cli", kill_on_drop: false }`
[INFO] [stderr] Cloning into bare repository '/workspace/cache/git-repos/https%3A%2F%2Fgithub.com%2Fkpcyrd%2Fsummarize-cli'...
[INFO] running `Command { std: "git" "rev-parse" "HEAD", kill_on_drop: false }`
[INFO] [stdout] a0a08bd717b9bec2db931d224b26c769be8d19c2
[INFO] testing kpcyrd/summarize-cli against nightly-2025-01-18 for randomize-layout-2
[INFO] running `Command { std: "git" "clone" "/workspace/cache/git-repos/https%3A%2F%2Fgithub.com%2Fkpcyrd%2Fsummarize-cli" "/workspace/builds/worker-5-tc1/source", kill_on_drop: false }`
[INFO] [stderr] Cloning into '/workspace/builds/worker-5-tc1/source'...
[INFO] [stderr] done.
[INFO] validating manifest of git repo https://github.com/kpcyrd/summarize-cli on toolchain nightly-2025-01-18
[INFO] running `Command { std: CARGO_HOME="/workspace/cargo-home" RUSTUP_HOME="/workspace/rustup-home" "/workspace/cargo-home/bin/cargo" "+nightly-2025-01-18" "metadata" "--manifest-path" "Cargo.toml" "--no-deps", kill_on_drop: false }`
[INFO] started tweaking git repo https://github.com/kpcyrd/summarize-cli
[INFO] finished tweaking git repo https://github.com/kpcyrd/summarize-cli
[INFO] tweaked toml for git repo https://github.com/kpcyrd/summarize-cli written to /workspace/builds/worker-5-tc1/source/Cargo.toml
[INFO] crate git repo https://github.com/kpcyrd/summarize-cli already has a lockfile, it will not be regenerated
[INFO] running `Command { std: CARGO_HOME="/workspace/cargo-home" RUSTUP_HOME="/workspace/rustup-home" "/workspace/cargo-home/bin/cargo" "+nightly-2025-01-18" "fetch" "--manifest-path" "Cargo.toml", kill_on_drop: false }`
[INFO] [stderr]     Blocking waiting for file lock on package cache
[INFO] [stderr]     Updating git submodule `https://github.com/ggerganov/llama.cpp`
[INFO] [stderr]     Blocking waiting for file lock on package cache
[INFO] [stderr]  Downloading crates ...
[INFO] [stderr]   Downloaded monostate v0.1.9
[INFO] [stderr]   Downloaded llm-samplers v0.0.6
[INFO] [stderr]   Downloaded monostate-impl v0.1.9
[INFO] running `Command { std: "docker" "create" "-v" "/var/lib/crater-agent-workspace/builds/worker-5-tc1/target:/opt/rustwide/target:rw,Z" "-v" "/var/lib/crater-agent-workspace/builds/worker-5-tc1/source:/opt/rustwide/workdir:ro,Z" "-v" "/var/lib/crater-agent-workspace/cargo-home:/opt/rustwide/cargo-home:ro,Z" "-v" "/var/lib/crater-agent-workspace/rustup-home:/opt/rustwide/rustup-home:ro,Z" "-e" "SOURCE_DIR=/opt/rustwide/workdir" "-e" "CARGO_TARGET_DIR=/opt/rustwide/target" "-e" "CARGO_HOME=/opt/rustwide/cargo-home" "-e" "RUSTUP_HOME=/opt/rustwide/rustup-home" "-w" "/opt/rustwide/workdir" "-m" "1610612736" "--user" "0:0" "--network" "none" "ghcr.io/rust-lang/crates-build-env/linux@sha256:819108c5571ea2e421544af4d832f968d213c87fbe3707a016657f43d2f853bc" "/opt/rustwide/cargo-home/bin/cargo" "+nightly-2025-01-18" "metadata" "--no-deps" "--format-version=1", kill_on_drop: false }`
[INFO] [stdout] 6bff8e671c91d854089e526193fbd9ea9e4d9f6020460fcd17a2d03106fd0779
[INFO] running `Command { std: "docker" "start" "-a" "6bff8e671c91d854089e526193fbd9ea9e4d9f6020460fcd17a2d03106fd0779", kill_on_drop: false }`
[INFO] running `Command { std: "docker" "inspect" "6bff8e671c91d854089e526193fbd9ea9e4d9f6020460fcd17a2d03106fd0779", kill_on_drop: false }`
[INFO] running `Command { std: "docker" "rm" "-f" "6bff8e671c91d854089e526193fbd9ea9e4d9f6020460fcd17a2d03106fd0779", kill_on_drop: false }`
[INFO] [stdout] 6bff8e671c91d854089e526193fbd9ea9e4d9f6020460fcd17a2d03106fd0779
[INFO] running `Command { std: "docker" "create" "-v" "/var/lib/crater-agent-workspace/builds/worker-5-tc1/target:/opt/rustwide/target:rw,Z" "-v" "/var/lib/crater-agent-workspace/builds/worker-5-tc1/source:/opt/rustwide/workdir:ro,Z" "-v" "/var/lib/crater-agent-workspace/cargo-home:/opt/rustwide/cargo-home:ro,Z" "-v" "/var/lib/crater-agent-workspace/rustup-home:/opt/rustwide/rustup-home:ro,Z" "-e" "SOURCE_DIR=/opt/rustwide/workdir" "-e" "CARGO_TARGET_DIR=/opt/rustwide/target" "-e" "CARGO_INCREMENTAL=0" "-e" "RUST_BACKTRACE=full" "-e" "RUSTFLAGS=--cap-lints=forbid" "-e" "RUSTDOCFLAGS=--cap-lints=forbid" "-e" "CARGO_HOME=/opt/rustwide/cargo-home" "-e" "RUSTUP_HOME=/opt/rustwide/rustup-home" "-w" "/opt/rustwide/workdir" "-m" "1610612736" "--user" "0:0" "--network" "none" "ghcr.io/rust-lang/crates-build-env/linux@sha256:819108c5571ea2e421544af4d832f968d213c87fbe3707a016657f43d2f853bc" "/opt/rustwide/cargo-home/bin/cargo" "+nightly-2025-01-18" "build" "--frozen" "--message-format=json", kill_on_drop: false }`
[INFO] [stdout] b8134878c91e13dad6f5ab9e950241490dc0ef386ba2ee25ce016f83e98fac5a
[INFO] running `Command { std: "docker" "start" "-a" "b8134878c91e13dad6f5ab9e950241490dc0ef386ba2ee25ce016f83e98fac5a", kill_on_drop: false }`
[INFO] [stderr]    Compiling proc-macro2 v1.0.66
[INFO] [stderr]    Compiling unicode-ident v1.0.11
[INFO] [stderr]    Compiling cfg-if v1.0.0
[INFO] [stderr]    Compiling autocfg v1.1.0
[INFO] [stderr]    Compiling libc v0.2.147
[INFO] [stderr]    Compiling memchr v2.5.0
[INFO] [stderr]    Compiling strsim v0.10.0
[INFO] [stderr]    Compiling syn v1.0.109
[INFO] [stderr]    Compiling crossbeam-utils v0.8.16
[INFO] [stderr]    Compiling serde v1.0.185
[INFO] [stderr]    Compiling ident_case v1.0.1
[INFO] [stderr]    Compiling fnv v1.0.7
[INFO] [stderr]    Compiling scopeguard v1.2.0
[INFO] [stderr]    Compiling thiserror v1.0.47
[INFO] [stderr]    Compiling rayon-core v1.11.0
[INFO] [stderr]    Compiling pkg-config v0.3.27
[INFO] [stderr]    Compiling once_cell v1.18.0
[INFO] [stderr]    Compiling either v1.9.0
[INFO] [stderr]    Compiling ppv-lite86 v0.2.17
[INFO] [stderr]    Compiling regex-syntax v0.7.4
[INFO] [stderr]    Compiling paste v1.0.14
[INFO] [stderr]    Compiling log v0.4.20
[INFO] [stderr] error: failed to write `/opt/rustwide/target/debug/build/syn-8ed049ff6eaa3693/root-output`
[INFO] [stderr] 
[INFO] [stderr] Caused by:
[INFO] [stderr]   No space left on device (os error 28)
[INFO] [stderr] warning: build failed, waiting for other jobs to finish...
[INFO] [stderr] rustc-LLVM ERROR: IO failure on output stream: No space left on device
[INFO] [stderr] rustc-LLVM ERROR: IO failure on output stream: No space left on device
[INFO] [stdout] error: linking with `cc` failed: exit status: 1
[INFO] [stdout]   |
[INFO] [stdout]   = note: LC_ALL="C" PATH="/opt/rustwide/rustup-home/toolchains/nightly-2025-01-18-x86_64-unknown-linux-gnu/lib/rustlib/x86_64-unknown-linux-gnu/bin:/opt/rustwide/rustup-home/toolchains/nightly-2025-01-18-x86_64-unknown-linux-gnu/lib/rustlib/x86_64-unknown-linux-gnu/bin/self-contained:/opt/rustwide/cargo-home/bin:/usr/local/sbin:/usr/local/bin:/usr/sbin:/usr/bin:/sbin:/bin" VSLANG="1033" "cc" "-m64" "/tmp/rustcS6ksPn/symbols.o" "<3 object files omitted>" "-Wl,--as-needed" "-Wl,-Bstatic" "/opt/rustwide/rustup-home/toolchains/nightly-2025-01-18-x86_64-unknown-linux-gnu/lib/rustlib/x86_64-unknown-linux-gnu/lib/{libstd-006123e2ce67e99d.rlib,libpanic_unwind-e1447e1efa6f1e57.rlib,libobject-f6963a4916fcf097.rlib,libmemchr-49a2d9af912f4524.rlib,libaddr2line-04d19aad3936869d.rlib,libgimli-483c235edb789db0.rlib,librustc_demangle-294281af50b8f748.rlib,libstd_detect-3b08295250aabc2a.rlib,libhashbrown-4472d1e05ba0dfaf.rlib,librustc_std_workspace_alloc-2ef099fac590e457.rlib,libminiz_oxide-8a51f5e848546c29.rlib,libadler2-3d3fa22b868db521.rlib,libunwind-0ffda8b08e22dbea.rlib,libcfg_if-b08f62458fdd43b9.rlib,liblibc-559675126e63b890.rlib,liballoc-fcf21c8d1c9c7b75.rlib,librustc_std_workspace_core-e0b0460135bcf21d.rlib,libcore-d4097fdcbddd3bc7.rlib,libcompiler_builtins-fea484ac1eed7881.rlib}" "-Wl,-Bdynamic" "-lgcc_s" "-lutil" "-lrt" "-lpthread" "-lm" "-ldl" "-lc" "-B/opt/rustwide/rustup-home/toolchains/nightly-2025-01-18-x86_64-unknown-linux-gnu/lib/rustlib/x86_64-unknown-linux-gnu/bin/gcc-ld" "-fuse-ld=lld" "-Wl,--eh-frame-hdr" "-Wl,-z,noexecstack" "-L" "/opt/rustwide/rustup-home/toolchains/nightly-2025-01-18-x86_64-unknown-linux-gnu/lib/rustlib/x86_64-unknown-linux-gnu/lib" "-o" "/opt/rustwide/target/debug/build/libc-4c5b644e837396e5/build_script_build-4c5b644e837396e5" "-Wl,--gc-sections" "-pie" "-Wl,-z,relro,-z,now" "-nodefaultlibs"
[INFO] [stdout]   = note: some arguments are omitted. use `--verbose` to show all linker arguments
[INFO] [stdout]   = note: PLEASE submit a bug report to https://github.com/llvm/llvm-project/issues/ and include the crash backtrace.
[INFO] [stdout]           Stack dump:
[INFO] [stdout]           0.    Program arguments: /opt/rustwide/rustup-home/toolchains/nightly-2025-01-18-x86_64-unknown-linux-gnu/lib/rustlib/x86_64-unknown-linux-gnu/bin/rust-lld -flavor gnu -plugin /usr/lib/gcc/x86_64-linux-gnu/11/liblto_plugin.so -plugin-opt=/usr/lib/gcc/x86_64-linux-gnu/11/lto-wrapper -plugin-opt=-fresolution=/tmp/ccdJ6I6L.res --build-id --eh-frame-hdr -m elf_x86_64 --hash-style=gnu --as-needed -dynamic-linker /lib64/ld-linux-x86-64.so.2 -pie -z now -z relro -o /opt/rustwide/target/debug/build/libc-4c5b644e837396e5/build_script_build-4c5b644e837396e5 /usr/lib/gcc/x86_64-linux-gnu/11/../../../x86_64-linux-gnu/Scrt1.o /usr/lib/gcc/x86_64-linux-gnu/11/../../../x86_64-linux-gnu/crti.o /usr/lib/gcc/x86_64-linux-gnu/11/crtbeginS.o -L/opt/rustwide/rustup-home/toolchains/nightly-2025-01-18-x86_64-unknown-linux-gnu/lib/rustlib/x86_64-unknown-linux-gnu/lib -L/opt/rustwide/rustup-home/toolchains/nightly-2025-01-18-x86_64-unknown-linux-gnu/lib/rustlib/x86_64-unknown-linux-gnu/bin/gcc-ld -L/usr/lib/gcc/x86_64-linux-gnu/11 -L/usr/lib/gcc/x86_64-linux-gnu/11/../../../x86_64-linux-gnu -L/usr/lib/gcc/x86_64-linux-gnu/11/../../../../lib -L/lib/x86_64-linux-gnu -L/lib/../lib -L/usr/lib/x86_64-linux-gnu -L/usr/lib/../lib -L/usr/lib/gcc/x86_64-linux-gnu/11/../../.. /tmp/rustcS6ksPn/symbols.o /opt/rustwide/target/debug/build/libc-4c5b644e837396e5/build_script_build-4c5b644e837396e5.build_script_build.37a06f907e87f005-cgu.0.rcgu.o /opt/rustwide/target/debug/build/libc-4c5b644e837396e5/build_script_build-4c5b644e837396e5.build_script_build.37a06f907e87f005-cgu.1.rcgu.o /opt/rustwide/target/debug/build/libc-4c5b644e837396e5/build_script_build-4c5b644e837396e5.8dpbnyva9tf1lx8l10fqmxop5.rcgu.o --as-needed -Bstatic /opt/rustwide/rustup-home/toolchains/nightly-2025-01-18-x86_64-unknown-linux-gnu/lib/rustlib/x86_64-unknown-linux-gnu/lib/libstd-006123e2ce67e99d.rlib /opt/rustwide/rustup-home/toolchains/nightly-2025-01-18-x86_64-unknown-linux-gnu/lib/rustlib/x86_64-unknown-linux-gnu/lib/libpanic_unwind-e1447e1efa6f1e57.rlib /opt/rustwide/rustup-home/toolchains/nightly-2025-01-18-x86_64-unknown-linux-gnu/lib/rustlib/x86_64-unknown-linux-gnu/lib/libobject-f6963a4916fcf097.rlib /opt/rustwide/rustup-home/toolchains/nightly-2025-01-18-x86_64-unknown-linux-gnu/lib/rustlib/x86_64-unknown-linux-gnu/lib/libmemchr-49a2d9af912f4524.rlib /opt/rustwide/rustup-home/toolchains/nightly-2025-01-18-x86_64-unknown-linux-gnu/lib/rustlib/x86_64-unknown-linux-gnu/lib/libaddr2line-04d19aad3936869d.rlib /opt/rustwide/rustup-home/toolchains/nightly-2025-01-18-x86_64-unknown-linux-gnu/lib/rustlib/x86_64-unknown-linux-gnu/lib/libgimli-483c235edb789db0.rlib /opt/rustwide/rustup-home/toolchains/nightly-2025-01-18-x86_64-unknown-linux-gnu/lib/rustlib/x86_64-unknown-linux-gnu/lib/librustc_demangle-294281af50b8f748.rlib /opt/rustwide/rustup-home/toolchains/nightly-2025-01-18-x86_64-unknown-linux-gnu/lib/rustlib/x86_64-unknown-linux-gnu/lib/libstd_detect-3b08295250aabc2a.rlib /opt/rustwide/rustup-home/toolchains/nightly-2025-01-18-x86_64-unknown-linux-gnu/lib/rustlib/x86_64-unknown-linux-gnu/lib/libhashbrown-4472d1e05ba0dfaf.rlib /opt/rustwide/rustup-home/toolchains/nightly-2025-01-18-x86_64-unknown-linux-gnu/lib/rustlib/x86_64-unknown-linux-gnu/lib/librustc_std_workspace_alloc-2ef099fac590e457.rlib /opt/rustwide/rustup-home/toolchains/nightly-2025-01-18-x86_64-unknown-linux-gnu/lib/rustlib/x86_64-unknown-linux-gnu/lib/libminiz_oxide-8a51f5e848546c29.rlib /opt/rustwide/rustup-home/toolchains/nightly-2025-01-18-x86_64-unknown-linux-gnu/lib/rustlib/x86_64-unknown-linux-gnu/lib/libadler2-3d3fa22b868db521.rlib /opt/rustwide/rustup-home/toolchains/nightly-2025-01-18-x86_64-unknown-linux-gnu/lib/rustlib/x86_64-unknown-linux-gnu/lib/libunwind-0ffda8b08e22dbea.rlib /opt/rustwide/rustup-home/toolchains/nightly-2025-01-18-x86_64-unknown-linux-gnu/lib/rustlib/x86_64-unknown-linux-gnu/lib/libcfg_if-b08f62458fdd43b9.rlib /opt/rustwide/rustup-home/toolchains/nightly-2025-01-18-x86_64-unknown-linux-gnu/lib/rustlib/x86_64-unknown-linux-gnu/lib/liblibc-559675126e63b890.rlib /opt/rustwide/rustup-home/toolchains/nightly-2025-01-18-x86_64-unknown-linux-gnu/lib/rustlib/x86_64-unknown-linux-gnu/lib/liballoc-fcf21c8d1c9c7b75.rlib /opt/rustwide/rustup-home/toolchains/nightly-2025-01-18-x86_64-unknown-linux-gnu/lib/rustlib/x86_64-unknown-linux-gnu/lib/librustc_std_workspace_core-e0b0460135bcf21d.rlib /opt/rustwide/rustup-home/toolchains/nightly-2025-01-18-x86_64-unknown-linux-gnu/lib/rustlib/x86_64-unknown-linux-gnu/lib/libcore-d4097fdcbddd3bc7.rlib /opt/rustwide/rustup-home/toolchains/nightly-2025-01-18-x86_64-unknown-linux-gnu/lib/rustlib/x86_64-unknown-linux-gnu/lib/libcompiler_builtins-fea484ac1eed7881.rlib -Bdynamic -lgcc_s -lutil -lrt -lpthread -lm -ldl -lc --eh-frame-hdr -z noexecstack --gc-sections -z relro -z now /usr/lib/gcc/x86_64-linux-gnu/11/crtendS.o /usr/lib/gcc/x86_64-linux-gnu/11/../../../x86_64-linux-gnu/crtn.o
[INFO] [stdout]           LLVM ERROR: IO failure on output stream: No space left on device
[INFO] [stdout]           collect2: error: ld returned 1 exit status
[INFO] [stdout]           
[INFO] [stdout] 
[INFO] [stdout] 
[INFO] [stderr] error: could not compile `paste` (build script)
[INFO] [stderr] 
[INFO] [stderr] Caused by:
[INFO] [stderr]   No space left on device (os error 28)
[INFO] [stderr] 
[INFO] [stderr] Caused by:
[INFO] [stderr]   failed to parse process output: `/opt/rustwide/rustup-home/toolchains/nightly-2025-01-18-x86_64-unknown-linux-gnu/bin/rustc --crate-name build_script_build --edition=2018 /opt/rustwide/cargo-home/registry/src/index.crates.io-1949cf8c6b5b557f/paste-1.0.14/build.rs --error-format=json --json=diagnostic-rendered-ansi,artifacts,future-incompat --crate-type bin --emit=dep-info,link -C embed-bitcode=no --check-cfg 'cfg(docsrs,test)' --check-cfg 'cfg(feature, values())' -C metadata=1652ff9b74c8dd26 -C extra-filename=-065b26702479086b --out-dir /opt/rustwide/target/debug/build/paste-065b26702479086b -L dependency=/opt/rustwide/target/debug/deps --cap-lints allow --cap-lints=forbid` (exit status: 101)
[INFO] [stderr] error: could not compile `libc` (build script) due to 1 previous error
[INFO] [stderr] error: could not compile `autocfg` (lib)
[INFO] [stderr] 
[INFO] [stderr] Caused by:
[INFO] [stderr]   No space left on device (os error 28)
[INFO] [stderr] 
[INFO] [stderr] Caused by:
[INFO] [stderr]   failed to parse process output: `/opt/rustwide/rustup-home/toolchains/nightly-2025-01-18-x86_64-unknown-linux-gnu/bin/rustc --crate-name autocfg --edition=2015 /opt/rustwide/cargo-home/registry/src/index.crates.io-1949cf8c6b5b557f/autocfg-1.1.0/src/lib.rs --error-format=json --json=diagnostic-rendered-ansi,artifacts,future-incompat --crate-type lib --emit=dep-info,metadata,link -C embed-bitcode=no --check-cfg 'cfg(docsrs,test)' --check-cfg 'cfg(feature, values())' -C metadata=45e62a2eb12fd55f -C extra-filename=-68803328649343dc --out-dir /opt/rustwide/target/debug/deps -L dependency=/opt/rustwide/target/debug/deps --cap-lints allow --cap-lints=forbid` (exit status: 101)
[INFO] [stdout] error: linking with `cc` failed: exit status: 1
[INFO] [stdout]   |
[INFO] [stdout]   = note: LC_ALL="C" PATH="/opt/rustwide/rustup-home/toolchains/nightly-2025-01-18-x86_64-unknown-linux-gnu/lib/rustlib/x86_64-unknown-linux-gnu/bin:/opt/rustwide/rustup-home/toolchains/nightly-2025-01-18-x86_64-unknown-linux-gnu/lib/rustlib/x86_64-unknown-linux-gnu/bin/self-contained:/opt/rustwide/cargo-home/bin:/usr/local/sbin:/usr/local/bin:/usr/sbin:/usr/bin:/sbin:/bin" VSLANG="1033" "cc" "-m64" "/tmp/rustcJQnHHY/symbols.o" "<2 object files omitted>" "-Wl,--as-needed" "-Wl,-Bstatic" "/opt/rustwide/rustup-home/toolchains/nightly-2025-01-18-x86_64-unknown-linux-gnu/lib/rustlib/x86_64-unknown-linux-gnu/lib/{libstd-006123e2ce67e99d.rlib,libpanic_unwind-e1447e1efa6f1e57.rlib,libobject-f6963a4916fcf097.rlib,libmemchr-49a2d9af912f4524.rlib,libaddr2line-04d19aad3936869d.rlib,libgimli-483c235edb789db0.rlib,librustc_demangle-294281af50b8f748.rlib,libstd_detect-3b08295250aabc2a.rlib,libhashbrown-4472d1e05ba0dfaf.rlib,librustc_std_workspace_alloc-2ef099fac590e457.rlib,libminiz_oxide-8a51f5e848546c29.rlib,libadler2-3d3fa22b868db521.rlib,libunwind-0ffda8b08e22dbea.rlib,libcfg_if-b08f62458fdd43b9.rlib,liblibc-559675126e63b890.rlib,liballoc-fcf21c8d1c9c7b75.rlib,librustc_std_workspace_core-e0b0460135bcf21d.rlib,libcore-d4097fdcbddd3bc7.rlib,libcompiler_builtins-fea484ac1eed7881.rlib}" "-Wl,-Bdynamic" "-lgcc_s" "-lutil" "-lrt" "-lpthread" "-lm" "-ldl" "-lc" "-B/opt/rustwide/rustup-home/toolchains/nightly-2025-01-18-x86_64-unknown-linux-gnu/lib/rustlib/x86_64-unknown-linux-gnu/bin/gcc-ld" "-fuse-ld=lld" "-Wl,--eh-frame-hdr" "-Wl,-z,noexecstack" "-L" "/opt/rustwide/rustup-home/toolchains/nightly-2025-01-18-x86_64-unknown-linux-gnu/lib/rustlib/x86_64-unknown-linux-gnu/lib" "-o" "/opt/rustwide/target/debug/build/serde-259511dfd6aa10c7/build_script_build-259511dfd6aa10c7" "-Wl,--gc-sections" "-pie" "-Wl,-z,relro,-z,now" "-nodefaultlibs"
[INFO] [stdout]   = note: some arguments are omitted. use `--verbose` to show all linker arguments
[INFO] [stdout]   = note: PLEASE submit a bug report to https://github.com/llvm/llvm-project/issues/ and include the crash backtrace.
[INFO] [stdout]           LLVM ERROR: IO failure on output stream: No space left on device
[INFO] [stdout]           collect2: error: ld returned 1 exit status
[INFO] [stdout]           
[INFO] [stdout] 
[INFO] [stdout] 
[INFO] [stderr] error: could not compile `serde` (build script) due to 1 previous error
[INFO] [stdout] error: linking with `cc` failed: exit status: 1
[INFO] [stdout]   |
[INFO] [stdout]   = note: LC_ALL="C" PATH="/opt/rustwide/rustup-home/toolchains/nightly-2025-01-18-x86_64-unknown-linux-gnu/lib/rustlib/x86_64-unknown-linux-gnu/bin:/opt/rustwide/rustup-home/toolchains/nightly-2025-01-18-x86_64-unknown-linux-gnu/lib/rustlib/x86_64-unknown-linux-gnu/bin/self-contained:/opt/rustwide/cargo-home/bin:/usr/local/sbin:/usr/local/bin:/usr/sbin:/usr/bin:/sbin:/bin" VSLANG="1033" "cc" "-m64" "/tmp/rustcFvKGUU/symbols.o" "<2 object files omitted>" "-Wl,--as-needed" "-Wl,-Bstatic" "/opt/rustwide/rustup-home/toolchains/nightly-2025-01-18-x86_64-unknown-linux-gnu/lib/rustlib/x86_64-unknown-linux-gnu/lib/{libstd-006123e2ce67e99d.rlib,libpanic_unwind-e1447e1efa6f1e57.rlib,libobject-f6963a4916fcf097.rlib,libmemchr-49a2d9af912f4524.rlib,libaddr2line-04d19aad3936869d.rlib,libgimli-483c235edb789db0.rlib,librustc_demangle-294281af50b8f748.rlib,libstd_detect-3b08295250aabc2a.rlib,libhashbrown-4472d1e05ba0dfaf.rlib,librustc_std_workspace_alloc-2ef099fac590e457.rlib,libminiz_oxide-8a51f5e848546c29.rlib,libadler2-3d3fa22b868db521.rlib,libunwind-0ffda8b08e22dbea.rlib,libcfg_if-b08f62458fdd43b9.rlib,liblibc-559675126e63b890.rlib,liballoc-fcf21c8d1c9c7b75.rlib,librustc_std_workspace_core-e0b0460135bcf21d.rlib,libcore-d4097fdcbddd3bc7.rlib,libcompiler_builtins-fea484ac1eed7881.rlib}" "-Wl,-Bdynamic" "-lgcc_s" "-lutil" "-lrt" "-lpthread" "-lm" "-ldl" "-lc" "-B/opt/rustwide/rustup-home/toolchains/nightly-2025-01-18-x86_64-unknown-linux-gnu/lib/rustlib/x86_64-unknown-linux-gnu/bin/gcc-ld" "-fuse-ld=lld" "-Wl,--eh-frame-hdr" "-Wl,-z,noexecstack" "-L" "/opt/rustwide/rustup-home/toolchains/nightly-2025-01-18-x86_64-unknown-linux-gnu/lib/rustlib/x86_64-unknown-linux-gnu/lib" "-o" "/opt/rustwide/target/debug/build/crossbeam-utils-899b9c05f0ac9320/build_script_build-899b9c05f0ac9320" "-Wl,--gc-sections" "-pie" "-Wl,-z,relro,-z,now" "-nodefaultlibs"
[INFO] [stdout]   = note: some arguments are omitted. use `--verbose` to show all linker arguments
[INFO] [stdout]   = note: PLEASE submit a bug report to https://github.com/llvm/llvm-project/issues/ and include the crash backtrace.
[INFO] [stdout]           LLVM ERROR: IO failure on output stream: No space left on device
[INFO] [stdout]           collect2: fatal error: ld terminated with signal 7 [Bus error], core dumped
[INFO] [stdout]           compilation terminated.
[INFO] [stdout]           
[INFO] [stdout] 
[INFO] [stdout] 
[INFO] [stderr] error: could not compile `crossbeam-utils` (build script) due to 1 previous error
[INFO] running `Command { std: "docker" "inspect" "b8134878c91e13dad6f5ab9e950241490dc0ef386ba2ee25ce016f83e98fac5a", kill_on_drop: false }`
[INFO] running `Command { std: "docker" "rm" "-f" "b8134878c91e13dad6f5ab9e950241490dc0ef386ba2ee25ce016f83e98fac5a", kill_on_drop: false }`
[INFO] [stdout] b8134878c91e13dad6f5ab9e950241490dc0ef386ba2ee25ce016f83e98fac5a
